Sep 06 06:33:36 devstack cinder-volume[87329]: DEBUG cinder.coordination [None req-a64ae4e1-3fa4-46eb-bdde-45fb39a10433 tempest-VolumesTransfersTest-1730724130 None] Lock "cinder-quobyte-508783b7-0f34-4b42-81cf-570c7371007e" released by "delete_volume" :: held 1.673s {{(pid=87329) __release /opt/stack/cinder/cinder/coordination.py:152}}
Sep 06 06:33:36 devstack cinder-volume[87329]: DEBUG cinder.quota [None req-a64ae4e1-3fa4-46eb-bdde-45fb39a10433 tempest-VolumesTransfersTest-1730724130 None] Created reservations ['4de31fcc-f000-4796-a70a-dc52f6cde097', '3509dee4-9c8d-470a-b8fc-7eb5cb520531', '3f22b92c-5ff4-4db6-a4ee-29a9ad3b9561', 'e773755b-d8dd-4812-b72b-c2bed1af4753'] {{(pid=87329) reserve /opt/stack/cinder/cinder/quota.py:752}}
Sep 06 06:33:36 devstack cinder-volume[87329]: DEBUG oslo_concurrency.lockutils [None req-a64ae4e1-3fa4-46eb-bdde-45fb39a10433 tempest-VolumesTransfersTest-1730724130 None] Acquiring lock "quobyte_ensure" by "cinder.volume.drivers.quobyte.QuobyteDriver._ensure_shares_mounted" {{(pid=87329) inner /opt/stack/data/venv/lib/python3.12/site-packages/oslo_concurrency/lockutils.py:512}}
Sep 06 06:33:36 devstack cinder-volume[87329]: DEBUG oslo_concurrency.lockutils [None req-a64ae4e1-3fa4-46eb-bdde-45fb39a10433 tempest-VolumesTransfersTest-1730724130 None] Lock "quobyte_ensure" acquired by "cinder.volume.drivers.quobyte.QuobyteDriver._ensure_shares_mounted" :: waited 0.001s {{(pid=87329) inner /opt/stack/data/venv/lib/python3.12/site-packages/oslo_concurrency/lockutils.py:525}}
Sep 06 06:33:36 devstack cinder-volume[87329]: DEBUG cinder.volume.drivers.quobyte [None req-a64ae4e1-3fa4-46eb-bdde-45fb39a10433 tempest-VolumesTransfersTest-1730724130 None] Quobyte Volume URL set to: {'osci02.corp.quobyte.com/cinder-vol-cec44f8f-46f1-426c-be91-5d32ca2877d6': None} {{(pid=87329) _load_shares_config /opt/stack/cinder/cinder/volume/drivers/quobyte.py:662}}
Sep 06 06:33:36 devstack cinder-volume[87329]: DEBUG cinder.volume.drivers.quobyte [None req-a64ae4e1-3fa4-46eb-bdde-45fb39a10433 tempest-VolumesTransfersTest-1730724130 None] Available shares ['osci02.corp.quobyte.com/cinder-vol-cec44f8f-46f1-426c-be91-5d32ca2877d6'] {{(pid=87329) _ensure_shares_mounted /opt/stack/cinder/cinder/volume/drivers/quobyte.py:692}}
Sep 06 06:33:36 devstack cinder-volume[87329]: DEBUG oslo_concurrency.lockutils [None req-a64ae4e1-3fa4-46eb-bdde-45fb39a10433 tempest-VolumesTransfersTest-1730724130 None] Lock "quobyte_ensure" "released" by "cinder.volume.drivers.quobyte.QuobyteDriver._ensure_shares_mounted" :: held 0.008s {{(pid=87329) inner /opt/stack/data/venv/lib/python3.12/site-packages/oslo_concurrency/lockutils.py:544}}
Sep 06 06:33:36 devstack cinder-volume[87329]: DEBUG oslo_concurrency.processutils [None req-a64ae4e1-3fa4-46eb-bdde-45fb39a10433 tempest-VolumesTransfersTest-1730724130 None] Running cmd (subprocess): sudo cinder-rootwrap /etc/cinder/rootwrap.conf df --portability --block-size 1 /opt/stack/data/cinder/mnt/8a05412b818d472ece0faf0dd2b6a132 {{(pid=87329) execute /opt/stack/data/venv/lib/python3.12/site-packages/oslo_concurrency/processutils.py:440}}
Sep 06 06:33:36 devstack sudo[91108]: quobyte : PWD=/ ; USER=root ; COMMAND=/opt/stack/data/venv/bin/cinder-rootwrap /etc/cinder/rootwrap.conf df --portability --block-size 1 /opt/stack/data/cinder/mnt/8a05412b818d472ece0faf0dd2b6a132
Sep 06 06:33:36 devstack sudo[91108]: pam_unix(sudo:session): session opened for user root(uid=0) by (uid=1000)
Sep 06 06:33:36 devstack cinder-volume[87329]: INFO cinder.volume.manager [None req-0722eca6-c96b-4a65-be20-783387b45a25 tempest-GroupSnapshotsTest-1381895959 None] Update group completed successfully.
Sep 06 06:33:36 devstack sudo[91108]: pam_unix(sudo:session): session closed for user root
Sep 06 06:33:36 devstack cinder-volume[87329]: DEBUG oslo_concurrency.processutils [None req-a64ae4e1-3fa4-46eb-bdde-45fb39a10433 tempest-VolumesTransfersTest-1730724130 None] CMD "sudo cinder-rootwrap /etc/cinder/rootwrap.conf df --portability --block-size 1 /opt/stack/data/cinder/mnt/8a05412b818d472ece0faf0dd2b6a132" returned: 0 in 0.562s {{(pid=87329) execute /opt/stack/data/venv/lib/python3.12/site-packages/oslo_concurrency/processutils.py:468}}
Sep 06 06:33:36 devstack cinder-volume[87329]: DEBUG cinder.manager [None req-a64ae4e1-3fa4-46eb-bdde-45fb39a10433 tempest-VolumesTransfersTest-1730724130 None] Notifying Schedulers of capabilities ... {{(pid=87329) _publish_service_capabilities /opt/stack/cinder/cinder/manager.py:219}}
Sep 06 06:33:36 devstack cinder-volume[87329]: INFO cinder.volume.manager [None req-a64ae4e1-3fa4-46eb-bdde-45fb39a10433 tempest-VolumesTransfersTest-1730724130 None] Deleted volume successfully.
Sep 06 06:33:37 devstack cinder-volume[87329]: DEBUG cinder.coordination [None req-a64ae4e1-3fa4-46eb-bdde-45fb39a10433 tempest-VolumesTransfersTest-1730724130 None] Lock "cinder-508783b7-0f34-4b42-81cf-570c7371007e-delete_volume" released by "delete_volume" :: held 2.681s {{(pid=87329) __release /opt/stack/cinder/cinder/coordination.py:152}}
Sep 06 06:33:37 devstack cinder-volume[87329]: INFO cinder.volume.manager [None req-95d7dcd9-42a9-4aa9-ab25-7a2531cc7dae tempest-GroupSnapshotsTest-1381895959 None] Update group completed successfully.
Sep 06 06:33:39 devstack cinder-volume[87329]: INFO cinder.volume.manager [None req-d5e902f5-f366-49b7-8cfa-0a834ab3ca91 tempest-GroupSnapshotsTest-1381895959 None] Update group completed successfully.
Sep 06 06:33:40 devstack cinder-volume[87329]: INFO cinder.volume.manager [None req-35fe7ae1-0e2f-457f-907b-bdcb853d29da tempest-GroupSnapshotsTest-1381895959 None] Update group completed successfully.
Sep 06 06:33:42 devstack cinder-volume[87329]: INFO cinder.volume.manager [None req-7f882ec7-fcc0-4d61-8fe1-0c805d697681 tempest-GroupSnapshotsTest-1381895959 None] GroupSnapshot f038225d-e1a3-47dd-a889-4d7254148088: creating.
Sep 06 06:33:42 devstack cinder-volume[87329]: DEBUG cinder.volume.manager [None req-7f882ec7-fcc0-4d61-8fe1-0c805d697681 tempest-GroupSnapshotsTest-1381895959 None] Group snapshot f038225d-e1a3-47dd-a889-4d7254148088: creating. {{(pid=87329) create_group_snapshot /opt/stack/cinder/cinder/volume/manager.py:4175}}
Sep 06 06:33:42 devstack cinder-volume[87329]: DEBUG oslo_concurrency.lockutils [None req-7f882ec7-fcc0-4d61-8fe1-0c805d697681 tempest-GroupSnapshotsTest-1381895959 None] Acquiring lock "quobyte" by "cinder.volume.drivers.quobyte.QuobyteDriver.create_snapshot" {{(pid=87329) inner /opt/stack/data/venv/lib/python3.12/site-packages/oslo_concurrency/lockutils.py:512}}
Sep 06 06:33:42 devstack cinder-volume[87329]: DEBUG oslo_concurrency.lockutils [None req-7f882ec7-fcc0-4d61-8fe1-0c805d697681 tempest-GroupSnapshotsTest-1381895959 None] Lock "quobyte" acquired by "cinder.volume.drivers.quobyte.QuobyteDriver.create_snapshot" :: waited 0.001s {{(pid=87329) inner /opt/stack/data/venv/lib/python3.12/site-packages/oslo_concurrency/lockutils.py:525}}
Sep 06 06:33:42 devstack cinder-volume[87329]: DEBUG cinder.volume.drivers.remotefs [None req-7f882ec7-fcc0-4d61-8fe1-0c805d697681 tempest-GroupSnapshotsTest-1381895959 None] Creating offline snapshot 02012b37-5434-4106-bac1-7efd730e0f3a of volume e7ce1c99-8f80-4fcd-a0a3-c358d505c6a5 {{(pid=87329) _create_snapshot /opt/stack/cinder/cinder/volume/drivers/remotefs.py:1816}}
Sep 06 06:33:42 devstack cinder-volume[87329]: DEBUG oslo.privsep.daemon [-] privsep: reply[72f43c6f-c99c-438c-8bf9-a8a8c88009a8]: (4, 'qcow2') {{(pid=88651) _call_back /opt/stack/data/venv/lib/python3.12/site-packages/oslo_privsep/daemon.py:580}}
Sep 06 06:33:42 devstack cinder-volume[87329]: DEBUG oslo_concurrency.processutils [None req-7f882ec7-fcc0-4d61-8fe1-0c805d697681 tempest-GroupSnapshotsTest-1381895959 None] Running cmd (subprocess): /opt/stack/data/venv/bin/python3.12 -m oslo_concurrency.prlimit --as=1073741824 --cpu=60 -- sudo cinder-rootwrap /etc/cinder/rootwrap.conf env LC_ALL=C qemu-img info -f qcow2 --output=json --force-share /opt/stack/data/cinder/mnt/8a05412b818d472ece0faf0dd2b6a132/volume-e7ce1c99-8f80-4fcd-a0a3-c358d505c6a5 {{(pid=87329) execute /opt/stack/data/venv/lib/python3.12/site-packages/oslo_concurrency/processutils.py:440}}
Sep 06 06:33:43 devstack sudo[91130]: quobyte : PWD=/ ; USER=root ; COMMAND=/opt/stack/data/venv/bin/cinder-rootwrap /etc/cinder/rootwrap.conf env LC_ALL=C qemu-img info -f qcow2 --output=json --force-share /opt/stack/data/cinder/mnt/8a05412b818d472ece0faf0dd2b6a132/volume-e7ce1c99-8f80-4fcd-a0a3-c358d505c6a5
Sep 06 06:33:43 devstack sudo[91130]: pam_unix(sudo:session): session opened for user root(uid=0) by (uid=1000)
Sep 06 06:33:43 devstack sudo[91130]: pam_unix(sudo:session): session closed for user root
Sep 06 06:33:43 devstack cinder-volume[87329]: DEBUG oslo_concurrency.processutils [None req-7f882ec7-fcc0-4d61-8fe1-0c805d697681 tempest-GroupSnapshotsTest-1381895959 None] CMD "/opt/stack/data/venv/bin/python3.12 -m oslo_concurrency.prlimit --as=1073741824 --cpu=60 -- sudo cinder-rootwrap /etc/cinder/rootwrap.conf env LC_ALL=C qemu-img info -f qcow2 --output=json --force-share /opt/stack/data/cinder/mnt/8a05412b818d472ece0faf0dd2b6a132/volume-e7ce1c99-8f80-4fcd-a0a3-c358d505c6a5" returned: 0 in 0.672s {{(pid=87329) execute /opt/stack/data/venv/lib/python3.12/site-packages/oslo_concurrency/processutils.py:468}}
Sep 06 06:33:43 devstack cinder-volume[87329]: DEBUG oslo_concurrency.processutils [None req-7f882ec7-fcc0-4d61-8fe1-0c805d697681 tempest-GroupSnapshotsTest-1381895959 None] Running cmd (subprocess): sudo cinder-rootwrap /etc/cinder/rootwrap.conf qemu-img create -f qcow2 -o backing_file=/opt/stack/data/cinder/mnt/8a05412b818d472ece0faf0dd2b6a132/volume-e7ce1c99-8f80-4fcd-a0a3-c358d505c6a5,backing_fmt=qcow2 /opt/stack/data/cinder/mnt/8a05412b818d472ece0faf0dd2b6a132/volume-e7ce1c99-8f80-4fcd-a0a3-c358d505c6a5.02012b37-5434-4106-bac1-7efd730e0f3a 1G {{(pid=87329) execute /opt/stack/data/venv/lib/python3.12/site-packages/oslo_concurrency/processutils.py:440}}
Sep 06 06:33:43 devstack sudo[91135]: quobyte : PWD=/ ; USER=root ; COMMAND=/opt/stack/data/venv/bin/cinder-rootwrap /etc/cinder/rootwrap.conf qemu-img create -f qcow2 -o backing_file=/opt/stack/data/cinder/mnt/8a05412b818d472ece0faf0dd2b6a132/volume-e7ce1c99-8f80-4fcd-a0a3-c358d505c6a5,backing_fmt=qcow2 /opt/stack/data/cinder/mnt/8a05412b818d472ece0faf0dd2b6a132/volume-e7ce1c99-8f80-4fcd-a0a3-c358d505c6a5.02012b37-5434-4106-bac1-7efd730e0f3a 1G
Sep 06 06:33:43 devstack sudo[91135]: pam_unix(sudo:session): session opened for user root(uid=0) by (uid=1000)
Sep 06 06:33:44 devstack sudo[91135]: pam_unix(sudo:session): session closed for user root
Sep 06 06:33:44 devstack cinder-volume[87329]: DEBUG oslo_concurrency.processutils [None req-7f882ec7-fcc0-4d61-8fe1-0c805d697681 tempest-GroupSnapshotsTest-1381895959 None] CMD "sudo cinder-rootwrap /etc/cinder/rootwrap.conf qemu-img create -f qcow2 -o backing_file=/opt/stack/data/cinder/mnt/8a05412b818d472ece0faf0dd2b6a132/volume-e7ce1c99-8f80-4fcd-a0a3-c358d505c6a5,backing_fmt=qcow2 /opt/stack/data/cinder/mnt/8a05412b818d472ece0faf0dd2b6a132/volume-e7ce1c99-8f80-4fcd-a0a3-c358d505c6a5.02012b37-5434-4106-bac1-7efd730e0f3a 1G" returned: 0 in 0.667s {{(pid=87329) execute /opt/stack/data/venv/lib/python3.12/site-packages/oslo_concurrency/processutils.py:468}}
Sep 06 06:33:44 devstack cinder-volume[87329]: DEBUG oslo_concurrency.processutils [None req-7f882ec7-fcc0-4d61-8fe1-0c805d697681 tempest-GroupSnapshotsTest-1381895959 None] Running cmd (subprocess): sudo cinder-rootwrap /etc/cinder/rootwrap.conf qemu-img rebase -u -b volume-e7ce1c99-8f80-4fcd-a0a3-c358d505c6a5 -F qcow2 /opt/stack/data/cinder/mnt/8a05412b818d472ece0faf0dd2b6a132/volume-e7ce1c99-8f80-4fcd-a0a3-c358d505c6a5.02012b37-5434-4106-bac1-7efd730e0f3a {{(pid=87329) execute /opt/stack/data/venv/lib/python3.12/site-packages/oslo_concurrency/processutils.py:440}}
Sep 06 06:33:44 devstack sudo[91165]: quobyte : PWD=/ ; USER=root ; COMMAND=/opt/stack/data/venv/bin/cinder-rootwrap /etc/cinder/rootwrap.conf qemu-img rebase -u -b volume-e7ce1c99-8f80-4fcd-a0a3-c358d505c6a5 -F qcow2 /opt/stack/data/cinder/mnt/8a05412b818d472ece0faf0dd2b6a132/volume-e7ce1c99-8f80-4fcd-a0a3-c358d505c6a5.02012b37-5434-4106-bac1-7efd730e0f3a
Sep 06 06:33:44 devstack sudo[91165]: pam_unix(sudo:session): session opened for user root(uid=0) by (uid=1000)
Sep 06 06:33:44 devstack sudo[91165]: pam_unix(sudo:session): session closed for user root
Sep 06 06:33:44 devstack cinder-volume[87329]: DEBUG oslo_concurrency.processutils [None req-7f882ec7-fcc0-4d61-8fe1-0c805d697681 tempest-GroupSnapshotsTest-1381895959 None] CMD "sudo cinder-rootwrap /etc/cinder/rootwrap.conf qemu-img rebase -u -b volume-e7ce1c99-8f80-4fcd-a0a3-c358d505c6a5 -F qcow2 /opt/stack/data/cinder/mnt/8a05412b818d472ece0faf0dd2b6a132/volume-e7ce1c99-8f80-4fcd-a0a3-c358d505c6a5.02012b37-5434-4106-bac1-7efd730e0f3a" returned: 0 in 0.454s {{(pid=87329) execute /opt/stack/data/venv/lib/python3.12/site-packages/oslo_concurrency/processutils.py:468}}
Sep 06 06:33:44 devstack cinder-volume[87329]: WARNING cinder.volume.drivers.remotefs [None req-7f882ec7-fcc0-4d61-8fe1-0c805d697681 tempest-GroupSnapshotsTest-1381895959 None] /opt/stack/data/cinder/mnt/8a05412b818d472ece0faf0dd2b6a132/volume-e7ce1c99-8f80-4fcd-a0a3-c358d505c6a5.02012b37-5434-4106-bac1-7efd730e0f3a is being set with open permissions: ugo+rw: NotImplementedError
Sep 06 06:33:44 devstack cinder-volume[87329]: DEBUG oslo_concurrency.processutils [None req-7f882ec7-fcc0-4d61-8fe1-0c805d697681 tempest-GroupSnapshotsTest-1381895959 None] Running cmd (subprocess): sudo cinder-rootwrap /etc/cinder/rootwrap.conf chmod ugo+rw /opt/stack/data/cinder/mnt/8a05412b818d472ece0faf0dd2b6a132/volume-e7ce1c99-8f80-4fcd-a0a3-c358d505c6a5.02012b37-5434-4106-bac1-7efd730e0f3a {{(pid=87329) execute /opt/stack/data/venv/lib/python3.12/site-packages/oslo_concurrency/processutils.py:440}}
Sep 06 06:33:44 devstack sudo[91172]: quobyte : PWD=/ ; USER=root ; COMMAND=/opt/stack/data/venv/bin/cinder-rootwrap /etc/cinder/rootwrap.conf chmod ugo+rw /opt/stack/data/cinder/mnt/8a05412b818d472ece0faf0dd2b6a132/volume-e7ce1c99-8f80-4fcd-a0a3-c358d505c6a5.02012b37-5434-4106-bac1-7efd730e0f3a
Sep 06 06:33:44 devstack sudo[91172]: pam_unix(sudo:session): session opened for user root(uid=0) by (uid=1000)
Sep 06 06:33:45 devstack sudo[91172]: pam_unix(sudo:session): session closed for user root
Sep 06 06:33:45 devstack cinder-volume[87329]: DEBUG oslo_concurrency.processutils [None req-7f882ec7-fcc0-4d61-8fe1-0c805d697681 tempest-GroupSnapshotsTest-1381895959 None] CMD "sudo cinder-rootwrap /etc/cinder/rootwrap.conf chmod ugo+rw /opt/stack/data/cinder/mnt/8a05412b818d472ece0faf0dd2b6a132/volume-e7ce1c99-8f80-4fcd-a0a3-c358d505c6a5.02012b37-5434-4106-bac1-7efd730e0f3a" returned: 0 in 0.527s {{(pid=87329) execute /opt/stack/data/venv/lib/python3.12/site-packages/oslo_concurrency/processutils.py:468}}
Sep 06 06:33:45 devstack cinder-volume[87329]: DEBUG oslo_concurrency.processutils [None req-7f882ec7-fcc0-4d61-8fe1-0c805d697681 tempest-GroupSnapshotsTest-1381895959 None] Running cmd (subprocess): sudo cinder-rootwrap /etc/cinder/rootwrap.conf truncate -s0 /opt/stack/data/cinder/mnt/8a05412b818d472ece0faf0dd2b6a132/volume-e7ce1c99-8f80-4fcd-a0a3-c358d505c6a5.info {{(pid=87329) execute /opt/stack/data/venv/lib/python3.12/site-packages/oslo_concurrency/processutils.py:440}}
Sep 06 06:33:45 devstack sudo[91177]: quobyte : PWD=/ ; USER=root ; COMMAND=/opt/stack/data/venv/bin/cinder-rootwrap /etc/cinder/rootwrap.conf truncate -s0 /opt/stack/data/cinder/mnt/8a05412b818d472ece0faf0dd2b6a132/volume-e7ce1c99-8f80-4fcd-a0a3-c358d505c6a5.info
Sep 06 06:33:45 devstack sudo[91177]: pam_unix(sudo:session): session opened for user root(uid=0) by (uid=1000)
Sep 06 06:33:45 devstack sudo[91177]: pam_unix(sudo:session): session closed for user root
Sep 06 06:33:45 devstack cinder-volume[87329]: DEBUG oslo_concurrency.processutils [None req-7f882ec7-fcc0-4d61-8fe1-0c805d697681 tempest-GroupSnapshotsTest-1381895959 None] CMD "sudo cinder-rootwrap /etc/cinder/rootwrap.conf truncate -s0 /opt/stack/data/cinder/mnt/8a05412b818d472ece0faf0dd2b6a132/volume-e7ce1c99-8f80-4fcd-a0a3-c358d505c6a5.info" returned: 0 in 0.370s {{(pid=87329) execute /opt/stack/data/venv/lib/python3.12/site-packages/oslo_concurrency/processutils.py:468}}
Sep 06 06:33:45 devstack cinder-volume[87329]: WARNING cinder.volume.drivers.remotefs [None req-7f882ec7-fcc0-4d61-8fe1-0c805d697681 tempest-GroupSnapshotsTest-1381895959 None] /opt/stack/data/cinder/mnt/8a05412b818d472ece0faf0dd2b6a132/volume-e7ce1c99-8f80-4fcd-a0a3-c358d505c6a5.info is being set with open permissions: ugo+rw: NotImplementedError
Sep 06 06:33:45 devstack cinder-volume[87329]: DEBUG oslo_concurrency.processutils [None req-7f882ec7-fcc0-4d61-8fe1-0c805d697681 tempest-GroupSnapshotsTest-1381895959 None] Running cmd (subprocess): sudo cinder-rootwrap /etc/cinder/rootwrap.conf chmod ugo+rw /opt/stack/data/cinder/mnt/8a05412b818d472ece0faf0dd2b6a132/volume-e7ce1c99-8f80-4fcd-a0a3-c358d505c6a5.info {{(pid=87329) execute /opt/stack/data/venv/lib/python3.12/site-packages/oslo_concurrency/processutils.py:440}}
Sep 06 06:33:45 devstack sudo[91180]: quobyte : PWD=/ ; USER=root ; COMMAND=/opt/stack/data/venv/bin/cinder-rootwrap /etc/cinder/rootwrap.conf chmod ugo+rw /opt/stack/data/cinder/mnt/8a05412b818d472ece0faf0dd2b6a132/volume-e7ce1c99-8f80-4fcd-a0a3-c358d505c6a5.info
Sep 06 06:33:45 devstack sudo[91180]: pam_unix(sudo:session): session opened for user root(uid=0) by (uid=1000)
Sep 06 06:33:46 devstack sudo[91180]: pam_unix(sudo:session): session closed for user root
Sep 06 06:33:46 devstack cinder-volume[87329]: DEBUG oslo_concurrency.processutils [None req-7f882ec7-fcc0-4d61-8fe1-0c805d697681 tempest-GroupSnapshotsTest-1381895959 None] CMD "sudo cinder-rootwrap /etc/cinder/rootwrap.conf chmod ugo+rw /opt/stack/data/cinder/mnt/8a05412b818d472ece0faf0dd2b6a132/volume-e7ce1c99-8f80-4fcd-a0a3-c358d505c6a5.info" returned: 0 in 0.603s {{(pid=87329) execute /opt/stack/data/venv/lib/python3.12/site-packages/oslo_concurrency/processutils.py:468}}
Sep 06 06:33:46 devstack cinder-volume[87329]: DEBUG oslo_concurrency.lockutils [None req-7f882ec7-fcc0-4d61-8fe1-0c805d697681 tempest-GroupSnapshotsTest-1381895959 None] Lock "quobyte" "released" by "cinder.volume.drivers.quobyte.QuobyteDriver.create_snapshot" :: held 3.492s {{(pid=87329) inner /opt/stack/data/venv/lib/python3.12/site-packages/oslo_concurrency/lockutils.py:544}}
Sep 06 06:33:46 devstack cinder-volume[87329]: DEBUG oslo_concurrency.lockutils [None req-7f882ec7-fcc0-4d61-8fe1-0c805d697681 tempest-GroupSnapshotsTest-1381895959 None] Acquiring lock "quobyte" by "cinder.volume.drivers.quobyte.QuobyteDriver.create_snapshot" {{(pid=87329) inner /opt/stack/data/venv/lib/python3.12/site-packages/oslo_concurrency/lockutils.py:512}}
Sep 06 06:33:46 devstack cinder-volume[87329]: DEBUG oslo_concurrency.lockutils [None req-7f882ec7-fcc0-4d61-8fe1-0c805d697681 tempest-GroupSnapshotsTest-1381895959 None] Lock "quobyte" acquired by "cinder.volume.drivers.quobyte.QuobyteDriver.create_snapshot" :: waited 0.000s {{(pid=87329) inner /opt/stack/data/venv/lib/python3.12/site-packages/oslo_concurrency/lockutils.py:525}}
Sep 06 06:33:46 devstack cinder-volume[87329]: DEBUG cinder.volume.drivers.remotefs [None req-7f882ec7-fcc0-4d61-8fe1-0c805d697681 tempest-GroupSnapshotsTest-1381895959 None] Creating offline snapshot 767a659e-70f9-4336-ad03-aecceb6c695f of volume 9f40f16d-e504-4087-88ff-86d542fda7bb {{(pid=87329) _create_snapshot /opt/stack/cinder/cinder/volume/drivers/remotefs.py:1816}}
Sep 06 06:33:46 devstack cinder-volume[87329]: DEBUG oslo.privsep.daemon [-] privsep: reply[e6eab561-9cd1-4498-ad30-3972e1be5eaa]: (4, 'qcow2') {{(pid=88651) _call_back /opt/stack/data/venv/lib/python3.12/site-packages/oslo_privsep/daemon.py:580}}
Sep 06 06:33:46 devstack cinder-volume[87329]: DEBUG oslo_concurrency.processutils [None req-7f882ec7-fcc0-4d61-8fe1-0c805d697681 tempest-GroupSnapshotsTest-1381895959 None] Running cmd (subprocess): /opt/stack/data/venv/bin/python3.12 -m oslo_concurrency.prlimit --as=1073741824 --cpu=60 -- sudo cinder-rootwrap /etc/cinder/rootwrap.conf env LC_ALL=C qemu-img info -f qcow2 --output=json --force-share /opt/stack/data/cinder/mnt/8a05412b818d472ece0faf0dd2b6a132/volume-9f40f16d-e504-4087-88ff-86d542fda7bb {{(pid=87329) execute /opt/stack/data/venv/lib/python3.12/site-packages/oslo_concurrency/processutils.py:440}}
Sep 06 06:33:46 devstack sudo[91183]: quobyte : PWD=/ ; USER=root ; COMMAND=/opt/stack/data/venv/bin/cinder-rootwrap /etc/cinder/rootwrap.conf env LC_ALL=C qemu-img info -f qcow2 --output=json --force-share /opt/stack/data/cinder/mnt/8a05412b818d472ece0faf0dd2b6a132/volume-9f40f16d-e504-4087-88ff-86d542fda7bb
Sep 06 06:33:46 devstack sudo[91183]: pam_unix(sudo:session): session opened for user root(uid=0) by (uid=1000)
Sep 06 06:33:46 devstack sudo[91183]: pam_unix(sudo:session): session closed for user root
Sep 06 06:33:46 devstack cinder-volume[87329]: DEBUG oslo_concurrency.processutils [None req-7f882ec7-fcc0-4d61-8fe1-0c805d697681 tempest-GroupSnapshotsTest-1381895959 None] CMD "/opt/stack/data/venv/bin/python3.12 -m oslo_concurrency.prlimit --as=1073741824 --cpu=60 -- sudo cinder-rootwrap /etc/cinder/rootwrap.conf env LC_ALL=C qemu-img info -f qcow2 --output=json --force-share /opt/stack/data/cinder/mnt/8a05412b818d472ece0faf0dd2b6a132/volume-9f40f16d-e504-4087-88ff-86d542fda7bb" returned: 0 in 0.502s {{(pid=87329) execute /opt/stack/data/venv/lib/python3.12/site-packages/oslo_concurrency/processutils.py:468}}
Sep 06 06:33:46 devstack cinder-volume[87329]: DEBUG oslo_concurrency.processutils [None req-7f882ec7-fcc0-4d61-8fe1-0c805d697681 tempest-GroupSnapshotsTest-1381895959 None] Running cmd (subprocess): sudo cinder-rootwrap /etc/cinder/rootwrap.conf qemu-img create -f qcow2 -o backing_file=/opt/stack/data/cinder/mnt/8a05412b818d472ece0faf0dd2b6a132/volume-9f40f16d-e504-4087-88ff-86d542fda7bb,backing_fmt=qcow2 /opt/stack/data/cinder/mnt/8a05412b818d472ece0faf0dd2b6a132/volume-9f40f16d-e504-4087-88ff-86d542fda7bb.767a659e-70f9-4336-ad03-aecceb6c695f 1G {{(pid=87329) execute /opt/stack/data/venv/lib/python3.12/site-packages/oslo_concurrency/processutils.py:440}}
Sep 06 06:33:46 devstack sudo[91188]: quobyte : PWD=/ ; USER=root ; COMMAND=/opt/stack/data/venv/bin/cinder-rootwrap /etc/cinder/rootwrap.conf qemu-img create -f qcow2 -o backing_file=/opt/stack/data/cinder/mnt/8a05412b818d472ece0faf0dd2b6a132/volume-9f40f16d-e504-4087-88ff-86d542fda7bb,backing_fmt=qcow2 /opt/stack/data/cinder/mnt/8a05412b818d472ece0faf0dd2b6a132/volume-9f40f16d-e504-4087-88ff-86d542fda7bb.767a659e-70f9-4336-ad03-aecceb6c695f 1G
Sep 06 06:33:46 devstack sudo[91188]: pam_unix(sudo:session): session opened for user root(uid=0) by (uid=1000)
Sep 06 06:33:47 devstack sudo[91188]: pam_unix(sudo:session): session closed for user root
Sep 06 06:33:47 devstack cinder-volume[87329]: DEBUG oslo_concurrency.processutils [None req-7f882ec7-fcc0-4d61-8fe1-0c805d697681 tempest-GroupSnapshotsTest-1381895959 None] CMD "sudo cinder-rootwrap /etc/cinder/rootwrap.conf qemu-img create -f qcow2 -o backing_file=/opt/stack/data/cinder/mnt/8a05412b818d472ece0faf0dd2b6a132/volume-9f40f16d-e504-4087-88ff-86d542fda7bb,backing_fmt=qcow2 /opt/stack/data/cinder/mnt/8a05412b818d472ece0faf0dd2b6a132/volume-9f40f16d-e504-4087-88ff-86d542fda7bb.767a659e-70f9-4336-ad03-aecceb6c695f 1G" returned: 0 in 0.622s {{(pid=87329) execute /opt/stack/data/venv/lib/python3.12/site-packages/oslo_concurrency/processutils.py:468}}
Sep 06 06:33:47 devstack cinder-volume[87329]: DEBUG oslo_concurrency.processutils [None req-7f882ec7-fcc0-4d61-8fe1-0c805d697681 tempest-GroupSnapshotsTest-1381895959 None] Running cmd (subprocess): sudo cinder-rootwrap /etc/cinder/rootwrap.conf qemu-img rebase -u -b volume-9f40f16d-e504-4087-88ff-86d542fda7bb -F qcow2 /opt/stack/data/cinder/mnt/8a05412b818d472ece0faf0dd2b6a132/volume-9f40f16d-e504-4087-88ff-86d542fda7bb.767a659e-70f9-4336-ad03-aecceb6c695f {{(pid=87329) execute /opt/stack/data/venv/lib/python3.12/site-packages/oslo_concurrency/processutils.py:440}}
Sep 06 06:33:47 devstack sudo[91193]: quobyte : PWD=/ ; USER=root ; COMMAND=/opt/stack/data/venv/bin/cinder-rootwrap /etc/cinder/rootwrap.conf qemu-img rebase -u -b volume-9f40f16d-e504-4087-88ff-86d542fda7bb -F qcow2 /opt/stack/data/cinder/mnt/8a05412b818d472ece0faf0dd2b6a132/volume-9f40f16d-e504-4087-88ff-86d542fda7bb.767a659e-70f9-4336-ad03-aecceb6c695f
Sep 06 06:33:47 devstack sudo[91193]: pam_unix(sudo:session): session opened for user root(uid=0) by (uid=1000)
Sep 06 06:33:47 devstack sudo[91193]: pam_unix(sudo:session): session closed for user root
Sep 06 06:33:47 devstack cinder-volume[87329]: DEBUG oslo_concurrency.processutils [None req-7f882ec7-fcc0-4d61-8fe1-0c805d697681 tempest-GroupSnapshotsTest-1381895959 None] CMD "sudo cinder-rootwrap /etc/cinder/rootwrap.conf qemu-img rebase -u -b volume-9f40f16d-e504-4087-88ff-86d542fda7bb -F qcow2 /opt/stack/data/cinder/mnt/8a05412b818d472ece0faf0dd2b6a132/volume-9f40f16d-e504-4087-88ff-86d542fda7bb.767a659e-70f9-4336-ad03-aecceb6c695f" returned: 0 in 0.489s {{(pid=87329) execute /opt/stack/data/venv/lib/python3.12/site-packages/oslo_concurrency/processutils.py:468}}
Sep 06 06:33:47 devstack cinder-volume[87329]: WARNING cinder.volume.drivers.remotefs [None req-7f882ec7-fcc0-4d61-8fe1-0c805d697681 tempest-GroupSnapshotsTest-1381895959 None] /opt/stack/data/cinder/mnt/8a05412b818d472ece0faf0dd2b6a132/volume-9f40f16d-e504-4087-88ff-86d542fda7bb.767a659e-70f9-4336-ad03-aecceb6c695f is being set with open permissions: ugo+rw: NotImplementedError
Sep 06 06:33:47 devstack cinder-volume[87329]: DEBUG oslo_concurrency.processutils [None req-7f882ec7-fcc0-4d61-8fe1-0c805d697681 tempest-GroupSnapshotsTest-1381895959 None] Running cmd (subprocess): sudo cinder-rootwrap /etc/cinder/rootwrap.conf chmod ugo+rw /opt/stack/data/cinder/mnt/8a05412b818d472ece0faf0dd2b6a132/volume-9f40f16d-e504-4087-88ff-86d542fda7bb.767a659e-70f9-4336-ad03-aecceb6c695f {{(pid=87329) execute /opt/stack/data/venv/lib/python3.12/site-packages/oslo_concurrency/processutils.py:440}}
Sep 06 06:33:47 devstack sudo[91199]: quobyte : PWD=/ ; USER=root ; COMMAND=/opt/stack/data/venv/bin/cinder-rootwrap /etc/cinder/rootwrap.conf chmod ugo+rw /opt/stack/data/cinder/mnt/8a05412b818d472ece0faf0dd2b6a132/volume-9f40f16d-e504-4087-88ff-86d542fda7bb.767a659e-70f9-4336-ad03-aecceb6c695f
Sep 06 06:33:48 devstack sudo[91199]: pam_unix(sudo:session): session opened for user root(uid=0) by (uid=1000)
Sep 06 06:33:48 devstack sudo[91199]: pam_unix(sudo:session): session closed for user root
Sep 06 06:33:48 devstack cinder-volume[87329]: DEBUG oslo_concurrency.processutils [None req-7f882ec7-fcc0-4d61-8fe1-0c805d697681 tempest-GroupSnapshotsTest-1381895959 None] CMD "sudo cinder-rootwrap /etc/cinder/rootwrap.conf chmod ugo+rw /opt/stack/data/cinder/mnt/8a05412b818d472ece0faf0dd2b6a132/volume-9f40f16d-e504-4087-88ff-86d542fda7bb.767a659e-70f9-4336-ad03-aecceb6c695f" returned: 0 in 0.426s {{(pid=87329) execute /opt/stack/data/venv/lib/python3.12/site-packages/oslo_concurrency/processutils.py:468}}
Sep 06 06:33:48 devstack cinder-volume[87329]: DEBUG oslo_concurrency.processutils [None req-7f882ec7-fcc0-4d61-8fe1-0c805d697681 tempest-GroupSnapshotsTest-1381895959 None] Running cmd (subprocess): sudo cinder-rootwrap /etc/cinder/rootwrap.conf truncate -s0 /opt/stack/data/cinder/mnt/8a05412b818d472ece0faf0dd2b6a132/volume-9f40f16d-e504-4087-88ff-86d542fda7bb.info {{(pid=87329) execute /opt/stack/data/venv/lib/python3.12/site-packages/oslo_concurrency/processutils.py:440}}
Sep 06 06:33:48 devstack sudo[91202]: quobyte : PWD=/ ; USER=root ; COMMAND=/opt/stack/data/venv/bin/cinder-rootwrap /etc/cinder/rootwrap.conf truncate -s0 /opt/stack/data/cinder/mnt/8a05412b818d472ece0faf0dd2b6a132/volume-9f40f16d-e504-4087-88ff-86d542fda7bb.info
Sep 06 06:33:48 devstack sudo[91202]: pam_unix(sudo:session): session opened for user root(uid=0) by (uid=1000)
Sep 06 06:33:48 devstack cinder-volume[87329]: DEBUG oslo_service.periodic_task [None req-ce26f409-16e1-4610-9dd0-7c1b5ea52071 None None] Running periodic task VolumeManager.publish_service_capabilities {{(pid=87329) run_periodic_tasks /opt/stack/data/venv/lib/python3.12/site-packages/oslo_service/periodic_task.py:254}}
Sep 06 06:33:48 devstack cinder-volume[87329]: DEBUG oslo_concurrency.lockutils [None req-ce26f409-16e1-4610-9dd0-7c1b5ea52071 None None] Acquiring lock "quobyte_ensure" by "cinder.volume.drivers.quobyte.QuobyteDriver._ensure_shares_mounted" {{(pid=87329) inner /opt/stack/data/venv/lib/python3.12/site-packages/oslo_concurrency/lockutils.py:512}}
Sep 06 06:33:48 devstack cinder-volume[87329]: DEBUG oslo_concurrency.lockutils [None req-ce26f409-16e1-4610-9dd0-7c1b5ea52071 None None] Lock "quobyte_ensure" acquired by "cinder.volume.drivers.quobyte.QuobyteDriver._ensure_shares_mounted" :: waited 0.000s {{(pid=87329) inner /opt/stack/data/venv/lib/python3.12/site-packages/oslo_concurrency/lockutils.py:525}}
Sep 06 06:33:48 devstack cinder-volume[87329]: DEBUG cinder.volume.drivers.quobyte [None req-ce26f409-16e1-4610-9dd0-7c1b5ea52071 None None] Quobyte Volume URL set to: {'osci02.corp.quobyte.com/cinder-vol-cec44f8f-46f1-426c-be91-5d32ca2877d6': None} {{(pid=87329) _load_shares_config /opt/stack/cinder/cinder/volume/drivers/quobyte.py:662}}
Sep 06 06:33:48 devstack cinder-volume[87329]: DEBUG cinder.volume.drivers.quobyte [None req-ce26f409-16e1-4610-9dd0-7c1b5ea52071 None None] Available shares ['osci02.corp.quobyte.com/cinder-vol-cec44f8f-46f1-426c-be91-5d32ca2877d6'] {{(pid=87329) _ensure_shares_mounted /opt/stack/cinder/cinder/volume/drivers/quobyte.py:692}}
Sep 06 06:33:48 devstack cinder-volume[87329]: DEBUG oslo_concurrency.lockutils [None req-ce26f409-16e1-4610-9dd0-7c1b5ea52071 None None] Lock "quobyte_ensure" "released" by "cinder.volume.drivers.quobyte.QuobyteDriver._ensure_shares_mounted" :: held 0.006s {{(pid=87329) inner /opt/stack/data/venv/lib/python3.12/site-packages/oslo_concurrency/lockutils.py:544}}
Sep 06 06:33:48 devstack cinder-volume[87329]: DEBUG oslo_concurrency.processutils [None req-ce26f409-16e1-4610-9dd0-7c1b5ea52071 None None] Running cmd (subprocess): sudo cinder-rootwrap /etc/cinder/rootwrap.conf df --portability --block-size 1 /opt/stack/data/cinder/mnt/8a05412b818d472ece0faf0dd2b6a132 {{(pid=87329) execute /opt/stack/data/venv/lib/python3.12/site-packages/oslo_concurrency/processutils.py:440}}
Sep 06 06:33:48 devstack sudo[91204]: quobyte : PWD=/ ; USER=root ; COMMAND=/opt/stack/data/venv/bin/cinder-rootwrap /etc/cinder/rootwrap.conf df --portability --block-size 1 /opt/stack/data/cinder/mnt/8a05412b818d472ece0faf0dd2b6a132
Sep 06 06:33:48 devstack sudo[91204]: pam_unix(sudo:session): session opened for user root(uid=0) by (uid=1000)
Sep 06 06:33:48 devstack sudo[91202]: pam_unix(sudo:session): session closed for user root
Sep 06 06:33:48 devstack cinder-volume[87329]: DEBUG oslo_concurrency.processutils [None req-7f882ec7-fcc0-4d61-8fe1-0c805d697681 tempest-GroupSnapshotsTest-1381895959 None] CMD "sudo cinder-rootwrap /etc/cinder/rootwrap.conf truncate -s0 /opt/stack/data/cinder/mnt/8a05412b818d472ece0faf0dd2b6a132/volume-9f40f16d-e504-4087-88ff-86d542fda7bb.info" returned: 0 in 0.451s {{(pid=87329) execute /opt/stack/data/venv/lib/python3.12/site-packages/oslo_concurrency/processutils.py:468}}
Sep 06 06:33:48 devstack cinder-volume[87329]: WARNING cinder.volume.drivers.remotefs [None req-7f882ec7-fcc0-4d61-8fe1-0c805d697681 tempest-GroupSnapshotsTest-1381895959 None] /opt/stack/data/cinder/mnt/8a05412b818d472ece0faf0dd2b6a132/volume-9f40f16d-e504-4087-88ff-86d542fda7bb.info is being set with open permissions: ugo+rw: NotImplementedError
Sep 06 06:33:48 devstack cinder-volume[87329]: DEBUG oslo_concurrency.processutils [None req-7f882ec7-fcc0-4d61-8fe1-0c805d697681 tempest-GroupSnapshotsTest-1381895959 None] Running cmd (subprocess): sudo cinder-rootwrap /etc/cinder/rootwrap.conf chmod ugo+rw /opt/stack/data/cinder/mnt/8a05412b818d472ece0faf0dd2b6a132/volume-9f40f16d-e504-4087-88ff-86d542fda7bb.info {{(pid=87329) execute /opt/stack/data/venv/lib/python3.12/site-packages/oslo_concurrency/processutils.py:440}}
Sep 06 06:33:48 devstack sudo[91204]: pam_unix(sudo:session): session closed for user root
Sep 06 06:33:48 devstack cinder-volume[87329]: DEBUG oslo_concurrency.processutils [None req-ce26f409-16e1-4610-9dd0-7c1b5ea52071 None None] CMD "sudo cinder-rootwrap /etc/cinder/rootwrap.conf df --portability --block-size 1 /opt/stack/data/cinder/mnt/8a05412b818d472ece0faf0dd2b6a132" returned: 0 in 0.415s {{(pid=87329) execute /opt/stack/data/venv/lib/python3.12/site-packages/oslo_concurrency/processutils.py:468}}
Sep 06 06:33:48 devstack cinder-volume[87329]: DEBUG cinder.manager [None req-ce26f409-16e1-4610-9dd0-7c1b5ea52071 None None] Notifying Schedulers of capabilities ... {{(pid=87329) _publish_service_capabilities /opt/stack/cinder/cinder/manager.py:219}}
Sep 06 06:33:48 devstack cinder-volume[87329]: DEBUG oslo_service.periodic_task [None req-ce26f409-16e1-4610-9dd0-7c1b5ea52071 None None] Running periodic task VolumeManager._thread_info {{(pid=87329) run_periodic_tasks /opt/stack/data/venv/lib/python3.12/site-packages/oslo_service/periodic_task.py:254}}
Sep 06 06:33:48 devstack cinder-volume[87329]: DEBUG cinder.volume.manager [None req-ce26f409-16e1-4610-9dd0-7c1b5ea52071 None None] thread count: 8 {{(pid=87329) _thread_info /opt/stack/cinder/cinder/volume/manager.py:5472}}
Sep 06 06:33:48 devstack cinder-volume[87329]: DEBUG cinder.volume.manager [None req-ce26f409-16e1-4610-9dd0-7c1b5ea52071 None None] thread info: [<_MainThread(MainThread, started 126855043821696)>, , , , , , , ] {{(pid=87329) _thread_info /opt/stack/cinder/cinder/volume/manager.py:5473}}
Sep 06 06:33:48 devstack sudo[91208]: quobyte : PWD=/ ; USER=root ; COMMAND=/opt/stack/data/venv/bin/cinder-rootwrap /etc/cinder/rootwrap.conf chmod ugo+rw /opt/stack/data/cinder/mnt/8a05412b818d472ece0faf0dd2b6a132/volume-9f40f16d-e504-4087-88ff-86d542fda7bb.info
Sep 06 06:33:48 devstack sudo[91208]: pam_unix(sudo:session): session opened for user root(uid=0) by (uid=1000)
Sep 06 06:33:49 devstack sudo[91208]: pam_unix(sudo:session): session closed for user root
Sep 06 06:33:49 devstack cinder-volume[87329]: DEBUG oslo_concurrency.processutils [None req-7f882ec7-fcc0-4d61-8fe1-0c805d697681 tempest-GroupSnapshotsTest-1381895959 None] CMD "sudo cinder-rootwrap /etc/cinder/rootwrap.conf chmod ugo+rw /opt/stack/data/cinder/mnt/8a05412b818d472ece0faf0dd2b6a132/volume-9f40f16d-e504-4087-88ff-86d542fda7bb.info" returned: 0 in 0.295s {{(pid=87329) execute /opt/stack/data/venv/lib/python3.12/site-packages/oslo_concurrency/processutils.py:468}}
Sep 06 06:33:49 devstack cinder-volume[87329]: DEBUG oslo_concurrency.lockutils [None req-7f882ec7-fcc0-4d61-8fe1-0c805d697681 tempest-GroupSnapshotsTest-1381895959 None] Lock "quobyte" "released" by "cinder.volume.drivers.quobyte.QuobyteDriver.create_snapshot" :: held 2.930s {{(pid=87329) inner /opt/stack/data/venv/lib/python3.12/site-packages/oslo_concurrency/lockutils.py:544}}
Sep 06 06:33:49 devstack cinder-volume[87329]: INFO cinder.volume.manager [None req-7f882ec7-fcc0-4d61-8fe1-0c805d697681 tempest-GroupSnapshotsTest-1381895959 None] group_snapshot f038225d-e1a3-47dd-a889-4d7254148088: created successfully
Sep 06 06:33:50 devstack cinder-volume[87329]: INFO cinder.volume.manager [None req-db816e98-02eb-48f5-b4fa-851a4a52d635 tempest-GroupSnapshotsTest-1381895959 None] group_snapshot f038225d-e1a3-47dd-a889-4d7254148088: deleting
Sep 06 06:33:50 devstack cinder-volume[87329]: DEBUG cinder.volume.manager [None req-db816e98-02eb-48f5-b4fa-851a4a52d635 tempest-GroupSnapshotsTest-1381895959 None] group_snapshot f038225d-e1a3-47dd-a889-4d7254148088: deleting {{(pid=87329) delete_group_snapshot /opt/stack/cinder/cinder/volume/manager.py:4350}}
Sep 06 06:33:50 devstack cinder-volume[87329]: DEBUG cinder.coordination [None req-db816e98-02eb-48f5-b4fa-851a4a52d635 tempest-GroupSnapshotsTest-1381895959 None] Acquiring lock "cinder-quobyte-e7ce1c99-8f80-4fcd-a0a3-c358d505c6a5" by "delete_snapshot" {{(pid=87329) __acquire /opt/stack/cinder/cinder/coordination.py:138}}
Sep 06 06:33:50 devstack cinder-volume[87329]: DEBUG cinder.coordination [None req-db816e98-02eb-48f5-b4fa-851a4a52d635 tempest-GroupSnapshotsTest-1381895959 None] Lock "cinder-quobyte-e7ce1c99-8f80-4fcd-a0a3-c358d505c6a5" acquired by "delete_snapshot" :: waited 0.030s {{(pid=87329) __acquire /opt/stack/cinder/cinder/coordination.py:141}}
Sep 06 06:33:50 devstack cinder-volume[87329]: DEBUG cinder.coordination [None req-db816e98-02eb-48f5-b4fa-851a4a52d635 tempest-GroupSnapshotsTest-1381895959 None] Acquiring lock "cinder-quobyte-02012b37-5434-4106-bac1-7efd730e0f3a" by "_delete_snapshot" {{(pid=87329) __acquire /opt/stack/cinder/cinder/coordination.py:138}}
Sep 06 06:33:50 devstack cinder-volume[87329]: DEBUG cinder.coordination [None req-db816e98-02eb-48f5-b4fa-851a4a52d635 tempest-GroupSnapshotsTest-1381895959 None] Lock "cinder-quobyte-02012b37-5434-4106-bac1-7efd730e0f3a" acquired by "_delete_snapshot" :: waited 0.024s {{(pid=87329) __acquire /opt/stack/cinder/cinder/coordination.py:141}}
Sep 06 06:33:50 devstack cinder-volume[87329]: DEBUG cinder.volume.drivers.remotefs [None req-db816e98-02eb-48f5-b4fa-851a4a52d635 tempest-GroupSnapshotsTest-1381895959 None] Deleting offline snapshot 02012b37-5434-4106-bac1-7efd730e0f3a of volume e7ce1c99-8f80-4fcd-a0a3-c358d505c6a5 {{(pid=87329) _delete_snapshot /opt/stack/cinder/cinder/volume/drivers/remotefs.py:1288}}
Sep 06 06:33:50 devstack cinder-volume[87329]: DEBUG cinder.volume.drivers.remotefs [None req-db816e98-02eb-48f5-b4fa-851a4a52d635 tempest-GroupSnapshotsTest-1381895959 None] snapshot_file for this snap is: volume-e7ce1c99-8f80-4fcd-a0a3-c358d505c6a5.02012b37-5434-4106-bac1-7efd730e0f3a {{(pid=87329) _delete_snapshot /opt/stack/cinder/cinder/volume/drivers/remotefs.py:1317}}
Sep 06 06:33:50 devstack cinder-volume[87329]: DEBUG oslo.privsep.daemon [-] privsep: reply[59f5b7b6-f3b0-475d-a570-fb759468f89f]: (4, 'qcow2') {{(pid=88651) _call_back /opt/stack/data/venv/lib/python3.12/site-packages/oslo_privsep/daemon.py:580}}
Sep 06 06:33:50 devstack cinder-volume[87329]: DEBUG oslo_concurrency.processutils [None req-db816e98-02eb-48f5-b4fa-851a4a52d635 tempest-GroupSnapshotsTest-1381895959 None] Running cmd (subprocess): /opt/stack/data/venv/bin/python3.12 -m oslo_concurrency.prlimit --as=1073741824 --cpu=60 -- sudo cinder-rootwrap /etc/cinder/rootwrap.conf env LC_ALL=C qemu-img info -f qcow2 --output=json --force-share /opt/stack/data/cinder/mnt/8a05412b818d472ece0faf0dd2b6a132/volume-e7ce1c99-8f80-4fcd-a0a3-c358d505c6a5.02012b37-5434-4106-bac1-7efd730e0f3a {{(pid=87329) execute /opt/stack/data/venv/lib/python3.12/site-packages/oslo_concurrency/processutils.py:440}}
Sep 06 06:33:50 devstack sudo[91232]: quobyte : PWD=/ ; USER=root ; COMMAND=/opt/stack/data/venv/bin/cinder-rootwrap /etc/cinder/rootwrap.conf env LC_ALL=C qemu-img info -f qcow2 --output=json --force-share /opt/stack/data/cinder/mnt/8a05412b818d472ece0faf0dd2b6a132/volume-e7ce1c99-8f80-4fcd-a0a3-c358d505c6a5.02012b37-5434-4106-bac1-7efd730e0f3a
Sep 06 06:33:50 devstack sudo[91232]: pam_unix(sudo:session): session opened for user root(uid=0) by (uid=1000)
Sep 06 06:33:51 devstack sudo[91232]: pam_unix(sudo:session): session closed for user root
Sep 06 06:33:51 devstack cinder-volume[87329]: DEBUG oslo_concurrency.processutils [None req-db816e98-02eb-48f5-b4fa-851a4a52d635 tempest-GroupSnapshotsTest-1381895959 None] CMD "/opt/stack/data/venv/bin/python3.12 -m oslo_concurrency.prlimit --as=1073741824 --cpu=60 -- sudo cinder-rootwrap /etc/cinder/rootwrap.conf env LC_ALL=C qemu-img info -f qcow2 --output=json --force-share /opt/stack/data/cinder/mnt/8a05412b818d472ece0faf0dd2b6a132/volume-e7ce1c99-8f80-4fcd-a0a3-c358d505c6a5.02012b37-5434-4106-bac1-7efd730e0f3a" returned: 0 in 0.515s {{(pid=87329) execute /opt/stack/data/venv/lib/python3.12/site-packages/oslo_concurrency/processutils.py:468}}
Sep 06 06:33:51 devstack cinder-volume[87329]: DEBUG cinder.volume.drivers.remotefs [None req-db816e98-02eb-48f5-b4fa-851a4a52d635 tempest-GroupSnapshotsTest-1381895959 None] Fetching qemu-img info with special backing_file_template: (/opt/stack/data/cinder/mnt/[0-9a-f]+/)?(volume-e7ce1c99-8f80-4fcd-a0a3-c358d505c6a5(.(tmp-snap-)?[0-9a-f-]+)?|volume_from_snapshot_cache/(tmp-snap-)?[0-9a-f-]+(.(child-|parent-)[0-9a-f-]+)?)$ {{(pid=87329) _qemu_img_info_base /opt/stack/cinder/cinder/volume/drivers/remotefs.py:896}}
Sep 06 06:33:51 devstack cinder-volume[87329]: DEBUG oslo.privsep.daemon [-] privsep: reply[ed040cba-ce7b-49ea-a12b-e02957c74b08]: (4, 'qcow2') {{(pid=88651) _call_back /opt/stack/data/venv/lib/python3.12/site-packages/oslo_privsep/daemon.py:580}}
Sep 06 06:33:51 devstack cinder-volume[87329]: DEBUG oslo_concurrency.processutils [None req-db816e98-02eb-48f5-b4fa-851a4a52d635 tempest-GroupSnapshotsTest-1381895959 None] Running cmd (subprocess): /opt/stack/data/venv/bin/python3.12 -m oslo_concurrency.prlimit --as=1073741824 --cpu=60 -- sudo cinder-rootwrap /etc/cinder/rootwrap.conf env LC_ALL=C qemu-img info -f qcow2 --output=json --force-share /opt/stack/data/cinder/mnt/8a05412b818d472ece0faf0dd2b6a132/volume-e7ce1c99-8f80-4fcd-a0a3-c358d505c6a5 {{(pid=87329) execute /opt/stack/data/venv/lib/python3.12/site-packages/oslo_concurrency/processutils.py:440}}
Sep 06 06:33:51 devstack sudo[91237]: quobyte : PWD=/ ; USER=root ; COMMAND=/opt/stack/data/venv/bin/cinder-rootwrap /etc/cinder/rootwrap.conf env LC_ALL=C qemu-img info -f qcow2 --output=json --force-share /opt/stack/data/cinder/mnt/8a05412b818d472ece0faf0dd2b6a132/volume-e7ce1c99-8f80-4fcd-a0a3-c358d505c6a5
Sep 06 06:33:51 devstack sudo[91237]: pam_unix(sudo:session): session opened for user root(uid=0) by (uid=1000)
Sep 06 06:33:51 devstack sudo[91237]: pam_unix(sudo:session): session closed for user root
Sep 06 06:33:51 devstack cinder-volume[87329]: DEBUG oslo_concurrency.processutils [None req-db816e98-02eb-48f5-b4fa-851a4a52d635 tempest-GroupSnapshotsTest-1381895959 None] CMD "/opt/stack/data/venv/bin/python3.12 -m oslo_concurrency.prlimit --as=1073741824 --cpu=60 -- sudo cinder-rootwrap /etc/cinder/rootwrap.conf env LC_ALL=C qemu-img info -f qcow2 --output=json --force-share /opt/stack/data/cinder/mnt/8a05412b818d472ece0faf0dd2b6a132/volume-e7ce1c99-8f80-4fcd-a0a3-c358d505c6a5" returned: 0 in 0.489s {{(pid=87329) execute /opt/stack/data/venv/lib/python3.12/site-packages/oslo_concurrency/processutils.py:468}}
Sep 06 06:33:51 devstack cinder-volume[87329]: DEBUG oslo_concurrency.processutils [None req-db816e98-02eb-48f5-b4fa-851a4a52d635 tempest-GroupSnapshotsTest-1381895959 None] Running cmd (subprocess): sudo cinder-rootwrap /etc/cinder/rootwrap.conf qemu-img commit -d /opt/stack/data/cinder/mnt/8a05412b818d472ece0faf0dd2b6a132/volume-e7ce1c99-8f80-4fcd-a0a3-c358d505c6a5.02012b37-5434-4106-bac1-7efd730e0f3a {{(pid=87329) execute /opt/stack/data/venv/lib/python3.12/site-packages/oslo_concurrency/processutils.py:440}}
Sep 06 06:33:51 devstack sudo[91242]: quobyte : PWD=/ ; USER=root ; COMMAND=/opt/stack/data/venv/bin/cinder-rootwrap /etc/cinder/rootwrap.conf qemu-img commit -d /opt/stack/data/cinder/mnt/8a05412b818d472ece0faf0dd2b6a132/volume-e7ce1c99-8f80-4fcd-a0a3-c358d505c6a5.02012b37-5434-4106-bac1-7efd730e0f3a
Sep 06 06:33:51 devstack sudo[91242]: pam_unix(sudo:session): session opened for user root(uid=0) by (uid=1000)
Sep 06 06:33:52 devstack sudo[91242]: pam_unix(sudo:session): session closed for user root
Sep 06 06:33:52 devstack cinder-volume[87329]: DEBUG oslo_concurrency.processutils [None req-db816e98-02eb-48f5-b4fa-851a4a52d635 tempest-GroupSnapshotsTest-1381895959 None] CMD "sudo cinder-rootwrap /etc/cinder/rootwrap.conf qemu-img commit -d /opt/stack/data/cinder/mnt/8a05412b818d472ece0faf0dd2b6a132/volume-e7ce1c99-8f80-4fcd-a0a3-c358d505c6a5.02012b37-5434-4106-bac1-7efd730e0f3a" returned: 0 in 0.357s {{(pid=87329) execute /opt/stack/data/venv/lib/python3.12/site-packages/oslo_concurrency/processutils.py:468}}
Sep 06 06:33:52 devstack cinder-volume[87329]: DEBUG oslo_concurrency.processutils [None req-db816e98-02eb-48f5-b4fa-851a4a52d635 tempest-GroupSnapshotsTest-1381895959 None] Running cmd (subprocess): sudo cinder-rootwrap /etc/cinder/rootwrap.conf rm -f /opt/stack/data/cinder/mnt/8a05412b818d472ece0faf0dd2b6a132/volume-e7ce1c99-8f80-4fcd-a0a3-c358d505c6a5.02012b37-5434-4106-bac1-7efd730e0f3a {{(pid=87329) execute /opt/stack/data/venv/lib/python3.12/site-packages/oslo_concurrency/processutils.py:440}}
Sep 06 06:33:52 devstack sudo[91247]: quobyte : PWD=/ ; USER=root ; COMMAND=/opt/stack/data/venv/bin/cinder-rootwrap /etc/cinder/rootwrap.conf rm -f /opt/stack/data/cinder/mnt/8a05412b818d472ece0faf0dd2b6a132/volume-e7ce1c99-8f80-4fcd-a0a3-c358d505c6a5.02012b37-5434-4106-bac1-7efd730e0f3a
Sep 06 06:33:52 devstack sudo[91247]: pam_unix(sudo:session): session opened for user root(uid=0) by (uid=1000)
Sep 06 06:33:52 devstack sudo[91247]: pam_unix(sudo:session): session closed for user root
Sep 06 06:33:52 devstack cinder-volume[87329]: DEBUG oslo_concurrency.processutils [None req-db816e98-02eb-48f5-b4fa-851a4a52d635 tempest-GroupSnapshotsTest-1381895959 None] CMD "sudo cinder-rootwrap /etc/cinder/rootwrap.conf rm -f /opt/stack/data/cinder/mnt/8a05412b818d472ece0faf0dd2b6a132/volume-e7ce1c99-8f80-4fcd-a0a3-c358d505c6a5.02012b37-5434-4106-bac1-7efd730e0f3a" returned: 0 in 0.277s {{(pid=87329) execute /opt/stack/data/venv/lib/python3.12/site-packages/oslo_concurrency/processutils.py:468}}
Sep 06 06:33:52 devstack cinder-volume[87329]: DEBUG cinder.coordination [None req-db816e98-02eb-48f5-b4fa-851a4a52d635 tempest-GroupSnapshotsTest-1381895959 None] Lock "cinder-quobyte-02012b37-5434-4106-bac1-7efd730e0f3a" released by "_delete_snapshot" :: held 1.783s {{(pid=87329) __release /opt/stack/cinder/cinder/coordination.py:152}}
Sep 06 06:33:52 devstack cinder-volume[87329]: DEBUG cinder.coordination [None req-db816e98-02eb-48f5-b4fa-851a4a52d635 tempest-GroupSnapshotsTest-1381895959 None] Lock "cinder-quobyte-e7ce1c99-8f80-4fcd-a0a3-c358d505c6a5" released by "delete_snapshot" :: held 1.819s {{(pid=87329) __release /opt/stack/cinder/cinder/coordination.py:152}}
Sep 06 06:33:52 devstack cinder-volume[87329]: DEBUG dbcounter [-] [87329] Writing DB stats cinder:UPDATE=106,cinder:SELECT=101,cinder:INSERT=17,cinder:DELETE=9 {{(pid=87329) stat_writer /opt/stack/data/venv/lib/python3.12/site-packages/dbcounter.py:115}}
Sep 06 06:33:52 devstack cinder-volume[87329]: DEBUG cinder.coordination [None req-db816e98-02eb-48f5-b4fa-851a4a52d635 tempest-GroupSnapshotsTest-1381895959 None] Acquiring lock "cinder-quobyte-9f40f16d-e504-4087-88ff-86d542fda7bb" by "delete_snapshot" {{(pid=87329) __acquire /opt/stack/cinder/cinder/coordination.py:138}}
Sep 06 06:33:52 devstack cinder-volume[87329]: DEBUG cinder.coordination [None req-db816e98-02eb-48f5-b4fa-851a4a52d635 tempest-GroupSnapshotsTest-1381895959 None] Lock "cinder-quobyte-9f40f16d-e504-4087-88ff-86d542fda7bb" acquired by "delete_snapshot" :: waited 0.063s {{(pid=87329) __acquire /opt/stack/cinder/cinder/coordination.py:141}}
Sep 06 06:33:52 devstack cinder-volume[87329]: DEBUG cinder.coordination [None req-db816e98-02eb-48f5-b4fa-851a4a52d635 tempest-GroupSnapshotsTest-1381895959 None] Acquiring lock "cinder-quobyte-767a659e-70f9-4336-ad03-aecceb6c695f" by "_delete_snapshot" {{(pid=87329) __acquire /opt/stack/cinder/cinder/coordination.py:138}}
Sep 06 06:33:52 devstack cinder-volume[87329]: DEBUG cinder.coordination [None req-db816e98-02eb-48f5-b4fa-851a4a52d635 tempest-GroupSnapshotsTest-1381895959 None] Lock "cinder-quobyte-767a659e-70f9-4336-ad03-aecceb6c695f" acquired by "_delete_snapshot" :: waited 0.071s {{(pid=87329) __acquire /opt/stack/cinder/cinder/coordination.py:141}}
Sep 06 06:33:52 devstack cinder-volume[87329]: DEBUG cinder.volume.drivers.remotefs [None req-db816e98-02eb-48f5-b4fa-851a4a52d635 tempest-GroupSnapshotsTest-1381895959 None] Deleting offline snapshot 767a659e-70f9-4336-ad03-aecceb6c695f of volume 9f40f16d-e504-4087-88ff-86d542fda7bb {{(pid=87329) _delete_snapshot /opt/stack/cinder/cinder/volume/drivers/remotefs.py:1288}}
Sep 06 06:33:52 devstack cinder-volume[87329]: DEBUG cinder.volume.drivers.remotefs [None req-db816e98-02eb-48f5-b4fa-851a4a52d635 tempest-GroupSnapshotsTest-1381895959 None] snapshot_file for this snap is: volume-9f40f16d-e504-4087-88ff-86d542fda7bb.767a659e-70f9-4336-ad03-aecceb6c695f {{(pid=87329) _delete_snapshot /opt/stack/cinder/cinder/volume/drivers/remotefs.py:1317}}
Sep 06 06:33:52 devstack cinder-volume[87329]: DEBUG oslo.privsep.daemon [-] privsep: reply[4cc54d86-a0c2-4072-93f0-a8ac0bec5aae]: (4, 'qcow2') {{(pid=88651) _call_back /opt/stack/data/venv/lib/python3.12/site-packages/oslo_privsep/daemon.py:580}}
Sep 06 06:33:52 devstack cinder-volume[87329]: DEBUG oslo_concurrency.processutils [None req-db816e98-02eb-48f5-b4fa-851a4a52d635 tempest-GroupSnapshotsTest-1381895959 None] Running cmd (subprocess): /opt/stack/data/venv/bin/python3.12 -m oslo_concurrency.prlimit --as=1073741824 --cpu=60 -- sudo cinder-rootwrap /etc/cinder/rootwrap.conf env LC_ALL=C qemu-img info -f qcow2 --output=json --force-share /opt/stack/data/cinder/mnt/8a05412b818d472ece0faf0dd2b6a132/volume-9f40f16d-e504-4087-88ff-86d542fda7bb.767a659e-70f9-4336-ad03-aecceb6c695f {{(pid=87329) execute /opt/stack/data/venv/lib/python3.12/site-packages/oslo_concurrency/processutils.py:440}}
