Sep 06 06:36:53 devstack cinder-volume[87329]: INFO cinder.volume.manager [None req-059c8182-4164-444a-b9f6-f21b10a34d45 tempest-VolumesServicesTestJSON-1468857707 None] Deleted volume successfully.
Sep 06 06:36:53 devstack cinder-volume[87329]: INFO cinder.volume.flows.manager.create_volume [None req-9eac28a1-4cf9-4a88-8210-be5b5bb29fc6 tempest-GroupsV314Test-1495585002 None] Volume volume-6abeb7ab-d3a6-48d9-9a25-0e4c13e06cdd (6abeb7ab-d3a6-48d9-9a25-0e4c13e06cdd): created successfully
Sep 06 06:36:53 devstack cinder-volume[87329]: DEBUG cinder.volume.manager [None req-9eac28a1-4cf9-4a88-8210-be5b5bb29fc6 tempest-GroupsV314Test-1495585002 None] Task 'cinder.volume.flows.manager.create_volume.CreateVolumeOnFinishTask;volume:create, create.end' (bf021fdf-d129-4a9e-a983-942a5e609570) transitioned into state 'SUCCESS' from state 'RUNNING' with result 'None' {{(pid=87329) _task_receiver /opt/stack/data/venv/lib/python3.12/site-packages/taskflow/listeners/logging.py:218}}
Sep 06 06:36:53 devstack cinder-volume[87329]: DEBUG cinder.volume.manager [None req-9eac28a1-4cf9-4a88-8210-be5b5bb29fc6 tempest-GroupsV314Test-1495585002 None] Flow 'volume_create_manager' (39352f74-8b92-455f-a498-3c51fd2f0127) transitioned into state 'SUCCESS' from state 'RUNNING' {{(pid=87329) _flow_receiver /opt/stack/data/venv/lib/python3.12/site-packages/taskflow/listeners/logging.py:160}}
Sep 06 06:36:53 devstack cinder-volume[87329]: DEBUG cinder.coordination [None req-059c8182-4164-444a-b9f6-f21b10a34d45 tempest-VolumesServicesTestJSON-1468857707 None] Lock "cinder-cecadad0-449c-4ba1-806f-f0f577bf8120-delete_volume" released by "delete_volume" :: held 1.736s {{(pid=87329) __release /opt/stack/cinder/cinder/coordination.py:152}}
Sep 06 06:36:53 devstack cinder-volume[87329]: INFO cinder.volume.manager [None req-9eac28a1-4cf9-4a88-8210-be5b5bb29fc6 tempest-GroupsV314Test-1495585002 None] Created volume successfully.
Sep 06 06:36:56 devstack cinder-volume[87329]: DEBUG oslo_concurrency.lockutils [None req-8d76b9a3-bb60-4481-8d90-96189cfc23b6 tempest-GroupsV314Test-1495585002 None] Acquiring lock "quobyte" by "cinder.volume.drivers.quobyte.QuobyteDriver.create_cloned_volume" {{(pid=87329) inner /opt/stack/data/venv/lib/python3.12/site-packages/oslo_concurrency/lockutils.py:512}}
Sep 06 06:36:56 devstack cinder-volume[87329]: DEBUG oslo_concurrency.lockutils [None req-8d76b9a3-bb60-4481-8d90-96189cfc23b6 tempest-GroupsV314Test-1495585002 None] Lock "quobyte" acquired by "cinder.volume.drivers.quobyte.QuobyteDriver.create_cloned_volume" :: waited 0.001s {{(pid=87329) inner /opt/stack/data/venv/lib/python3.12/site-packages/oslo_concurrency/lockutils.py:525}}
Sep 06 06:36:56 devstack cinder-volume[87329]: INFO cinder.volume.drivers.remotefs [None req-8d76b9a3-bb60-4481-8d90-96189cfc23b6 tempest-GroupsV314Test-1495585002 None] Cloning volume 6abeb7ab-d3a6-48d9-9a25-0e4c13e06cdd to volume b5123030-8d11-43e0-b2eb-86d160a73a6d
Sep 06 06:36:56 devstack cinder-volume[87329]: DEBUG cinder.volume.drivers.remotefs [None req-8d76b9a3-bb60-4481-8d90-96189cfc23b6 tempest-GroupsV314Test-1495585002 None] Creating offline snapshot d5f754fb-fdf4-48b1-a524-d8c62e5fc358 of volume 6abeb7ab-d3a6-48d9-9a25-0e4c13e06cdd {{(pid=87329) _create_snapshot /opt/stack/cinder/cinder/volume/drivers/remotefs.py:1816}}
Sep 06 06:36:56 devstack cinder-volume[87329]: DEBUG oslo.privsep.daemon [-] privsep: reply[4ee5200a-6f55-4a26-ac98-49f8772f5c93]: (4, 'qcow2') {{(pid=88651) _call_back /opt/stack/data/venv/lib/python3.12/site-packages/oslo_privsep/daemon.py:580}}
Sep 06 06:36:56 devstack cinder-volume[87329]: DEBUG oslo_concurrency.processutils [None req-8d76b9a3-bb60-4481-8d90-96189cfc23b6 tempest-GroupsV314Test-1495585002 None] Running cmd (subprocess): /opt/stack/data/venv/bin/python3.12 -m oslo_concurrency.prlimit --as=1073741824 --cpu=60 -- sudo cinder-rootwrap /etc/cinder/rootwrap.conf env LC_ALL=C qemu-img info -f qcow2 --output=json --force-share /opt/stack/data/cinder/mnt/8a05412b818d472ece0faf0dd2b6a132/volume-6abeb7ab-d3a6-48d9-9a25-0e4c13e06cdd {{(pid=87329) execute /opt/stack/data/venv/lib/python3.12/site-packages/oslo_concurrency/processutils.py:440}}
Sep 06 06:36:56 devstack sudo[95146]: quobyte : PWD=/ ; USER=root ; COMMAND=/opt/stack/data/venv/bin/cinder-rootwrap /etc/cinder/rootwrap.conf env LC_ALL=C qemu-img info -f qcow2 --output=json --force-share /opt/stack/data/cinder/mnt/8a05412b818d472ece0faf0dd2b6a132/volume-6abeb7ab-d3a6-48d9-9a25-0e4c13e06cdd
Sep 06 06:36:56 devstack sudo[95146]: pam_unix(sudo:session): session opened for user root(uid=0) by (uid=1000)
Sep 06 06:36:56 devstack sudo[95146]: pam_unix(sudo:session): session closed for user root
Sep 06 06:36:56 devstack cinder-volume[87329]: DEBUG oslo_concurrency.processutils [None req-8d76b9a3-bb60-4481-8d90-96189cfc23b6 tempest-GroupsV314Test-1495585002 None] CMD "/opt/stack/data/venv/bin/python3.12 -m oslo_concurrency.prlimit --as=1073741824 --cpu=60 -- sudo cinder-rootwrap /etc/cinder/rootwrap.conf env LC_ALL=C qemu-img info -f qcow2 --output=json --force-share /opt/stack/data/cinder/mnt/8a05412b818d472ece0faf0dd2b6a132/volume-6abeb7ab-d3a6-48d9-9a25-0e4c13e06cdd" returned: 0 in 0.554s {{(pid=87329) execute /opt/stack/data/venv/lib/python3.12/site-packages/oslo_concurrency/processutils.py:468}}
Sep 06 06:36:56 devstack cinder-volume[87329]: DEBUG oslo_concurrency.processutils [None req-8d76b9a3-bb60-4481-8d90-96189cfc23b6 tempest-GroupsV314Test-1495585002 None] Running cmd (subprocess): sudo cinder-rootwrap /etc/cinder/rootwrap.conf qemu-img create -f qcow2 -o backing_file=/opt/stack/data/cinder/mnt/8a05412b818d472ece0faf0dd2b6a132/volume-6abeb7ab-d3a6-48d9-9a25-0e4c13e06cdd,backing_fmt=qcow2 /opt/stack/data/cinder/mnt/8a05412b818d472ece0faf0dd2b6a132/volume-6abeb7ab-d3a6-48d9-9a25-0e4c13e06cdd.d5f754fb-fdf4-48b1-a524-d8c62e5fc358 1G {{(pid=87329) execute /opt/stack/data/venv/lib/python3.12/site-packages/oslo_concurrency/processutils.py:440}}
Sep 06 06:36:56 devstack sudo[95166]: quobyte : PWD=/ ; USER=root ; COMMAND=/opt/stack/data/venv/bin/cinder-rootwrap /etc/cinder/rootwrap.conf qemu-img create -f qcow2 -o backing_file=/opt/stack/data/cinder/mnt/8a05412b818d472ece0faf0dd2b6a132/volume-6abeb7ab-d3a6-48d9-9a25-0e4c13e06cdd,backing_fmt=qcow2 /opt/stack/data/cinder/mnt/8a05412b818d472ece0faf0dd2b6a132/volume-6abeb7ab-d3a6-48d9-9a25-0e4c13e06cdd.d5f754fb-fdf4-48b1-a524-d8c62e5fc358 1G
Sep 06 06:36:56 devstack sudo[95166]: pam_unix(sudo:session): session opened for user root(uid=0) by (uid=1000)
Sep 06 06:36:57 devstack sudo[95166]: pam_unix(sudo:session): session closed for user root
Sep 06 06:36:57 devstack cinder-volume[87329]: DEBUG oslo_concurrency.processutils [None req-8d76b9a3-bb60-4481-8d90-96189cfc23b6 tempest-GroupsV314Test-1495585002 None] CMD "sudo cinder-rootwrap /etc/cinder/rootwrap.conf qemu-img create -f qcow2 -o backing_file=/opt/stack/data/cinder/mnt/8a05412b818d472ece0faf0dd2b6a132/volume-6abeb7ab-d3a6-48d9-9a25-0e4c13e06cdd,backing_fmt=qcow2 /opt/stack/data/cinder/mnt/8a05412b818d472ece0faf0dd2b6a132/volume-6abeb7ab-d3a6-48d9-9a25-0e4c13e06cdd.d5f754fb-fdf4-48b1-a524-d8c62e5fc358 1G" returned: 0 in 0.524s {{(pid=87329) execute /opt/stack/data/venv/lib/python3.12/site-packages/oslo_concurrency/processutils.py:468}}
Sep 06 06:36:57 devstack cinder-volume[87329]: DEBUG oslo_concurrency.processutils [None req-8d76b9a3-bb60-4481-8d90-96189cfc23b6 tempest-GroupsV314Test-1495585002 None] Running cmd (subprocess): sudo cinder-rootwrap /etc/cinder/rootwrap.conf qemu-img rebase -u -b volume-6abeb7ab-d3a6-48d9-9a25-0e4c13e06cdd -F qcow2 /opt/stack/data/cinder/mnt/8a05412b818d472ece0faf0dd2b6a132/volume-6abeb7ab-d3a6-48d9-9a25-0e4c13e06cdd.d5f754fb-fdf4-48b1-a524-d8c62e5fc358 {{(pid=87329) execute /opt/stack/data/venv/lib/python3.12/site-packages/oslo_concurrency/processutils.py:440}}
Sep 06 06:36:57 devstack sudo[95172]: quobyte : PWD=/ ; USER=root ; COMMAND=/opt/stack/data/venv/bin/cinder-rootwrap /etc/cinder/rootwrap.conf qemu-img rebase -u -b volume-6abeb7ab-d3a6-48d9-9a25-0e4c13e06cdd -F qcow2 /opt/stack/data/cinder/mnt/8a05412b818d472ece0faf0dd2b6a132/volume-6abeb7ab-d3a6-48d9-9a25-0e4c13e06cdd.d5f754fb-fdf4-48b1-a524-d8c62e5fc358
Sep 06 06:36:57 devstack sudo[95172]: pam_unix(sudo:session): session opened for user root(uid=0) by (uid=1000)
Sep 06 06:36:57 devstack sudo[95172]: pam_unix(sudo:session): session closed for user root
Sep 06 06:36:57 devstack cinder-volume[87329]: DEBUG oslo_concurrency.processutils [None req-8d76b9a3-bb60-4481-8d90-96189cfc23b6 tempest-GroupsV314Test-1495585002 None] CMD "sudo cinder-rootwrap /etc/cinder/rootwrap.conf qemu-img rebase -u -b volume-6abeb7ab-d3a6-48d9-9a25-0e4c13e06cdd -F qcow2 /opt/stack/data/cinder/mnt/8a05412b818d472ece0faf0dd2b6a132/volume-6abeb7ab-d3a6-48d9-9a25-0e4c13e06cdd.d5f754fb-fdf4-48b1-a524-d8c62e5fc358" returned: 0 in 0.396s {{(pid=87329) execute /opt/stack/data/venv/lib/python3.12/site-packages/oslo_concurrency/processutils.py:468}}
Sep 06 06:36:57 devstack cinder-volume[87329]: WARNING cinder.volume.drivers.remotefs [None req-8d76b9a3-bb60-4481-8d90-96189cfc23b6 tempest-GroupsV314Test-1495585002 None] /opt/stack/data/cinder/mnt/8a05412b818d472ece0faf0dd2b6a132/volume-6abeb7ab-d3a6-48d9-9a25-0e4c13e06cdd.d5f754fb-fdf4-48b1-a524-d8c62e5fc358 is being set with open permissions: ugo+rw: NotImplementedError
Sep 06 06:36:57 devstack cinder-volume[87329]: DEBUG oslo_concurrency.processutils [None req-8d76b9a3-bb60-4481-8d90-96189cfc23b6 tempest-GroupsV314Test-1495585002 None] Running cmd (subprocess): sudo cinder-rootwrap /etc/cinder/rootwrap.conf chmod ugo+rw /opt/stack/data/cinder/mnt/8a05412b818d472ece0faf0dd2b6a132/volume-6abeb7ab-d3a6-48d9-9a25-0e4c13e06cdd.d5f754fb-fdf4-48b1-a524-d8c62e5fc358 {{(pid=87329) execute /opt/stack/data/venv/lib/python3.12/site-packages/oslo_concurrency/processutils.py:440}}
Sep 06 06:36:57 devstack sudo[95179]: quobyte : PWD=/ ; USER=root ; COMMAND=/opt/stack/data/venv/bin/cinder-rootwrap /etc/cinder/rootwrap.conf chmod ugo+rw /opt/stack/data/cinder/mnt/8a05412b818d472ece0faf0dd2b6a132/volume-6abeb7ab-d3a6-48d9-9a25-0e4c13e06cdd.d5f754fb-fdf4-48b1-a524-d8c62e5fc358
Sep 06 06:36:57 devstack sudo[95179]: pam_unix(sudo:session): session opened for user root(uid=0) by (uid=1000)
Sep 06 06:36:57 devstack sudo[95179]: pam_unix(sudo:session): session closed for user root
Sep 06 06:36:57 devstack cinder-volume[87329]: DEBUG oslo_concurrency.processutils [None req-8d76b9a3-bb60-4481-8d90-96189cfc23b6 tempest-GroupsV314Test-1495585002 None] CMD "sudo cinder-rootwrap /etc/cinder/rootwrap.conf chmod ugo+rw /opt/stack/data/cinder/mnt/8a05412b818d472ece0faf0dd2b6a132/volume-6abeb7ab-d3a6-48d9-9a25-0e4c13e06cdd.d5f754fb-fdf4-48b1-a524-d8c62e5fc358" returned: 0 in 0.339s {{(pid=87329) execute /opt/stack/data/venv/lib/python3.12/site-packages/oslo_concurrency/processutils.py:468}}
Sep 06 06:36:58 devstack cinder-volume[87329]: DEBUG oslo_concurrency.processutils [None req-8d76b9a3-bb60-4481-8d90-96189cfc23b6 tempest-GroupsV314Test-1495585002 None] Running cmd (subprocess): sudo cinder-rootwrap /etc/cinder/rootwrap.conf truncate -s0 /opt/stack/data/cinder/mnt/8a05412b818d472ece0faf0dd2b6a132/volume-6abeb7ab-d3a6-48d9-9a25-0e4c13e06cdd.info {{(pid=87329) execute /opt/stack/data/venv/lib/python3.12/site-packages/oslo_concurrency/processutils.py:440}}
Sep 06 06:36:58 devstack sudo[95183]: quobyte : PWD=/ ; USER=root ; COMMAND=/opt/stack/data/venv/bin/cinder-rootwrap /etc/cinder/rootwrap.conf truncate -s0 /opt/stack/data/cinder/mnt/8a05412b818d472ece0faf0dd2b6a132/volume-6abeb7ab-d3a6-48d9-9a25-0e4c13e06cdd.info
Sep 06 06:36:58 devstack sudo[95183]: pam_unix(sudo:session): session opened for user root(uid=0) by (uid=1000)
Sep 06 06:36:58 devstack sudo[95183]: pam_unix(sudo:session): session closed for user root
Sep 06 06:36:58 devstack cinder-volume[87329]: DEBUG oslo_concurrency.processutils [None req-8d76b9a3-bb60-4481-8d90-96189cfc23b6 tempest-GroupsV314Test-1495585002 None] CMD "sudo cinder-rootwrap /etc/cinder/rootwrap.conf truncate -s0 /opt/stack/data/cinder/mnt/8a05412b818d472ece0faf0dd2b6a132/volume-6abeb7ab-d3a6-48d9-9a25-0e4c13e06cdd.info" returned: 0 in 0.300s {{(pid=87329) execute /opt/stack/data/venv/lib/python3.12/site-packages/oslo_concurrency/processutils.py:468}}
Sep 06 06:36:58 devstack cinder-volume[87329]: WARNING cinder.volume.drivers.remotefs [None req-8d76b9a3-bb60-4481-8d90-96189cfc23b6 tempest-GroupsV314Test-1495585002 None] /opt/stack/data/cinder/mnt/8a05412b818d472ece0faf0dd2b6a132/volume-6abeb7ab-d3a6-48d9-9a25-0e4c13e06cdd.info is being set with open permissions: ugo+rw: NotImplementedError
Sep 06 06:36:58 devstack cinder-volume[87329]: DEBUG oslo_concurrency.processutils [None req-8d76b9a3-bb60-4481-8d90-96189cfc23b6 tempest-GroupsV314Test-1495585002 None] Running cmd (subprocess): sudo cinder-rootwrap /etc/cinder/rootwrap.conf chmod ugo+rw /opt/stack/data/cinder/mnt/8a05412b818d472ece0faf0dd2b6a132/volume-6abeb7ab-d3a6-48d9-9a25-0e4c13e06cdd.info {{(pid=87329) execute /opt/stack/data/venv/lib/python3.12/site-packages/oslo_concurrency/processutils.py:440}}
Sep 06 06:36:58 devstack sudo[95186]: quobyte : PWD=/ ; USER=root ; COMMAND=/opt/stack/data/venv/bin/cinder-rootwrap /etc/cinder/rootwrap.conf chmod ugo+rw /opt/stack/data/cinder/mnt/8a05412b818d472ece0faf0dd2b6a132/volume-6abeb7ab-d3a6-48d9-9a25-0e4c13e06cdd.info
Sep 06 06:36:58 devstack sudo[95186]: pam_unix(sudo:session): session opened for user root(uid=0) by (uid=1000)
Sep 06 06:36:58 devstack cinder-volume[87329]: INFO cinder.volume.manager [req-19213052-0e6f-4da9-afdf-5ff1964f474d req-e0bbe262-2c7a-40dc-875d-b43c170ba0e6 tempest-ServerActionsTestOtherA-968672787 None] Terminate volume connection completed successfully.
Sep 06 06:36:58 devstack cinder-volume[87329]: DEBUG cinder.volume.manager [req-19213052-0e6f-4da9-afdf-5ff1964f474d req-e0bbe262-2c7a-40dc-875d-b43c170ba0e6 tempest-ServerActionsTestOtherA-968672787 None] Deleting attachment eaf5b25e-ac23-4a9f-9c7e-b1f678c025a0. {{(pid=87329) attachment_delete /opt/stack/cinder/cinder/volume/manager.py:5055}}
Sep 06 06:36:58 devstack sudo[95186]: pam_unix(sudo:session): session closed for user root
Sep 06 06:36:58 devstack cinder-volume[87329]: DEBUG oslo_concurrency.processutils [None req-8d76b9a3-bb60-4481-8d90-96189cfc23b6 tempest-GroupsV314Test-1495585002 None] CMD "sudo cinder-rootwrap /etc/cinder/rootwrap.conf chmod ugo+rw /opt/stack/data/cinder/mnt/8a05412b818d472ece0faf0dd2b6a132/volume-6abeb7ab-d3a6-48d9-9a25-0e4c13e06cdd.info" returned: 0 in 0.312s {{(pid=87329) execute /opt/stack/data/venv/lib/python3.12/site-packages/oslo_concurrency/processutils.py:468}}
Sep 06 06:36:58 devstack cinder-volume[87329]: DEBUG cinder.coordination [None req-8d76b9a3-bb60-4481-8d90-96189cfc23b6 tempest-GroupsV314Test-1495585002 None] Acquiring lock "cinder-quobyte-b5123030-8d11-43e0-b2eb-86d160a73a6d" by "_copy_volume_from_snapshot" {{(pid=87329) __acquire /opt/stack/cinder/cinder/coordination.py:138}}
Sep 06 06:36:58 devstack cinder-volume[87329]: DEBUG cinder.coordination [None req-8d76b9a3-bb60-4481-8d90-96189cfc23b6 tempest-GroupsV314Test-1495585002 None] Lock "cinder-quobyte-b5123030-8d11-43e0-b2eb-86d160a73a6d" acquired by "_copy_volume_from_snapshot" :: waited 0.021s {{(pid=87329) __acquire /opt/stack/cinder/cinder/coordination.py:141}}
Sep 06 06:36:58 devstack cinder-volume[87329]: DEBUG cinder.volume.drivers.quobyte [None req-8d76b9a3-bb60-4481-8d90-96189cfc23b6 tempest-GroupsV314Test-1495585002 None] snapshot: d5f754fb-fdf4-48b1-a524-d8c62e5fc358, volume: b5123030-8d11-43e0-b2eb-86d160a73a6d, {{(pid=87329) _copy_volume_from_snapshot /opt/stack/cinder/cinder/volume/drivers/quobyte.py:402}}
Sep 06 06:36:58 devstack cinder-volume[87329]: DEBUG oslo_concurrency.lockutils [None req-8d76b9a3-bb60-4481-8d90-96189cfc23b6 tempest-GroupsV314Test-1495585002 None] Acquiring lock "quobyte_ensure" by "cinder.volume.drivers.quobyte.QuobyteDriver._ensure_shares_mounted" {{(pid=87329) inner /opt/stack/data/venv/lib/python3.12/site-packages/oslo_concurrency/lockutils.py:512}}
Sep 06 06:36:58 devstack cinder-volume[87329]: DEBUG oslo_concurrency.lockutils [None req-8d76b9a3-bb60-4481-8d90-96189cfc23b6 tempest-GroupsV314Test-1495585002 None] Lock "quobyte_ensure" acquired by "cinder.volume.drivers.quobyte.QuobyteDriver._ensure_shares_mounted" :: waited 0.001s {{(pid=87329) inner /opt/stack/data/venv/lib/python3.12/site-packages/oslo_concurrency/lockutils.py:525}}
Sep 06 06:36:58 devstack cinder-volume[87329]: DEBUG cinder.volume.drivers.quobyte [None req-8d76b9a3-bb60-4481-8d90-96189cfc23b6 tempest-GroupsV314Test-1495585002 None] Quobyte Volume URL set to: {'osci02.corp.quobyte.com/cinder-vol-cec44f8f-46f1-426c-be91-5d32ca2877d6': None} {{(pid=87329) _load_shares_config /opt/stack/cinder/cinder/volume/drivers/quobyte.py:662}}
Sep 06 06:36:58 devstack cinder-volume[87329]: DEBUG cinder.volume.drivers.quobyte [None req-8d76b9a3-bb60-4481-8d90-96189cfc23b6 tempest-GroupsV314Test-1495585002 None] Available shares ['osci02.corp.quobyte.com/cinder-vol-cec44f8f-46f1-426c-be91-5d32ca2877d6'] {{(pid=87329) _ensure_shares_mounted /opt/stack/cinder/cinder/volume/drivers/quobyte.py:692}}
Sep 06 06:36:58 devstack cinder-volume[87329]: DEBUG oslo_concurrency.lockutils [None req-8d76b9a3-bb60-4481-8d90-96189cfc23b6 tempest-GroupsV314Test-1495585002 None] Lock "quobyte_ensure" "released" by "cinder.volume.drivers.quobyte.QuobyteDriver._ensure_shares_mounted" :: held 0.009s {{(pid=87329) inner /opt/stack/data/venv/lib/python3.12/site-packages/oslo_concurrency/lockutils.py:544}}
Sep 06 06:36:58 devstack cinder-volume[87329]: DEBUG oslo.privsep.daemon [-] privsep: reply[97b44dbb-af66-4156-bf54-860ce3d87981]: (4, 'qcow2') {{(pid=88651) _call_back /opt/stack/data/venv/lib/python3.12/site-packages/oslo_privsep/daemon.py:580}}
Sep 06 06:36:58 devstack cinder-volume[87329]: DEBUG oslo_concurrency.processutils [None req-8d76b9a3-bb60-4481-8d90-96189cfc23b6 tempest-GroupsV314Test-1495585002 None] Running cmd (subprocess): /opt/stack/data/venv/bin/python3.12 -m oslo_concurrency.prlimit --as=1073741824 --cpu=60 -- sudo cinder-rootwrap /etc/cinder/rootwrap.conf env LC_ALL=C qemu-img info -f qcow2 --output=json --force-share /opt/stack/data/cinder/mnt/8a05412b818d472ece0faf0dd2b6a132/volume-6abeb7ab-d3a6-48d9-9a25-0e4c13e06cdd.d5f754fb-fdf4-48b1-a524-d8c62e5fc358 {{(pid=87329) execute /opt/stack/data/venv/lib/python3.12/site-packages/oslo_concurrency/processutils.py:440}}
Sep 06 06:36:58 devstack cinder-volume[87329]: DEBUG cinder.coordination [req-19213052-0e6f-4da9-afdf-5ff1964f474d req-c251d125-d12e-4f28-a701-b92d96d5e015 tempest-ServerActionsTestOtherA-968672787 None] Acquiring lock "cinder-a774c547-4c1b-4488-a78c-6fd485434966-delete_volume" by "delete_volume" {{(pid=87329) __acquire /opt/stack/cinder/cinder/coordination.py:138}}
Sep 06 06:36:58 devstack cinder-volume[87329]: DEBUG cinder.coordination [req-19213052-0e6f-4da9-afdf-5ff1964f474d req-c251d125-d12e-4f28-a701-b92d96d5e015 tempest-ServerActionsTestOtherA-968672787 None] Lock "cinder-a774c547-4c1b-4488-a78c-6fd485434966-delete_volume" acquired by "delete_volume" :: waited 0.052s {{(pid=87329) __acquire /opt/stack/cinder/cinder/coordination.py:141}}
Sep 06 06:36:58 devstack sudo[95190]: quobyte : PWD=/ ; USER=root ; COMMAND=/opt/stack/data/venv/bin/cinder-rootwrap /etc/cinder/rootwrap.conf env LC_ALL=C qemu-img info -f qcow2 --output=json --force-share /opt/stack/data/cinder/mnt/8a05412b818d472ece0faf0dd2b6a132/volume-6abeb7ab-d3a6-48d9-9a25-0e4c13e06cdd.d5f754fb-fdf4-48b1-a524-d8c62e5fc358
Sep 06 06:36:58 devstack sudo[95190]: pam_unix(sudo:session): session opened for user root(uid=0) by (uid=1000)
Sep 06 06:36:59 devstack cinder-volume[87329]: DEBUG cinder.coordination [req-19213052-0e6f-4da9-afdf-5ff1964f474d req-c251d125-d12e-4f28-a701-b92d96d5e015 tempest-ServerActionsTestOtherA-968672787 None] Acquiring lock "cinder-quobyte-a774c547-4c1b-4488-a78c-6fd485434966" by "delete_volume" {{(pid=87329) __acquire /opt/stack/cinder/cinder/coordination.py:138}}
Sep 06 06:36:59 devstack cinder-volume[87329]: DEBUG cinder.coordination [req-19213052-0e6f-4da9-afdf-5ff1964f474d req-c251d125-d12e-4f28-a701-b92d96d5e015 tempest-ServerActionsTestOtherA-968672787 None] Lock "cinder-quobyte-a774c547-4c1b-4488-a78c-6fd485434966" acquired by "delete_volume" :: waited 0.039s {{(pid=87329) __acquire /opt/stack/cinder/cinder/coordination.py:141}}
Sep 06 06:36:59 devstack cinder-volume[87329]: DEBUG oslo.privsep.daemon [-] privsep: reply[05e88821-ed3a-46c8-9c16-41c4ecc78811]: (4, 'qcow2') {{(pid=88651) _call_back /opt/stack/data/venv/lib/python3.12/site-packages/oslo_privsep/daemon.py:580}}
Sep 06 06:36:59 devstack cinder-volume[87329]: DEBUG oslo_concurrency.processutils [req-19213052-0e6f-4da9-afdf-5ff1964f474d req-c251d125-d12e-4f28-a701-b92d96d5e015 tempest-ServerActionsTestOtherA-968672787 None] Running cmd (subprocess): /opt/stack/data/venv/bin/python3.12 -m oslo_concurrency.prlimit --as=1073741824 --cpu=60 -- sudo cinder-rootwrap /etc/cinder/rootwrap.conf env LC_ALL=C qemu-img info -f qcow2 --output=json --force-share /opt/stack/data/cinder/mnt/8a05412b818d472ece0faf0dd2b6a132/volume-a774c547-4c1b-4488-a78c-6fd485434966 {{(pid=87329) execute /opt/stack/data/venv/lib/python3.12/site-packages/oslo_concurrency/processutils.py:440}}
Sep 06 06:36:59 devstack sudo[95192]: quobyte : PWD=/ ; USER=root ; COMMAND=/opt/stack/data/venv/bin/cinder-rootwrap /etc/cinder/rootwrap.conf env LC_ALL=C qemu-img info -f qcow2 --output=json --force-share /opt/stack/data/cinder/mnt/8a05412b818d472ece0faf0dd2b6a132/volume-a774c547-4c1b-4488-a78c-6fd485434966
Sep 06 06:36:59 devstack sudo[95192]: pam_unix(sudo:session): session opened for user root(uid=0) by (uid=1000)
Sep 06 06:36:59 devstack sudo[95190]: pam_unix(sudo:session): session closed for user root
Sep 06 06:36:59 devstack cinder-volume[87329]: DEBUG oslo_concurrency.processutils [None req-8d76b9a3-bb60-4481-8d90-96189cfc23b6 tempest-GroupsV314Test-1495585002 None] CMD "/opt/stack/data/venv/bin/python3.12 -m oslo_concurrency.prlimit --as=1073741824 --cpu=60 -- sudo cinder-rootwrap /etc/cinder/rootwrap.conf env LC_ALL=C qemu-img info -f qcow2 --output=json --force-share /opt/stack/data/cinder/mnt/8a05412b818d472ece0faf0dd2b6a132/volume-6abeb7ab-d3a6-48d9-9a25-0e4c13e06cdd.d5f754fb-fdf4-48b1-a524-d8c62e5fc358" returned: 0 in 0.776s {{(pid=87329) execute /opt/stack/data/venv/lib/python3.12/site-packages/oslo_concurrency/processutils.py:468}}
Sep 06 06:36:59 devstack cinder-volume[87329]: DEBUG cinder.volume.drivers.remotefs [None req-8d76b9a3-bb60-4481-8d90-96189cfc23b6 tempest-GroupsV314Test-1495585002 None] Fetching qemu-img info with special backing_file_template: (/opt/stack/data/cinder/mnt/[0-9a-f]+/)?(volume-6abeb7ab-d3a6-48d9-9a25-0e4c13e06cdd(.(tmp-snap-)?[0-9a-f-]+)?|volume_from_snapshot_cache/(tmp-snap-)?[0-9a-f-]+(.(child-|parent-)[0-9a-f-]+)?)$ {{(pid=87329) _qemu_img_info_base /opt/stack/cinder/cinder/volume/drivers/remotefs.py:896}}
Sep 06 06:36:59 devstack cinder-volume[87329]: DEBUG oslo.privsep.daemon [-] privsep: reply[ae651724-9c55-46d8-a168-ff76f8b842d6]: (4, 'qcow2') {{(pid=88651) _call_back /opt/stack/data/venv/lib/python3.12/site-packages/oslo_privsep/daemon.py:580}}
Sep 06 06:36:59 devstack cinder-volume[87329]: DEBUG oslo_concurrency.processutils [None req-8d76b9a3-bb60-4481-8d90-96189cfc23b6 tempest-GroupsV314Test-1495585002 None] Running cmd (subprocess): /opt/stack/data/venv/bin/python3.12 -m oslo_concurrency.prlimit --as=1073741824 --cpu=60 -- sudo cinder-rootwrap /etc/cinder/rootwrap.conf env LC_ALL=C qemu-img info -f qcow2 --output=json --force-share /opt/stack/data/cinder/mnt/8a05412b818d472ece0faf0dd2b6a132/volume-6abeb7ab-d3a6-48d9-9a25-0e4c13e06cdd {{(pid=87329) execute /opt/stack/data/venv/lib/python3.12/site-packages/oslo_concurrency/processutils.py:440}}
Sep 06 06:36:59 devstack sudo[95198]: quobyte : PWD=/ ; USER=root ; COMMAND=/opt/stack/data/venv/bin/cinder-rootwrap /etc/cinder/rootwrap.conf env LC_ALL=C qemu-img info -f qcow2 --output=json --force-share /opt/stack/data/cinder/mnt/8a05412b818d472ece0faf0dd2b6a132/volume-6abeb7ab-d3a6-48d9-9a25-0e4c13e06cdd
Sep 06 06:36:59 devstack sudo[95198]: pam_unix(sudo:session): session opened for user root(uid=0) by (uid=1000)
Sep 06 06:36:59 devstack sudo[95192]: pam_unix(sudo:session): session closed for user root
Sep 06 06:36:59 devstack cinder-volume[87329]: DEBUG oslo_concurrency.processutils [req-19213052-0e6f-4da9-afdf-5ff1964f474d req-c251d125-d12e-4f28-a701-b92d96d5e015 tempest-ServerActionsTestOtherA-968672787 None] CMD "/opt/stack/data/venv/bin/python3.12 -m oslo_concurrency.prlimit --as=1073741824 --cpu=60 -- sudo cinder-rootwrap /etc/cinder/rootwrap.conf env LC_ALL=C qemu-img info -f qcow2 --output=json --force-share /opt/stack/data/cinder/mnt/8a05412b818d472ece0faf0dd2b6a132/volume-a774c547-4c1b-4488-a78c-6fd485434966" returned: 0 in 0.572s {{(pid=87329) execute /opt/stack/data/venv/lib/python3.12/site-packages/oslo_concurrency/processutils.py:468}}
Sep 06 06:36:59 devstack cinder-volume[87329]: DEBUG oslo_concurrency.processutils [req-19213052-0e6f-4da9-afdf-5ff1964f474d req-c251d125-d12e-4f28-a701-b92d96d5e015 tempest-ServerActionsTestOtherA-968672787 None] Running cmd (subprocess): sudo cinder-rootwrap /etc/cinder/rootwrap.conf rm -f /opt/stack/data/cinder/mnt/8a05412b818d472ece0faf0dd2b6a132/volume-a774c547-4c1b-4488-a78c-6fd485434966 {{(pid=87329) execute /opt/stack/data/venv/lib/python3.12/site-packages/oslo_concurrency/processutils.py:440}}
Sep 06 06:36:59 devstack sudo[95203]: quobyte : PWD=/ ; USER=root ; COMMAND=/opt/stack/data/venv/bin/cinder-rootwrap /etc/cinder/rootwrap.conf rm -f /opt/stack/data/cinder/mnt/8a05412b818d472ece0faf0dd2b6a132/volume-a774c547-4c1b-4488-a78c-6fd485434966
Sep 06 06:36:59 devstack sudo[95203]: pam_unix(sudo:session): session opened for user root(uid=0) by (uid=1000)
Sep 06 06:37:00 devstack sudo[95203]: pam_unix(sudo:session): session closed for user root
Sep 06 06:37:00 devstack cinder-volume[87329]: DEBUG oslo_concurrency.processutils [req-19213052-0e6f-4da9-afdf-5ff1964f474d req-c251d125-d12e-4f28-a701-b92d96d5e015 tempest-ServerActionsTestOtherA-968672787 None] CMD "sudo cinder-rootwrap /etc/cinder/rootwrap.conf rm -f /opt/stack/data/cinder/mnt/8a05412b818d472ece0faf0dd2b6a132/volume-a774c547-4c1b-4488-a78c-6fd485434966" returned: 0 in 0.314s {{(pid=87329) execute /opt/stack/data/venv/lib/python3.12/site-packages/oslo_concurrency/processutils.py:468}}
Sep 06 06:37:00 devstack cinder-volume[87329]: DEBUG cinder.coordination [req-19213052-0e6f-4da9-afdf-5ff1964f474d req-c251d125-d12e-4f28-a701-b92d96d5e015 tempest-ServerActionsTestOtherA-968672787 None] Lock "cinder-quobyte-a774c547-4c1b-4488-a78c-6fd485434966" released by "delete_volume" :: held 0.973s {{(pid=87329) __release /opt/stack/cinder/cinder/coordination.py:152}}
Sep 06 06:37:00 devstack sudo[95198]: pam_unix(sudo:session): session closed for user root
Sep 06 06:37:00 devstack cinder-volume[87329]: DEBUG oslo_concurrency.processutils [None req-8d76b9a3-bb60-4481-8d90-96189cfc23b6 tempest-GroupsV314Test-1495585002 None] CMD "/opt/stack/data/venv/bin/python3.12 -m oslo_concurrency.prlimit --as=1073741824 --cpu=60 -- sudo cinder-rootwrap /etc/cinder/rootwrap.conf env LC_ALL=C qemu-img info -f qcow2 --output=json --force-share /opt/stack/data/cinder/mnt/8a05412b818d472ece0faf0dd2b6a132/volume-6abeb7ab-d3a6-48d9-9a25-0e4c13e06cdd" returned: 0 in 0.516s {{(pid=87329) execute /opt/stack/data/venv/lib/python3.12/site-packages/oslo_concurrency/processutils.py:468}}
Sep 06 06:37:00 devstack cinder-volume[87329]: DEBUG cinder.volume.drivers.quobyte [None req-8d76b9a3-bb60-4481-8d90-96189cfc23b6 tempest-GroupsV314Test-1495585002 None] will copy from snapshot at /opt/stack/data/cinder/mnt/8a05412b818d472ece0faf0dd2b6a132/volume-6abeb7ab-d3a6-48d9-9a25-0e4c13e06cdd {{(pid=87329) _copy_volume_from_snapshot /opt/stack/cinder/cinder/volume/drivers/quobyte.py:423}}
Sep 06 06:37:00 devstack cinder-volume[87329]: DEBUG cinder.volume.drivers.quobyte [None req-8d76b9a3-bb60-4481-8d90-96189cfc23b6 tempest-GroupsV314Test-1495585002 None] Creating direct copy from snapshot {{(pid=87329) _copy_volume_from_snapshot /opt/stack/cinder/cinder/volume/drivers/quobyte.py:431}}
Sep 06 06:37:00 devstack cinder-volume[87329]: DEBUG cinder.utils [None req-8d76b9a3-bb60-4481-8d90-96189cfc23b6 tempest-GroupsV314Test-1495585002 None] Path /opt/stack/data/cinder/mnt/8a05412b818d472ece0faf0dd2b6a132/volume-b5123030-8d11-43e0-b2eb-86d160a73a6d not found in is_blk_device check {{(pid=87329) is_blk_device /opt/stack/cinder/cinder/utils.py:622}}
Sep 06 06:37:00 devstack cinder-volume[87329]: DEBUG oslo_concurrency.processutils [None req-8d76b9a3-bb60-4481-8d90-96189cfc23b6 tempest-GroupsV314Test-1495585002 None] Running cmd (subprocess): sudo cinder-rootwrap /etc/cinder/rootwrap.conf qemu-img convert -O qcow2 /opt/stack/data/cinder/mnt/8a05412b818d472ece0faf0dd2b6a132/volume-6abeb7ab-d3a6-48d9-9a25-0e4c13e06cdd /opt/stack/data/cinder/mnt/8a05412b818d472ece0faf0dd2b6a132/volume-b5123030-8d11-43e0-b2eb-86d160a73a6d {{(pid=87329) execute /opt/stack/data/venv/lib/python3.12/site-packages/oslo_concurrency/processutils.py:440}}
Sep 06 06:37:00 devstack sudo[95210]: quobyte : PWD=/ ; USER=root ; COMMAND=/opt/stack/data/venv/bin/cinder-rootwrap /etc/cinder/rootwrap.conf qemu-img convert -O qcow2 /opt/stack/data/cinder/mnt/8a05412b818d472ece0faf0dd2b6a132/volume-6abeb7ab-d3a6-48d9-9a25-0e4c13e06cdd /opt/stack/data/cinder/mnt/8a05412b818d472ece0faf0dd2b6a132/volume-b5123030-8d11-43e0-b2eb-86d160a73a6d
Sep 06 06:37:00 devstack sudo[95210]: pam_unix(sudo:session): session opened for user root(uid=0) by (uid=1000)
Sep 06 06:37:00 devstack cinder-volume[87329]: DEBUG cinder.quota [req-19213052-0e6f-4da9-afdf-5ff1964f474d req-c251d125-d12e-4f28-a701-b92d96d5e015 tempest-ServerActionsTestOtherA-968672787 None] Created reservations ['dbf3befd-5572-4825-b820-cfc37d14e98a', 'dc3f68d7-d567-47b3-91e0-3b2b3f0bd39c', '4e303365-eba5-4297-9e1a-85d6b08cf4a0', 'f822649f-fdbc-41ff-8de5-c6ebea81ce85'] {{(pid=87329) reserve /opt/stack/cinder/cinder/quota.py:752}}
Sep 06 06:37:00 devstack cinder-volume[87329]: DEBUG oslo_concurrency.lockutils [req-19213052-0e6f-4da9-afdf-5ff1964f474d req-c251d125-d12e-4f28-a701-b92d96d5e015 tempest-ServerActionsTestOtherA-968672787 None] Acquiring lock "quobyte_ensure" by "cinder.volume.drivers.quobyte.QuobyteDriver._ensure_shares_mounted" {{(pid=87329) inner /opt/stack/data/venv/lib/python3.12/site-packages/oslo_concurrency/lockutils.py:512}}
Sep 06 06:37:00 devstack cinder-volume[87329]: DEBUG oslo_concurrency.lockutils [req-19213052-0e6f-4da9-afdf-5ff1964f474d req-c251d125-d12e-4f28-a701-b92d96d5e015 tempest-ServerActionsTestOtherA-968672787 None] Lock "quobyte_ensure" acquired by "cinder.volume.drivers.quobyte.QuobyteDriver._ensure_shares_mounted" :: waited 0.002s {{(pid=87329) inner /opt/stack/data/venv/lib/python3.12/site-packages/oslo_concurrency/lockutils.py:525}}
Sep 06 06:37:00 devstack cinder-volume[87329]: DEBUG cinder.volume.drivers.quobyte [req-19213052-0e6f-4da9-afdf-5ff1964f474d req-c251d125-d12e-4f28-a701-b92d96d5e015 tempest-ServerActionsTestOtherA-968672787 None] Quobyte Volume URL set to: {'osci02.corp.quobyte.com/cinder-vol-cec44f8f-46f1-426c-be91-5d32ca2877d6': None} {{(pid=87329) _load_shares_config /opt/stack/cinder/cinder/volume/drivers/quobyte.py:662}}
Sep 06 06:37:00 devstack cinder-volume[87329]: DEBUG cinder.volume.drivers.quobyte [req-19213052-0e6f-4da9-afdf-5ff1964f474d req-c251d125-d12e-4f28-a701-b92d96d5e015 tempest-ServerActionsTestOtherA-968672787 None] Available shares ['osci02.corp.quobyte.com/cinder-vol-cec44f8f-46f1-426c-be91-5d32ca2877d6'] {{(pid=87329) _ensure_shares_mounted /opt/stack/cinder/cinder/volume/drivers/quobyte.py:692}}
Sep 06 06:37:00 devstack cinder-volume[87329]: DEBUG oslo_concurrency.lockutils [req-19213052-0e6f-4da9-afdf-5ff1964f474d req-c251d125-d12e-4f28-a701-b92d96d5e015 tempest-ServerActionsTestOtherA-968672787 None] Lock "quobyte_ensure" "released" by "cinder.volume.drivers.quobyte.QuobyteDriver._ensure_shares_mounted" :: held 0.015s {{(pid=87329) inner /opt/stack/data/venv/lib/python3.12/site-packages/oslo_concurrency/lockutils.py:544}}
Sep 06 06:37:00 devstack cinder-volume[87329]: DEBUG oslo_concurrency.processutils [req-19213052-0e6f-4da9-afdf-5ff1964f474d req-c251d125-d12e-4f28-a701-b92d96d5e015 tempest-ServerActionsTestOtherA-968672787 None] Running cmd (subprocess): sudo cinder-rootwrap /etc/cinder/rootwrap.conf df --portability --block-size 1 /opt/stack/data/cinder/mnt/8a05412b818d472ece0faf0dd2b6a132 {{(pid=87329) execute /opt/stack/data/venv/lib/python3.12/site-packages/oslo_concurrency/processutils.py:440}}
Sep 06 06:37:00 devstack sudo[95212]: quobyte : PWD=/ ; USER=root ; COMMAND=/opt/stack/data/venv/bin/cinder-rootwrap /etc/cinder/rootwrap.conf df --portability --block-size 1 /opt/stack/data/cinder/mnt/8a05412b818d472ece0faf0dd2b6a132
Sep 06 06:37:00 devstack sudo[95212]: pam_unix(sudo:session): session opened for user root(uid=0) by (uid=1000)
Sep 06 06:37:00 devstack sudo[95212]: pam_unix(sudo:session): session closed for user root
Sep 06 06:37:00 devstack cinder-volume[87329]: DEBUG oslo_concurrency.processutils [req-19213052-0e6f-4da9-afdf-5ff1964f474d req-c251d125-d12e-4f28-a701-b92d96d5e015 tempest-ServerActionsTestOtherA-968672787 None] CMD "sudo cinder-rootwrap /etc/cinder/rootwrap.conf df --portability --block-size 1 /opt/stack/data/cinder/mnt/8a05412b818d472ece0faf0dd2b6a132" returned: 0 in 0.427s {{(pid=87329) execute /opt/stack/data/venv/lib/python3.12/site-packages/oslo_concurrency/processutils.py:468}}
Sep 06 06:37:00 devstack cinder-volume[87329]: DEBUG cinder.manager [req-19213052-0e6f-4da9-afdf-5ff1964f474d req-c251d125-d12e-4f28-a701-b92d96d5e015 tempest-ServerActionsTestOtherA-968672787 None] Notifying Schedulers of capabilities ... {{(pid=87329) _publish_service_capabilities /opt/stack/cinder/cinder/manager.py:219}}
Sep 06 06:37:00 devstack cinder-volume[87329]: INFO cinder.volume.manager [req-19213052-0e6f-4da9-afdf-5ff1964f474d req-c251d125-d12e-4f28-a701-b92d96d5e015 tempest-ServerActionsTestOtherA-968672787 None] Deleted volume successfully.
Sep 06 06:37:00 devstack cinder-volume[87329]: DEBUG cinder.coordination [req-19213052-0e6f-4da9-afdf-5ff1964f474d req-c251d125-d12e-4f28-a701-b92d96d5e015 tempest-ServerActionsTestOtherA-968672787 None] Lock "cinder-a774c547-4c1b-4488-a78c-6fd485434966-delete_volume" released by "delete_volume" :: held 1.821s {{(pid=87329) __release /opt/stack/cinder/cinder/coordination.py:152}}
Sep 06 06:37:01 devstack cinder-volume[87329]: DEBUG cinder.coordination [None req-f65808db-7f4e-48d6-8752-23ffec7f0a19 tempest-ServerActionsTestOtherA-968672787 None] Acquiring lock "cinder-052783c6-7634-4422-9227-0f9e115dea08-delete_volume" by "delete_volume" {{(pid=87329) __acquire /opt/stack/cinder/cinder/coordination.py:138}}
Sep 06 06:37:01 devstack cinder-volume[87329]: DEBUG cinder.coordination [None req-f65808db-7f4e-48d6-8752-23ffec7f0a19 tempest-ServerActionsTestOtherA-968672787 None] Lock "cinder-052783c6-7634-4422-9227-0f9e115dea08-delete_volume" acquired by "delete_volume" :: waited 0.044s {{(pid=87329) __acquire /opt/stack/cinder/cinder/coordination.py:141}}
Sep 06 06:37:01 devstack cinder-volume[87329]: DEBUG cinder.coordination [None req-f65808db-7f4e-48d6-8752-23ffec7f0a19 tempest-ServerActionsTestOtherA-968672787 None] Acquiring lock "cinder-quobyte-052783c6-7634-4422-9227-0f9e115dea08" by "delete_volume" {{(pid=87329) __acquire /opt/stack/cinder/cinder/coordination.py:138}}
Sep 06 06:37:01 devstack cinder-volume[87329]: DEBUG cinder.coordination [None req-f65808db-7f4e-48d6-8752-23ffec7f0a19 tempest-ServerActionsTestOtherA-968672787 None] Lock "cinder-quobyte-052783c6-7634-4422-9227-0f9e115dea08" acquired by "delete_volume" :: waited 0.022s {{(pid=87329) __acquire /opt/stack/cinder/cinder/coordination.py:141}}
Sep 06 06:37:01 devstack cinder-volume[87329]: DEBUG oslo.privsep.daemon [-] privsep: reply[5cc33329-2e32-40b7-8454-afadcb309f57]: (4, 'qcow2') {{(pid=88651) _call_back /opt/stack/data/venv/lib/python3.12/site-packages/oslo_privsep/daemon.py:580}}
Sep 06 06:37:01 devstack cinder-volume[87329]: DEBUG oslo_concurrency.processutils [None req-f65808db-7f4e-48d6-8752-23ffec7f0a19 tempest-ServerActionsTestOtherA-968672787 None] Running cmd (subprocess): /opt/stack/data/venv/bin/python3.12 -m oslo_concurrency.prlimit --as=1073741824 --cpu=60 -- sudo cinder-rootwrap /etc/cinder/rootwrap.conf env LC_ALL=C qemu-img info -f qcow2 --output=json --force-share /opt/stack/data/cinder/mnt/8a05412b818d472ece0faf0dd2b6a132/volume-052783c6-7634-4422-9227-0f9e115dea08 {{(pid=87329) execute /opt/stack/data/venv/lib/python3.12/site-packages/oslo_concurrency/processutils.py:440}}
Sep 06 06:37:01 devstack sudo[95225]: quobyte : PWD=/ ; USER=root ; COMMAND=/opt/stack/data/venv/bin/cinder-rootwrap /etc/cinder/rootwrap.conf env LC_ALL=C qemu-img info -f qcow2 --output=json --force-share /opt/stack/data/cinder/mnt/8a05412b818d472ece0faf0dd2b6a132/volume-052783c6-7634-4422-9227-0f9e115dea08
Sep 06 06:37:01 devstack sudo[95225]: pam_unix(sudo:session): session opened for user root(uid=0) by (uid=1000)
Sep 06 06:37:02 devstack sudo[95225]: pam_unix(sudo:session): session closed for user root
Sep 06 06:37:02 devstack cinder-volume[87329]: DEBUG oslo_concurrency.processutils [None req-f65808db-7f4e-48d6-8752-23ffec7f0a19 tempest-ServerActionsTestOtherA-968672787 None] CMD "/opt/stack/data/venv/bin/python3.12 -m oslo_concurrency.prlimit --as=1073741824 --cpu=60 -- sudo cinder-rootwrap /etc/cinder/rootwrap.conf env LC_ALL=C qemu-img info -f qcow2 --output=json --force-share /opt/stack/data/cinder/mnt/8a05412b818d472ece0faf0dd2b6a132/volume-052783c6-7634-4422-9227-0f9e115dea08" returned: 0 in 0.985s {{(pid=87329) execute /opt/stack/data/venv/lib/python3.12/site-packages/oslo_concurrency/processutils.py:468}}
Sep 06 06:37:02 devstack cinder-volume[87329]: DEBUG oslo_concurrency.processutils [None req-f65808db-7f4e-48d6-8752-23ffec7f0a19 tempest-ServerActionsTestOtherA-968672787 None] Running cmd (subprocess): sudo cinder-rootwrap /etc/cinder/rootwrap.conf rm -f /opt/stack/data/cinder/mnt/8a05412b818d472ece0faf0dd2b6a132/volume-052783c6-7634-4422-9227-0f9e115dea08 {{(pid=87329) execute /opt/stack/data/venv/lib/python3.12/site-packages/oslo_concurrency/processutils.py:440}}
Sep 06 06:37:02 devstack sudo[95231]: quobyte : PWD=/ ; USER=root ; COMMAND=/opt/stack/data/venv/bin/cinder-rootwrap /etc/cinder/rootwrap.conf rm -f /opt/stack/data/cinder/mnt/8a05412b818d472ece0faf0dd2b6a132/volume-052783c6-7634-4422-9227-0f9e115dea08
Sep 06 06:37:02 devstack sudo[95231]: pam_unix(sudo:session): session opened for user root(uid=0) by (uid=1000)
Sep 06 06:37:03 devstack sudo[95231]: pam_unix(sudo:session): session closed for user root
Sep 06 06:37:03 devstack cinder-volume[87329]: DEBUG oslo_concurrency.processutils [None req-f65808db-7f4e-48d6-8752-23ffec7f0a19 tempest-ServerActionsTestOtherA-968672787 None] CMD "sudo cinder-rootwrap /etc/cinder/rootwrap.conf rm -f /opt/stack/data/cinder/mnt/8a05412b818d472ece0faf0dd2b6a132/volume-052783c6-7634-4422-9227-0f9e115dea08" returned: 0 in 0.835s {{(pid=87329) execute /opt/stack/data/venv/lib/python3.12/site-packages/oslo_concurrency/processutils.py:468}}
Sep 06 06:37:03 devstack cinder-volume[87329]: DEBUG cinder.coordination [None req-f65808db-7f4e-48d6-8752-23ffec7f0a19 tempest-ServerActionsTestOtherA-968672787 None] Lock "cinder-quobyte-052783c6-7634-4422-9227-0f9e115dea08" released by "delete_volume" :: held 1.944s {{(pid=87329) __release /opt/stack/cinder/cinder/coordination.py:152}}
Sep 06 06:37:03 devstack cinder-volume[87329]: DEBUG cinder.quota [None req-f65808db-7f4e-48d6-8752-23ffec7f0a19 tempest-ServerActionsTestOtherA-968672787 None] Created reservations ['998b4d47-5309-4d07-b6b3-d5a459d1065f', '7b6fb023-3526-4300-a005-6bd49b3feacc', '0e0b7dec-552b-43cc-b6ab-c07dea90f049', 'e30befb6-45b5-4160-8b49-45f365c8d544'] {{(pid=87329) reserve /opt/stack/cinder/cinder/quota.py:752}}
Sep 06 06:37:03 devstack cinder-volume[87329]: DEBUG oslo_concurrency.lockutils [None req-f65808db-7f4e-48d6-8752-23ffec7f0a19 tempest-ServerActionsTestOtherA-968672787 None] Acquiring lock "quobyte_ensure" by "cinder.volume.drivers.quobyte.QuobyteDriver._ensure_shares_mounted" {{(pid=87329) inner /opt/stack/data/venv/lib/python3.12/site-packages/oslo_concurrency/lockutils.py:512}}
Sep 06 06:37:03 devstack cinder-volume[87329]: DEBUG oslo_concurrency.lockutils [None req-f65808db-7f4e-48d6-8752-23ffec7f0a19 tempest-ServerActionsTestOtherA-968672787 None] Lock "quobyte_ensure" acquired by "cinder.volume.drivers.quobyte.QuobyteDriver._ensure_shares_mounted" :: waited 0.001s {{(pid=87329) inner /opt/stack/data/venv/lib/python3.12/site-packages/oslo_concurrency/lockutils.py:525}}
Sep 06 06:37:03 devstack cinder-volume[87329]: DEBUG cinder.volume.drivers.quobyte [None req-f65808db-7f4e-48d6-8752-23ffec7f0a19 tempest-ServerActionsTestOtherA-968672787 None] Quobyte Volume URL set to: {'osci02.corp.quobyte.com/cinder-vol-cec44f8f-46f1-426c-be91-5d32ca2877d6': None} {{(pid=87329) _load_shares_config /opt/stack/cinder/cinder/volume/drivers/quobyte.py:662}}
Sep 06 06:37:03 devstack cinder-volume[87329]: DEBUG cinder.volume.drivers.quobyte [None req-f65808db-7f4e-48d6-8752-23ffec7f0a19 tempest-ServerActionsTestOtherA-968672787 None] Available shares ['osci02.corp.quobyte.com/cinder-vol-cec44f8f-46f1-426c-be91-5d32ca2877d6'] {{(pid=87329) _ensure_shares_mounted /opt/stack/cinder/cinder/volume/drivers/quobyte.py:692}}
Sep 06 06:37:03 devstack cinder-volume[87329]: DEBUG oslo_concurrency.lockutils [None req-f65808db-7f4e-48d6-8752-23ffec7f0a19 tempest-ServerActionsTestOtherA-968672787 None] Lock "quobyte_ensure" "released" by "cinder.volume.drivers.quobyte.QuobyteDriver._ensure_shares_mounted" :: held 0.030s {{(pid=87329) inner /opt/stack/data/venv/lib/python3.12/site-packages/oslo_concurrency/lockutils.py:544}}
Sep 06 06:37:03 devstack cinder-volume[87329]: DEBUG oslo_concurrency.processutils [None req-f65808db-7f4e-48d6-8752-23ffec7f0a19 tempest-ServerActionsTestOtherA-968672787 None] Running cmd (subprocess): sudo cinder-rootwrap /etc/cinder/rootwrap.conf df --portability --block-size 1 /opt/stack/data/cinder/mnt/8a05412b818d472ece0faf0dd2b6a132 {{(pid=87329) execute /opt/stack/data/venv/lib/python3.12/site-packages/oslo_concurrency/processutils.py:440}}
Sep 06 06:37:03 devstack sudo[95235]: quobyte : PWD=/ ; USER=root ; COMMAND=/opt/stack/data/venv/bin/cinder-rootwrap /etc/cinder/rootwrap.conf df --portability --block-size 1 /opt/stack/data/cinder/mnt/8a05412b818d472ece0faf0dd2b6a132
Sep 06 06:37:03 devstack sudo[95235]: pam_unix(sudo:session): session opened for user root(uid=0) by (uid=1000)
Sep 06 06:37:04 devstack sudo[95235]: pam_unix(sudo:session): session closed for user root
Sep 06 06:37:04 devstack cinder-volume[87329]: DEBUG oslo_concurrency.processutils [None req-f65808db-7f4e-48d6-8752-23ffec7f0a19 tempest-ServerActionsTestOtherA-968672787 None] CMD "sudo cinder-rootwrap /etc/cinder/rootwrap.conf df --portability --block-size 1 /opt/stack/data/cinder/mnt/8a05412b818d472ece0faf0dd2b6a132" returned: 0 in 0.680s {{(pid=87329) execute /opt/stack/data/venv/lib/python3.12/site-packages/oslo_concurrency/processutils.py:468}}
Sep 06 06:37:04 devstack cinder-volume[87329]: DEBUG cinder.manager [None req-f65808db-7f4e-48d6-8752-23ffec7f0a19 tempest-ServerActionsTestOtherA-968672787 None] Notifying Schedulers of capabilities ... {{(pid=87329) _publish_service_capabilities /opt/stack/cinder/cinder/manager.py:219}}
Sep 06 06:37:04 devstack cinder-volume[87329]: INFO cinder.volume.manager [None req-f65808db-7f4e-48d6-8752-23ffec7f0a19 tempest-ServerActionsTestOtherA-968672787 None] Deleted volume successfully.
Sep 06 06:37:04 devstack cinder-volume[87329]: DEBUG cinder.coordination [None req-f65808db-7f4e-48d6-8752-23ffec7f0a19 tempest-ServerActionsTestOtherA-968672787 None] Lock "cinder-052783c6-7634-4422-9227-0f9e115dea08-delete_volume" released by "delete_volume" :: held 3.381s {{(pid=87329) __release /opt/stack/cinder/cinder/coordination.py:152}}
Sep 06 06:37:06 devstack sudo[95210]: pam_unix(sudo:session): session closed for user root
Sep 06 06:37:06 devstack cinder-volume[87329]: DEBUG oslo_concurrency.processutils [None req-8d76b9a3-bb60-4481-8d90-96189cfc23b6 tempest-GroupsV314Test-1495585002 None] CMD "sudo cinder-rootwrap /etc/cinder/rootwrap.conf qemu-img convert -O qcow2 /opt/stack/data/cinder/mnt/8a05412b818d472ece0faf0dd2b6a132/volume-6abeb7ab-d3a6-48d9-9a25-0e4c13e06cdd /opt/stack/data/cinder/mnt/8a05412b818d472ece0faf0dd2b6a132/volume-b5123030-8d11-43e0-b2eb-86d160a73a6d" returned: 0 in 6.916s {{(pid=87329) execute /opt/stack/data/venv/lib/python3.12/site-packages/oslo_concurrency/processutils.py:468}}
Sep 06 06:37:06 devstack cinder-volume[87329]: DEBUG cinder.image.image_utils [None req-8d76b9a3-bb60-4481-8d90-96189cfc23b6 tempest-GroupsV314Test-1495585002 None] Image conversion details: src /opt/stack/data/cinder/mnt/8a05412b818d472ece0faf0dd2b6a132/volume-6abeb7ab-d3a6-48d9-9a25-0e4c13e06cdd, size 1024.00 MB, duration 6.92 sec, destination /opt/stack/data/cinder/mnt/8a05412b818d472ece0faf0dd2b6a132/volume-b5123030-8d11-43e0-b2eb-86d160a73a6d {{(pid=87329) _convert_image /opt/stack/cinder/cinder/image/image_utils.py:536}}
Sep 06 06:37:07 devstack cinder-volume[87329]: INFO cinder.image.image_utils [None req-8d76b9a3-bb60-4481-8d90-96189cfc23b6 tempest-GroupsV314Test-1495585002 None] Converted 1024.00 MB image at 148.04 MB/s
Sep 06 06:37:07 devstack cinder-volume[87329]: WARNING cinder.volume.drivers.remotefs [None req-8d76b9a3-bb60-4481-8d90-96189cfc23b6 tempest-GroupsV314Test-1495585002 None] /opt/stack/data/cinder/mnt/8a05412b818d472ece0faf0dd2b6a132/volume-b5123030-8d11-43e0-b2eb-86d160a73a6d is being set with open permissions: ugo+rw: NotImplementedError
Sep 06 06:37:07 devstack cinder-volume[87329]: DEBUG oslo_concurrency.processutils [None req-8d76b9a3-bb60-4481-8d90-96189cfc23b6 tempest-GroupsV314Test-1495585002 None] Running cmd (subprocess): sudo cinder-rootwrap /etc/cinder/rootwrap.conf chmod ugo+rw /opt/stack/data/cinder/mnt/8a05412b818d472ece0faf0dd2b6a132/volume-b5123030-8d11-43e0-b2eb-86d160a73a6d {{(pid=87329) execute /opt/stack/data/venv/lib/python3.12/site-packages/oslo_concurrency/processutils.py:440}}
Sep 06 06:37:07 devstack sudo[95268]: quobyte : PWD=/ ; USER=root ; COMMAND=/opt/stack/data/venv/bin/cinder-rootwrap /etc/cinder/rootwrap.conf chmod ugo+rw /opt/stack/data/cinder/mnt/8a05412b818d472ece0faf0dd2b6a132/volume-b5123030-8d11-43e0-b2eb-86d160a73a6d
Sep 06 06:37:07 devstack sudo[95268]: pam_unix(sudo:session): session opened for user root(uid=0) by (uid=1000)
Sep 06 06:37:07 devstack sudo[95268]: pam_unix(sudo:session): session closed for user root
Sep 06 06:37:07 devstack cinder-volume[87329]: DEBUG oslo_concurrency.processutils [None req-8d76b9a3-bb60-4481-8d90-96189cfc23b6 tempest-GroupsV314Test-1495585002 None] CMD "sudo cinder-rootwrap /etc/cinder/rootwrap.conf chmod ugo+rw /opt/stack/data/cinder/mnt/8a05412b818d472ece0faf0dd2b6a132/volume-b5123030-8d11-43e0-b2eb-86d160a73a6d" returned: 0 in 0.283s {{(pid=87329) execute /opt/stack/data/venv/lib/python3.12/site-packages/oslo_concurrency/processutils.py:468}}
Sep 06 06:37:07 devstack cinder-volume[87329]: DEBUG cinder.coordination [None req-8d76b9a3-bb60-4481-8d90-96189cfc23b6 tempest-GroupsV314Test-1495585002 None] Lock "cinder-quobyte-b5123030-8d11-43e0-b2eb-86d160a73a6d" released by "_copy_volume_from_snapshot" :: held 8.609s {{(pid=87329) __release /opt/stack/cinder/cinder/coordination.py:152}}
Sep 06 06:37:07 devstack cinder-volume[87329]: DEBUG cinder.coordination [None req-8d76b9a3-bb60-4481-8d90-96189cfc23b6 tempest-GroupsV314Test-1495585002 None] Acquiring lock "cinder-quobyte-d5f754fb-fdf4-48b1-a524-d8c62e5fc358" by "_delete_snapshot" {{(pid=87329) __acquire /opt/stack/cinder/cinder/coordination.py:138}}
Sep 06 06:37:07 devstack cinder-volume[87329]: DEBUG cinder.coordination [None req-8d76b9a3-bb60-4481-8d90-96189cfc23b6 tempest-GroupsV314Test-1495585002 None] Lock "cinder-quobyte-d5f754fb-fdf4-48b1-a524-d8c62e5fc358" acquired by "_delete_snapshot" :: waited 0.023s {{(pid=87329) __acquire /opt/stack/cinder/cinder/coordination.py:141}}
Sep 06 06:37:07 devstack cinder-volume[87329]: DEBUG cinder.volume.drivers.remotefs [None req-8d76b9a3-bb60-4481-8d90-96189cfc23b6 tempest-GroupsV314Test-1495585002 None] Deleting offline snapshot d5f754fb-fdf4-48b1-a524-d8c62e5fc358 of volume 6abeb7ab-d3a6-48d9-9a25-0e4c13e06cdd {{(pid=87329) _delete_snapshot /opt/stack/cinder/cinder/volume/drivers/remotefs.py:1288}}
Sep 06 06:37:07 devstack cinder-volume[87329]: DEBUG cinder.volume.drivers.remotefs [None req-8d76b9a3-bb60-4481-8d90-96189cfc23b6 tempest-GroupsV314Test-1495585002 None] snapshot_file for this snap is: volume-6abeb7ab-d3a6-48d9-9a25-0e4c13e06cdd.d5f754fb-fdf4-48b1-a524-d8c62e5fc358 {{(pid=87329) _delete_snapshot /opt/stack/cinder/cinder/volume/drivers/remotefs.py:1317}}
Sep 06 06:37:07 devstack cinder-volume[87329]: DEBUG oslo.privsep.daemon [-] privsep: reply[41d1b311-c9b6-4835-a262-9a3fdd22b225]: (4, 'qcow2') {{(pid=88651) _call_back /opt/stack/data/venv/lib/python3.12/site-packages/oslo_privsep/daemon.py:580}}
