Jul 21 22:47:43 devstack cinder-volume[87224]: DEBUG oslo_concurrency.processutils [None req-79f15f3e-4f52-458c-a3eb-8387474d21d0 tempest-GroupSnapshotsTest-1195150655 None] CMD "sudo cinder-rootwrap /etc/cinder/rootwrap.conf chmod ugo+rw /opt/stack/data/cinder/mnt/48c995b03d3b2bc5731039c49c3aba08/volume-4ab9c8ee-b429-4fb5-844b-5536f204485d.34133242-b361-460e-852e-4558ba3b86b7" returned: 0 in 0.322s {{(pid=87224) execute /opt/stack/data/venv/lib/python3.12/site-packages/oslo_concurrency/processutils.py:468}}
Jul 21 22:47:44 devstack cinder-volume[87224]: DEBUG oslo_concurrency.processutils [None req-79f15f3e-4f52-458c-a3eb-8387474d21d0 tempest-GroupSnapshotsTest-1195150655 None] Running cmd (subprocess): sudo cinder-rootwrap /etc/cinder/rootwrap.conf truncate -s0 /opt/stack/data/cinder/mnt/48c995b03d3b2bc5731039c49c3aba08/volume-4ab9c8ee-b429-4fb5-844b-5536f204485d.info {{(pid=87224) execute /opt/stack/data/venv/lib/python3.12/site-packages/oslo_concurrency/processutils.py:440}}
Jul 21 22:47:44 devstack sudo[89343]: quobyte : PWD=/ ; USER=root ; COMMAND=/opt/stack/data/venv/bin/cinder-rootwrap /etc/cinder/rootwrap.conf truncate -s0 /opt/stack/data/cinder/mnt/48c995b03d3b2bc5731039c49c3aba08/volume-4ab9c8ee-b429-4fb5-844b-5536f204485d.info
Jul 21 22:47:44 devstack sudo[89343]: pam_unix(sudo:session): session opened for user root(uid=0) by (uid=1000)
Jul 21 22:47:44 devstack sudo[89343]: pam_unix(sudo:session): session closed for user root
Jul 21 22:47:44 devstack cinder-volume[87224]: DEBUG oslo_concurrency.processutils [None req-79f15f3e-4f52-458c-a3eb-8387474d21d0 tempest-GroupSnapshotsTest-1195150655 None] CMD "sudo cinder-rootwrap /etc/cinder/rootwrap.conf truncate -s0 /opt/stack/data/cinder/mnt/48c995b03d3b2bc5731039c49c3aba08/volume-4ab9c8ee-b429-4fb5-844b-5536f204485d.info" returned: 0 in 0.367s {{(pid=87224) execute /opt/stack/data/venv/lib/python3.12/site-packages/oslo_concurrency/processutils.py:468}}
Jul 21 22:47:44 devstack cinder-volume[87224]: WARNING cinder.volume.drivers.remotefs [None req-79f15f3e-4f52-458c-a3eb-8387474d21d0 tempest-GroupSnapshotsTest-1195150655 None] /opt/stack/data/cinder/mnt/48c995b03d3b2bc5731039c49c3aba08/volume-4ab9c8ee-b429-4fb5-844b-5536f204485d.info is being set with open permissions: ugo+rw: NotImplementedError
Jul 21 22:47:44 devstack cinder-volume[87224]: DEBUG oslo_concurrency.processutils [None req-79f15f3e-4f52-458c-a3eb-8387474d21d0 tempest-GroupSnapshotsTest-1195150655 None] Running cmd (subprocess): sudo cinder-rootwrap /etc/cinder/rootwrap.conf chmod ugo+rw /opt/stack/data/cinder/mnt/48c995b03d3b2bc5731039c49c3aba08/volume-4ab9c8ee-b429-4fb5-844b-5536f204485d.info {{(pid=87224) execute /opt/stack/data/venv/lib/python3.12/site-packages/oslo_concurrency/processutils.py:440}}
Jul 21 22:47:44 devstack sudo[89348]: quobyte : PWD=/ ; USER=root ; COMMAND=/opt/stack/data/venv/bin/cinder-rootwrap /etc/cinder/rootwrap.conf chmod ugo+rw /opt/stack/data/cinder/mnt/48c995b03d3b2bc5731039c49c3aba08/volume-4ab9c8ee-b429-4fb5-844b-5536f204485d.info
Jul 21 22:47:44 devstack sudo[89348]: pam_unix(sudo:session): session opened for user root(uid=0) by (uid=1000)
Jul 21 22:47:44 devstack sudo[89348]: pam_unix(sudo:session): session closed for user root
Jul 21 22:47:44 devstack cinder-volume[87224]: DEBUG oslo_concurrency.processutils [None req-79f15f3e-4f52-458c-a3eb-8387474d21d0 tempest-GroupSnapshotsTest-1195150655 None] CMD "sudo cinder-rootwrap /etc/cinder/rootwrap.conf chmod ugo+rw /opt/stack/data/cinder/mnt/48c995b03d3b2bc5731039c49c3aba08/volume-4ab9c8ee-b429-4fb5-844b-5536f204485d.info" returned: 0 in 0.348s {{(pid=87224) execute /opt/stack/data/venv/lib/python3.12/site-packages/oslo_concurrency/processutils.py:468}}
Jul 21 22:47:44 devstack cinder-volume[87224]: DEBUG oslo_concurrency.lockutils [None req-79f15f3e-4f52-458c-a3eb-8387474d21d0 tempest-GroupSnapshotsTest-1195150655 None] Lock "quobyte" "released" by "cinder.volume.drivers.quobyte.QuobyteDriver.create_snapshot" :: held 2.707s {{(pid=87224) inner /opt/stack/data/venv/lib/python3.12/site-packages/oslo_concurrency/lockutils.py:544}}
Jul 21 22:47:44 devstack cinder-volume[87224]: DEBUG oslo_concurrency.lockutils [None req-79f15f3e-4f52-458c-a3eb-8387474d21d0 tempest-GroupSnapshotsTest-1195150655 None] Acquiring lock "quobyte" by "cinder.volume.drivers.quobyte.QuobyteDriver.create_snapshot" {{(pid=87224) inner /opt/stack/data/venv/lib/python3.12/site-packages/oslo_concurrency/lockutils.py:512}}
Jul 21 22:47:44 devstack cinder-volume[87224]: DEBUG oslo_concurrency.lockutils [None req-79f15f3e-4f52-458c-a3eb-8387474d21d0 tempest-GroupSnapshotsTest-1195150655 None] Lock "quobyte" acquired by "cinder.volume.drivers.quobyte.QuobyteDriver.create_snapshot" :: waited 0.000s {{(pid=87224) inner /opt/stack/data/venv/lib/python3.12/site-packages/oslo_concurrency/lockutils.py:525}}
Jul 21 22:47:44 devstack cinder-volume[87224]: DEBUG cinder.volume.drivers.remotefs [None req-79f15f3e-4f52-458c-a3eb-8387474d21d0 tempest-GroupSnapshotsTest-1195150655 None] Creating offline snapshot f4451662-14f7-4589-a34d-5c23ed78ae29 of volume e5f396c5-ca60-4eae-925f-4791ec2972bd {{(pid=87224) _create_snapshot /opt/stack/cinder/cinder/volume/drivers/remotefs.py:1816}}
Jul 21 22:47:44 devstack cinder-volume[87224]: DEBUG oslo.privsep.daemon [-] privsep: reply[91a3515d-7d26-465f-8ba6-981341a37003]: (4, 'qcow2') {{(pid=87962) _call_back /opt/stack/data/venv/lib/python3.12/site-packages/oslo_privsep/daemon.py:580}}
Jul 21 22:47:44 devstack cinder-volume[87224]: DEBUG oslo_concurrency.processutils [None req-79f15f3e-4f52-458c-a3eb-8387474d21d0 tempest-GroupSnapshotsTest-1195150655 None] Running cmd (subprocess): /opt/stack/data/venv/bin/python3.12 -m oslo_concurrency.prlimit --as=1073741824 --cpu=60 -- sudo cinder-rootwrap /etc/cinder/rootwrap.conf env LC_ALL=C qemu-img info -f qcow2 --output=json --force-share /opt/stack/data/cinder/mnt/48c995b03d3b2bc5731039c49c3aba08/volume-e5f396c5-ca60-4eae-925f-4791ec2972bd {{(pid=87224) execute /opt/stack/data/venv/lib/python3.12/site-packages/oslo_concurrency/processutils.py:440}}
Jul 21 22:47:44 devstack sudo[89351]: quobyte : PWD=/ ; USER=root ; COMMAND=/opt/stack/data/venv/bin/cinder-rootwrap /etc/cinder/rootwrap.conf env LC_ALL=C qemu-img info -f qcow2 --output=json --force-share /opt/stack/data/cinder/mnt/48c995b03d3b2bc5731039c49c3aba08/volume-e5f396c5-ca60-4eae-925f-4791ec2972bd
Jul 21 22:47:44 devstack sudo[89351]: pam_unix(sudo:session): session opened for user root(uid=0) by (uid=1000)
Jul 21 22:47:45 devstack sudo[89351]: pam_unix(sudo:session): session closed for user root
Jul 21 22:47:45 devstack cinder-volume[87224]: DEBUG oslo_concurrency.processutils [None req-79f15f3e-4f52-458c-a3eb-8387474d21d0 tempest-GroupSnapshotsTest-1195150655 None] CMD "/opt/stack/data/venv/bin/python3.12 -m oslo_concurrency.prlimit --as=1073741824 --cpu=60 -- sudo cinder-rootwrap /etc/cinder/rootwrap.conf env LC_ALL=C qemu-img info -f qcow2 --output=json --force-share /opt/stack/data/cinder/mnt/48c995b03d3b2bc5731039c49c3aba08/volume-e5f396c5-ca60-4eae-925f-4791ec2972bd" returned: 0 in 0.421s {{(pid=87224) execute /opt/stack/data/venv/lib/python3.12/site-packages/oslo_concurrency/processutils.py:468}}
Jul 21 22:47:45 devstack cinder-volume[87224]: DEBUG oslo_concurrency.processutils [None req-79f15f3e-4f52-458c-a3eb-8387474d21d0 tempest-GroupSnapshotsTest-1195150655 None] Running cmd (subprocess): sudo cinder-rootwrap /etc/cinder/rootwrap.conf qemu-img create -f qcow2 -o backing_file=/opt/stack/data/cinder/mnt/48c995b03d3b2bc5731039c49c3aba08/volume-e5f396c5-ca60-4eae-925f-4791ec2972bd,backing_fmt=qcow2 /opt/stack/data/cinder/mnt/48c995b03d3b2bc5731039c49c3aba08/volume-e5f396c5-ca60-4eae-925f-4791ec2972bd.f4451662-14f7-4589-a34d-5c23ed78ae29 1G {{(pid=87224) execute /opt/stack/data/venv/lib/python3.12/site-packages/oslo_concurrency/processutils.py:440}}
Jul 21 22:47:45 devstack sudo[89356]: quobyte : PWD=/ ; USER=root ; COMMAND=/opt/stack/data/venv/bin/cinder-rootwrap /etc/cinder/rootwrap.conf qemu-img create -f qcow2 -o backing_file=/opt/stack/data/cinder/mnt/48c995b03d3b2bc5731039c49c3aba08/volume-e5f396c5-ca60-4eae-925f-4791ec2972bd,backing_fmt=qcow2 /opt/stack/data/cinder/mnt/48c995b03d3b2bc5731039c49c3aba08/volume-e5f396c5-ca60-4eae-925f-4791ec2972bd.f4451662-14f7-4589-a34d-5c23ed78ae29 1G
Jul 21 22:47:45 devstack sudo[89356]: pam_unix(sudo:session): session opened for user root(uid=0) by (uid=1000)
Jul 21 22:47:45 devstack sudo[89356]: pam_unix(sudo:session): session closed for user root
Jul 21 22:47:45 devstack cinder-volume[87224]: DEBUG oslo_concurrency.processutils [None req-79f15f3e-4f52-458c-a3eb-8387474d21d0 tempest-GroupSnapshotsTest-1195150655 None] CMD "sudo cinder-rootwrap /etc/cinder/rootwrap.conf qemu-img create -f qcow2 -o backing_file=/opt/stack/data/cinder/mnt/48c995b03d3b2bc5731039c49c3aba08/volume-e5f396c5-ca60-4eae-925f-4791ec2972bd,backing_fmt=qcow2 /opt/stack/data/cinder/mnt/48c995b03d3b2bc5731039c49c3aba08/volume-e5f396c5-ca60-4eae-925f-4791ec2972bd.f4451662-14f7-4589-a34d-5c23ed78ae29 1G" returned: 0 in 0.460s {{(pid=87224) execute /opt/stack/data/venv/lib/python3.12/site-packages/oslo_concurrency/processutils.py:468}}
Jul 21 22:47:45 devstack cinder-volume[87224]: DEBUG oslo_concurrency.processutils [None req-79f15f3e-4f52-458c-a3eb-8387474d21d0 tempest-GroupSnapshotsTest-1195150655 None] Running cmd (subprocess): sudo cinder-rootwrap /etc/cinder/rootwrap.conf qemu-img rebase -u -b volume-e5f396c5-ca60-4eae-925f-4791ec2972bd -F qcow2 /opt/stack/data/cinder/mnt/48c995b03d3b2bc5731039c49c3aba08/volume-e5f396c5-ca60-4eae-925f-4791ec2972bd.f4451662-14f7-4589-a34d-5c23ed78ae29 {{(pid=87224) execute /opt/stack/data/venv/lib/python3.12/site-packages/oslo_concurrency/processutils.py:440}}
Jul 21 22:47:45 devstack sudo[89362]: quobyte : PWD=/ ; USER=root ; COMMAND=/opt/stack/data/venv/bin/cinder-rootwrap /etc/cinder/rootwrap.conf qemu-img rebase -u -b volume-e5f396c5-ca60-4eae-925f-4791ec2972bd -F qcow2 /opt/stack/data/cinder/mnt/48c995b03d3b2bc5731039c49c3aba08/volume-e5f396c5-ca60-4eae-925f-4791ec2972bd.f4451662-14f7-4589-a34d-5c23ed78ae29
Jul 21 22:47:45 devstack sudo[89362]: pam_unix(sudo:session): session opened for user root(uid=0) by (uid=1000)
Jul 21 22:47:46 devstack sudo[89362]: pam_unix(sudo:session): session closed for user root
Jul 21 22:47:46 devstack cinder-volume[87224]: DEBUG oslo_concurrency.processutils [None req-79f15f3e-4f52-458c-a3eb-8387474d21d0 tempest-GroupSnapshotsTest-1195150655 None] CMD "sudo cinder-rootwrap /etc/cinder/rootwrap.conf qemu-img rebase -u -b volume-e5f396c5-ca60-4eae-925f-4791ec2972bd -F qcow2 /opt/stack/data/cinder/mnt/48c995b03d3b2bc5731039c49c3aba08/volume-e5f396c5-ca60-4eae-925f-4791ec2972bd.f4451662-14f7-4589-a34d-5c23ed78ae29" returned: 0 in 0.382s {{(pid=87224) execute /opt/stack/data/venv/lib/python3.12/site-packages/oslo_concurrency/processutils.py:468}}
Jul 21 22:47:46 devstack cinder-volume[87224]: WARNING cinder.volume.drivers.remotefs [None req-79f15f3e-4f52-458c-a3eb-8387474d21d0 tempest-GroupSnapshotsTest-1195150655 None] /opt/stack/data/cinder/mnt/48c995b03d3b2bc5731039c49c3aba08/volume-e5f396c5-ca60-4eae-925f-4791ec2972bd.f4451662-14f7-4589-a34d-5c23ed78ae29 is being set with open permissions: ugo+rw: NotImplementedError
Jul 21 22:47:46 devstack cinder-volume[87224]: DEBUG oslo_concurrency.processutils [None req-79f15f3e-4f52-458c-a3eb-8387474d21d0 tempest-GroupSnapshotsTest-1195150655 None] Running cmd (subprocess): sudo cinder-rootwrap /etc/cinder/rootwrap.conf chmod ugo+rw /opt/stack/data/cinder/mnt/48c995b03d3b2bc5731039c49c3aba08/volume-e5f396c5-ca60-4eae-925f-4791ec2972bd.f4451662-14f7-4589-a34d-5c23ed78ae29 {{(pid=87224) execute /opt/stack/data/venv/lib/python3.12/site-packages/oslo_concurrency/processutils.py:440}}
Jul 21 22:47:46 devstack sudo[89368]: quobyte : PWD=/ ; USER=root ; COMMAND=/opt/stack/data/venv/bin/cinder-rootwrap /etc/cinder/rootwrap.conf chmod ugo+rw /opt/stack/data/cinder/mnt/48c995b03d3b2bc5731039c49c3aba08/volume-e5f396c5-ca60-4eae-925f-4791ec2972bd.f4451662-14f7-4589-a34d-5c23ed78ae29
Jul 21 22:47:46 devstack sudo[89368]: pam_unix(sudo:session): session opened for user root(uid=0) by (uid=1000)
Jul 21 22:47:46 devstack sudo[89368]: pam_unix(sudo:session): session closed for user root
Jul 21 22:47:46 devstack cinder-volume[87224]: DEBUG oslo_concurrency.processutils [None req-79f15f3e-4f52-458c-a3eb-8387474d21d0 tempest-GroupSnapshotsTest-1195150655 None] CMD "sudo cinder-rootwrap /etc/cinder/rootwrap.conf chmod ugo+rw /opt/stack/data/cinder/mnt/48c995b03d3b2bc5731039c49c3aba08/volume-e5f396c5-ca60-4eae-925f-4791ec2972bd.f4451662-14f7-4589-a34d-5c23ed78ae29" returned: 0 in 0.399s {{(pid=87224) execute /opt/stack/data/venv/lib/python3.12/site-packages/oslo_concurrency/processutils.py:468}}
Jul 21 22:47:46 devstack cinder-volume[87224]: DEBUG oslo_concurrency.processutils [None req-79f15f3e-4f52-458c-a3eb-8387474d21d0 tempest-GroupSnapshotsTest-1195150655 None] Running cmd (subprocess): sudo cinder-rootwrap /etc/cinder/rootwrap.conf truncate -s0 /opt/stack/data/cinder/mnt/48c995b03d3b2bc5731039c49c3aba08/volume-e5f396c5-ca60-4eae-925f-4791ec2972bd.info {{(pid=87224) execute /opt/stack/data/venv/lib/python3.12/site-packages/oslo_concurrency/processutils.py:440}}
Jul 21 22:47:46 devstack sudo[89371]: quobyte : PWD=/ ; USER=root ; COMMAND=/opt/stack/data/venv/bin/cinder-rootwrap /etc/cinder/rootwrap.conf truncate -s0 /opt/stack/data/cinder/mnt/48c995b03d3b2bc5731039c49c3aba08/volume-e5f396c5-ca60-4eae-925f-4791ec2972bd.info
Jul 21 22:47:46 devstack sudo[89371]: pam_unix(sudo:session): session opened for user root(uid=0) by (uid=1000)
Jul 21 22:47:46 devstack sudo[89371]: pam_unix(sudo:session): session closed for user root
Jul 21 22:47:46 devstack cinder-volume[87224]: DEBUG oslo_concurrency.processutils [None req-79f15f3e-4f52-458c-a3eb-8387474d21d0 tempest-GroupSnapshotsTest-1195150655 None] CMD "sudo cinder-rootwrap /etc/cinder/rootwrap.conf truncate -s0 /opt/stack/data/cinder/mnt/48c995b03d3b2bc5731039c49c3aba08/volume-e5f396c5-ca60-4eae-925f-4791ec2972bd.info" returned: 0 in 0.350s {{(pid=87224) execute /opt/stack/data/venv/lib/python3.12/site-packages/oslo_concurrency/processutils.py:468}}
Jul 21 22:47:46 devstack cinder-volume[87224]: WARNING cinder.volume.drivers.remotefs [None req-79f15f3e-4f52-458c-a3eb-8387474d21d0 tempest-GroupSnapshotsTest-1195150655 None] /opt/stack/data/cinder/mnt/48c995b03d3b2bc5731039c49c3aba08/volume-e5f396c5-ca60-4eae-925f-4791ec2972bd.info is being set with open permissions: ugo+rw: NotImplementedError
Jul 21 22:47:46 devstack cinder-volume[87224]: DEBUG oslo_concurrency.processutils [None req-79f15f3e-4f52-458c-a3eb-8387474d21d0 tempest-GroupSnapshotsTest-1195150655 None] Running cmd (subprocess): sudo cinder-rootwrap /etc/cinder/rootwrap.conf chmod ugo+rw /opt/stack/data/cinder/mnt/48c995b03d3b2bc5731039c49c3aba08/volume-e5f396c5-ca60-4eae-925f-4791ec2972bd.info {{(pid=87224) execute /opt/stack/data/venv/lib/python3.12/site-packages/oslo_concurrency/processutils.py:440}}
Jul 21 22:47:46 devstack sudo[89374]: quobyte : PWD=/ ; USER=root ; COMMAND=/opt/stack/data/venv/bin/cinder-rootwrap /etc/cinder/rootwrap.conf chmod ugo+rw /opt/stack/data/cinder/mnt/48c995b03d3b2bc5731039c49c3aba08/volume-e5f396c5-ca60-4eae-925f-4791ec2972bd.info
Jul 21 22:47:46 devstack sudo[89374]: pam_unix(sudo:session): session opened for user root(uid=0) by (uid=1000)
Jul 21 22:47:47 devstack sudo[89374]: pam_unix(sudo:session): session closed for user root
Jul 21 22:47:47 devstack cinder-volume[87224]: DEBUG oslo_concurrency.processutils [None req-79f15f3e-4f52-458c-a3eb-8387474d21d0 tempest-GroupSnapshotsTest-1195150655 None] CMD "sudo cinder-rootwrap /etc/cinder/rootwrap.conf chmod ugo+rw /opt/stack/data/cinder/mnt/48c995b03d3b2bc5731039c49c3aba08/volume-e5f396c5-ca60-4eae-925f-4791ec2972bd.info" returned: 0 in 0.346s {{(pid=87224) execute /opt/stack/data/venv/lib/python3.12/site-packages/oslo_concurrency/processutils.py:468}}
Jul 21 22:47:47 devstack cinder-volume[87224]: DEBUG oslo_concurrency.lockutils [None req-79f15f3e-4f52-458c-a3eb-8387474d21d0 tempest-GroupSnapshotsTest-1195150655 None] Lock "quobyte" "released" by "cinder.volume.drivers.quobyte.QuobyteDriver.create_snapshot" :: held 2.479s {{(pid=87224) inner /opt/stack/data/venv/lib/python3.12/site-packages/oslo_concurrency/lockutils.py:544}}
Jul 21 22:47:47 devstack cinder-volume[87224]: INFO cinder.volume.manager [None req-79f15f3e-4f52-458c-a3eb-8387474d21d0 tempest-GroupSnapshotsTest-1195150655 None] group_snapshot c881acfc-cbe1-465f-82c6-ef4ea68b2391: created successfully
Jul 21 22:47:48 devstack cinder-volume[87224]: INFO cinder.volume.manager [None req-d84b70e9-4215-41fb-892b-484709724c8a tempest-GroupSnapshotsTest-1195150655 None] group_snapshot c881acfc-cbe1-465f-82c6-ef4ea68b2391: deleting
Jul 21 22:47:48 devstack cinder-volume[87224]: DEBUG cinder.volume.manager [None req-d84b70e9-4215-41fb-892b-484709724c8a tempest-GroupSnapshotsTest-1195150655 None] group_snapshot c881acfc-cbe1-465f-82c6-ef4ea68b2391: deleting {{(pid=87224) delete_group_snapshot /opt/stack/cinder/cinder/volume/manager.py:4350}}
Jul 21 22:47:48 devstack cinder-volume[87224]: DEBUG cinder.coordination [None req-d84b70e9-4215-41fb-892b-484709724c8a tempest-GroupSnapshotsTest-1195150655 None] Acquiring lock "cinder-quobyte-4ab9c8ee-b429-4fb5-844b-5536f204485d" by "delete_snapshot" {{(pid=87224) __acquire /opt/stack/cinder/cinder/coordination.py:138}}
Jul 21 22:47:48 devstack cinder-volume[87224]: DEBUG cinder.coordination [None req-d84b70e9-4215-41fb-892b-484709724c8a tempest-GroupSnapshotsTest-1195150655 None] Lock "cinder-quobyte-4ab9c8ee-b429-4fb5-844b-5536f204485d" acquired by "delete_snapshot" :: waited 0.019s {{(pid=87224) __acquire /opt/stack/cinder/cinder/coordination.py:141}}
Jul 21 22:47:48 devstack cinder-volume[87224]: DEBUG cinder.coordination [None req-d84b70e9-4215-41fb-892b-484709724c8a tempest-GroupSnapshotsTest-1195150655 None] Acquiring lock "cinder-quobyte-34133242-b361-460e-852e-4558ba3b86b7" by "_delete_snapshot" {{(pid=87224) __acquire /opt/stack/cinder/cinder/coordination.py:138}}
Jul 21 22:47:48 devstack cinder-volume[87224]: DEBUG cinder.coordination [None req-d84b70e9-4215-41fb-892b-484709724c8a tempest-GroupSnapshotsTest-1195150655 None] Lock "cinder-quobyte-34133242-b361-460e-852e-4558ba3b86b7" acquired by "_delete_snapshot" :: waited 0.027s {{(pid=87224) __acquire /opt/stack/cinder/cinder/coordination.py:141}}
Jul 21 22:47:48 devstack cinder-volume[87224]: DEBUG cinder.volume.drivers.remotefs [None req-d84b70e9-4215-41fb-892b-484709724c8a tempest-GroupSnapshotsTest-1195150655 None] Deleting offline snapshot 34133242-b361-460e-852e-4558ba3b86b7 of volume 4ab9c8ee-b429-4fb5-844b-5536f204485d {{(pid=87224) _delete_snapshot /opt/stack/cinder/cinder/volume/drivers/remotefs.py:1288}}
Jul 21 22:47:48 devstack cinder-volume[87224]: DEBUG cinder.volume.drivers.remotefs [None req-d84b70e9-4215-41fb-892b-484709724c8a tempest-GroupSnapshotsTest-1195150655 None] snapshot_file for this snap is: volume-4ab9c8ee-b429-4fb5-844b-5536f204485d.34133242-b361-460e-852e-4558ba3b86b7 {{(pid=87224) _delete_snapshot /opt/stack/cinder/cinder/volume/drivers/remotefs.py:1317}}
Jul 21 22:47:48 devstack cinder-volume[87224]: DEBUG oslo.privsep.daemon [-] privsep: reply[6c8db310-73dd-4be4-91da-be88fa7b3b93]: (4, 'qcow2') {{(pid=87962) _call_back /opt/stack/data/venv/lib/python3.12/site-packages/oslo_privsep/daemon.py:580}}
Jul 21 22:47:48 devstack cinder-volume[87224]: DEBUG oslo_concurrency.processutils [None req-d84b70e9-4215-41fb-892b-484709724c8a tempest-GroupSnapshotsTest-1195150655 None] Running cmd (subprocess): /opt/stack/data/venv/bin/python3.12 -m oslo_concurrency.prlimit --as=1073741824 --cpu=60 -- sudo cinder-rootwrap /etc/cinder/rootwrap.conf env LC_ALL=C qemu-img info -f qcow2 --output=json --force-share /opt/stack/data/cinder/mnt/48c995b03d3b2bc5731039c49c3aba08/volume-4ab9c8ee-b429-4fb5-844b-5536f204485d.34133242-b361-460e-852e-4558ba3b86b7 {{(pid=87224) execute /opt/stack/data/venv/lib/python3.12/site-packages/oslo_concurrency/processutils.py:440}}
Jul 21 22:47:48 devstack sudo[89402]: quobyte : PWD=/ ; USER=root ; COMMAND=/opt/stack/data/venv/bin/cinder-rootwrap /etc/cinder/rootwrap.conf env LC_ALL=C qemu-img info -f qcow2 --output=json --force-share /opt/stack/data/cinder/mnt/48c995b03d3b2bc5731039c49c3aba08/volume-4ab9c8ee-b429-4fb5-844b-5536f204485d.34133242-b361-460e-852e-4558ba3b86b7
Jul 21 22:47:48 devstack sudo[89402]: pam_unix(sudo:session): session opened for user root(uid=0) by (uid=1000)
Jul 21 22:47:49 devstack sudo[89402]: pam_unix(sudo:session): session closed for user root
Jul 21 22:47:49 devstack cinder-volume[87224]: DEBUG oslo_concurrency.processutils [None req-d84b70e9-4215-41fb-892b-484709724c8a tempest-GroupSnapshotsTest-1195150655 None] CMD "/opt/stack/data/venv/bin/python3.12 -m oslo_concurrency.prlimit --as=1073741824 --cpu=60 -- sudo cinder-rootwrap /etc/cinder/rootwrap.conf env LC_ALL=C qemu-img info -f qcow2 --output=json --force-share /opt/stack/data/cinder/mnt/48c995b03d3b2bc5731039c49c3aba08/volume-4ab9c8ee-b429-4fb5-844b-5536f204485d.34133242-b361-460e-852e-4558ba3b86b7" returned: 0 in 0.522s {{(pid=87224) execute /opt/stack/data/venv/lib/python3.12/site-packages/oslo_concurrency/processutils.py:468}}
Jul 21 22:47:49 devstack cinder-volume[87224]: DEBUG cinder.volume.drivers.remotefs [None req-d84b70e9-4215-41fb-892b-484709724c8a tempest-GroupSnapshotsTest-1195150655 None] Fetching qemu-img info with special backing_file_template: (/opt/stack/data/cinder/mnt/[0-9a-f]+/)?(volume-4ab9c8ee-b429-4fb5-844b-5536f204485d(.(tmp-snap-)?[0-9a-f-]+)?|volume_from_snapshot_cache/(tmp-snap-)?[0-9a-f-]+(.(child-|parent-)[0-9a-f-]+)?)$ {{(pid=87224) _qemu_img_info_base /opt/stack/cinder/cinder/volume/drivers/remotefs.py:896}}
Jul 21 22:47:49 devstack cinder-volume[87224]: DEBUG oslo.privsep.daemon [-] privsep: reply[fbb9fc02-da10-4f92-b74a-b3356f5bfe82]: (4, 'qcow2') {{(pid=87962) _call_back /opt/stack/data/venv/lib/python3.12/site-packages/oslo_privsep/daemon.py:580}}
Jul 21 22:47:49 devstack cinder-volume[87224]: DEBUG oslo_concurrency.processutils [None req-d84b70e9-4215-41fb-892b-484709724c8a tempest-GroupSnapshotsTest-1195150655 None] Running cmd (subprocess): /opt/stack/data/venv/bin/python3.12 -m oslo_concurrency.prlimit --as=1073741824 --cpu=60 -- sudo cinder-rootwrap /etc/cinder/rootwrap.conf env LC_ALL=C qemu-img info -f qcow2 --output=json --force-share /opt/stack/data/cinder/mnt/48c995b03d3b2bc5731039c49c3aba08/volume-4ab9c8ee-b429-4fb5-844b-5536f204485d {{(pid=87224) execute /opt/stack/data/venv/lib/python3.12/site-packages/oslo_concurrency/processutils.py:440}}
Jul 21 22:47:49 devstack sudo[89409]: quobyte : PWD=/ ; USER=root ; COMMAND=/opt/stack/data/venv/bin/cinder-rootwrap /etc/cinder/rootwrap.conf env LC_ALL=C qemu-img info -f qcow2 --output=json --force-share /opt/stack/data/cinder/mnt/48c995b03d3b2bc5731039c49c3aba08/volume-4ab9c8ee-b429-4fb5-844b-5536f204485d
Jul 21 22:47:49 devstack sudo[89409]: pam_unix(sudo:session): session opened for user root(uid=0) by (uid=1000)
Jul 21 22:47:49 devstack sudo[89409]: pam_unix(sudo:session): session closed for user root
Jul 21 22:47:49 devstack cinder-volume[87224]: DEBUG oslo_concurrency.processutils [None req-d84b70e9-4215-41fb-892b-484709724c8a tempest-GroupSnapshotsTest-1195150655 None] CMD "/opt/stack/data/venv/bin/python3.12 -m oslo_concurrency.prlimit --as=1073741824 --cpu=60 -- sudo cinder-rootwrap /etc/cinder/rootwrap.conf env LC_ALL=C qemu-img info -f qcow2 --output=json --force-share /opt/stack/data/cinder/mnt/48c995b03d3b2bc5731039c49c3aba08/volume-4ab9c8ee-b429-4fb5-844b-5536f204485d" returned: 0 in 0.437s {{(pid=87224) execute /opt/stack/data/venv/lib/python3.12/site-packages/oslo_concurrency/processutils.py:468}}
Jul 21 22:47:49 devstack cinder-volume[87224]: DEBUG oslo_concurrency.processutils [None req-d84b70e9-4215-41fb-892b-484709724c8a tempest-GroupSnapshotsTest-1195150655 None] Running cmd (subprocess): sudo cinder-rootwrap /etc/cinder/rootwrap.conf qemu-img commit -d /opt/stack/data/cinder/mnt/48c995b03d3b2bc5731039c49c3aba08/volume-4ab9c8ee-b429-4fb5-844b-5536f204485d.34133242-b361-460e-852e-4558ba3b86b7 {{(pid=87224) execute /opt/stack/data/venv/lib/python3.12/site-packages/oslo_concurrency/processutils.py:440}}
Jul 21 22:47:49 devstack sudo[89415]: quobyte : PWD=/ ; USER=root ; COMMAND=/opt/stack/data/venv/bin/cinder-rootwrap /etc/cinder/rootwrap.conf qemu-img commit -d /opt/stack/data/cinder/mnt/48c995b03d3b2bc5731039c49c3aba08/volume-4ab9c8ee-b429-4fb5-844b-5536f204485d.34133242-b361-460e-852e-4558ba3b86b7
Jul 21 22:47:49 devstack sudo[89415]: pam_unix(sudo:session): session opened for user root(uid=0) by (uid=1000)
Jul 21 22:47:50 devstack sudo[89415]: pam_unix(sudo:session): session closed for user root
Jul 21 22:47:50 devstack cinder-volume[87224]: DEBUG oslo_concurrency.processutils [None req-d84b70e9-4215-41fb-892b-484709724c8a tempest-GroupSnapshotsTest-1195150655 None] CMD "sudo cinder-rootwrap /etc/cinder/rootwrap.conf qemu-img commit -d /opt/stack/data/cinder/mnt/48c995b03d3b2bc5731039c49c3aba08/volume-4ab9c8ee-b429-4fb5-844b-5536f204485d.34133242-b361-460e-852e-4558ba3b86b7" returned: 0 in 0.502s {{(pid=87224) execute /opt/stack/data/venv/lib/python3.12/site-packages/oslo_concurrency/processutils.py:468}}
Jul 21 22:47:50 devstack cinder-volume[87224]: DEBUG oslo_concurrency.processutils [None req-d84b70e9-4215-41fb-892b-484709724c8a tempest-GroupSnapshotsTest-1195150655 None] Running cmd (subprocess): sudo cinder-rootwrap /etc/cinder/rootwrap.conf rm -f /opt/stack/data/cinder/mnt/48c995b03d3b2bc5731039c49c3aba08/volume-4ab9c8ee-b429-4fb5-844b-5536f204485d.34133242-b361-460e-852e-4558ba3b86b7 {{(pid=87224) execute /opt/stack/data/venv/lib/python3.12/site-packages/oslo_concurrency/processutils.py:440}}
Jul 21 22:47:50 devstack sudo[89423]: quobyte : PWD=/ ; USER=root ; COMMAND=/opt/stack/data/venv/bin/cinder-rootwrap /etc/cinder/rootwrap.conf rm -f /opt/stack/data/cinder/mnt/48c995b03d3b2bc5731039c49c3aba08/volume-4ab9c8ee-b429-4fb5-844b-5536f204485d.34133242-b361-460e-852e-4558ba3b86b7
Jul 21 22:47:50 devstack sudo[89423]: pam_unix(sudo:session): session opened for user root(uid=0) by (uid=1000)
Jul 21 22:47:50 devstack sudo[89423]: pam_unix(sudo:session): session closed for user root
Jul 21 22:47:50 devstack cinder-volume[87224]: DEBUG oslo_concurrency.processutils [None req-d84b70e9-4215-41fb-892b-484709724c8a tempest-GroupSnapshotsTest-1195150655 None] CMD "sudo cinder-rootwrap /etc/cinder/rootwrap.conf rm -f /opt/stack/data/cinder/mnt/48c995b03d3b2bc5731039c49c3aba08/volume-4ab9c8ee-b429-4fb5-844b-5536f204485d.34133242-b361-460e-852e-4558ba3b86b7" returned: 0 in 0.296s {{(pid=87224) execute /opt/stack/data/venv/lib/python3.12/site-packages/oslo_concurrency/processutils.py:468}}
Jul 21 22:47:50 devstack cinder-volume[87224]: DEBUG cinder.coordination [None req-d84b70e9-4215-41fb-892b-484709724c8a tempest-GroupSnapshotsTest-1195150655 None] Lock "cinder-quobyte-34133242-b361-460e-852e-4558ba3b86b7" released by "_delete_snapshot" :: held 1.907s {{(pid=87224) __release /opt/stack/cinder/cinder/coordination.py:152}}
Jul 21 22:47:50 devstack cinder-volume[87224]: DEBUG cinder.coordination [None req-d84b70e9-4215-41fb-892b-484709724c8a tempest-GroupSnapshotsTest-1195150655 None] Lock "cinder-quobyte-4ab9c8ee-b429-4fb5-844b-5536f204485d" released by "delete_snapshot" :: held 1.941s {{(pid=87224) __release /opt/stack/cinder/cinder/coordination.py:152}}
Jul 21 22:47:50 devstack cinder-volume[87224]: DEBUG cinder.coordination [None req-d84b70e9-4215-41fb-892b-484709724c8a tempest-GroupSnapshotsTest-1195150655 None] Acquiring lock "cinder-quobyte-e5f396c5-ca60-4eae-925f-4791ec2972bd" by "delete_snapshot" {{(pid=87224) __acquire /opt/stack/cinder/cinder/coordination.py:138}}
Jul 21 22:47:50 devstack cinder-volume[87224]: DEBUG cinder.coordination [None req-d84b70e9-4215-41fb-892b-484709724c8a tempest-GroupSnapshotsTest-1195150655 None] Lock "cinder-quobyte-e5f396c5-ca60-4eae-925f-4791ec2972bd" acquired by "delete_snapshot" :: waited 0.024s {{(pid=87224) __acquire /opt/stack/cinder/cinder/coordination.py:141}}
Jul 21 22:47:50 devstack cinder-volume[87224]: DEBUG cinder.coordination [None req-d84b70e9-4215-41fb-892b-484709724c8a tempest-GroupSnapshotsTest-1195150655 None] Acquiring lock "cinder-quobyte-f4451662-14f7-4589-a34d-5c23ed78ae29" by "_delete_snapshot" {{(pid=87224) __acquire /opt/stack/cinder/cinder/coordination.py:138}}
Jul 21 22:47:50 devstack cinder-volume[87224]: DEBUG cinder.coordination [None req-d84b70e9-4215-41fb-892b-484709724c8a tempest-GroupSnapshotsTest-1195150655 None] Lock "cinder-quobyte-f4451662-14f7-4589-a34d-5c23ed78ae29" acquired by "_delete_snapshot" :: waited 0.036s {{(pid=87224) __acquire /opt/stack/cinder/cinder/coordination.py:141}}
Jul 21 22:47:50 devstack cinder-volume[87224]: DEBUG cinder.volume.drivers.remotefs [None req-d84b70e9-4215-41fb-892b-484709724c8a tempest-GroupSnapshotsTest-1195150655 None] Deleting offline snapshot f4451662-14f7-4589-a34d-5c23ed78ae29 of volume e5f396c5-ca60-4eae-925f-4791ec2972bd {{(pid=87224) _delete_snapshot /opt/stack/cinder/cinder/volume/drivers/remotefs.py:1288}}
Jul 21 22:47:50 devstack cinder-volume[87224]: DEBUG cinder.volume.drivers.remotefs [None req-d84b70e9-4215-41fb-892b-484709724c8a tempest-GroupSnapshotsTest-1195150655 None] snapshot_file for this snap is: volume-e5f396c5-ca60-4eae-925f-4791ec2972bd.f4451662-14f7-4589-a34d-5c23ed78ae29 {{(pid=87224) _delete_snapshot /opt/stack/cinder/cinder/volume/drivers/remotefs.py:1317}}
Jul 21 22:47:50 devstack cinder-volume[87224]: DEBUG oslo.privsep.daemon [-] privsep: reply[bd660a85-0aea-44cd-91b9-bf30d049dbab]: (4, 'qcow2') {{(pid=87962) _call_back /opt/stack/data/venv/lib/python3.12/site-packages/oslo_privsep/daemon.py:580}}
Jul 21 22:47:50 devstack cinder-volume[87224]: DEBUG oslo_concurrency.processutils [None req-d84b70e9-4215-41fb-892b-484709724c8a tempest-GroupSnapshotsTest-1195150655 None] Running cmd (subprocess): /opt/stack/data/venv/bin/python3.12 -m oslo_concurrency.prlimit --as=1073741824 --cpu=60 -- sudo cinder-rootwrap /etc/cinder/rootwrap.conf env LC_ALL=C qemu-img info -f qcow2 --output=json --force-share /opt/stack/data/cinder/mnt/48c995b03d3b2bc5731039c49c3aba08/volume-e5f396c5-ca60-4eae-925f-4791ec2972bd.f4451662-14f7-4589-a34d-5c23ed78ae29 {{(pid=87224) execute /opt/stack/data/venv/lib/python3.12/site-packages/oslo_concurrency/processutils.py:440}}
Jul 21 22:47:50 devstack sudo[89428]: quobyte : PWD=/ ; USER=root ; COMMAND=/opt/stack/data/venv/bin/cinder-rootwrap /etc/cinder/rootwrap.conf env LC_ALL=C qemu-img info -f qcow2 --output=json --force-share /opt/stack/data/cinder/mnt/48c995b03d3b2bc5731039c49c3aba08/volume-e5f396c5-ca60-4eae-925f-4791ec2972bd.f4451662-14f7-4589-a34d-5c23ed78ae29
Jul 21 22:47:50 devstack sudo[89428]: pam_unix(sudo:session): session opened for user root(uid=0) by (uid=1000)
Jul 21 22:47:51 devstack sudo[89428]: pam_unix(sudo:session): session closed for user root
Jul 21 22:47:51 devstack cinder-volume[87224]: DEBUG oslo_concurrency.processutils [None req-d84b70e9-4215-41fb-892b-484709724c8a tempest-GroupSnapshotsTest-1195150655 None] CMD "/opt/stack/data/venv/bin/python3.12 -m oslo_concurrency.prlimit --as=1073741824 --cpu=60 -- sudo cinder-rootwrap /etc/cinder/rootwrap.conf env LC_ALL=C qemu-img info -f qcow2 --output=json --force-share /opt/stack/data/cinder/mnt/48c995b03d3b2bc5731039c49c3aba08/volume-e5f396c5-ca60-4eae-925f-4791ec2972bd.f4451662-14f7-4589-a34d-5c23ed78ae29" returned: 0 in 0.500s {{(pid=87224) execute /opt/stack/data/venv/lib/python3.12/site-packages/oslo_concurrency/processutils.py:468}}
Jul 21 22:47:51 devstack cinder-volume[87224]: DEBUG cinder.volume.drivers.remotefs [None req-d84b70e9-4215-41fb-892b-484709724c8a tempest-GroupSnapshotsTest-1195150655 None] Fetching qemu-img info with special backing_file_template: (/opt/stack/data/cinder/mnt/[0-9a-f]+/)?(volume-e5f396c5-ca60-4eae-925f-4791ec2972bd(.(tmp-snap-)?[0-9a-f-]+)?|volume_from_snapshot_cache/(tmp-snap-)?[0-9a-f-]+(.(child-|parent-)[0-9a-f-]+)?)$ {{(pid=87224) _qemu_img_info_base /opt/stack/cinder/cinder/volume/drivers/remotefs.py:896}}
Jul 21 22:47:51 devstack cinder-volume[87224]: DEBUG oslo.privsep.daemon [-] privsep: reply[7eebfbd4-de53-488c-9f80-7c09da8303ea]: (4, 'qcow2') {{(pid=87962) _call_back /opt/stack/data/venv/lib/python3.12/site-packages/oslo_privsep/daemon.py:580}}
Jul 21 22:47:51 devstack cinder-volume[87224]: DEBUG oslo_concurrency.processutils [None req-d84b70e9-4215-41fb-892b-484709724c8a tempest-GroupSnapshotsTest-1195150655 None] Running cmd (subprocess): /opt/stack/data/venv/bin/python3.12 -m oslo_concurrency.prlimit --as=1073741824 --cpu=60 -- sudo cinder-rootwrap /etc/cinder/rootwrap.conf env LC_ALL=C qemu-img info -f qcow2 --output=json --force-share /opt/stack/data/cinder/mnt/48c995b03d3b2bc5731039c49c3aba08/volume-e5f396c5-ca60-4eae-925f-4791ec2972bd {{(pid=87224) execute /opt/stack/data/venv/lib/python3.12/site-packages/oslo_concurrency/processutils.py:440}}
Jul 21 22:47:51 devstack sudo[89469]: quobyte : PWD=/ ; USER=root ; COMMAND=/opt/stack/data/venv/bin/cinder-rootwrap /etc/cinder/rootwrap.conf env LC_ALL=C qemu-img info -f qcow2 --output=json --force-share /opt/stack/data/cinder/mnt/48c995b03d3b2bc5731039c49c3aba08/volume-e5f396c5-ca60-4eae-925f-4791ec2972bd
Jul 21 22:47:51 devstack sudo[89469]: pam_unix(sudo:session): session opened for user root(uid=0) by (uid=1000)
Jul 21 22:47:51 devstack sudo[89469]: pam_unix(sudo:session): session closed for user root
Jul 21 22:47:51 devstack cinder-volume[87224]: DEBUG oslo_concurrency.processutils [None req-d84b70e9-4215-41fb-892b-484709724c8a tempest-GroupSnapshotsTest-1195150655 None] CMD "/opt/stack/data/venv/bin/python3.12 -m oslo_concurrency.prlimit --as=1073741824 --cpu=60 -- sudo cinder-rootwrap /etc/cinder/rootwrap.conf env LC_ALL=C qemu-img info -f qcow2 --output=json --force-share /opt/stack/data/cinder/mnt/48c995b03d3b2bc5731039c49c3aba08/volume-e5f396c5-ca60-4eae-925f-4791ec2972bd" returned: 0 in 0.440s {{(pid=87224) execute /opt/stack/data/venv/lib/python3.12/site-packages/oslo_concurrency/processutils.py:468}}
Jul 21 22:47:51 devstack cinder-volume[87224]: DEBUG oslo_concurrency.processutils [None req-d84b70e9-4215-41fb-892b-484709724c8a tempest-GroupSnapshotsTest-1195150655 None] Running cmd (subprocess): sudo cinder-rootwrap /etc/cinder/rootwrap.conf qemu-img commit -d /opt/stack/data/cinder/mnt/48c995b03d3b2bc5731039c49c3aba08/volume-e5f396c5-ca60-4eae-925f-4791ec2972bd.f4451662-14f7-4589-a34d-5c23ed78ae29 {{(pid=87224) execute /opt/stack/data/venv/lib/python3.12/site-packages/oslo_concurrency/processutils.py:440}}
Jul 21 22:47:51 devstack sudo[89477]: quobyte : PWD=/ ; USER=root ; COMMAND=/opt/stack/data/venv/bin/cinder-rootwrap /etc/cinder/rootwrap.conf qemu-img commit -d /opt/stack/data/cinder/mnt/48c995b03d3b2bc5731039c49c3aba08/volume-e5f396c5-ca60-4eae-925f-4791ec2972bd.f4451662-14f7-4589-a34d-5c23ed78ae29
Jul 21 22:47:51 devstack sudo[89477]: pam_unix(sudo:session): session opened for user root(uid=0) by (uid=1000)
Jul 21 22:47:52 devstack sudo[89477]: pam_unix(sudo:session): session closed for user root
Jul 21 22:47:52 devstack cinder-volume[87224]: DEBUG oslo_concurrency.processutils [None req-d84b70e9-4215-41fb-892b-484709724c8a tempest-GroupSnapshotsTest-1195150655 None] CMD "sudo cinder-rootwrap /etc/cinder/rootwrap.conf qemu-img commit -d /opt/stack/data/cinder/mnt/48c995b03d3b2bc5731039c49c3aba08/volume-e5f396c5-ca60-4eae-925f-4791ec2972bd.f4451662-14f7-4589-a34d-5c23ed78ae29" returned: 0 in 0.456s {{(pid=87224) execute /opt/stack/data/venv/lib/python3.12/site-packages/oslo_concurrency/processutils.py:468}}
Jul 21 22:47:52 devstack cinder-volume[87224]: DEBUG oslo_concurrency.processutils [None req-d84b70e9-4215-41fb-892b-484709724c8a tempest-GroupSnapshotsTest-1195150655 None] Running cmd (subprocess): sudo cinder-rootwrap /etc/cinder/rootwrap.conf rm -f /opt/stack/data/cinder/mnt/48c995b03d3b2bc5731039c49c3aba08/volume-e5f396c5-ca60-4eae-925f-4791ec2972bd.f4451662-14f7-4589-a34d-5c23ed78ae29 {{(pid=87224) execute /opt/stack/data/venv/lib/python3.12/site-packages/oslo_concurrency/processutils.py:440}}
Jul 21 22:47:52 devstack sudo[89486]: quobyte : PWD=/ ; USER=root ; COMMAND=/opt/stack/data/venv/bin/cinder-rootwrap /etc/cinder/rootwrap.conf rm -f /opt/stack/data/cinder/mnt/48c995b03d3b2bc5731039c49c3aba08/volume-e5f396c5-ca60-4eae-925f-4791ec2972bd.f4451662-14f7-4589-a34d-5c23ed78ae29
Jul 21 22:47:52 devstack sudo[89486]: pam_unix(sudo:session): session opened for user root(uid=0) by (uid=1000)
Jul 21 22:47:52 devstack sudo[89486]: pam_unix(sudo:session): session closed for user root
Jul 21 22:47:52 devstack cinder-volume[87224]: DEBUG oslo_concurrency.processutils [None req-d84b70e9-4215-41fb-892b-484709724c8a tempest-GroupSnapshotsTest-1195150655 None] CMD "sudo cinder-rootwrap /etc/cinder/rootwrap.conf rm -f /opt/stack/data/cinder/mnt/48c995b03d3b2bc5731039c49c3aba08/volume-e5f396c5-ca60-4eae-925f-4791ec2972bd.f4451662-14f7-4589-a34d-5c23ed78ae29" returned: 0 in 0.365s {{(pid=87224) execute /opt/stack/data/venv/lib/python3.12/site-packages/oslo_concurrency/processutils.py:468}}
Jul 21 22:47:52 devstack cinder-volume[87224]: DEBUG cinder.coordination [None req-d84b70e9-4215-41fb-892b-484709724c8a tempest-GroupSnapshotsTest-1195150655 None] Lock "cinder-quobyte-f4451662-14f7-4589-a34d-5c23ed78ae29" released by "_delete_snapshot" :: held 1.906s {{(pid=87224) __release /opt/stack/cinder/cinder/coordination.py:152}}
Jul 21 22:47:52 devstack cinder-volume[87224]: DEBUG cinder.coordination [None req-d84b70e9-4215-41fb-892b-484709724c8a tempest-GroupSnapshotsTest-1195150655 None] Lock "cinder-quobyte-e5f396c5-ca60-4eae-925f-4791ec2972bd" released by "delete_snapshot" :: held 1.952s {{(pid=87224) __release /opt/stack/cinder/cinder/coordination.py:152}}
Jul 21 22:47:52 devstack cinder-volume[87224]: WARNING cinder.quota [None req-d84b70e9-4215-41fb-892b-484709724c8a tempest-GroupSnapshotsTest-1195150655 None] Deprecated: Default quota for resource: gigabytes_tempest-GroupSnapshotsTest-volume-type-1600709875 is set by the default quota flag: quota_gigabytes_tempest-GroupSnapshotsTest-volume-type-1600709875, it is now deprecated. Please use the default quota class for default quota.
Jul 21 22:47:52 devstack cinder-volume[87224]: WARNING cinder.quota [None req-d84b70e9-4215-41fb-892b-484709724c8a tempest-GroupSnapshotsTest-1195150655 None] Deprecated: Default quota for resource: snapshots_tempest-GroupSnapshotsTest-volume-type-1600709875 is set by the default quota flag: quota_snapshots_tempest-GroupSnapshotsTest-volume-type-1600709875, it is now deprecated. Please use the default quota class for default quota.
Jul 21 22:47:52 devstack cinder-volume[87224]: DEBUG cinder.quota [None req-d84b70e9-4215-41fb-892b-484709724c8a tempest-GroupSnapshotsTest-1195150655 None] Created reservations ['9c776235-f55b-42d3-8b93-53fc571a6a1d', '877757ab-399e-4b17-b699-9b2e6f090885', '46fa5f64-99db-4917-8bd7-f2bb14f964e2', '4f0dbc90-ac99-4496-980d-7c1f202ec41c'] {{(pid=87224) reserve /opt/stack/cinder/cinder/quota.py:752}}
Jul 21 22:47:52 devstack cinder-volume[87224]: DEBUG cinder.quota [None req-d84b70e9-4215-41fb-892b-484709724c8a tempest-GroupSnapshotsTest-1195150655 None] Created reservations ['771e49fa-b44c-4d90-bfda-becafa423e04', '184a4d71-079a-406f-b05f-85794d1871a1', 'bef93e9f-01e3-42a4-9082-82e95e51e446', 'b4f11414-246c-453a-8cb8-7b4daf2c32c7'] {{(pid=87224) reserve /opt/stack/cinder/cinder/quota.py:752}}
Jul 21 22:47:52 devstack cinder-volume[87224]: INFO cinder.volume.manager [None req-d84b70e9-4215-41fb-892b-484709724c8a tempest-GroupSnapshotsTest-1195150655 None] group_snapshot c881acfc-cbe1-465f-82c6-ef4ea68b2391: deleted successfully
Jul 21 22:47:53 devstack cinder-volume[87224]: DEBUG cinder.coordination [None req-13ded881-3e99-4368-8832-b41b765fd574 tempest-GroupSnapshotsTest-1195150655 None] Acquiring lock "cinder-quobyte-4ab9c8ee-b429-4fb5-844b-5536f204485d" by "delete_volume" {{(pid=87224) __acquire /opt/stack/cinder/cinder/coordination.py:138}}
Jul 21 22:47:53 devstack cinder-volume[87224]: DEBUG cinder.coordination [None req-13ded881-3e99-4368-8832-b41b765fd574 tempest-GroupSnapshotsTest-1195150655 None] Lock "cinder-quobyte-4ab9c8ee-b429-4fb5-844b-5536f204485d" acquired by "delete_volume" :: waited 0.017s {{(pid=87224) __acquire /opt/stack/cinder/cinder/coordination.py:141}}
Jul 21 22:47:53 devstack cinder-volume[87224]: DEBUG oslo.privsep.daemon [-] privsep: reply[0b37c57e-6d19-42ec-8dd0-f31063085cae]: (4, 'qcow2') {{(pid=87962) _call_back /opt/stack/data/venv/lib/python3.12/site-packages/oslo_privsep/daemon.py:580}}
Jul 21 22:47:53 devstack cinder-volume[87224]: DEBUG oslo_concurrency.processutils [None req-13ded881-3e99-4368-8832-b41b765fd574 tempest-GroupSnapshotsTest-1195150655 None] Running cmd (subprocess): /opt/stack/data/venv/bin/python3.12 -m oslo_concurrency.prlimit --as=1073741824 --cpu=60 -- sudo cinder-rootwrap /etc/cinder/rootwrap.conf env LC_ALL=C qemu-img info -f qcow2 --output=json --force-share /opt/stack/data/cinder/mnt/48c995b03d3b2bc5731039c49c3aba08/volume-4ab9c8ee-b429-4fb5-844b-5536f204485d {{(pid=87224) execute /opt/stack/data/venv/lib/python3.12/site-packages/oslo_concurrency/processutils.py:440}}
Jul 21 22:47:54 devstack sudo[89500]: quobyte : PWD=/ ; USER=root ; COMMAND=/opt/stack/data/venv/bin/cinder-rootwrap /etc/cinder/rootwrap.conf env LC_ALL=C qemu-img info -f qcow2 --output=json --force-share /opt/stack/data/cinder/mnt/48c995b03d3b2bc5731039c49c3aba08/volume-4ab9c8ee-b429-4fb5-844b-5536f204485d
Jul 21 22:47:54 devstack sudo[89500]: pam_unix(sudo:session): session opened for user root(uid=0) by (uid=1000)
Jul 21 22:47:54 devstack sudo[89500]: pam_unix(sudo:session): session closed for user root
Jul 21 22:47:54 devstack cinder-volume[87224]: DEBUG oslo_concurrency.processutils [None req-13ded881-3e99-4368-8832-b41b765fd574 tempest-GroupSnapshotsTest-1195150655 None] CMD "/opt/stack/data/venv/bin/python3.12 -m oslo_concurrency.prlimit --as=1073741824 --cpu=60 -- sudo cinder-rootwrap /etc/cinder/rootwrap.conf env LC_ALL=C qemu-img info -f qcow2 --output=json --force-share /opt/stack/data/cinder/mnt/48c995b03d3b2bc5731039c49c3aba08/volume-4ab9c8ee-b429-4fb5-844b-5536f204485d" returned: 0 in 0.589s {{(pid=87224) execute /opt/stack/data/venv/lib/python3.12/site-packages/oslo_concurrency/processutils.py:468}}
Jul 21 22:47:54 devstack cinder-volume[87224]: DEBUG oslo_concurrency.processutils [None req-13ded881-3e99-4368-8832-b41b765fd574 tempest-GroupSnapshotsTest-1195150655 None] Running cmd (subprocess): sudo cinder-rootwrap /etc/cinder/rootwrap.conf rm -f /opt/stack/data/cinder/mnt/48c995b03d3b2bc5731039c49c3aba08/volume-4ab9c8ee-b429-4fb5-844b-5536f204485d {{(pid=87224) execute /opt/stack/data/venv/lib/python3.12/site-packages/oslo_concurrency/processutils.py:440}}
Jul 21 22:47:54 devstack sudo[89519]: quobyte : PWD=/ ; USER=root ; COMMAND=/opt/stack/data/venv/bin/cinder-rootwrap /etc/cinder/rootwrap.conf rm -f /opt/stack/data/cinder/mnt/48c995b03d3b2bc5731039c49c3aba08/volume-4ab9c8ee-b429-4fb5-844b-5536f204485d
Jul 21 22:47:54 devstack sudo[89519]: pam_unix(sudo:session): session opened for user root(uid=0) by (uid=1000)
Jul 21 22:47:54 devstack cinder-volume[87224]: DEBUG cinder.coordination [None req-bdbea841-597b-4515-a04d-c8201dca89da tempest-TaggedAttachmentsTest-339453713 None] Acquiring lock "cinder-412465b8-85e8-4a1d-a411-04df6b0bcd21-delete_volume" by "delete_volume" {{(pid=87224) __acquire /opt/stack/cinder/cinder/coordination.py:138}}
Jul 21 22:47:54 devstack cinder-volume[87224]: DEBUG cinder.coordination [None req-bdbea841-597b-4515-a04d-c8201dca89da tempest-TaggedAttachmentsTest-339453713 None] Lock "cinder-412465b8-85e8-4a1d-a411-04df6b0bcd21-delete_volume" acquired by "delete_volume" :: waited 0.032s {{(pid=87224) __acquire /opt/stack/cinder/cinder/coordination.py:141}}
Jul 21 22:47:54 devstack cinder-volume[87224]: DEBUG cinder.coordination [None req-bdbea841-597b-4515-a04d-c8201dca89da tempest-TaggedAttachmentsTest-339453713 None] Acquiring lock "cinder-quobyte-412465b8-85e8-4a1d-a411-04df6b0bcd21" by "delete_volume" {{(pid=87224) __acquire /opt/stack/cinder/cinder/coordination.py:138}}
Jul 21 22:47:54 devstack cinder-volume[87224]: DEBUG cinder.coordination [None req-bdbea841-597b-4515-a04d-c8201dca89da tempest-TaggedAttachmentsTest-339453713 None] Lock "cinder-quobyte-412465b8-85e8-4a1d-a411-04df6b0bcd21" acquired by "delete_volume" :: waited 0.020s {{(pid=87224) __acquire /opt/stack/cinder/cinder/coordination.py:141}}
Jul 21 22:47:54 devstack cinder-volume[87224]: DEBUG oslo.privsep.daemon [-] privsep: reply[7374750a-84a6-46a5-9a9c-b8e4bb8326e5]: (4, 'qcow2') {{(pid=87962) _call_back /opt/stack/data/venv/lib/python3.12/site-packages/oslo_privsep/daemon.py:580}}
Jul 21 22:47:54 devstack cinder-volume[87224]: DEBUG oslo_concurrency.processutils [None req-bdbea841-597b-4515-a04d-c8201dca89da tempest-TaggedAttachmentsTest-339453713 None] Running cmd (subprocess): /opt/stack/data/venv/bin/python3.12 -m oslo_concurrency.prlimit --as=1073741824 --cpu=60 -- sudo cinder-rootwrap /etc/cinder/rootwrap.conf env LC_ALL=C qemu-img info -f qcow2 --output=json --force-share /opt/stack/data/cinder/mnt/48c995b03d3b2bc5731039c49c3aba08/volume-412465b8-85e8-4a1d-a411-04df6b0bcd21 {{(pid=87224) execute /opt/stack/data/venv/lib/python3.12/site-packages/oslo_concurrency/processutils.py:440}}
Jul 21 22:47:54 devstack sudo[89519]: pam_unix(sudo:session): session closed for user root
Jul 21 22:47:54 devstack cinder-volume[87224]: DEBUG oslo_concurrency.processutils [None req-13ded881-3e99-4368-8832-b41b765fd574 tempest-GroupSnapshotsTest-1195150655 None] CMD "sudo cinder-rootwrap /etc/cinder/rootwrap.conf rm -f /opt/stack/data/cinder/mnt/48c995b03d3b2bc5731039c49c3aba08/volume-4ab9c8ee-b429-4fb5-844b-5536f204485d" returned: 0 in 0.335s {{(pid=87224) execute /opt/stack/data/venv/lib/python3.12/site-packages/oslo_concurrency/processutils.py:468}}
Jul 21 22:47:54 devstack cinder-volume[87224]: DEBUG cinder.coordination [None req-13ded881-3e99-4368-8832-b41b765fd574 tempest-GroupSnapshotsTest-1195150655 None] Lock "cinder-quobyte-4ab9c8ee-b429-4fb5-844b-5536f204485d" released by "delete_volume" :: held 1.019s {{(pid=87224) __release /opt/stack/cinder/cinder/coordination.py:152}}
Jul 21 22:47:54 devstack sudo[89521]: quobyte : PWD=/ ; USER=root ; COMMAND=/opt/stack/data/venv/bin/cinder-rootwrap /etc/cinder/rootwrap.conf env LC_ALL=C qemu-img info -f qcow2 --output=json --force-share /opt/stack/data/cinder/mnt/48c995b03d3b2bc5731039c49c3aba08/volume-412465b8-85e8-4a1d-a411-04df6b0bcd21
Jul 21 22:47:54 devstack cinder-volume[87224]: DEBUG cinder.coordination [None req-13ded881-3e99-4368-8832-b41b765fd574 tempest-GroupSnapshotsTest-1195150655 None] Acquiring lock "cinder-quobyte-e5f396c5-ca60-4eae-925f-4791ec2972bd" by "delete_volume" {{(pid=87224) __acquire /opt/stack/cinder/cinder/coordination.py:138}}
Jul 21 22:47:54 devstack sudo[89521]: pam_unix(sudo:session): session opened for user root(uid=0) by (uid=1000)
Jul 21 22:47:54 devstack cinder-volume[87224]: DEBUG cinder.coordination [None req-13ded881-3e99-4368-8832-b41b765fd574 tempest-GroupSnapshotsTest-1195150655 None] Lock "cinder-quobyte-e5f396c5-ca60-4eae-925f-4791ec2972bd" acquired by "delete_volume" :: waited 0.024s {{(pid=87224) __acquire /opt/stack/cinder/cinder/coordination.py:141}}
Jul 21 22:47:54 devstack cinder-volume[87224]: DEBUG oslo.privsep.daemon [-] privsep: reply[ed729736-fcd2-4238-8119-fc4176a27c87]: (4, 'qcow2') {{(pid=87962) _call_back /opt/stack/data/venv/lib/python3.12/site-packages/oslo_privsep/daemon.py:580}}
Jul 21 22:47:54 devstack cinder-volume[87224]: DEBUG oslo_concurrency.processutils [None req-13ded881-3e99-4368-8832-b41b765fd574 tempest-GroupSnapshotsTest-1195150655 None] Running cmd (subprocess): /opt/stack/data/venv/bin/python3.12 -m oslo_concurrency.prlimit --as=1073741824 --cpu=60 -- sudo cinder-rootwrap /etc/cinder/rootwrap.conf env LC_ALL=C qemu-img info -f qcow2 --output=json --force-share /opt/stack/data/cinder/mnt/48c995b03d3b2bc5731039c49c3aba08/volume-e5f396c5-ca60-4eae-925f-4791ec2972bd {{(pid=87224) execute /opt/stack/data/venv/lib/python3.12/site-packages/oslo_concurrency/processutils.py:440}}
Jul 21 22:47:55 devstack sudo[89524]: quobyte : PWD=/ ; USER=root ; COMMAND=/opt/stack/data/venv/bin/cinder-rootwrap /etc/cinder/rootwrap.conf env LC_ALL=C qemu-img info -f qcow2 --output=json --force-share /opt/stack/data/cinder/mnt/48c995b03d3b2bc5731039c49c3aba08/volume-e5f396c5-ca60-4eae-925f-4791ec2972bd
Jul 21 22:47:55 devstack sudo[89524]: pam_unix(sudo:session): session opened for user root(uid=0) by (uid=1000)
Jul 21 22:47:55 devstack sudo[89521]: pam_unix(sudo:session): session closed for user root
Jul 21 22:47:55 devstack cinder-volume[87224]: DEBUG oslo_concurrency.processutils [None req-bdbea841-597b-4515-a04d-c8201dca89da tempest-TaggedAttachmentsTest-339453713 None] CMD "/opt/stack/data/venv/bin/python3.12 -m oslo_concurrency.prlimit --as=1073741824 --cpu=60 -- sudo cinder-rootwrap /etc/cinder/rootwrap.conf env LC_ALL=C qemu-img info -f qcow2 --output=json --force-share /opt/stack/data/cinder/mnt/48c995b03d3b2bc5731039c49c3aba08/volume-412465b8-85e8-4a1d-a411-04df6b0bcd21" returned: 0 in 0.628s {{(pid=87224) execute /opt/stack/data/venv/lib/python3.12/site-packages/oslo_concurrency/processutils.py:468}}
