Jul 08 18:35:28 devstack devstack@c-api.service[86567]: DEBUG cinder.api.middleware.request_id [None req-28415823-2c5a-4561-97d8-0afe0e4d699d None None] RequestId filter calling following filter/app {{(pid=86567) _context_setter /opt/stack/cinder/cinder/api/middleware/request_id.py:62}}
Jul 08 18:35:28 devstack devstack@c-api.service[86567]: INFO cinder.api.openstack.wsgi [None req-28415823-2c5a-4561-97d8-0afe0e4d699d tempest-VolumesActionsTest-819162864 tempest-VolumesActionsTest-819162864-project-member] POST http://192.168.122.187/volume/v3/volumes/166fc047-e2c0-4b9d-b532-5cb6a623027a/action
Jul 08 18:35:28 devstack devstack@c-api.service[86567]: DEBUG cinder.api.openstack.wsgi [None req-28415823-2c5a-4561-97d8-0afe0e4d699d tempest-VolumesActionsTest-819162864 tempest-VolumesActionsTest-819162864-project-member] Action body: b'{"os-attach": {"instance_uuid": "a6663941-c37a-4b39-8b99-c36eb08db411", "mountpoint": "/dev/vdb"}}' {{(pid=86567) get_method /opt/stack/cinder/cinder/api/openstack/wsgi.py:993}}
Jul 08 18:35:28 devstack devstack@c-api.service[86567]: DEBUG cinder.api.openstack.wsgi [None req-28415823-2c5a-4561-97d8-0afe0e4d699d tempest-VolumesActionsTest-819162864 tempest-VolumesActionsTest-819162864-project-member] Action: 'action', calling method: _attach, body: {"os-attach": {"instance_uuid": "a6663941-c37a-4b39-8b99-c36eb08db411", "mountpoint": "/dev/vdb"}} {{(pid=86567) _process_stack /opt/stack/cinder/cinder/api/openstack/wsgi.py:876}}
Jul 08 18:35:28 devstack devstack@c-api.service[86567]: /opt/stack/data/venv/lib/python3.12/site-packages/oslo_context/context.py:102: DeprecationWarning: Policy enforcement is depending on the value of is_admin. This key is deprecated. Please update your policy file to use the standard policy values.
Jul 08 18:35:28 devstack devstack@c-api.service[86567]: warnings.warn(
Jul 08 18:35:28 devstack devstack@c-api.service[86566]: DEBUG cinder.volume.api [None req-1ddf9830-577f-4fa1-8d30-8aef94896038 tempest-UserMessagesTest-1319711136 tempest-UserMessagesTest-1319711136-project-member] Task 'cinder.volume.flows.api.create_volume.EntryCreateTask;volume:create' (e1e8f1fd-8d51-4b0c-865c-4bef93f8d055) transitioned into state 'SUCCESS' from state 'RUNNING' with result '{'volume_id': 'e9f225dc-f243-4926-a3de-293286e5a213', 'volume_properties': VolumeProperties(attach_status='detached',availability_zone='nova',cgsnapshot_id=None,consistencygroup_id=None,display_description=None,display_name='tempest-UserMessagesTest-Volume-808035072',encryption_key_id=None,group_id=None,group_type_id=,metadata={},multiattach=False,project_id='609772591566449da3db85b5fe46f6c8',qos_specs=None,replication_status=,reservations=['99cf7223-8643-4230-8e3c-66b200d354ea','6d0a49e1-5192-4608-8d75-2e9128c8fbf9','a9b57cde-8a85-4fad-935c-9d854b56cc06','1c832898-0455-4107-be0a-c9f9d721dd04'],size=1,snapshot_id=None,source_replicaid=,source_volid=None,status='creating',user_id='9b188bec2a7e4b1db1817320cc099ce4',volume_type_id=83f6f356-adfa-4fc4-bb8e-a94e59605704), 'volume': Volume(_name_id=None,admin_metadata=,attach_status='detached',availability_zone='nova',bootable=False,cluster=,cluster_name=None,consistencygroup=,consistencygroup_id=None,created_at=2026-07-08T16:35:28Z,deleted=False,deleted_at=None,display_description=None,display_name='tempest-UserMessagesTest-Volume-808035072',ec2_id=None,encryption_key_id=None,glance_metadata=,group=,group_id=None,host=None,id=e9f225dc-f243-4926-a3de-293286e5a213,launched_at=None,metadata={},migration_status=None,multiattach=False,previous_status=None,project_id='609772591566449da3db85b5fe46f6c8',provider_auth=None,provider_geometry=None,provider_id=None,provider_location=None,replication_driver_data=None,replication_extended_status=None,replication_status=None,scheduled_at=None,service_uuid=None,shared_targets=True,size=1,snapshot_id=None,snapshots=,source_volid=None,status='creating',terminated_at=None,updated_at=None,use_quota=True,user_id='9b188bec2a7e4b1db1817320cc099ce4',volume_attachment=VolumeAttachmentList,volume_type=VolumeType(83f6f356-adfa-4fc4-bb8e-a94e59605704),volume_type_id=83f6f356-adfa-4fc4-bb8e-a94e59605704)}' {{(pid=86566) _task_receiver /opt/stack/data/venv/lib/python3.12/site-packages/taskflow/listeners/logging.py:218}}
Jul 08 18:35:28 devstack devstack@c-api.service[86567]: INFO cinder.volume.api [None req-28415823-2c5a-4561-97d8-0afe0e4d699d tempest-VolumesActionsTest-819162864 tempest-VolumesActionsTest-819162864-project-member] Volume info retrieved successfully.
Jul 08 18:35:28 devstack devstack@c-api.service[86566]: DEBUG cinder.volume.api [None req-1ddf9830-577f-4fa1-8d30-8aef94896038 tempest-UserMessagesTest-1319711136 tempest-UserMessagesTest-1319711136-project-member] Task 'cinder.volume.flows.api.create_volume.QuotaCommitTask;volume:create' (c8510944-9728-47ff-8340-7edc57cc8595) transitioned into state 'RUNNING' from state 'PENDING' {{(pid=86566) _task_receiver /opt/stack/data/venv/lib/python3.12/site-packages/taskflow/listeners/logging.py:242}}
Jul 08 18:35:28 devstack devstack@c-api.service[86567]: INFO cinder.volume.api [None req-28415823-2c5a-4561-97d8-0afe0e4d699d tempest-VolumesActionsTest-819162864 tempest-VolumesActionsTest-819162864-project-member] Update volume admin metadata completed successfully.
Jul 08 18:35:29 devstack devstack@c-api.service[86566]: DEBUG cinder.volume.api [None req-1ddf9830-577f-4fa1-8d30-8aef94896038 tempest-UserMessagesTest-1319711136 tempest-UserMessagesTest-1319711136-project-member] Task 'cinder.volume.flows.api.create_volume.QuotaCommitTask;volume:create' (c8510944-9728-47ff-8340-7edc57cc8595) transitioned into state 'SUCCESS' from state 'RUNNING' with result '{'volume_properties': VolumeProperties(attach_status='detached',availability_zone='nova',cgsnapshot_id=None,consistencygroup_id=None,display_description=None,display_name='tempest-UserMessagesTest-Volume-808035072',encryption_key_id=None,group_id=None,group_type_id=,metadata={},multiattach=False,project_id='609772591566449da3db85b5fe46f6c8',qos_specs=None,replication_status=,reservations=['99cf7223-8643-4230-8e3c-66b200d354ea','6d0a49e1-5192-4608-8d75-2e9128c8fbf9','a9b57cde-8a85-4fad-935c-9d854b56cc06','1c832898-0455-4107-be0a-c9f9d721dd04'],size=1,snapshot_id=None,source_replicaid=,source_volid=None,status='creating',user_id='9b188bec2a7e4b1db1817320cc099ce4',volume_type_id=83f6f356-adfa-4fc4-bb8e-a94e59605704)}' {{(pid=86566) _task_receiver /opt/stack/data/venv/lib/python3.12/site-packages/taskflow/listeners/logging.py:218}}
Jul 08 18:35:29 devstack devstack@c-api.service[86566]: DEBUG cinder.volume.api [None req-1ddf9830-577f-4fa1-8d30-8aef94896038 tempest-UserMessagesTest-1319711136 tempest-UserMessagesTest-1319711136-project-member] Task 'cinder.volume.flows.api.create_volume.VolumeCastTask;volume:create' (a027ac20-58fa-49e3-99d7-76715481e82a) transitioned into state 'RUNNING' from state 'PENDING' {{(pid=86566) _task_receiver /opt/stack/data/venv/lib/python3.12/site-packages/taskflow/listeners/logging.py:242}}
Jul 08 18:35:29 devstack devstack@c-api.service[86566]: DEBUG cinder.volume.api [None req-1ddf9830-577f-4fa1-8d30-8aef94896038 tempest-UserMessagesTest-1319711136 tempest-UserMessagesTest-1319711136-project-member] Task 'cinder.volume.flows.api.create_volume.VolumeCastTask;volume:create' (a027ac20-58fa-49e3-99d7-76715481e82a) transitioned into state 'SUCCESS' from state 'RUNNING' with result 'None' {{(pid=86566) _task_receiver /opt/stack/data/venv/lib/python3.12/site-packages/taskflow/listeners/logging.py:218}}
Jul 08 18:35:29 devstack devstack@c-api.service[86566]: DEBUG cinder.volume.api [None req-1ddf9830-577f-4fa1-8d30-8aef94896038 tempest-UserMessagesTest-1319711136 tempest-UserMessagesTest-1319711136-project-member] Flow 'volume_create_api' (91478bce-6454-4d5c-ac91-e85505518d61) transitioned into state 'SUCCESS' from state 'RUNNING' {{(pid=86566) _flow_receiver /opt/stack/data/venv/lib/python3.12/site-packages/taskflow/listeners/logging.py:160}}
Jul 08 18:35:29 devstack devstack@c-api.service[86566]: INFO cinder.volume.api [None req-1ddf9830-577f-4fa1-8d30-8aef94896038 tempest-UserMessagesTest-1319711136 tempest-UserMessagesTest-1319711136-project-member] Create volume request issued successfully.
Jul 08 18:35:29 devstack devstack@c-api.service[86566]: INFO cinder.api.openstack.wsgi [None req-1ddf9830-577f-4fa1-8d30-8aef94896038 tempest-UserMessagesTest-1319711136 tempest-UserMessagesTest-1319711136-project-member] http://192.168.122.187/volume/v3/volumes returned with HTTP 202
Jul 08 18:35:29 devstack devstack@c-api.service[86566]: [pid: 86566|app: 0|req: 223/454] 192.168.122.187 () {62 vars in 1183 bytes} [Wed Jul 8 18:35:27 2026] POST /volume/v3/volumes => generated 793 bytes in 1475 msecs (HTTP/1.1 202) 7 headers in 291 bytes (1 switches on core 0)
Jul 08 18:35:29 devstack devstack@c-api.service[86566]: DEBUG cinder.api.middleware.request_id [None req-473dc50f-0be5-4cd7-a86e-4e2d4050c5e1 None None] RequestId filter calling following filter/app {{(pid=86566) _context_setter /opt/stack/cinder/cinder/api/middleware/request_id.py:62}}
Jul 08 18:35:29 devstack devstack@c-api.service[86566]: INFO cinder.api.openstack.wsgi [None req-473dc50f-0be5-4cd7-a86e-4e2d4050c5e1 tempest-UserMessagesTest-1319711136 tempest-UserMessagesTest-1319711136-project-member] GET http://192.168.122.187/volume/v3/volumes/e9f225dc-f243-4926-a3de-293286e5a213
Jul 08 18:35:29 devstack devstack@c-api.service[86566]: DEBUG cinder.api.openstack.wsgi [None req-473dc50f-0be5-4cd7-a86e-4e2d4050c5e1 tempest-UserMessagesTest-1319711136 tempest-UserMessagesTest-1319711136-project-member] Empty body provided in request {{(pid=86566) get_body /opt/stack/cinder/cinder/api/openstack/wsgi.py:725}}
Jul 08 18:35:29 devstack devstack@c-api.service[86566]: DEBUG cinder.api.openstack.wsgi [None req-473dc50f-0be5-4cd7-a86e-4e2d4050c5e1 tempest-UserMessagesTest-1319711136 tempest-UserMessagesTest-1319711136-project-member] Calling method 'show' {{(pid=86566) _process_stack /opt/stack/cinder/cinder/api/openstack/wsgi.py:878}}
Jul 08 18:35:29 devstack devstack@c-api.service[86566]: /opt/stack/data/venv/lib/python3.12/site-packages/oslo_context/context.py:102: DeprecationWarning: Policy enforcement is depending on the value of is_admin. This key is deprecated. Please update your policy file to use the standard policy values.
Jul 08 18:35:29 devstack devstack@c-api.service[86566]: warnings.warn(
Jul 08 18:35:29 devstack devstack@c-api.service[86566]: INFO cinder.volume.api [None req-473dc50f-0be5-4cd7-a86e-4e2d4050c5e1 tempest-UserMessagesTest-1319711136 tempest-UserMessagesTest-1319711136-project-member] Volume info retrieved successfully.
Jul 08 18:35:29 devstack devstack@c-api.service[86566]: INFO cinder.api.openstack.wsgi [None req-473dc50f-0be5-4cd7-a86e-4e2d4050c5e1 tempest-UserMessagesTest-1319711136 tempest-UserMessagesTest-1319711136-project-member] http://192.168.122.187/volume/v3/volumes/e9f225dc-f243-4926-a3de-293286e5a213 returned with HTTP 200
Jul 08 18:35:29 devstack devstack@c-api.service[86566]: [pid: 86566|app: 0|req: 224/455] 192.168.122.187 () {60 vars in 1272 bytes} [Wed Jul 8 18:35:29 2026] GET /volume/v3/volumes/e9f225dc-f243-4926-a3de-293286e5a213 => generated 861 bytes in 100 msecs (HTTP/1.1 200) 7 headers in 285 bytes (1 switches on core 0)
Jul 08 18:35:29 devstack devstack@c-api.service[86566]: DEBUG cinder.api.middleware.request_id [req-61ecc07e-6b56-4682-b889-ab30fc19b137 req-1511d474-8071-466f-8d8f-f3b69f73458d None None] RequestId filter calling following filter/app {{(pid=86566) _context_setter /opt/stack/cinder/cinder/api/middleware/request_id.py:62}}
Jul 08 18:35:29 devstack devstack@c-api.service[86566]: INFO cinder.api.openstack.wsgi [req-61ecc07e-6b56-4682-b889-ab30fc19b137 req-1511d474-8071-466f-8d8f-f3b69f73458d tempest-TaggedAttachmentsTest-1654568807 tempest-TaggedAttachmentsTest-1654568807-project-member] GET http://192.168.122.187/volume/v3/volumes/6d70002c-b84c-4bcb-947c-44f79e01f780
Jul 08 18:35:29 devstack devstack@c-api.service[86566]: DEBUG cinder.api.openstack.wsgi [req-61ecc07e-6b56-4682-b889-ab30fc19b137 req-1511d474-8071-466f-8d8f-f3b69f73458d tempest-TaggedAttachmentsTest-1654568807 tempest-TaggedAttachmentsTest-1654568807-project-member] Empty body provided in request {{(pid=86566) get_body /opt/stack/cinder/cinder/api/openstack/wsgi.py:725}}
Jul 08 18:35:29 devstack devstack@c-api.service[86566]: DEBUG cinder.api.openstack.wsgi [req-61ecc07e-6b56-4682-b889-ab30fc19b137 req-1511d474-8071-466f-8d8f-f3b69f73458d tempest-TaggedAttachmentsTest-1654568807 tempest-TaggedAttachmentsTest-1654568807-project-member] Calling method 'show' {{(pid=86566) _process_stack /opt/stack/cinder/cinder/api/openstack/wsgi.py:878}}
Jul 08 18:35:29 devstack devstack@c-api.service[86566]: /opt/stack/data/venv/lib/python3.12/site-packages/oslo_context/context.py:102: DeprecationWarning: Policy enforcement is depending on the value of is_admin. This key is deprecated. Please update your policy file to use the standard policy values.
Jul 08 18:35:29 devstack devstack@c-api.service[86566]: warnings.warn(
Jul 08 18:35:29 devstack devstack@c-api.service[86566]: INFO cinder.volume.api [req-61ecc07e-6b56-4682-b889-ab30fc19b137 req-1511d474-8071-466f-8d8f-f3b69f73458d tempest-TaggedAttachmentsTest-1654568807 tempest-TaggedAttachmentsTest-1654568807-project-member] Volume info retrieved successfully.
Jul 08 18:35:29 devstack devstack@c-api.service[86566]: INFO cinder.api.openstack.wsgi [req-61ecc07e-6b56-4682-b889-ab30fc19b137 req-1511d474-8071-466f-8d8f-f3b69f73458d tempest-TaggedAttachmentsTest-1654568807 tempest-TaggedAttachmentsTest-1654568807-project-member] http://192.168.122.187/volume/v3/volumes/6d70002c-b84c-4bcb-947c-44f79e01f780 returned with HTTP 200
Jul 08 18:35:29 devstack devstack@c-api.service[86566]: [pid: 86566|app: 0|req: 225/456] 192.168.122.187 () {60 vars in 1487 bytes} [Wed Jul 8 18:35:29 2026] GET /volume/v3/volumes/6d70002c-b84c-4bcb-947c-44f79e01f780 => generated 1145 bytes in 52 msecs (HTTP/1.1 200) 7 headers in 286 bytes (1 switches on core 0)
Jul 08 18:35:29 devstack devstack@c-api.service[86566]: DEBUG cinder.api.middleware.request_id [req-61ecc07e-6b56-4682-b889-ab30fc19b137 req-f93bc8cd-0e34-44a0-a056-f040d144e267 None None] RequestId filter calling following filter/app {{(pid=86566) _context_setter /opt/stack/cinder/cinder/api/middleware/request_id.py:62}}
Jul 08 18:35:29 devstack devstack@c-api.service[86566]: INFO cinder.api.openstack.wsgi [req-61ecc07e-6b56-4682-b889-ab30fc19b137 req-f93bc8cd-0e34-44a0-a056-f040d144e267 tempest-TaggedAttachmentsTest-1654568807 tempest-TaggedAttachmentsTest-1654568807-project-member] POST http://192.168.122.187/volume/v3/volumes/6d70002c-b84c-4bcb-947c-44f79e01f780/action
Jul 08 18:35:29 devstack devstack@c-api.service[86566]: DEBUG cinder.api.openstack.wsgi [req-61ecc07e-6b56-4682-b889-ab30fc19b137 req-f93bc8cd-0e34-44a0-a056-f040d144e267 tempest-TaggedAttachmentsTest-1654568807 tempest-TaggedAttachmentsTest-1654568807-project-member] Action body: b'{"os-begin_detaching": null}' {{(pid=86566) get_method /opt/stack/cinder/cinder/api/openstack/wsgi.py:993}}
Jul 08 18:35:29 devstack devstack@c-api.service[86566]: DEBUG cinder.api.openstack.wsgi [req-61ecc07e-6b56-4682-b889-ab30fc19b137 req-f93bc8cd-0e34-44a0-a056-f040d144e267 tempest-TaggedAttachmentsTest-1654568807 tempest-TaggedAttachmentsTest-1654568807-project-member] Action: 'action', calling method: _begin_detaching, body: {"os-begin_detaching": null} {{(pid=86566) _process_stack /opt/stack/cinder/cinder/api/openstack/wsgi.py:876}}
Jul 08 18:35:29 devstack devstack@c-api.service[86566]: /opt/stack/data/venv/lib/python3.12/site-packages/oslo_context/context.py:102: DeprecationWarning: Policy enforcement is depending on the value of is_admin. This key is deprecated. Please update your policy file to use the standard policy values.
Jul 08 18:35:29 devstack devstack@c-api.service[86566]: warnings.warn(
Jul 08 18:35:29 devstack devstack@c-api.service[86566]: INFO cinder.volume.api [req-61ecc07e-6b56-4682-b889-ab30fc19b137 req-f93bc8cd-0e34-44a0-a056-f040d144e267 tempest-TaggedAttachmentsTest-1654568807 tempest-TaggedAttachmentsTest-1654568807-project-member] Volume info retrieved successfully.
Jul 08 18:35:29 devstack devstack@c-api.service[86566]: INFO cinder.volume.api [req-61ecc07e-6b56-4682-b889-ab30fc19b137 req-f93bc8cd-0e34-44a0-a056-f040d144e267 tempest-TaggedAttachmentsTest-1654568807 tempest-TaggedAttachmentsTest-1654568807-project-member] Begin detaching volume completed successfully.
Jul 08 18:35:29 devstack devstack@c-api.service[86566]: INFO cinder.api.openstack.wsgi [req-61ecc07e-6b56-4682-b889-ab30fc19b137 req-f93bc8cd-0e34-44a0-a056-f040d144e267 tempest-TaggedAttachmentsTest-1654568807 tempest-TaggedAttachmentsTest-1654568807-project-member] http://192.168.122.187/volume/v3/volumes/6d70002c-b84c-4bcb-947c-44f79e01f780/action returned with HTTP 202
Jul 08 18:35:29 devstack devstack@c-api.service[86566]: [pid: 86566|app: 0|req: 226/457] 192.168.122.187 () {64 vars in 1561 bytes} [Wed Jul 8 18:35:29 2026] POST /volume/v3/volumes/6d70002c-b84c-4bcb-947c-44f79e01f780/action => generated 0 bytes in 53 msecs (HTTP/1.1 202) 7 headers in 289 bytes (1 switches on core 0)
Jul 08 18:35:29 devstack devstack@c-api.service[86566]: DEBUG cinder.api.middleware.request_id [None req-45e19a86-b5c5-466d-83f5-27dff852ec1f None None] RequestId filter calling following filter/app {{(pid=86566) _context_setter /opt/stack/cinder/cinder/api/middleware/request_id.py:62}}
Jul 08 18:35:29 devstack devstack@c-api.service[86566]: INFO cinder.api.openstack.wsgi [None req-45e19a86-b5c5-466d-83f5-27dff852ec1f tempest-TaggedAttachmentsTest-1654568807 tempest-TaggedAttachmentsTest-1654568807-project-member] GET http://192.168.122.187/volume/v3/volumes/6d70002c-b84c-4bcb-947c-44f79e01f780
Jul 08 18:35:29 devstack devstack@c-api.service[86566]: DEBUG cinder.api.openstack.wsgi [None req-45e19a86-b5c5-466d-83f5-27dff852ec1f tempest-TaggedAttachmentsTest-1654568807 tempest-TaggedAttachmentsTest-1654568807-project-member] Empty body provided in request {{(pid=86566) get_body /opt/stack/cinder/cinder/api/openstack/wsgi.py:725}}
Jul 08 18:35:29 devstack devstack@c-api.service[86566]: DEBUG cinder.api.openstack.wsgi [None req-45e19a86-b5c5-466d-83f5-27dff852ec1f tempest-TaggedAttachmentsTest-1654568807 tempest-TaggedAttachmentsTest-1654568807-project-member] Calling method 'show' {{(pid=86566) _process_stack /opt/stack/cinder/cinder/api/openstack/wsgi.py:878}}
Jul 08 18:35:29 devstack devstack@c-api.service[86566]: /opt/stack/data/venv/lib/python3.12/site-packages/oslo_context/context.py:102: DeprecationWarning: Policy enforcement is depending on the value of is_admin. This key is deprecated. Please update your policy file to use the standard policy values.
Jul 08 18:35:29 devstack devstack@c-api.service[86566]: warnings.warn(
Jul 08 18:35:29 devstack devstack@c-api.service[86566]: INFO cinder.volume.api [None req-45e19a86-b5c5-466d-83f5-27dff852ec1f tempest-TaggedAttachmentsTest-1654568807 tempest-TaggedAttachmentsTest-1654568807-project-member] Volume info retrieved successfully.
Jul 08 18:35:29 devstack devstack@c-api.service[86566]: INFO cinder.api.openstack.wsgi [None req-45e19a86-b5c5-466d-83f5-27dff852ec1f tempest-TaggedAttachmentsTest-1654568807 tempest-TaggedAttachmentsTest-1654568807-project-member] http://192.168.122.187/volume/v3/volumes/6d70002c-b84c-4bcb-947c-44f79e01f780 returned with HTTP 200
Jul 08 18:35:29 devstack devstack@c-api.service[86566]: [pid: 86566|app: 0|req: 227/458] 192.168.122.187 () {58 vars in 1232 bytes} [Wed Jul 8 18:35:29 2026] GET /volume/v3/volumes/6d70002c-b84c-4bcb-947c-44f79e01f780 => generated 1148 bytes in 54 msecs (HTTP/1.1 200) 7 headers in 286 bytes (2 switches on core 0)
Jul 08 18:35:29 devstack devstack@c-api.service[86567]: INFO cinder.volume.api [None req-28415823-2c5a-4561-97d8-0afe0e4d699d tempest-VolumesActionsTest-819162864 tempest-VolumesActionsTest-819162864-project-member] Attach volume completed successfully.
Jul 08 18:35:29 devstack devstack@c-api.service[86567]: INFO cinder.api.openstack.wsgi [None req-28415823-2c5a-4561-97d8-0afe0e4d699d tempest-VolumesActionsTest-819162864 tempest-VolumesActionsTest-819162864-project-member] http://192.168.122.187/volume/v3/volumes/166fc047-e2c0-4b9d-b532-5cb6a623027a/action returned with HTTP 202
Jul 08 18:35:29 devstack devstack@c-api.service[86567]: [pid: 86567|app: 0|req: 232/459] 192.168.122.187 () {60 vars in 1274 bytes} [Wed Jul 8 18:35:28 2026] POST /volume/v3/volumes/166fc047-e2c0-4b9d-b532-5cb6a623027a/action => generated 0 bytes in 1110 msecs (HTTP/1.1 202) 7 headers in 289 bytes (1 switches on core 0)
Jul 08 18:35:29 devstack devstack@c-api.service[86566]: DEBUG cinder.api.middleware.request_id [None req-f1761a74-2b3a-4978-a480-d498ba575c0e None None] RequestId filter calling following filter/app {{(pid=86566) _context_setter /opt/stack/cinder/cinder/api/middleware/request_id.py:62}}
Jul 08 18:35:29 devstack devstack@c-api.service[86566]: INFO cinder.api.openstack.wsgi [None req-f1761a74-2b3a-4978-a480-d498ba575c0e tempest-VolumesActionsTest-819162864 tempest-VolumesActionsTest-819162864-project-member] GET http://192.168.122.187/volume/v3/volumes/166fc047-e2c0-4b9d-b532-5cb6a623027a
Jul 08 18:35:29 devstack devstack@c-api.service[86566]: DEBUG cinder.api.openstack.wsgi [None req-f1761a74-2b3a-4978-a480-d498ba575c0e tempest-VolumesActionsTest-819162864 tempest-VolumesActionsTest-819162864-project-member] Empty body provided in request {{(pid=86566) get_body /opt/stack/cinder/cinder/api/openstack/wsgi.py:725}}
Jul 08 18:35:29 devstack devstack@c-api.service[86566]: DEBUG cinder.api.openstack.wsgi [None req-f1761a74-2b3a-4978-a480-d498ba575c0e tempest-VolumesActionsTest-819162864 tempest-VolumesActionsTest-819162864-project-member] Calling method 'show' {{(pid=86566) _process_stack /opt/stack/cinder/cinder/api/openstack/wsgi.py:878}}
Jul 08 18:35:29 devstack devstack@c-api.service[86566]: /opt/stack/data/venv/lib/python3.12/site-packages/oslo_context/context.py:102: DeprecationWarning: Policy enforcement is depending on the value of is_admin. This key is deprecated. Please update your policy file to use the standard policy values.
Jul 08 18:35:29 devstack devstack@c-api.service[86566]: warnings.warn(
Jul 08 18:35:30 devstack devstack@c-api.service[86566]: INFO cinder.volume.api [None req-f1761a74-2b3a-4978-a480-d498ba575c0e tempest-VolumesActionsTest-819162864 tempest-VolumesActionsTest-819162864-project-member] Volume info retrieved successfully.
Jul 08 18:35:30 devstack devstack@c-api.service[86566]: INFO cinder.api.openstack.wsgi [None req-f1761a74-2b3a-4978-a480-d498ba575c0e tempest-VolumesActionsTest-819162864 tempest-VolumesActionsTest-819162864-project-member] http://192.168.122.187/volume/v3/volumes/166fc047-e2c0-4b9d-b532-5cb6a623027a returned with HTTP 200
Jul 08 18:35:30 devstack devstack@c-api.service[86566]: [pid: 86566|app: 0|req: 228/460] 192.168.122.187 () {58 vars in 1232 bytes} [Wed Jul 8 18:35:29 2026] GET /volume/v3/volumes/166fc047-e2c0-4b9d-b532-5cb6a623027a => generated 1185 bytes in 64 msecs (HTTP/1.1 200) 7 headers in 286 bytes (1 switches on core 0)
Jul 08 18:35:30 devstack devstack@c-api.service[86567]: DEBUG cinder.api.middleware.request_id [None req-aea7a325-a05b-456b-9a89-8f00ea4a2d42 None None] RequestId filter calling following filter/app {{(pid=86567) _context_setter /opt/stack/cinder/cinder/api/middleware/request_id.py:62}}
Jul 08 18:35:30 devstack devstack@c-api.service[86567]: INFO cinder.api.openstack.wsgi [None req-aea7a325-a05b-456b-9a89-8f00ea4a2d42 tempest-VolumesActionsTest-819162864 tempest-VolumesActionsTest-819162864-project-member] GET http://192.168.122.187/volume/v3/volumes/166fc047-e2c0-4b9d-b532-5cb6a623027a
Jul 08 18:35:30 devstack devstack@c-api.service[86567]: DEBUG cinder.api.openstack.wsgi [None req-aea7a325-a05b-456b-9a89-8f00ea4a2d42 tempest-VolumesActionsTest-819162864 tempest-VolumesActionsTest-819162864-project-member] Empty body provided in request {{(pid=86567) get_body /opt/stack/cinder/cinder/api/openstack/wsgi.py:725}}
Jul 08 18:35:30 devstack devstack@c-api.service[86567]: DEBUG cinder.api.openstack.wsgi [None req-aea7a325-a05b-456b-9a89-8f00ea4a2d42 tempest-VolumesActionsTest-819162864 tempest-VolumesActionsTest-819162864-project-member] Calling method 'show' {{(pid=86567) _process_stack /opt/stack/cinder/cinder/api/openstack/wsgi.py:878}}
Jul 08 18:35:30 devstack devstack@c-api.service[86567]: /opt/stack/data/venv/lib/python3.12/site-packages/oslo_context/context.py:102: DeprecationWarning: Policy enforcement is depending on the value of is_admin. This key is deprecated. Please update your policy file to use the standard policy values.
Jul 08 18:35:30 devstack devstack@c-api.service[86567]: warnings.warn(
Jul 08 18:35:30 devstack devstack@c-api.service[86567]: INFO cinder.volume.api [None req-aea7a325-a05b-456b-9a89-8f00ea4a2d42 tempest-VolumesActionsTest-819162864 tempest-VolumesActionsTest-819162864-project-member] Volume info retrieved successfully.
Jul 08 18:35:30 devstack devstack@c-api.service[86567]: INFO cinder.api.openstack.wsgi [None req-aea7a325-a05b-456b-9a89-8f00ea4a2d42 tempest-VolumesActionsTest-819162864 tempest-VolumesActionsTest-819162864-project-member] http://192.168.122.187/volume/v3/volumes/166fc047-e2c0-4b9d-b532-5cb6a623027a returned with HTTP 200
Jul 08 18:35:30 devstack devstack@c-api.service[86567]: [pid: 86567|app: 0|req: 233/461] 192.168.122.187 () {58 vars in 1232 bytes} [Wed Jul 8 18:35:30 2026] GET /volume/v3/volumes/166fc047-e2c0-4b9d-b532-5cb6a623027a => generated 1185 bytes in 55 msecs (HTTP/1.1 200) 7 headers in 286 bytes (2 switches on core 0)
Jul 08 18:35:30 devstack devstack@c-api.service[86566]: DEBUG cinder.api.middleware.request_id [None req-87b3ae19-43fd-4d33-ae9e-3ba737e0c68a None None] RequestId filter calling following filter/app {{(pid=86566) _context_setter /opt/stack/cinder/cinder/api/middleware/request_id.py:62}}
Jul 08 18:35:30 devstack devstack@c-api.service[86567]: DEBUG cinder.api.middleware.request_id [None req-8f92c98d-1b46-4b51-aedc-76297b052c5d None None] RequestId filter calling following filter/app {{(pid=86567) _context_setter /opt/stack/cinder/cinder/api/middleware/request_id.py:62}}
Jul 08 18:35:30 devstack devstack@c-api.service[86567]: INFO cinder.api.openstack.wsgi [None req-8f92c98d-1b46-4b51-aedc-76297b052c5d tempest-UserMessagesTest-1319711136 tempest-UserMessagesTest-1319711136-project-member] GET http://192.168.122.187/volume/v3/volumes/e9f225dc-f243-4926-a3de-293286e5a213
Jul 08 18:35:30 devstack devstack@c-api.service[86567]: DEBUG cinder.api.openstack.wsgi [None req-8f92c98d-1b46-4b51-aedc-76297b052c5d tempest-UserMessagesTest-1319711136 tempest-UserMessagesTest-1319711136-project-member] Empty body provided in request {{(pid=86567) get_body /opt/stack/cinder/cinder/api/openstack/wsgi.py:725}}
Jul 08 18:35:30 devstack devstack@c-api.service[86567]: DEBUG cinder.api.openstack.wsgi [None req-8f92c98d-1b46-4b51-aedc-76297b052c5d tempest-UserMessagesTest-1319711136 tempest-UserMessagesTest-1319711136-project-member] Calling method 'show' {{(pid=86567) _process_stack /opt/stack/cinder/cinder/api/openstack/wsgi.py:878}}
Jul 08 18:35:30 devstack devstack@c-api.service[86567]: /opt/stack/data/venv/lib/python3.12/site-packages/oslo_context/context.py:102: DeprecationWarning: Policy enforcement is depending on the value of is_admin. This key is deprecated. Please update your policy file to use the standard policy values.
Jul 08 18:35:30 devstack devstack@c-api.service[86567]: warnings.warn(
Jul 08 18:35:30 devstack devstack@c-api.service[86567]: INFO cinder.volume.api [None req-8f92c98d-1b46-4b51-aedc-76297b052c5d tempest-UserMessagesTest-1319711136 tempest-UserMessagesTest-1319711136-project-member] Volume info retrieved successfully.
Jul 08 18:35:30 devstack devstack@c-api.service[86567]: INFO cinder.api.openstack.wsgi [None req-8f92c98d-1b46-4b51-aedc-76297b052c5d tempest-UserMessagesTest-1319711136 tempest-UserMessagesTest-1319711136-project-member] http://192.168.122.187/volume/v3/volumes/e9f225dc-f243-4926-a3de-293286e5a213 returned with HTTP 200
Jul 08 18:35:30 devstack devstack@c-api.service[86566]: INFO cinder.api.openstack.wsgi [None req-87b3ae19-43fd-4d33-ae9e-3ba737e0c68a tempest-VolumesActionsTest-428775210 tempest-VolumesActionsTest-428775210-project-admin] POST http://192.168.122.187/volume/v3/volumes/166fc047-e2c0-4b9d-b532-5cb6a623027a/action
Jul 08 18:35:30 devstack devstack@c-api.service[86567]: [pid: 86567|app: 0|req: 234/462] 192.168.122.187 () {60 vars in 1272 bytes} [Wed Jul 8 18:35:30 2026] GET /volume/v3/volumes/e9f225dc-f243-4926-a3de-293286e5a213 => generated 882 bytes in 87 msecs (HTTP/1.1 200) 7 headers in 285 bytes (1 switches on core 0)
Jul 08 18:35:30 devstack devstack@c-api.service[86566]: DEBUG cinder.api.openstack.wsgi [None req-87b3ae19-43fd-4d33-ae9e-3ba737e0c68a tempest-VolumesActionsTest-428775210 tempest-VolumesActionsTest-428775210-project-admin] Action body: b'{"os-reset_status": {"status": "error"}}' {{(pid=86566) get_method /opt/stack/cinder/cinder/api/openstack/wsgi.py:993}}
Jul 08 18:35:30 devstack devstack@c-api.service[86566]: DEBUG cinder.api.openstack.wsgi [None req-87b3ae19-43fd-4d33-ae9e-3ba737e0c68a tempest-VolumesActionsTest-428775210 tempest-VolumesActionsTest-428775210-project-admin] Action: 'action', calling method: _reset_status, body: {"os-reset_status": {"status": "error"}} {{(pid=86566) _process_stack /opt/stack/cinder/cinder/api/openstack/wsgi.py:876}}
Jul 08 18:35:30 devstack devstack@c-api.service[86567]: DEBUG cinder.api.middleware.request_id [None req-a2f42dc8-44c3-4eb5-9063-6dfa07866618 None None] RequestId filter calling following filter/app {{(pid=86567) _context_setter /opt/stack/cinder/cinder/api/middleware/request_id.py:62}}
Jul 08 18:35:30 devstack devstack@c-api.service[86566]: /opt/stack/data/venv/lib/python3.12/site-packages/oslo_context/context.py:102: DeprecationWarning: Policy enforcement is depending on the value of is_admin. This key is deprecated. Please update your policy file to use the standard policy values.
Jul 08 18:35:30 devstack devstack@c-api.service[86566]: warnings.warn(
Jul 08 18:35:30 devstack devstack@c-api.service[86566]: DEBUG cinder.api.contrib.admin_actions [None req-87b3ae19-43fd-4d33-ae9e-3ba737e0c68a tempest-VolumesActionsTest-428775210 tempest-VolumesActionsTest-428775210-project-admin] Updating volume '166fc047-e2c0-4b9d-b532-5cb6a623027a' with '{'status': 'error'}' {{(pid=86566) _reset_status /opt/stack/cinder/cinder/api/contrib/admin_actions.py:109}}
Jul 08 18:35:30 devstack devstack@c-api.service[86567]: INFO cinder.api.openstack.wsgi [None req-a2f42dc8-44c3-4eb5-9063-6dfa07866618 tempest-UserMessagesTest-1319711136 tempest-UserMessagesTest-1319711136-project-member] GET http://192.168.122.187/volume/v3/messages
Jul 08 18:35:30 devstack devstack@c-api.service[86567]: DEBUG cinder.api.openstack.wsgi [None req-a2f42dc8-44c3-4eb5-9063-6dfa07866618 tempest-UserMessagesTest-1319711136 tempest-UserMessagesTest-1319711136-project-member] Empty body provided in request {{(pid=86567) get_body /opt/stack/cinder/cinder/api/openstack/wsgi.py:725}}
Jul 08 18:35:30 devstack devstack@c-api.service[86567]: DEBUG cinder.api.openstack.wsgi [None req-a2f42dc8-44c3-4eb5-9063-6dfa07866618 tempest-UserMessagesTest-1319711136 tempest-UserMessagesTest-1319711136-project-member] Calling method 'version_select' {{(pid=86567) _process_stack /opt/stack/cinder/cinder/api/openstack/wsgi.py:878}}
Jul 08 18:35:30 devstack devstack@c-api.service[86567]: INFO cinder.api.openstack.wsgi [None req-a2f42dc8-44c3-4eb5-9063-6dfa07866618 tempest-UserMessagesTest-1319711136 tempest-UserMessagesTest-1319711136-project-member] http://192.168.122.187/volume/v3/messages returned with HTTP 200
Jul 08 18:35:30 devstack devstack@c-api.service[86567]: [pid: 86567|app: 0|req: 235/463] 192.168.122.187 () {60 vars in 1164 bytes} [Wed Jul 8 18:35:30 2026] GET /volume/v3/messages => generated 678 bytes in 34 msecs (HTTP/1.1 200) 7 headers in 285 bytes (1 switches on core 0)
Jul 08 18:35:30 devstack devstack@c-api.service[86567]: DEBUG cinder.api.middleware.request_id [None req-7ffe4a12-ffb3-42cf-a564-678659256726 None None] RequestId filter calling following filter/app {{(pid=86567) _context_setter /opt/stack/cinder/cinder/api/middleware/request_id.py:62}}
Jul 08 18:35:30 devstack devstack@c-api.service[86567]: INFO cinder.api.openstack.wsgi [None req-7ffe4a12-ffb3-42cf-a564-678659256726 tempest-UserMessagesTest-1319711136 tempest-UserMessagesTest-1319711136-project-member] DELETE http://192.168.122.187/volume/v3/messages/6015c1eb-42e1-481c-8acb-bc7efae3dc24
Jul 08 18:35:30 devstack devstack@c-api.service[86567]: DEBUG cinder.api.openstack.wsgi [None req-7ffe4a12-ffb3-42cf-a564-678659256726 tempest-UserMessagesTest-1319711136 tempest-UserMessagesTest-1319711136-project-member] Empty body provided in request {{(pid=86567) get_body /opt/stack/cinder/cinder/api/openstack/wsgi.py:725}}
Jul 08 18:35:30 devstack devstack@c-api.service[86567]: DEBUG cinder.api.openstack.wsgi [None req-7ffe4a12-ffb3-42cf-a564-678659256726 tempest-UserMessagesTest-1319711136 tempest-UserMessagesTest-1319711136-project-member] Calling method 'version_select' {{(pid=86567) _process_stack /opt/stack/cinder/cinder/api/openstack/wsgi.py:878}}
Jul 08 18:35:30 devstack devstack@c-api.service[86567]: INFO cinder.api.openstack.wsgi [None req-7ffe4a12-ffb3-42cf-a564-678659256726 tempest-UserMessagesTest-1319711136 tempest-UserMessagesTest-1319711136-project-member] http://192.168.122.187/volume/v3/messages/6015c1eb-42e1-481c-8acb-bc7efae3dc24 returned with HTTP 204
Jul 08 18:35:30 devstack devstack@c-api.service[86567]: [pid: 86567|app: 0|req: 236/464] 192.168.122.187 () {60 vars in 1278 bytes} [Wed Jul 8 18:35:30 2026] DELETE /volume/v3/messages/6015c1eb-42e1-481c-8acb-bc7efae3dc24 => generated 0 bytes in 35 msecs (HTTP/1.1 204) 6 headers in 235 bytes (1 switches on core 0)
Jul 08 18:35:30 devstack devstack@c-api.service[86567]: DEBUG cinder.api.middleware.request_id [None req-41088d55-c727-42d6-8d48-65f7b997d140 None None] RequestId filter calling following filter/app {{(pid=86567) _context_setter /opt/stack/cinder/cinder/api/middleware/request_id.py:62}}
Jul 08 18:35:30 devstack devstack@c-api.service[86566]: INFO cinder.api.openstack.wsgi [None req-87b3ae19-43fd-4d33-ae9e-3ba737e0c68a tempest-VolumesActionsTest-428775210 tempest-VolumesActionsTest-428775210-project-admin] http://192.168.122.187/volume/v3/volumes/166fc047-e2c0-4b9d-b532-5cb6a623027a/action returned with HTTP 202
Jul 08 18:35:30 devstack devstack@c-api.service[86567]: INFO cinder.api.openstack.wsgi [None req-41088d55-c727-42d6-8d48-65f7b997d140 tempest-UserMessagesTest-1319711136 tempest-UserMessagesTest-1319711136-project-member] GET http://192.168.122.187/volume/v3/messages/6015c1eb-42e1-481c-8acb-bc7efae3dc24
Jul 08 18:35:30 devstack devstack@c-api.service[86567]: DEBUG cinder.api.openstack.wsgi [None req-41088d55-c727-42d6-8d48-65f7b997d140 tempest-UserMessagesTest-1319711136 tempest-UserMessagesTest-1319711136-project-member] Empty body provided in request {{(pid=86567) get_body /opt/stack/cinder/cinder/api/openstack/wsgi.py:725}}
Jul 08 18:35:30 devstack devstack@c-api.service[86567]: DEBUG cinder.api.openstack.wsgi [None req-41088d55-c727-42d6-8d48-65f7b997d140 tempest-UserMessagesTest-1319711136 tempest-UserMessagesTest-1319711136-project-member] Calling method 'version_select' {{(pid=86567) _process_stack /opt/stack/cinder/cinder/api/openstack/wsgi.py:878}}
Jul 08 18:35:30 devstack devstack@c-api.service[86566]: [pid: 86566|app: 0|req: 229/465] 192.168.122.187 () {60 vars in 1274 bytes} [Wed Jul 8 18:35:30 2026] POST /volume/v3/volumes/166fc047-e2c0-4b9d-b532-5cb6a623027a/action => generated 0 bytes in 354 msecs (HTTP/1.1 202) 7 headers in 289 bytes (1 switches on core 0)
Jul 08 18:35:30 devstack devstack@c-api.service[86567]: INFO cinder.api.openstack.wsgi [None req-41088d55-c727-42d6-8d48-65f7b997d140 tempest-UserMessagesTest-1319711136 tempest-UserMessagesTest-1319711136-project-member] http://192.168.122.187/volume/v3/messages/6015c1eb-42e1-481c-8acb-bc7efae3dc24 returned with HTTP 404
Jul 08 18:35:30 devstack devstack@c-api.service[86567]: [pid: 86567|app: 0|req: 237/466] 192.168.122.187 () {60 vars in 1275 bytes} [Wed Jul 8 18:35:30 2026] GET /volume/v3/messages/6015c1eb-42e1-481c-8acb-bc7efae3dc24 => generated 110 bytes in 17 msecs (HTTP/1.1 404) 7 headers in 292 bytes (1 switches on core 0)
Jul 08 18:35:30 devstack devstack@c-api.service[86566]: DEBUG cinder.api.middleware.request_id [None req-8e0388a5-df7c-40bc-8b01-fd575c23d276 None None] RequestId filter calling following filter/app {{(pid=86566) _context_setter /opt/stack/cinder/cinder/api/middleware/request_id.py:62}}
Jul 08 18:35:30 devstack devstack@c-api.service[86567]: DEBUG cinder.api.middleware.request_id [None req-4dbae602-532f-4c95-8c07-c3454048273e None None] RequestId filter calling following filter/app {{(pid=86567) _context_setter /opt/stack/cinder/cinder/api/middleware/request_id.py:62}}
Jul 08 18:35:30 devstack devstack@c-api.service[86567]: INFO cinder.api.openstack.wsgi [None req-4dbae602-532f-4c95-8c07-c3454048273e tempest-UserMessagesTest-1319711136 tempest-UserMessagesTest-1319711136-project-member] GET http://192.168.122.187/volume/v3/volumes/e9f225dc-f243-4926-a3de-293286e5a213
Jul 08 18:35:30 devstack devstack@c-api.service[86567]: DEBUG cinder.api.openstack.wsgi [None req-4dbae602-532f-4c95-8c07-c3454048273e tempest-UserMessagesTest-1319711136 tempest-UserMessagesTest-1319711136-project-member] Empty body provided in request {{(pid=86567) get_body /opt/stack/cinder/cinder/api/openstack/wsgi.py:725}}
Jul 08 18:35:30 devstack devstack@c-api.service[86567]: DEBUG cinder.api.openstack.wsgi [None req-4dbae602-532f-4c95-8c07-c3454048273e tempest-UserMessagesTest-1319711136 tempest-UserMessagesTest-1319711136-project-member] Calling method 'show' {{(pid=86567) _process_stack /opt/stack/cinder/cinder/api/openstack/wsgi.py:878}}
Jul 08 18:35:30 devstack devstack@c-api.service[86566]: INFO cinder.api.openstack.wsgi [None req-8e0388a5-df7c-40bc-8b01-fd575c23d276 tempest-VolumesActionsTest-819162864 tempest-VolumesActionsTest-819162864-project-member] GET http://192.168.122.187/volume/v3/volumes/166fc047-e2c0-4b9d-b532-5cb6a623027a
Jul 08 18:35:30 devstack devstack@c-api.service[86566]: DEBUG cinder.api.openstack.wsgi [None req-8e0388a5-df7c-40bc-8b01-fd575c23d276 tempest-VolumesActionsTest-819162864 tempest-VolumesActionsTest-819162864-project-member] Empty body provided in request {{(pid=86566) get_body /opt/stack/cinder/cinder/api/openstack/wsgi.py:725}}
Jul 08 18:35:30 devstack devstack@c-api.service[86566]: DEBUG cinder.api.openstack.wsgi [None req-8e0388a5-df7c-40bc-8b01-fd575c23d276 tempest-VolumesActionsTest-819162864 tempest-VolumesActionsTest-819162864-project-member] Calling method 'show' {{(pid=86566) _process_stack /opt/stack/cinder/cinder/api/openstack/wsgi.py:878}}
Jul 08 18:35:30 devstack devstack@c-api.service[86567]: /opt/stack/data/venv/lib/python3.12/site-packages/oslo_context/context.py:102: DeprecationWarning: Policy enforcement is depending on the value of is_admin. This key is deprecated. Please update your policy file to use the standard policy values.
Jul 08 18:35:30 devstack devstack@c-api.service[86567]: warnings.warn(
Jul 08 18:35:30 devstack devstack@c-api.service[86567]: INFO cinder.volume.api [None req-4dbae602-532f-4c95-8c07-c3454048273e tempest-UserMessagesTest-1319711136 tempest-UserMessagesTest-1319711136-project-member] Volume info retrieved successfully.
Jul 08 18:35:30 devstack devstack@c-api.service[86567]: INFO cinder.api.openstack.wsgi [None req-4dbae602-532f-4c95-8c07-c3454048273e tempest-UserMessagesTest-1319711136 tempest-UserMessagesTest-1319711136-project-member] http://192.168.122.187/volume/v3/volumes/e9f225dc-f243-4926-a3de-293286e5a213 returned with HTTP 200
Jul 08 18:35:30 devstack devstack@c-api.service[86567]: [pid: 86567|app: 0|req: 238/467] 192.168.122.187 () {60 vars in 1272 bytes} [Wed Jul 8 18:35:30 2026] GET /volume/v3/volumes/e9f225dc-f243-4926-a3de-293286e5a213 => generated 882 bytes in 56 msecs (HTTP/1.1 200) 7 headers in 285 bytes (1 switches on core 0)
Jul 08 18:35:30 devstack devstack@c-api.service[86566]: /opt/stack/data/venv/lib/python3.12/site-packages/oslo_context/context.py:102: DeprecationWarning: Policy enforcement is depending on the value of is_admin. This key is deprecated. Please update your policy file to use the standard policy values.
Jul 08 18:35:30 devstack devstack@c-api.service[86566]: warnings.warn(
Jul 08 18:35:30 devstack devstack@c-api.service[86567]: DEBUG cinder.api.middleware.request_id [None req-d694f77e-9e4a-4d76-9582-05752864926c None None] RequestId filter calling following filter/app {{(pid=86567) _context_setter /opt/stack/cinder/cinder/api/middleware/request_id.py:62}}
Jul 08 18:35:30 devstack devstack@c-api.service[86566]: INFO cinder.volume.api [None req-8e0388a5-df7c-40bc-8b01-fd575c23d276 tempest-VolumesActionsTest-819162864 tempest-VolumesActionsTest-819162864-project-member] Volume info retrieved successfully.
Jul 08 18:35:30 devstack devstack@c-api.service[86567]: INFO cinder.api.openstack.wsgi [None req-d694f77e-9e4a-4d76-9582-05752864926c tempest-UserMessagesTest-1319711136 tempest-UserMessagesTest-1319711136-project-member] DELETE http://192.168.122.187/volume/v3/volumes/e9f225dc-f243-4926-a3de-293286e5a213
Jul 08 18:35:30 devstack devstack@c-api.service[86567]: DEBUG cinder.api.openstack.wsgi [None req-d694f77e-9e4a-4d76-9582-05752864926c tempest-UserMessagesTest-1319711136 tempest-UserMessagesTest-1319711136-project-member] Empty body provided in request {{(pid=86567) get_body /opt/stack/cinder/cinder/api/openstack/wsgi.py:725}}
Jul 08 18:35:30 devstack devstack@c-api.service[86567]: DEBUG cinder.api.openstack.wsgi [None req-d694f77e-9e4a-4d76-9582-05752864926c tempest-UserMessagesTest-1319711136 tempest-UserMessagesTest-1319711136-project-member] Calling method 'delete' {{(pid=86567) _process_stack /opt/stack/cinder/cinder/api/openstack/wsgi.py:878}}
Jul 08 18:35:30 devstack devstack@c-api.service[86567]: INFO cinder.api.v3.volumes [None req-d694f77e-9e4a-4d76-9582-05752864926c tempest-UserMessagesTest-1319711136 tempest-UserMessagesTest-1319711136-project-member] Delete volume with id: e9f225dc-f243-4926-a3de-293286e5a213
Jul 08 18:35:30 devstack devstack@c-api.service[86566]: INFO cinder.api.openstack.wsgi [None req-8e0388a5-df7c-40bc-8b01-fd575c23d276 tempest-VolumesActionsTest-819162864 tempest-VolumesActionsTest-819162864-project-member] http://192.168.122.187/volume/v3/volumes/166fc047-e2c0-4b9d-b532-5cb6a623027a returned with HTTP 200
Jul 08 18:35:30 devstack devstack@c-api.service[86566]: [pid: 86566|app: 0|req: 230/468] 192.168.122.187 () {58 vars in 1232 bytes} [Wed Jul 8 18:35:30 2026] GET /volume/v3/volumes/166fc047-e2c0-4b9d-b532-5cb6a623027a => generated 1184 bytes in 108 msecs (HTTP/1.1 200) 7 headers in 286 bytes (1 switches on core 0)
Jul 08 18:35:30 devstack devstack@c-api.service[86567]: /opt/stack/data/venv/lib/python3.12/site-packages/oslo_context/context.py:102: DeprecationWarning: Policy enforcement is depending on the value of is_admin. This key is deprecated. Please update your policy file to use the standard policy values.
Jul 08 18:35:30 devstack devstack@c-api.service[86567]: warnings.warn(
Jul 08 18:35:30 devstack devstack@c-api.service[86567]: INFO cinder.volume.api [None req-d694f77e-9e4a-4d76-9582-05752864926c tempest-UserMessagesTest-1319711136 tempest-UserMessagesTest-1319711136-project-member] Volume info retrieved successfully.
Jul 08 18:35:30 devstack devstack@c-api.service[86567]: DEBUG cinder.volume.api [None req-d694f77e-9e4a-4d76-9582-05752864926c tempest-UserMessagesTest-1319711136 tempest-UserMessagesTest-1319711136-project-member] Decrease volume quotas for non temporary volume in non error_managing status. {{(pid=86567) delete /opt/stack/cinder/cinder/volume/api.py:434}}
Jul 08 18:35:30 devstack devstack@c-api.service[86566]: DEBUG cinder.api.middleware.request_id [None req-4ce0c76c-c934-457d-9eb7-cc171209de0f None None] RequestId filter calling following filter/app {{(pid=86566) _context_setter /opt/stack/cinder/cinder/api/middleware/request_id.py:62}}
Jul 08 18:35:30 devstack devstack@c-api.service[86566]: INFO cinder.api.openstack.wsgi [None req-4ce0c76c-c934-457d-9eb7-cc171209de0f tempest-VolumesActionsTest-428775210 tempest-VolumesActionsTest-428775210-project-admin] POST http://192.168.122.187/volume/v3/volumes/166fc047-e2c0-4b9d-b532-5cb6a623027a/action
Jul 08 18:35:30 devstack devstack@c-api.service[86567]: WARNING cinder.quota [None req-d694f77e-9e4a-4d76-9582-05752864926c tempest-UserMessagesTest-1319711136 tempest-UserMessagesTest-1319711136-project-member] Deprecated: Default quota for resource: volumes_tempest-UserMessagesTest-volume-type-1099587381 is set by the default quota flag: quota_volumes_tempest-UserMessagesTest-volume-type-1099587381, it is now deprecated. Please use the default quota class for default quota.
Jul 08 18:35:30 devstack devstack@c-api.service[86566]: DEBUG cinder.api.openstack.wsgi [None req-4ce0c76c-c934-457d-9eb7-cc171209de0f tempest-VolumesActionsTest-428775210 tempest-VolumesActionsTest-428775210-project-admin] Action body: b'{"os-force_detach": {"connector": null, "attachment_id": "0a1dc267-521b-4d58-8e36-d2e2910ecbca"}}' {{(pid=86566) get_method /opt/stack/cinder/cinder/api/openstack/wsgi.py:993}}
Jul 08 18:35:30 devstack devstack@c-api.service[86567]: WARNING cinder.quota [None req-d694f77e-9e4a-4d76-9582-05752864926c tempest-UserMessagesTest-1319711136 tempest-UserMessagesTest-1319711136-project-member] Deprecated: Default quota for resource: gigabytes_tempest-UserMessagesTest-volume-type-1099587381 is set by the default quota flag: quota_gigabytes_tempest-UserMessagesTest-volume-type-1099587381, it is now deprecated. Please use the default quota class for default quota.
Jul 08 18:35:30 devstack devstack@c-api.service[86566]: DEBUG cinder.api.openstack.wsgi [None req-4ce0c76c-c934-457d-9eb7-cc171209de0f tempest-VolumesActionsTest-428775210 tempest-VolumesActionsTest-428775210-project-admin] Action: 'action', calling method: _force_detach, body: {"os-force_detach": {"connector": null, "attachment_id": "0a1dc267-521b-4d58-8e36-d2e2910ecbca"}} {{(pid=86566) _process_stack /opt/stack/cinder/cinder/api/openstack/wsgi.py:876}}
Jul 08 18:35:30 devstack devstack@c-api.service[86567]: DEBUG cinder.quota [None req-d694f77e-9e4a-4d76-9582-05752864926c tempest-UserMessagesTest-1319711136 tempest-UserMessagesTest-1319711136-project-member] Created reservations ['0e6f6861-7a7b-4b57-9afc-ad442228d4f2', '5e4a8214-ad39-40fc-b637-3faf7cf6fd7f', 'eeff0b6b-ceac-4a2c-8782-eda67b66f9b4', '42021ae1-54e8-42e6-a2d9-7720ac6bab9f'] {{(pid=86567) reserve /opt/stack/cinder/cinder/quota.py:752}}
Jul 08 18:35:30 devstack devstack@c-api.service[86566]: /opt/stack/data/venv/lib/python3.12/site-packages/oslo_context/context.py:102: DeprecationWarning: Policy enforcement is depending on the value of is_admin. This key is deprecated. Please update your policy file to use the standard policy values.
Jul 08 18:35:30 devstack devstack@c-api.service[86566]: warnings.warn(
Jul 08 18:35:30 devstack devstack@c-api.service[86566]: INFO cinder.volume.api [None req-4ce0c76c-c934-457d-9eb7-cc171209de0f tempest-VolumesActionsTest-428775210 tempest-VolumesActionsTest-428775210-project-admin] Volume info retrieved successfully.
Jul 08 18:35:30 devstack devstack@c-api.service[86567]: INFO cinder.volume.api [None req-d694f77e-9e4a-4d76-9582-05752864926c tempest-UserMessagesTest-1319711136 tempest-UserMessagesTest-1319711136-project-member] Delete volume request issued successfully.
Jul 08 18:35:30 devstack devstack@c-api.service[86567]: INFO cinder.api.openstack.wsgi [None req-d694f77e-9e4a-4d76-9582-05752864926c tempest-UserMessagesTest-1319711136 tempest-UserMessagesTest-1319711136-project-member] http://192.168.122.187/volume/v3/volumes/e9f225dc-f243-4926-a3de-293286e5a213 returned with HTTP 202
Jul 08 18:35:30 devstack devstack@c-api.service[86567]: [pid: 86567|app: 0|req: 239/469] 192.168.122.187 () {60 vars in 1275 bytes} [Wed Jul 8 18:35:30 2026] DELETE /volume/v3/volumes/e9f225dc-f243-4926-a3de-293286e5a213 => generated 0 bytes in 254 msecs (HTTP/1.1 202) 6 headers in 233 bytes (1 switches on core 0)
Jul 08 18:35:30 devstack devstack@c-api.service[86567]: DEBUG cinder.api.middleware.request_id [None req-673d2a3f-2ec8-4dcd-9628-65382bc1c505 None None] RequestId filter calling following filter/app {{(pid=86567) _context_setter /opt/stack/cinder/cinder/api/middleware/request_id.py:62}}
Jul 08 18:35:30 devstack devstack@c-api.service[86567]: INFO cinder.api.openstack.wsgi [None req-673d2a3f-2ec8-4dcd-9628-65382bc1c505 tempest-UserMessagesTest-1319711136 tempest-UserMessagesTest-1319711136-project-member] GET http://192.168.122.187/volume/v3/volumes/e9f225dc-f243-4926-a3de-293286e5a213
Jul 08 18:35:30 devstack devstack@c-api.service[86567]: DEBUG cinder.api.openstack.wsgi [None req-673d2a3f-2ec8-4dcd-9628-65382bc1c505 tempest-UserMessagesTest-1319711136 tempest-UserMessagesTest-1319711136-project-member] Empty body provided in request {{(pid=86567) get_body /opt/stack/cinder/cinder/api/openstack/wsgi.py:725}}
Jul 08 18:35:30 devstack devstack@c-api.service[86567]: DEBUG cinder.api.openstack.wsgi [None req-673d2a3f-2ec8-4dcd-9628-65382bc1c505 tempest-UserMessagesTest-1319711136 tempest-UserMessagesTest-1319711136-project-member] Calling method 'show' {{(pid=86567) _process_stack /opt/stack/cinder/cinder/api/openstack/wsgi.py:878}}
