Feb 16 09:19:22 devstack cinder-volume[78747]: DEBUG cinder.volume.drivers.quobyte [None req-366df682-3407-4599-8446-82f665bfb183 tempest-GroupSnapshotsV319Test-1339804269 None] ==> create_volume: call "{'self': , 'volume': Volume(_name_id=None,admin_metadata=,attach_status='detached',availability_zone='nova',bootable=False,cluster=,cluster_name=None,consistencygroup=,consistencygroup_id=20626d7e-b370-435d-b82d-0fe0e7db1944,created_at=2026-02-16T08:19:21Z,deleted=False,deleted_at=None,display_description=None,display_name='tempest-volume-1387675669',ec2_id=None,encryption_key_id=None,glance_metadata=,group=,group_id=20626d7e-b370-435d-b82d-0fe0e7db1944,host='devstack@QuobyteHD#QuobyteHD',id=5fbc8cb8-41b9-41aa-8399-6f8721c1bf92,launched_at=None,metadata={},migration_status=None,multiattach=False,previous_status=None,project_id='9466e8ec5c2f4f219ae3294ffb730402',provider_auth=None,provider_geometry=None,provider_id=None,provider_location=None,replication_driver_data=None,replication_extended_status=None,replication_status=None,scheduled_at=2026-02-16T08:19:21Z,service_uuid=None,shared_targets=True,size=1,snapshot_id=None,snapshots=,source_volid=None,status='creating',terminated_at=None,updated_at=2026-02-16T08:19:21Z,use_quota=True,user_id='c7f379890cae4dfcb0f997d96f4edc3e',volume_attachment=VolumeAttachmentList,volume_type=VolumeType(ab5fe39a-e08f-406e-8050-f06d090e2efe),volume_type_id=ab5fe39a-e08f-406e-8050-f06d090e2efe)}" {{(pid=78747) trace_logging_wrapper /opt/stack/cinder/cinder/volume/volume_utils.py:1498}}
Feb 16 09:19:22 devstack cinder-volume[78747]: DEBUG cinder.volume.drivers.remotefs [None req-366df682-3407-4599-8446-82f665bfb183 tempest-GroupSnapshotsV319Test-1339804269 None] Creating volume 5fbc8cb8-41b9-41aa-8399-6f8721c1bf92 {{(pid=78747) create_volume /opt/stack/cinder/cinder/volume/drivers/remotefs.py:292}}
Feb 16 09:19:22 devstack cinder-volume[78747]: DEBUG oslo_concurrency.lockutils [None req-366df682-3407-4599-8446-82f665bfb183 tempest-GroupSnapshotsV319Test-1339804269 None] Acquiring lock "quobyte_ensure" by "cinder.volume.drivers.quobyte.QuobyteDriver._ensure_shares_mounted" {{(pid=78747) inner /opt/stack/data/venv/lib/python3.10/site-packages/oslo_concurrency/lockutils.py:506}}
Feb 16 09:19:22 devstack cinder-volume[78747]: DEBUG oslo_concurrency.lockutils [None req-366df682-3407-4599-8446-82f665bfb183 tempest-GroupSnapshotsV319Test-1339804269 None] Lock "quobyte_ensure" acquired by "cinder.volume.drivers.quobyte.QuobyteDriver._ensure_shares_mounted" :: waited 0.001s {{(pid=78747) inner /opt/stack/data/venv/lib/python3.10/site-packages/oslo_concurrency/lockutils.py:519}}
Feb 16 09:19:22 devstack cinder-volume[78747]: DEBUG cinder.volume.drivers.quobyte [None req-366df682-3407-4599-8446-82f665bfb183 tempest-GroupSnapshotsV319Test-1339804269 None] Quobyte Volume URL set to: {'osci02.corp.quobyte.com/cinder-vol-6c5b3309-6d2a-4f30-bcb0-b07a2cf78e09': None} {{(pid=78747) _load_shares_config /opt/stack/cinder/cinder/volume/drivers/quobyte.py:620}}
Feb 16 09:19:22 devstack cinder-volume[78747]: DEBUG cinder.volume.drivers.quobyte [None req-366df682-3407-4599-8446-82f665bfb183 tempest-GroupSnapshotsV319Test-1339804269 None] Available shares ['osci02.corp.quobyte.com/cinder-vol-6c5b3309-6d2a-4f30-bcb0-b07a2cf78e09'] {{(pid=78747) _ensure_shares_mounted /opt/stack/cinder/cinder/volume/drivers/quobyte.py:650}}
Feb 16 09:19:22 devstack cinder-volume[78747]: DEBUG oslo_concurrency.lockutils [None req-366df682-3407-4599-8446-82f665bfb183 tempest-GroupSnapshotsV319Test-1339804269 None] Lock "quobyte_ensure" "released" by "cinder.volume.drivers.quobyte.QuobyteDriver._ensure_shares_mounted" :: held 0.010s {{(pid=78747) inner /opt/stack/data/venv/lib/python3.10/site-packages/oslo_concurrency/lockutils.py:538}}
Feb 16 09:19:22 devstack cinder-volume[78747]: DEBUG cinder.volume.drivers.quobyte [None req-366df682-3407-4599-8446-82f665bfb183 tempest-GroupSnapshotsV319Test-1339804269 None] Selected osci02.corp.quobyte.com/cinder-vol-6c5b3309-6d2a-4f30-bcb0-b07a2cf78e09 as target Quobyte volume. {{(pid=78747) _find_share /opt/stack/cinder/cinder/volume/drivers/quobyte.py:671}}
Feb 16 09:19:22 devstack cinder-volume[78747]: INFO cinder.volume.drivers.remotefs [None req-366df682-3407-4599-8446-82f665bfb183 tempest-GroupSnapshotsV319Test-1339804269 None] casted to osci02.corp.quobyte.com/cinder-vol-6c5b3309-6d2a-4f30-bcb0-b07a2cf78e09
Feb 16 09:19:22 devstack cinder-volume[78747]: DEBUG oslo_concurrency.processutils [None req-366df682-3407-4599-8446-82f665bfb183 tempest-GroupSnapshotsV319Test-1339804269 None] Running cmd (subprocess): sudo cinder-rootwrap /etc/cinder/rootwrap.conf qemu-img create -f qcow2 -o preallocation=metadata /opt/stack/data/cinder/mnt/ece5c5779faa59487812b232c3832418/volume-5fbc8cb8-41b9-41aa-8399-6f8721c1bf92 1073741824 {{(pid=78747) execute /opt/stack/data/venv/lib/python3.10/site-packages/oslo_concurrency/processutils.py:368}}
Feb 16 09:19:22 devstack cinder-volume[78747]: DEBUG cinder.volume.manager [None req-0f345574-6469-4186-889c-fccf1e7e1f63 tempest-SnapshotsActionsTest-358490913 None] Task 'cinder.volume.flows.manager.create_volume.CreateVolumeFromSpecTask;volume:create' (d11f9d1d-fa2e-4b3a-958d-5b925f1bb15f) transitioned into state 'SUCCESS' from state 'RUNNING' with result '{'status': 'creating', 'volume_name': 'volume-2cd10419-f47e-47c4-af63-f8bc21d656d7', 'volume_size': 1}' {{(pid=78747) _task_receiver /opt/stack/data/venv/lib/python3.10/site-packages/taskflow/listeners/logging.py:182}}
Feb 16 09:19:22 devstack cinder-volume[78747]: DEBUG cinder.volume.manager [None req-0f345574-6469-4186-889c-fccf1e7e1f63 tempest-SnapshotsActionsTest-358490913 None] Task 'cinder.volume.flows.manager.create_volume.CreateVolumeOnFinishTask;volume:create, create.end' (3646db12-6389-4cb6-b6c2-00efacc2fbf4) transitioned into state 'RUNNING' from state 'PENDING' {{(pid=78747) _task_receiver /opt/stack/data/venv/lib/python3.10/site-packages/taskflow/listeners/logging.py:194}}
Feb 16 09:19:22 devstack sudo[79552]: quobyte : PWD=/ ; USER=root ; COMMAND=/opt/stack/data/venv/bin/cinder-rootwrap /etc/cinder/rootwrap.conf qemu-img create -f qcow2 -o preallocation=metadata /opt/stack/data/cinder/mnt/ece5c5779faa59487812b232c3832418/volume-5fbc8cb8-41b9-41aa-8399-6f8721c1bf92 1073741824
Feb 16 09:19:22 devstack sudo[79552]: pam_unix(sudo:session): session opened for user root(uid=0) by (uid=1000)
Feb 16 09:19:22 devstack cinder-volume[78747]: INFO cinder.volume.flows.manager.create_volume [None req-0f345574-6469-4186-889c-fccf1e7e1f63 tempest-SnapshotsActionsTest-358490913 None] Volume volume-2cd10419-f47e-47c4-af63-f8bc21d656d7 (2cd10419-f47e-47c4-af63-f8bc21d656d7): created successfully
Feb 16 09:19:22 devstack cinder-volume[78747]: DEBUG cinder.volume.manager [None req-0f345574-6469-4186-889c-fccf1e7e1f63 tempest-SnapshotsActionsTest-358490913 None] Task 'cinder.volume.flows.manager.create_volume.CreateVolumeOnFinishTask;volume:create, create.end' (3646db12-6389-4cb6-b6c2-00efacc2fbf4) transitioned into state 'SUCCESS' from state 'RUNNING' with result 'None' {{(pid=78747) _task_receiver /opt/stack/data/venv/lib/python3.10/site-packages/taskflow/listeners/logging.py:182}}
Feb 16 09:19:22 devstack cinder-volume[78747]: DEBUG cinder.volume.manager [None req-0f345574-6469-4186-889c-fccf1e7e1f63 tempest-SnapshotsActionsTest-358490913 None] Flow 'volume_create_manager' (d90e3c73-9ead-4387-b50e-26b965aaa9f8) transitioned into state 'SUCCESS' from state 'RUNNING' {{(pid=78747) _flow_receiver /opt/stack/data/venv/lib/python3.10/site-packages/taskflow/listeners/logging.py:145}}
Feb 16 09:19:22 devstack cinder-volume[78747]: INFO cinder.volume.manager [None req-0f345574-6469-4186-889c-fccf1e7e1f63 tempest-SnapshotsActionsTest-358490913 None] Created volume successfully.
Feb 16 09:19:23 devstack cinder-volume[78747]: WARNING cinder.volume.volume_utils [None req-f1e7f97f-ec22-4ccb-824e-f8c7024061b9 tempest-SnapshotsActionsTest-358490913 None] Volume driver (QuobyteDriver 1.1.14) is currently unsupported and may be removed in the next release of OpenStack. Use at your own risk.
Feb 16 09:19:23 devstack cinder-volume[78747]: DEBUG oslo_concurrency.lockutils [None req-f1e7f97f-ec22-4ccb-824e-f8c7024061b9 tempest-SnapshotsActionsTest-358490913 None] Acquiring lock "quobyte" by "cinder.volume.drivers.quobyte.QuobyteDriver.create_snapshot" {{(pid=78747) inner /opt/stack/data/venv/lib/python3.10/site-packages/oslo_concurrency/lockutils.py:506}}
Feb 16 09:19:23 devstack sudo[79552]: pam_unix(sudo:session): session closed for user root
Feb 16 09:19:23 devstack cinder-volume[78747]: DEBUG oslo_concurrency.processutils [None req-366df682-3407-4599-8446-82f665bfb183 tempest-GroupSnapshotsV319Test-1339804269 None] CMD "sudo cinder-rootwrap /etc/cinder/rootwrap.conf qemu-img create -f qcow2 -o preallocation=metadata /opt/stack/data/cinder/mnt/ece5c5779faa59487812b232c3832418/volume-5fbc8cb8-41b9-41aa-8399-6f8721c1bf92 1073741824" returned: 0 in 1.236s {{(pid=78747) execute /opt/stack/data/venv/lib/python3.10/site-packages/oslo_concurrency/processutils.py:396}}
Feb 16 09:19:23 devstack cinder-volume[78747]: DEBUG oslo_concurrency.processutils [None req-366df682-3407-4599-8446-82f665bfb183 tempest-GroupSnapshotsV319Test-1339804269 None] Running cmd (subprocess): sudo cinder-rootwrap /etc/cinder/rootwrap.conf chmod ugo+rw /opt/stack/data/cinder/mnt/ece5c5779faa59487812b232c3832418/volume-5fbc8cb8-41b9-41aa-8399-6f8721c1bf92 {{(pid=78747) execute /opt/stack/data/venv/lib/python3.10/site-packages/oslo_concurrency/processutils.py:368}}
Feb 16 09:19:23 devstack sudo[79558]: quobyte : PWD=/ ; USER=root ; COMMAND=/opt/stack/data/venv/bin/cinder-rootwrap /etc/cinder/rootwrap.conf chmod ugo+rw /opt/stack/data/cinder/mnt/ece5c5779faa59487812b232c3832418/volume-5fbc8cb8-41b9-41aa-8399-6f8721c1bf92
Feb 16 09:19:23 devstack sudo[79558]: pam_unix(sudo:session): session opened for user root(uid=0) by (uid=1000)
Feb 16 09:19:24 devstack sudo[79558]: pam_unix(sudo:session): session closed for user root
Feb 16 09:19:24 devstack cinder-volume[78747]: DEBUG oslo_concurrency.processutils [None req-366df682-3407-4599-8446-82f665bfb183 tempest-GroupSnapshotsV319Test-1339804269 None] CMD "sudo cinder-rootwrap /etc/cinder/rootwrap.conf chmod ugo+rw /opt/stack/data/cinder/mnt/ece5c5779faa59487812b232c3832418/volume-5fbc8cb8-41b9-41aa-8399-6f8721c1bf92" returned: 0 in 0.522s {{(pid=78747) execute /opt/stack/data/venv/lib/python3.10/site-packages/oslo_concurrency/processutils.py:396}}
Feb 16 09:19:24 devstack cinder-volume[78747]: DEBUG cinder.volume.drivers.quobyte [None req-366df682-3407-4599-8446-82f665bfb183 tempest-GroupSnapshotsV319Test-1339804269 None] <== create_volume: return (1813ms) {'provider_location': 'osci02.corp.quobyte.com/cinder-vol-6c5b3309-6d2a-4f30-bcb0-b07a2cf78e09'} {{(pid=78747) trace_logging_wrapper /opt/stack/cinder/cinder/volume/volume_utils.py:1523}}
Feb 16 09:19:24 devstack cinder-volume[78747]: DEBUG oslo_concurrency.lockutils [None req-366df682-3407-4599-8446-82f665bfb183 tempest-GroupSnapshotsV319Test-1339804269 None] Lock "quobyte" "released" by "cinder.volume.drivers.quobyte.QuobyteDriver.create_volume" :: held 1.817s {{(pid=78747) inner /opt/stack/data/venv/lib/python3.10/site-packages/oslo_concurrency/lockutils.py:538}}
Feb 16 09:19:24 devstack cinder-volume[78747]: DEBUG oslo_concurrency.lockutils [None req-f1e7f97f-ec22-4ccb-824e-f8c7024061b9 tempest-SnapshotsActionsTest-358490913 None] Lock "quobyte" acquired by "cinder.volume.drivers.quobyte.QuobyteDriver.create_snapshot" :: waited 0.708s {{(pid=78747) inner /opt/stack/data/venv/lib/python3.10/site-packages/oslo_concurrency/lockutils.py:519}}
Feb 16 09:19:24 devstack cinder-volume[78747]: DEBUG cinder.volume.manager [None req-366df682-3407-4599-8446-82f665bfb183 tempest-GroupSnapshotsV319Test-1339804269 None] Task 'cinder.volume.flows.manager.create_volume.CreateVolumeFromSpecTask;volume:create' (603289e1-67c2-46ad-85c4-5b2d9cf62f15) transitioned into state 'SUCCESS' from state 'RUNNING' with result '{'status': 'creating', 'volume_name': 'volume-5fbc8cb8-41b9-41aa-8399-6f8721c1bf92', 'volume_size': 1}' {{(pid=78747) _task_receiver /opt/stack/data/venv/lib/python3.10/site-packages/taskflow/listeners/logging.py:182}}
Feb 16 09:19:24 devstack cinder-volume[78747]: DEBUG cinder.volume.manager [None req-366df682-3407-4599-8446-82f665bfb183 tempest-GroupSnapshotsV319Test-1339804269 None] Task 'cinder.volume.flows.manager.create_volume.CreateVolumeOnFinishTask;volume:create, create.end' (fcb34510-7922-4924-85ef-f0d2999bc27e) transitioned into state 'RUNNING' from state 'PENDING' {{(pid=78747) _task_receiver /opt/stack/data/venv/lib/python3.10/site-packages/taskflow/listeners/logging.py:194}}
Feb 16 09:19:24 devstack cinder-volume[78747]: DEBUG cinder.volume.drivers.remotefs [None req-f1e7f97f-ec22-4ccb-824e-f8c7024061b9 tempest-SnapshotsActionsTest-358490913 None] Creating offline snapshot 86a0d6f1-1000-425f-a0b1-d94fa2fefd29 of volume 2cd10419-f47e-47c4-af63-f8bc21d656d7 {{(pid=78747) _create_snapshot /opt/stack/cinder/cinder/volume/drivers/remotefs.py:1815}}
Feb 16 09:19:24 devstack cinder-volume[78747]: INFO oslo.privsep.daemon [None req-f1e7f97f-ec22-4ccb-824e-f8c7024061b9 tempest-SnapshotsActionsTest-358490913 None] Running privsep helper: ['sudo', 'cinder-rootwrap', '/etc/cinder/rootwrap.conf', 'privsep-helper', '--config-file', '/etc/cinder/cinder.conf', '--privsep_context', 'cinder.privsep.sys_admin_pctxt', '--privsep_sock_path', '/tmp/tmpoubi32m5/privsep.sock']
Feb 16 09:19:24 devstack cinder-volume[78747]: INFO cinder.volume.flows.manager.create_volume [None req-366df682-3407-4599-8446-82f665bfb183 tempest-GroupSnapshotsV319Test-1339804269 None] Volume volume-5fbc8cb8-41b9-41aa-8399-6f8721c1bf92 (5fbc8cb8-41b9-41aa-8399-6f8721c1bf92): created successfully
Feb 16 09:19:24 devstack cinder-volume[78747]: DEBUG cinder.volume.manager [None req-366df682-3407-4599-8446-82f665bfb183 tempest-GroupSnapshotsV319Test-1339804269 None] Task 'cinder.volume.flows.manager.create_volume.CreateVolumeOnFinishTask;volume:create, create.end' (fcb34510-7922-4924-85ef-f0d2999bc27e) transitioned into state 'SUCCESS' from state 'RUNNING' with result 'None' {{(pid=78747) _task_receiver /opt/stack/data/venv/lib/python3.10/site-packages/taskflow/listeners/logging.py:182}}
Feb 16 09:19:24 devstack cinder-volume[78747]: DEBUG cinder.volume.manager [None req-366df682-3407-4599-8446-82f665bfb183 tempest-GroupSnapshotsV319Test-1339804269 None] Flow 'volume_create_manager' (931c043f-44fc-40ea-8b84-e689233d1ab5) transitioned into state 'SUCCESS' from state 'RUNNING' {{(pid=78747) _flow_receiver /opt/stack/data/venv/lib/python3.10/site-packages/taskflow/listeners/logging.py:145}}
Feb 16 09:19:24 devstack cinder-volume[78747]: INFO cinder.volume.manager [None req-366df682-3407-4599-8446-82f665bfb183 tempest-GroupSnapshotsV319Test-1339804269 None] Created volume successfully.
Feb 16 09:19:24 devstack sudo[79561]: quobyte : PWD=/ ; USER=root ; COMMAND=/opt/stack/data/venv/bin/cinder-rootwrap /etc/cinder/rootwrap.conf privsep-helper --config-file /etc/cinder/cinder.conf --privsep_context cinder.privsep.sys_admin_pctxt --privsep_sock_path /tmp/tmpoubi32m5/privsep.sock
Feb 16 09:19:24 devstack sudo[79561]: pam_unix(sudo:session): session opened for user root(uid=0) by (uid=1000)
Feb 16 09:19:24 devstack cinder-volume[78747]: INFO cinder.volume.manager [None req-3a89ee66-04ad-4107-9c14-79fbc8ae1d1a tempest-GroupSnapshotsV319Test-1339804269 None] GroupSnapshot c3c597fe-95ea-4148-b2c1-a0e77de30a18: creating.
Feb 16 09:19:25 devstack cinder-volume[78747]: WARNING cinder.volume.volume_utils [None req-3a89ee66-04ad-4107-9c14-79fbc8ae1d1a tempest-GroupSnapshotsV319Test-1339804269 None] Volume driver (QuobyteDriver 1.1.14) is currently unsupported and may be removed in the next release of OpenStack. Use at your own risk.
Feb 16 09:19:25 devstack cinder-volume[78747]: DEBUG cinder.volume.manager [None req-3a89ee66-04ad-4107-9c14-79fbc8ae1d1a tempest-GroupSnapshotsV319Test-1339804269 None] Group snapshot c3c597fe-95ea-4148-b2c1-a0e77de30a18: creating. {{(pid=78747) create_group_snapshot /opt/stack/cinder/cinder/volume/manager.py:4175}}
Feb 16 09:19:25 devstack cinder-volume[78747]: DEBUG oslo_concurrency.lockutils [None req-3a89ee66-04ad-4107-9c14-79fbc8ae1d1a tempest-GroupSnapshotsV319Test-1339804269 None] Acquiring lock "quobyte" by "cinder.volume.drivers.quobyte.QuobyteDriver.create_snapshot" {{(pid=78747) inner /opt/stack/data/venv/lib/python3.10/site-packages/oslo_concurrency/lockutils.py:506}}
Feb 16 09:19:26 devstack sudo[79561]: pam_unix(sudo:session): session closed for user root
Feb 16 09:19:26 devstack cinder-volume[78747]: INFO oslo.privsep.daemon [None req-f1e7f97f-ec22-4ccb-824e-f8c7024061b9 tempest-SnapshotsActionsTest-358490913 None] Spawned new privsep daemon via rootwrap
Feb 16 09:19:26 devstack cinder-volume[78747]: DEBUG oslo.privsep.daemon [None req-f1e7f97f-ec22-4ccb-824e-f8c7024061b9 tempest-SnapshotsActionsTest-358490913 None] Accepted privsep connection to /tmp/tmpoubi32m5/privsep.sock {{(pid=78747) __init__ /opt/stack/data/venv/lib/python3.10/site-packages/oslo_privsep/daemon.py:377}}
Feb 16 09:19:26 devstack cinder-volume[78747]: INFO oslo.privsep.daemon [-] privsep daemon starting
Feb 16 09:19:26 devstack cinder-volume[78747]: INFO oslo.privsep.daemon [-] privsep process running with uid/gid: 0/0
Feb 16 09:19:26 devstack cinder-volume[78747]: INFO oslo.privsep.daemon [-] privsep process running with capabilities (eff/prm/inh): CAP_CHOWN|CAP_DAC_OVERRIDE|CAP_DAC_READ_SEARCH|CAP_FOWNER|CAP_NET_ADMIN|CAP_SYS_ADMIN/CAP_CHOWN|CAP_DAC_OVERRIDE|CAP_DAC_READ_SEARCH|CAP_FOWNER|CAP_NET_ADMIN|CAP_SYS_ADMIN/none
Feb 16 09:19:26 devstack cinder-volume[78747]: INFO oslo.privsep.daemon [-] privsep daemon running as pid 79593
Feb 16 09:19:26 devstack cinder-volume[78747]: DEBUG oslo.privsep.daemon [-] privsep: reply[15348bb8-7f49-449b-a55e-2f9a71d0ff97]: (2,) {{(pid=79593) _call_back /opt/stack/data/venv/lib/python3.10/site-packages/oslo_privsep/daemon.py:515}}
Feb 16 09:19:26 devstack cinder-volume[78747]: DEBUG oslo.privsep.daemon [-] privsep: reply[c79dab29-2a31-4fb2-9a76-e0d881316853]: (4, 'qcow2') {{(pid=79593) _call_back /opt/stack/data/venv/lib/python3.10/site-packages/oslo_privsep/daemon.py:515}}
Feb 16 09:19:26 devstack cinder-volume[78747]: DEBUG oslo_concurrency.processutils [None req-f1e7f97f-ec22-4ccb-824e-f8c7024061b9 tempest-SnapshotsActionsTest-358490913 None] Running cmd (subprocess): /opt/stack/data/venv/bin/python3.10 -m oslo_concurrency.prlimit --as=1073741824 --cpu=60 -- sudo cinder-rootwrap /etc/cinder/rootwrap.conf env LC_ALL=C qemu-img info -f qcow2 --output=json --force-share /opt/stack/data/cinder/mnt/ece5c5779faa59487812b232c3832418/volume-2cd10419-f47e-47c4-af63-f8bc21d656d7 {{(pid=78747) execute /opt/stack/data/venv/lib/python3.10/site-packages/oslo_concurrency/processutils.py:368}}
Feb 16 09:19:26 devstack sudo[79595]: quobyte : PWD=/ ; USER=root ; COMMAND=/opt/stack/data/venv/bin/cinder-rootwrap /etc/cinder/rootwrap.conf env LC_ALL=C qemu-img info -f qcow2 --output=json --force-share /opt/stack/data/cinder/mnt/ece5c5779faa59487812b232c3832418/volume-2cd10419-f47e-47c4-af63-f8bc21d656d7
Feb 16 09:19:26 devstack sudo[79595]: pam_unix(sudo:session): session opened for user root(uid=0) by (uid=1000)
Feb 16 09:19:26 devstack sudo[79595]: pam_unix(sudo:session): session closed for user root
Feb 16 09:19:26 devstack cinder-volume[78747]: DEBUG oslo_concurrency.processutils [None req-f1e7f97f-ec22-4ccb-824e-f8c7024061b9 tempest-SnapshotsActionsTest-358490913 None] CMD "/opt/stack/data/venv/bin/python3.10 -m oslo_concurrency.prlimit --as=1073741824 --cpu=60 -- sudo cinder-rootwrap /etc/cinder/rootwrap.conf env LC_ALL=C qemu-img info -f qcow2 --output=json --force-share /opt/stack/data/cinder/mnt/ece5c5779faa59487812b232c3832418/volume-2cd10419-f47e-47c4-af63-f8bc21d656d7" returned: 0 in 0.532s {{(pid=78747) execute /opt/stack/data/venv/lib/python3.10/site-packages/oslo_concurrency/processutils.py:396}}
Feb 16 09:19:26 devstack cinder-volume[78747]: DEBUG oslo_concurrency.processutils [None req-f1e7f97f-ec22-4ccb-824e-f8c7024061b9 tempest-SnapshotsActionsTest-358490913 None] Running cmd (subprocess): sudo cinder-rootwrap /etc/cinder/rootwrap.conf qemu-img create -f qcow2 -o backing_file=/opt/stack/data/cinder/mnt/ece5c5779faa59487812b232c3832418/volume-2cd10419-f47e-47c4-af63-f8bc21d656d7,backing_fmt=qcow2 /opt/stack/data/cinder/mnt/ece5c5779faa59487812b232c3832418/volume-2cd10419-f47e-47c4-af63-f8bc21d656d7.86a0d6f1-1000-425f-a0b1-d94fa2fefd29 1G {{(pid=78747) execute /opt/stack/data/venv/lib/python3.10/site-packages/oslo_concurrency/processutils.py:368}}
Feb 16 09:19:26 devstack sudo[79607]: quobyte : PWD=/ ; USER=root ; COMMAND=/opt/stack/data/venv/bin/cinder-rootwrap /etc/cinder/rootwrap.conf qemu-img create -f qcow2 -o backing_file=/opt/stack/data/cinder/mnt/ece5c5779faa59487812b232c3832418/volume-2cd10419-f47e-47c4-af63-f8bc21d656d7,backing_fmt=qcow2 /opt/stack/data/cinder/mnt/ece5c5779faa59487812b232c3832418/volume-2cd10419-f47e-47c4-af63-f8bc21d656d7.86a0d6f1-1000-425f-a0b1-d94fa2fefd29 1G
Feb 16 09:19:26 devstack sudo[79607]: pam_unix(sudo:session): session opened for user root(uid=0) by (uid=1000)
Feb 16 09:19:27 devstack sudo[79607]: pam_unix(sudo:session): session closed for user root
Feb 16 09:19:27 devstack cinder-volume[78747]: DEBUG oslo_concurrency.processutils [None req-f1e7f97f-ec22-4ccb-824e-f8c7024061b9 tempest-SnapshotsActionsTest-358490913 None] CMD "sudo cinder-rootwrap /etc/cinder/rootwrap.conf qemu-img create -f qcow2 -o backing_file=/opt/stack/data/cinder/mnt/ece5c5779faa59487812b232c3832418/volume-2cd10419-f47e-47c4-af63-f8bc21d656d7,backing_fmt=qcow2 /opt/stack/data/cinder/mnt/ece5c5779faa59487812b232c3832418/volume-2cd10419-f47e-47c4-af63-f8bc21d656d7.86a0d6f1-1000-425f-a0b1-d94fa2fefd29 1G" returned: 0 in 0.728s {{(pid=78747) execute /opt/stack/data/venv/lib/python3.10/site-packages/oslo_concurrency/processutils.py:396}}
Feb 16 09:19:27 devstack cinder-volume[78747]: DEBUG oslo_concurrency.processutils [None req-f1e7f97f-ec22-4ccb-824e-f8c7024061b9 tempest-SnapshotsActionsTest-358490913 None] Running cmd (subprocess): sudo cinder-rootwrap /etc/cinder/rootwrap.conf qemu-img rebase -u -b volume-2cd10419-f47e-47c4-af63-f8bc21d656d7 -F qcow2 /opt/stack/data/cinder/mnt/ece5c5779faa59487812b232c3832418/volume-2cd10419-f47e-47c4-af63-f8bc21d656d7.86a0d6f1-1000-425f-a0b1-d94fa2fefd29 {{(pid=78747) execute /opt/stack/data/venv/lib/python3.10/site-packages/oslo_concurrency/processutils.py:368}}
Feb 16 09:19:27 devstack sudo[79612]: quobyte : PWD=/ ; USER=root ; COMMAND=/opt/stack/data/venv/bin/cinder-rootwrap /etc/cinder/rootwrap.conf qemu-img rebase -u -b volume-2cd10419-f47e-47c4-af63-f8bc21d656d7 -F qcow2 /opt/stack/data/cinder/mnt/ece5c5779faa59487812b232c3832418/volume-2cd10419-f47e-47c4-af63-f8bc21d656d7.86a0d6f1-1000-425f-a0b1-d94fa2fefd29
Feb 16 09:19:27 devstack sudo[79612]: pam_unix(sudo:session): session opened for user root(uid=0) by (uid=1000)
Feb 16 09:19:28 devstack sudo[79612]: pam_unix(sudo:session): session closed for user root
Feb 16 09:19:28 devstack cinder-volume[78747]: DEBUG oslo_concurrency.processutils [None req-f1e7f97f-ec22-4ccb-824e-f8c7024061b9 tempest-SnapshotsActionsTest-358490913 None] CMD "sudo cinder-rootwrap /etc/cinder/rootwrap.conf qemu-img rebase -u -b volume-2cd10419-f47e-47c4-af63-f8bc21d656d7 -F qcow2 /opt/stack/data/cinder/mnt/ece5c5779faa59487812b232c3832418/volume-2cd10419-f47e-47c4-af63-f8bc21d656d7.86a0d6f1-1000-425f-a0b1-d94fa2fefd29" returned: 0 in 0.633s {{(pid=78747) execute /opt/stack/data/venv/lib/python3.10/site-packages/oslo_concurrency/processutils.py:396}}
Feb 16 09:19:28 devstack cinder-volume[78747]: WARNING cinder.volume.drivers.remotefs [None req-f1e7f97f-ec22-4ccb-824e-f8c7024061b9 tempest-SnapshotsActionsTest-358490913 None] /opt/stack/data/cinder/mnt/ece5c5779faa59487812b232c3832418/volume-2cd10419-f47e-47c4-af63-f8bc21d656d7.86a0d6f1-1000-425f-a0b1-d94fa2fefd29 is being set with open permissions: ugo+rw
Feb 16 09:19:28 devstack cinder-volume[78747]: DEBUG oslo_concurrency.processutils [None req-f1e7f97f-ec22-4ccb-824e-f8c7024061b9 tempest-SnapshotsActionsTest-358490913 None] Running cmd (subprocess): sudo cinder-rootwrap /etc/cinder/rootwrap.conf chmod ugo+rw /opt/stack/data/cinder/mnt/ece5c5779faa59487812b232c3832418/volume-2cd10419-f47e-47c4-af63-f8bc21d656d7.86a0d6f1-1000-425f-a0b1-d94fa2fefd29 {{(pid=78747) execute /opt/stack/data/venv/lib/python3.10/site-packages/oslo_concurrency/processutils.py:368}}
Feb 16 09:19:28 devstack sudo[79617]: quobyte : PWD=/ ; USER=root ; COMMAND=/opt/stack/data/venv/bin/cinder-rootwrap /etc/cinder/rootwrap.conf chmod ugo+rw /opt/stack/data/cinder/mnt/ece5c5779faa59487812b232c3832418/volume-2cd10419-f47e-47c4-af63-f8bc21d656d7.86a0d6f1-1000-425f-a0b1-d94fa2fefd29
Feb 16 09:19:28 devstack sudo[79617]: pam_unix(sudo:session): session opened for user root(uid=0) by (uid=1000)
Feb 16 09:19:28 devstack sudo[79617]: pam_unix(sudo:session): session closed for user root
Feb 16 09:19:28 devstack cinder-volume[78747]: DEBUG oslo_concurrency.processutils [None req-f1e7f97f-ec22-4ccb-824e-f8c7024061b9 tempest-SnapshotsActionsTest-358490913 None] CMD "sudo cinder-rootwrap /etc/cinder/rootwrap.conf chmod ugo+rw /opt/stack/data/cinder/mnt/ece5c5779faa59487812b232c3832418/volume-2cd10419-f47e-47c4-af63-f8bc21d656d7.86a0d6f1-1000-425f-a0b1-d94fa2fefd29" returned: 0 in 0.640s {{(pid=78747) execute /opt/stack/data/venv/lib/python3.10/site-packages/oslo_concurrency/processutils.py:396}}
Feb 16 09:19:28 devstack cinder-volume[78747]: DEBUG oslo_concurrency.processutils [None req-f1e7f97f-ec22-4ccb-824e-f8c7024061b9 tempest-SnapshotsActionsTest-358490913 None] Running cmd (subprocess): sudo cinder-rootwrap /etc/cinder/rootwrap.conf truncate -s0 /opt/stack/data/cinder/mnt/ece5c5779faa59487812b232c3832418/volume-2cd10419-f47e-47c4-af63-f8bc21d656d7.info {{(pid=78747) execute /opt/stack/data/venv/lib/python3.10/site-packages/oslo_concurrency/processutils.py:368}}
Feb 16 09:19:28 devstack sudo[79620]: quobyte : PWD=/ ; USER=root ; COMMAND=/opt/stack/data/venv/bin/cinder-rootwrap /etc/cinder/rootwrap.conf truncate -s0 /opt/stack/data/cinder/mnt/ece5c5779faa59487812b232c3832418/volume-2cd10419-f47e-47c4-af63-f8bc21d656d7.info
Feb 16 09:19:28 devstack sudo[79620]: pam_unix(sudo:session): session opened for user root(uid=0) by (uid=1000)
Feb 16 09:19:29 devstack sudo[79620]: pam_unix(sudo:session): session closed for user root
Feb 16 09:19:29 devstack cinder-volume[78747]: DEBUG oslo_concurrency.processutils [None req-f1e7f97f-ec22-4ccb-824e-f8c7024061b9 tempest-SnapshotsActionsTest-358490913 None] CMD "sudo cinder-rootwrap /etc/cinder/rootwrap.conf truncate -s0 /opt/stack/data/cinder/mnt/ece5c5779faa59487812b232c3832418/volume-2cd10419-f47e-47c4-af63-f8bc21d656d7.info" returned: 0 in 0.497s {{(pid=78747) execute /opt/stack/data/venv/lib/python3.10/site-packages/oslo_concurrency/processutils.py:396}}
Feb 16 09:19:29 devstack cinder-volume[78747]: WARNING cinder.volume.drivers.remotefs [None req-f1e7f97f-ec22-4ccb-824e-f8c7024061b9 tempest-SnapshotsActionsTest-358490913 None] /opt/stack/data/cinder/mnt/ece5c5779faa59487812b232c3832418/volume-2cd10419-f47e-47c4-af63-f8bc21d656d7.info is being set with open permissions: ugo+rw
Feb 16 09:19:29 devstack cinder-volume[78747]: DEBUG oslo_concurrency.processutils [None req-f1e7f97f-ec22-4ccb-824e-f8c7024061b9 tempest-SnapshotsActionsTest-358490913 None] Running cmd (subprocess): sudo cinder-rootwrap /etc/cinder/rootwrap.conf chmod ugo+rw /opt/stack/data/cinder/mnt/ece5c5779faa59487812b232c3832418/volume-2cd10419-f47e-47c4-af63-f8bc21d656d7.info {{(pid=78747) execute /opt/stack/data/venv/lib/python3.10/site-packages/oslo_concurrency/processutils.py:368}}
Feb 16 09:19:29 devstack sudo[79623]: quobyte : PWD=/ ; USER=root ; COMMAND=/opt/stack/data/venv/bin/cinder-rootwrap /etc/cinder/rootwrap.conf chmod ugo+rw /opt/stack/data/cinder/mnt/ece5c5779faa59487812b232c3832418/volume-2cd10419-f47e-47c4-af63-f8bc21d656d7.info
Feb 16 09:19:29 devstack sudo[79623]: pam_unix(sudo:session): session opened for user root(uid=0) by (uid=1000)
Feb 16 09:19:29 devstack sudo[79623]: pam_unix(sudo:session): session closed for user root
Feb 16 09:19:29 devstack cinder-volume[78747]: DEBUG oslo_concurrency.processutils [None req-f1e7f97f-ec22-4ccb-824e-f8c7024061b9 tempest-SnapshotsActionsTest-358490913 None] CMD "sudo cinder-rootwrap /etc/cinder/rootwrap.conf chmod ugo+rw /opt/stack/data/cinder/mnt/ece5c5779faa59487812b232c3832418/volume-2cd10419-f47e-47c4-af63-f8bc21d656d7.info" returned: 0 in 0.444s {{(pid=78747) execute /opt/stack/data/venv/lib/python3.10/site-packages/oslo_concurrency/processutils.py:396}}
Feb 16 09:19:29 devstack cinder-volume[78747]: DEBUG oslo_concurrency.lockutils [None req-f1e7f97f-ec22-4ccb-824e-f8c7024061b9 tempest-SnapshotsActionsTest-358490913 None] Lock "quobyte" "released" by "cinder.volume.drivers.quobyte.QuobyteDriver.create_snapshot" :: held 5.328s {{(pid=78747) inner /opt/stack/data/venv/lib/python3.10/site-packages/oslo_concurrency/lockutils.py:538}}
Feb 16 09:19:29 devstack cinder-volume[78747]: DEBUG oslo_concurrency.lockutils [None req-3a89ee66-04ad-4107-9c14-79fbc8ae1d1a tempest-GroupSnapshotsV319Test-1339804269 None] Lock "quobyte" acquired by "cinder.volume.drivers.quobyte.QuobyteDriver.create_snapshot" :: waited 4.764s {{(pid=78747) inner /opt/stack/data/venv/lib/python3.10/site-packages/oslo_concurrency/lockutils.py:519}}
Feb 16 09:19:29 devstack cinder-volume[78747]: DEBUG oslo_service.periodic_task [None req-622078e2-da82-432f-99e6-2a4d97fc0b83 None None] Running periodic task VolumeManager.publish_service_capabilities {{(pid=78747) run_periodic_tasks /opt/stack/data/venv/lib/python3.10/site-packages/oslo_service/periodic_task.py:210}}
Feb 16 09:19:29 devstack cinder-volume[78747]: DEBUG oslo_concurrency.lockutils [None req-622078e2-da82-432f-99e6-2a4d97fc0b83 None None] Acquiring lock "quobyte_ensure" by "cinder.volume.drivers.quobyte.QuobyteDriver._ensure_shares_mounted" {{(pid=78747) inner /opt/stack/data/venv/lib/python3.10/site-packages/oslo_concurrency/lockutils.py:506}}
Feb 16 09:19:29 devstack cinder-volume[78747]: DEBUG oslo_concurrency.lockutils [None req-622078e2-da82-432f-99e6-2a4d97fc0b83 None None] Lock "quobyte_ensure" acquired by "cinder.volume.drivers.quobyte.QuobyteDriver._ensure_shares_mounted" :: waited 0.000s {{(pid=78747) inner /opt/stack/data/venv/lib/python3.10/site-packages/oslo_concurrency/lockutils.py:519}}
Feb 16 09:19:29 devstack cinder-volume[78747]: DEBUG cinder.volume.drivers.quobyte [None req-622078e2-da82-432f-99e6-2a4d97fc0b83 None None] Quobyte Volume URL set to: {'osci02.corp.quobyte.com/cinder-vol-6c5b3309-6d2a-4f30-bcb0-b07a2cf78e09': None} {{(pid=78747) _load_shares_config /opt/stack/cinder/cinder/volume/drivers/quobyte.py:620}}
Feb 16 09:19:29 devstack cinder-volume[78747]: DEBUG cinder.volume.drivers.quobyte [None req-622078e2-da82-432f-99e6-2a4d97fc0b83 None None] Available shares ['osci02.corp.quobyte.com/cinder-vol-6c5b3309-6d2a-4f30-bcb0-b07a2cf78e09'] {{(pid=78747) _ensure_shares_mounted /opt/stack/cinder/cinder/volume/drivers/quobyte.py:650}}
Feb 16 09:19:29 devstack cinder-volume[78747]: DEBUG oslo_concurrency.lockutils [None req-622078e2-da82-432f-99e6-2a4d97fc0b83 None None] Lock "quobyte_ensure" "released" by "cinder.volume.drivers.quobyte.QuobyteDriver._ensure_shares_mounted" :: held 0.003s {{(pid=78747) inner /opt/stack/data/venv/lib/python3.10/site-packages/oslo_concurrency/lockutils.py:538}}
Feb 16 09:19:29 devstack cinder-volume[78747]: DEBUG oslo_concurrency.processutils [None req-622078e2-da82-432f-99e6-2a4d97fc0b83 None None] Running cmd (subprocess): sudo cinder-rootwrap /etc/cinder/rootwrap.conf df --portability --block-size 1 /opt/stack/data/cinder/mnt/ece5c5779faa59487812b232c3832418 {{(pid=78747) execute /opt/stack/data/venv/lib/python3.10/site-packages/oslo_concurrency/processutils.py:368}}
Feb 16 09:19:29 devstack cinder-volume[78747]: DEBUG cinder.volume.drivers.remotefs [None req-3a89ee66-04ad-4107-9c14-79fbc8ae1d1a tempest-GroupSnapshotsV319Test-1339804269 None] Creating offline snapshot 2008b760-5eee-40e5-a6a2-a5207abf191c of volume 5fbc8cb8-41b9-41aa-8399-6f8721c1bf92 {{(pid=78747) _create_snapshot /opt/stack/cinder/cinder/volume/drivers/remotefs.py:1815}}
Feb 16 09:19:29 devstack cinder-volume[78747]: INFO cinder.volume.manager [None req-f1e7f97f-ec22-4ccb-824e-f8c7024061b9 tempest-SnapshotsActionsTest-358490913 None] Create snapshot completed successfully
Feb 16 09:19:29 devstack sudo[79626]: quobyte : PWD=/ ; USER=root ; COMMAND=/opt/stack/data/venv/bin/cinder-rootwrap /etc/cinder/rootwrap.conf df --portability --block-size 1 /opt/stack/data/cinder/mnt/ece5c5779faa59487812b232c3832418
Feb 16 09:19:29 devstack cinder-volume[78747]: DEBUG oslo.privsep.daemon [-] privsep: reply[0737a307-227f-48fc-a531-a9fd05c9ab87]: (4, 'qcow2') {{(pid=79593) _call_back /opt/stack/data/venv/lib/python3.10/site-packages/oslo_privsep/daemon.py:515}}
Feb 16 09:19:29 devstack sudo[79626]: pam_unix(sudo:session): session opened for user root(uid=0) by (uid=1000)
Feb 16 09:19:29 devstack cinder-volume[78747]: DEBUG oslo_concurrency.processutils [None req-3a89ee66-04ad-4107-9c14-79fbc8ae1d1a tempest-GroupSnapshotsV319Test-1339804269 None] Running cmd (subprocess): /opt/stack/data/venv/bin/python3.10 -m oslo_concurrency.prlimit --as=1073741824 --cpu=60 -- sudo cinder-rootwrap /etc/cinder/rootwrap.conf env LC_ALL=C qemu-img info -f qcow2 --output=json --force-share /opt/stack/data/cinder/mnt/ece5c5779faa59487812b232c3832418/volume-5fbc8cb8-41b9-41aa-8399-6f8721c1bf92 {{(pid=78747) execute /opt/stack/data/venv/lib/python3.10/site-packages/oslo_concurrency/processutils.py:368}}
Feb 16 09:19:30 devstack sudo[79628]: quobyte : PWD=/ ; USER=root ; COMMAND=/opt/stack/data/venv/bin/cinder-rootwrap /etc/cinder/rootwrap.conf env LC_ALL=C qemu-img info -f qcow2 --output=json --force-share /opt/stack/data/cinder/mnt/ece5c5779faa59487812b232c3832418/volume-5fbc8cb8-41b9-41aa-8399-6f8721c1bf92
Feb 16 09:19:30 devstack sudo[79628]: pam_unix(sudo:session): session opened for user root(uid=0) by (uid=1000)
Feb 16 09:19:30 devstack sudo[79626]: pam_unix(sudo:session): session closed for user root
Feb 16 09:19:30 devstack cinder-volume[78747]: DEBUG oslo_concurrency.processutils [None req-622078e2-da82-432f-99e6-2a4d97fc0b83 None None] CMD "sudo cinder-rootwrap /etc/cinder/rootwrap.conf df --portability --block-size 1 /opt/stack/data/cinder/mnt/ece5c5779faa59487812b232c3832418" returned: 0 in 0.821s {{(pid=78747) execute /opt/stack/data/venv/lib/python3.10/site-packages/oslo_concurrency/processutils.py:396}}
Feb 16 09:19:30 devstack cinder-volume[78747]: DEBUG cinder.manager [None req-622078e2-da82-432f-99e6-2a4d97fc0b83 None None] Notifying Schedulers of capabilities ... {{(pid=78747) _publish_service_capabilities /opt/stack/cinder/cinder/manager.py:202}}
Feb 16 09:19:30 devstack sudo[79628]: pam_unix(sudo:session): session closed for user root
Feb 16 09:19:30 devstack cinder-volume[78747]: DEBUG oslo_concurrency.processutils [None req-3a89ee66-04ad-4107-9c14-79fbc8ae1d1a tempest-GroupSnapshotsV319Test-1339804269 None] CMD "/opt/stack/data/venv/bin/python3.10 -m oslo_concurrency.prlimit --as=1073741824 --cpu=60 -- sudo cinder-rootwrap /etc/cinder/rootwrap.conf env LC_ALL=C qemu-img info -f qcow2 --output=json --force-share /opt/stack/data/cinder/mnt/ece5c5779faa59487812b232c3832418/volume-5fbc8cb8-41b9-41aa-8399-6f8721c1bf92" returned: 0 in 1.054s {{(pid=78747) execute /opt/stack/data/venv/lib/python3.10/site-packages/oslo_concurrency/processutils.py:396}}
Feb 16 09:19:30 devstack cinder-volume[78747]: DEBUG oslo_concurrency.processutils [None req-3a89ee66-04ad-4107-9c14-79fbc8ae1d1a tempest-GroupSnapshotsV319Test-1339804269 None] Running cmd (subprocess): sudo cinder-rootwrap /etc/cinder/rootwrap.conf qemu-img create -f qcow2 -o backing_file=/opt/stack/data/cinder/mnt/ece5c5779faa59487812b232c3832418/volume-5fbc8cb8-41b9-41aa-8399-6f8721c1bf92,backing_fmt=qcow2 /opt/stack/data/cinder/mnt/ece5c5779faa59487812b232c3832418/volume-5fbc8cb8-41b9-41aa-8399-6f8721c1bf92.2008b760-5eee-40e5-a6a2-a5207abf191c 1G {{(pid=78747) execute /opt/stack/data/venv/lib/python3.10/site-packages/oslo_concurrency/processutils.py:368}}
Feb 16 09:19:31 devstack cinder-volume[78747]: WARNING cinder.volume.volume_utils [None req-275974bb-5439-4202-9e07-7f6d019d46b0 tempest-SnapshotsActionsTest-358490913 None] Volume driver (QuobyteDriver 1.1.14) is currently unsupported and may be removed in the next release of OpenStack. Use at your own risk.
Feb 16 09:19:31 devstack cinder-volume[78747]: DEBUG oslo_concurrency.lockutils [None req-275974bb-5439-4202-9e07-7f6d019d46b0 tempest-SnapshotsActionsTest-358490913 None] Acquiring lock "quobyte" by "cinder.volume.drivers.quobyte.QuobyteDriver.create_snapshot" {{(pid=78747) inner /opt/stack/data/venv/lib/python3.10/site-packages/oslo_concurrency/lockutils.py:506}}
Feb 16 09:19:31 devstack sudo[79671]: quobyte : PWD=/ ; USER=root ; COMMAND=/opt/stack/data/venv/bin/cinder-rootwrap /etc/cinder/rootwrap.conf qemu-img create -f qcow2 -o backing_file=/opt/stack/data/cinder/mnt/ece5c5779faa59487812b232c3832418/volume-5fbc8cb8-41b9-41aa-8399-6f8721c1bf92,backing_fmt=qcow2 /opt/stack/data/cinder/mnt/ece5c5779faa59487812b232c3832418/volume-5fbc8cb8-41b9-41aa-8399-6f8721c1bf92.2008b760-5eee-40e5-a6a2-a5207abf191c 1G
Feb 16 09:19:31 devstack sudo[79671]: pam_unix(sudo:session): session opened for user root(uid=0) by (uid=1000)
Feb 16 09:19:31 devstack sudo[79671]: pam_unix(sudo:session): session closed for user root
Feb 16 09:19:31 devstack cinder-volume[78747]: DEBUG oslo_concurrency.processutils [None req-3a89ee66-04ad-4107-9c14-79fbc8ae1d1a tempest-GroupSnapshotsV319Test-1339804269 None] CMD "sudo cinder-rootwrap /etc/cinder/rootwrap.conf qemu-img create -f qcow2 -o backing_file=/opt/stack/data/cinder/mnt/ece5c5779faa59487812b232c3832418/volume-5fbc8cb8-41b9-41aa-8399-6f8721c1bf92,backing_fmt=qcow2 /opt/stack/data/cinder/mnt/ece5c5779faa59487812b232c3832418/volume-5fbc8cb8-41b9-41aa-8399-6f8721c1bf92.2008b760-5eee-40e5-a6a2-a5207abf191c 1G" returned: 0 in 0.717s {{(pid=78747) execute /opt/stack/data/venv/lib/python3.10/site-packages/oslo_concurrency/processutils.py:396}}
Feb 16 09:19:31 devstack cinder-volume[78747]: DEBUG oslo_concurrency.processutils [None req-3a89ee66-04ad-4107-9c14-79fbc8ae1d1a tempest-GroupSnapshotsV319Test-1339804269 None] Running cmd (subprocess): sudo cinder-rootwrap /etc/cinder/rootwrap.conf qemu-img rebase -u -b volume-5fbc8cb8-41b9-41aa-8399-6f8721c1bf92 -F qcow2 /opt/stack/data/cinder/mnt/ece5c5779faa59487812b232c3832418/volume-5fbc8cb8-41b9-41aa-8399-6f8721c1bf92.2008b760-5eee-40e5-a6a2-a5207abf191c {{(pid=78747) execute /opt/stack/data/venv/lib/python3.10/site-packages/oslo_concurrency/processutils.py:368}}
Feb 16 09:19:31 devstack sudo[79677]: quobyte : PWD=/ ; USER=root ; COMMAND=/opt/stack/data/venv/bin/cinder-rootwrap /etc/cinder/rootwrap.conf qemu-img rebase -u -b volume-5fbc8cb8-41b9-41aa-8399-6f8721c1bf92 -F qcow2 /opt/stack/data/cinder/mnt/ece5c5779faa59487812b232c3832418/volume-5fbc8cb8-41b9-41aa-8399-6f8721c1bf92.2008b760-5eee-40e5-a6a2-a5207abf191c
Feb 16 09:19:31 devstack sudo[79677]: pam_unix(sudo:session): session opened for user root(uid=0) by (uid=1000)
Feb 16 09:19:32 devstack sudo[79677]: pam_unix(sudo:session): session closed for user root
Feb 16 09:19:32 devstack cinder-volume[78747]: DEBUG oslo_concurrency.processutils [None req-3a89ee66-04ad-4107-9c14-79fbc8ae1d1a tempest-GroupSnapshotsV319Test-1339804269 None] CMD "sudo cinder-rootwrap /etc/cinder/rootwrap.conf qemu-img rebase -u -b volume-5fbc8cb8-41b9-41aa-8399-6f8721c1bf92 -F qcow2 /opt/stack/data/cinder/mnt/ece5c5779faa59487812b232c3832418/volume-5fbc8cb8-41b9-41aa-8399-6f8721c1bf92.2008b760-5eee-40e5-a6a2-a5207abf191c" returned: 0 in 0.459s {{(pid=78747) execute /opt/stack/data/venv/lib/python3.10/site-packages/oslo_concurrency/processutils.py:396}}
Feb 16 09:19:32 devstack cinder-volume[78747]: WARNING cinder.volume.drivers.remotefs [None req-3a89ee66-04ad-4107-9c14-79fbc8ae1d1a tempest-GroupSnapshotsV319Test-1339804269 None] /opt/stack/data/cinder/mnt/ece5c5779faa59487812b232c3832418/volume-5fbc8cb8-41b9-41aa-8399-6f8721c1bf92.2008b760-5eee-40e5-a6a2-a5207abf191c is being set with open permissions: ugo+rw: NotImplementedError
Feb 16 09:19:32 devstack cinder-volume[78747]: DEBUG oslo_concurrency.processutils [None req-3a89ee66-04ad-4107-9c14-79fbc8ae1d1a tempest-GroupSnapshotsV319Test-1339804269 None] Running cmd (subprocess): sudo cinder-rootwrap /etc/cinder/rootwrap.conf chmod ugo+rw /opt/stack/data/cinder/mnt/ece5c5779faa59487812b232c3832418/volume-5fbc8cb8-41b9-41aa-8399-6f8721c1bf92.2008b760-5eee-40e5-a6a2-a5207abf191c {{(pid=78747) execute /opt/stack/data/venv/lib/python3.10/site-packages/oslo_concurrency/processutils.py:368}}
Feb 16 09:19:32 devstack sudo[79682]: quobyte : PWD=/ ; USER=root ; COMMAND=/opt/stack/data/venv/bin/cinder-rootwrap /etc/cinder/rootwrap.conf chmod ugo+rw /opt/stack/data/cinder/mnt/ece5c5779faa59487812b232c3832418/volume-5fbc8cb8-41b9-41aa-8399-6f8721c1bf92.2008b760-5eee-40e5-a6a2-a5207abf191c
Feb 16 09:19:32 devstack sudo[79682]: pam_unix(sudo:session): session opened for user root(uid=0) by (uid=1000)
Feb 16 09:19:32 devstack sudo[79682]: pam_unix(sudo:session): session closed for user root
Feb 16 09:19:32 devstack cinder-volume[78747]: DEBUG oslo_concurrency.processutils [None req-3a89ee66-04ad-4107-9c14-79fbc8ae1d1a tempest-GroupSnapshotsV319Test-1339804269 None] CMD "sudo cinder-rootwrap /etc/cinder/rootwrap.conf chmod ugo+rw /opt/stack/data/cinder/mnt/ece5c5779faa59487812b232c3832418/volume-5fbc8cb8-41b9-41aa-8399-6f8721c1bf92.2008b760-5eee-40e5-a6a2-a5207abf191c" returned: 0 in 0.498s {{(pid=78747) execute /opt/stack/data/venv/lib/python3.10/site-packages/oslo_concurrency/processutils.py:396}}
Feb 16 09:19:32 devstack cinder-volume[78747]: DEBUG oslo_concurrency.processutils [None req-3a89ee66-04ad-4107-9c14-79fbc8ae1d1a tempest-GroupSnapshotsV319Test-1339804269 None] Running cmd (subprocess): sudo cinder-rootwrap /etc/cinder/rootwrap.conf truncate -s0 /opt/stack/data/cinder/mnt/ece5c5779faa59487812b232c3832418/volume-5fbc8cb8-41b9-41aa-8399-6f8721c1bf92.info {{(pid=78747) execute /opt/stack/data/venv/lib/python3.10/site-packages/oslo_concurrency/processutils.py:368}}
Feb 16 09:19:32 devstack sudo[79686]: quobyte : PWD=/ ; USER=root ; COMMAND=/opt/stack/data/venv/bin/cinder-rootwrap /etc/cinder/rootwrap.conf truncate -s0 /opt/stack/data/cinder/mnt/ece5c5779faa59487812b232c3832418/volume-5fbc8cb8-41b9-41aa-8399-6f8721c1bf92.info
Feb 16 09:19:32 devstack sudo[79686]: pam_unix(sudo:session): session opened for user root(uid=0) by (uid=1000)
Feb 16 09:19:33 devstack sudo[79686]: pam_unix(sudo:session): session closed for user root
Feb 16 09:19:33 devstack cinder-volume[78747]: DEBUG oslo_concurrency.processutils [None req-3a89ee66-04ad-4107-9c14-79fbc8ae1d1a tempest-GroupSnapshotsV319Test-1339804269 None] CMD "sudo cinder-rootwrap /etc/cinder/rootwrap.conf truncate -s0 /opt/stack/data/cinder/mnt/ece5c5779faa59487812b232c3832418/volume-5fbc8cb8-41b9-41aa-8399-6f8721c1bf92.info" returned: 0 in 0.602s {{(pid=78747) execute /opt/stack/data/venv/lib/python3.10/site-packages/oslo_concurrency/processutils.py:396}}
Feb 16 09:19:33 devstack cinder-volume[78747]: WARNING cinder.volume.drivers.remotefs [None req-3a89ee66-04ad-4107-9c14-79fbc8ae1d1a tempest-GroupSnapshotsV319Test-1339804269 None] /opt/stack/data/cinder/mnt/ece5c5779faa59487812b232c3832418/volume-5fbc8cb8-41b9-41aa-8399-6f8721c1bf92.info is being set with open permissions: ugo+rw: NotImplementedError
Feb 16 09:19:33 devstack cinder-volume[78747]: DEBUG oslo_concurrency.processutils [None req-3a89ee66-04ad-4107-9c14-79fbc8ae1d1a tempest-GroupSnapshotsV319Test-1339804269 None] Running cmd (subprocess): sudo cinder-rootwrap /etc/cinder/rootwrap.conf chmod ugo+rw /opt/stack/data/cinder/mnt/ece5c5779faa59487812b232c3832418/volume-5fbc8cb8-41b9-41aa-8399-6f8721c1bf92.info {{(pid=78747) execute /opt/stack/data/venv/lib/python3.10/site-packages/oslo_concurrency/processutils.py:368}}
Feb 16 09:19:33 devstack sudo[79689]: quobyte : PWD=/ ; USER=root ; COMMAND=/opt/stack/data/venv/bin/cinder-rootwrap /etc/cinder/rootwrap.conf chmod ugo+rw /opt/stack/data/cinder/mnt/ece5c5779faa59487812b232c3832418/volume-5fbc8cb8-41b9-41aa-8399-6f8721c1bf92.info
Feb 16 09:19:33 devstack sudo[79689]: pam_unix(sudo:session): session opened for user root(uid=0) by (uid=1000)
Feb 16 09:19:33 devstack sudo[79689]: pam_unix(sudo:session): session closed for user root
Feb 16 09:19:33 devstack cinder-volume[78747]: DEBUG oslo_concurrency.processutils [None req-3a89ee66-04ad-4107-9c14-79fbc8ae1d1a tempest-GroupSnapshotsV319Test-1339804269 None] CMD "sudo cinder-rootwrap /etc/cinder/rootwrap.conf chmod ugo+rw /opt/stack/data/cinder/mnt/ece5c5779faa59487812b232c3832418/volume-5fbc8cb8-41b9-41aa-8399-6f8721c1bf92.info" returned: 0 in 0.419s {{(pid=78747) execute /opt/stack/data/venv/lib/python3.10/site-packages/oslo_concurrency/processutils.py:396}}
Feb 16 09:19:33 devstack cinder-volume[78747]: DEBUG oslo_concurrency.lockutils [None req-3a89ee66-04ad-4107-9c14-79fbc8ae1d1a tempest-GroupSnapshotsV319Test-1339804269 None] Lock "quobyte" "released" by "cinder.volume.drivers.quobyte.QuobyteDriver.create_snapshot" :: held 3.880s {{(pid=78747) inner /opt/stack/data/venv/lib/python3.10/site-packages/oslo_concurrency/lockutils.py:538}}
Feb 16 09:19:33 devstack cinder-volume[78747]: DEBUG oslo_concurrency.lockutils [None req-275974bb-5439-4202-9e07-7f6d019d46b0 tempest-SnapshotsActionsTest-358490913 None] Lock "quobyte" acquired by "cinder.volume.drivers.quobyte.QuobyteDriver.create_snapshot" :: waited 2.677s {{(pid=78747) inner /opt/stack/data/venv/lib/python3.10/site-packages/oslo_concurrency/lockutils.py:519}}
Feb 16 09:19:33 devstack cinder-volume[78747]: DEBUG cinder.volume.drivers.remotefs [None req-275974bb-5439-4202-9e07-7f6d019d46b0 tempest-SnapshotsActionsTest-358490913 None] Creating offline snapshot 118a8e84-0a67-415e-ad5e-32f1785c21cd of volume 2cd10419-f47e-47c4-af63-f8bc21d656d7 {{(pid=78747) _create_snapshot /opt/stack/cinder/cinder/volume/drivers/remotefs.py:1815}}
Feb 16 09:19:33 devstack cinder-volume[78747]: DEBUG oslo.privsep.daemon [-] privsep: reply[ccc9dc8d-a41b-41e7-a13b-14d589147752]: (4, 'qcow2') {{(pid=79593) _call_back /opt/stack/data/venv/lib/python3.10/site-packages/oslo_privsep/daemon.py:515}}
Feb 16 09:19:33 devstack cinder-volume[78747]: DEBUG oslo_concurrency.processutils [None req-275974bb-5439-4202-9e07-7f6d019d46b0 tempest-SnapshotsActionsTest-358490913 None] Running cmd (subprocess): /opt/stack/data/venv/bin/python3.10 -m oslo_concurrency.prlimit --as=1073741824 --cpu=60 -- sudo cinder-rootwrap /etc/cinder/rootwrap.conf env LC_ALL=C qemu-img info -f qcow2 --output=json --force-share /opt/stack/data/cinder/mnt/ece5c5779faa59487812b232c3832418/volume-2cd10419-f47e-47c4-af63-f8bc21d656d7.86a0d6f1-1000-425f-a0b1-d94fa2fefd29 {{(pid=78747) execute /opt/stack/data/venv/lib/python3.10/site-packages/oslo_concurrency/processutils.py:368}}
Feb 16 09:19:33 devstack cinder-volume[78747]: INFO cinder.volume.manager [None req-3a89ee66-04ad-4107-9c14-79fbc8ae1d1a tempest-GroupSnapshotsV319Test-1339804269 None] group_snapshot c3c597fe-95ea-4148-b2c1-a0e77de30a18: created successfully
Feb 16 09:19:33 devstack sudo[79696]: quobyte : PWD=/ ; USER=root ; COMMAND=/opt/stack/data/venv/bin/cinder-rootwrap /etc/cinder/rootwrap.conf env LC_ALL=C qemu-img info -f qcow2 --output=json --force-share /opt/stack/data/cinder/mnt/ece5c5779faa59487812b232c3832418/volume-2cd10419-f47e-47c4-af63-f8bc21d656d7.86a0d6f1-1000-425f-a0b1-d94fa2fefd29
Feb 16 09:19:33 devstack sudo[79696]: pam_unix(sudo:session): session opened for user root(uid=0) by (uid=1000)
Feb 16 09:19:34 devstack sudo[79696]: pam_unix(sudo:session): session closed for user root
Feb 16 09:19:34 devstack cinder-volume[78747]: DEBUG oslo_concurrency.processutils [None req-275974bb-5439-4202-9e07-7f6d019d46b0 tempest-SnapshotsActionsTest-358490913 None] CMD "/opt/stack/data/venv/bin/python3.10 -m oslo_concurrency.prlimit --as=1073741824 --cpu=60 -- sudo cinder-rootwrap /etc/cinder/rootwrap.conf env LC_ALL=C qemu-img info -f qcow2 --output=json --force-share /opt/stack/data/cinder/mnt/ece5c5779faa59487812b232c3832418/volume-2cd10419-f47e-47c4-af63-f8bc21d656d7.86a0d6f1-1000-425f-a0b1-d94fa2fefd29" returned: 0 in 0.789s {{(pid=78747) execute /opt/stack/data/venv/lib/python3.10/site-packages/oslo_concurrency/processutils.py:396}}
Feb 16 09:19:34 devstack cinder-volume[78747]: DEBUG cinder.volume.drivers.remotefs [None req-275974bb-5439-4202-9e07-7f6d019d46b0 tempest-SnapshotsActionsTest-358490913 None] Fetching qemu-img info with special backing_file_template: (/opt/stack/data/cinder/mnt/[0-9a-f]+/)?(volume-2cd10419-f47e-47c4-af63-f8bc21d656d7(.(tmp-snap-)?[0-9a-f-]+)?|volume_from_snapshot_cache/(tmp-snap-)?[0-9a-f-]+(.(child-|parent-)[0-9a-f-]+)?)$ {{(pid=78747) _qemu_img_info_base /opt/stack/cinder/cinder/volume/drivers/remotefs.py:896}}
