Apr 17 15:56:29 devstack cinder-volume[82001]: DEBUG cinder.volume.manager [None req-c3d8bc63-5bd4-4ae2-868d-ae61441e9e16 tempest-AbsoluteLimitsTests-426693545 None] Flow 'volume_create_manager' (cd3c5ca9-0709-46c7-90ed-f461b0a757e7) transitioned into state 'RUNNING' from state 'PENDING' {{(pid=82001) _flow_receiver /opt/stack/data/venv/lib/python3.10/site-packages/taskflow/listeners/logging.py:145}}
Apr 17 15:56:29 devstack cinder-volume[82001]: DEBUG cinder.volume.manager [None req-c3d8bc63-5bd4-4ae2-868d-ae61441e9e16 tempest-AbsoluteLimitsTests-426693545 None] Task 'cinder.volume.flows.manager.create_volume.ExtractVolumeRefTask;volume:create' (7806eb78-a0b6-48bd-a0d7-7eba32b13146) transitioned into state 'RUNNING' from state 'PENDING' {{(pid=82001) _task_receiver /opt/stack/data/venv/lib/python3.10/site-packages/taskflow/listeners/logging.py:194}}
Apr 17 15:56:29 devstack cinder-volume[82001]: DEBUG cinder.volume.manager [None req-c3d8bc63-5bd4-4ae2-868d-ae61441e9e16 tempest-AbsoluteLimitsTests-426693545 None] Task 'cinder.volume.flows.manager.create_volume.ExtractVolumeRefTask;volume:create' (7806eb78-a0b6-48bd-a0d7-7eba32b13146) transitioned into state 'SUCCESS' from state 'RUNNING' with result 'Volume(_name_id=None,admin_metadata=,attach_status='detached',availability_zone='nova',bootable=False,cluster=,cluster_name=None,consistencygroup=,consistencygroup_id=None,created_at=2026-04-17T13:56:30Z,deleted=False,deleted_at=None,display_description=None,display_name='tempest-AbsoluteLimitsTests-Volume-260933927',ec2_id=None,encryption_key_id=None,glance_metadata=,group=,group_id=None,host='devstack@QuobyteHD#QuobyteHD',id=5158c1f1-8501-4e36-a977-873b3cf3486f,launched_at=None,metadata={},migration_status=None,multiattach=False,previous_status=None,project_id='0db4279198b3431abcd472f5d6288de1',provider_auth=None,provider_geometry=None,provider_id=None,provider_location=None,replication_driver_data=None,replication_extended_status=None,replication_status=None,scheduled_at=2026-04-17T13:56:30Z,service_uuid=None,shared_targets=True,size=1,snapshot_id=None,snapshots=,source_volid=None,status='creating',terminated_at=None,updated_at=2026-04-17T13:56:30Z,use_quota=True,user_id='c05615207daf4db08f2f5384f0ec3603',volume_attachment=VolumeAttachmentList,volume_type=VolumeType(6906ad70-41e0-47d3-9238-68d4033ad65a),volume_type_id=6906ad70-41e0-47d3-9238-68d4033ad65a)' {{(pid=82001) _task_receiver /opt/stack/data/venv/lib/python3.10/site-packages/taskflow/listeners/logging.py:182}}
Apr 17 15:56:29 devstack cinder-volume[82001]: DEBUG cinder.volume.manager [None req-c3d8bc63-5bd4-4ae2-868d-ae61441e9e16 tempest-AbsoluteLimitsTests-426693545 None] Task 'cinder.volume.flows.manager.create_volume.OnFailureRescheduleTask;volume:create' (71ebc92f-61c5-43ba-a7f3-af5554ad38b0) transitioned into state 'RUNNING' from state 'PENDING' {{(pid=82001) _task_receiver /opt/stack/data/venv/lib/python3.10/site-packages/taskflow/listeners/logging.py:194}}
Apr 17 15:56:29 devstack cinder-volume[82001]: DEBUG cinder.volume.manager [None req-c3d8bc63-5bd4-4ae2-868d-ae61441e9e16 tempest-AbsoluteLimitsTests-426693545 None] Task 'cinder.volume.flows.manager.create_volume.OnFailureRescheduleTask;volume:create' (71ebc92f-61c5-43ba-a7f3-af5554ad38b0) transitioned into state 'SUCCESS' from state 'RUNNING' with result 'None' {{(pid=82001) _task_receiver /opt/stack/data/venv/lib/python3.10/site-packages/taskflow/listeners/logging.py:182}}
Apr 17 15:56:29 devstack cinder-volume[82001]: DEBUG cinder.volume.manager [None req-c3d8bc63-5bd4-4ae2-868d-ae61441e9e16 tempest-AbsoluteLimitsTests-426693545 None] Task 'cinder.volume.flows.manager.create_volume.ExtractVolumeSpecTask;volume:create' (cef7b1b7-04dc-4237-856d-a98dd17cf637) transitioned into state 'RUNNING' from state 'PENDING' {{(pid=82001) _task_receiver /opt/stack/data/venv/lib/python3.10/site-packages/taskflow/listeners/logging.py:194}}
Apr 17 15:56:29 devstack cinder-volume[82001]: DEBUG cinder.volume.manager [None req-c3d8bc63-5bd4-4ae2-868d-ae61441e9e16 tempest-AbsoluteLimitsTests-426693545 None] Task 'cinder.volume.flows.manager.create_volume.ExtractVolumeSpecTask;volume:create' (cef7b1b7-04dc-4237-856d-a98dd17cf637) transitioned into state 'SUCCESS' from state 'RUNNING' with result '{'status': 'creating', 'type': 'raw', 'volume_id': '5158c1f1-8501-4e36-a977-873b3cf3486f', 'volume_name': 'volume-5158c1f1-8501-4e36-a977-873b3cf3486f', 'volume_size': 1}' {{(pid=82001) _task_receiver /opt/stack/data/venv/lib/python3.10/site-packages/taskflow/listeners/logging.py:182}}
Apr 17 15:56:29 devstack cinder-volume[82001]: DEBUG cinder.volume.manager [None req-c3d8bc63-5bd4-4ae2-868d-ae61441e9e16 tempest-AbsoluteLimitsTests-426693545 None] Task 'cinder.volume.flows.manager.create_volume.NotifyVolumeActionTask;volume:create, create.start' (cb9b35d4-e532-4802-a632-f4d5926a73cf) transitioned into state 'RUNNING' from state 'PENDING' {{(pid=82001) _task_receiver /opt/stack/data/venv/lib/python3.10/site-packages/taskflow/listeners/logging.py:194}}
Apr 17 15:56:29 devstack cinder-volume[82001]: DEBUG cinder.volume.manager [None req-c3d8bc63-5bd4-4ae2-868d-ae61441e9e16 tempest-AbsoluteLimitsTests-426693545 None] Task 'cinder.volume.flows.manager.create_volume.NotifyVolumeActionTask;volume:create, create.start' (cb9b35d4-e532-4802-a632-f4d5926a73cf) transitioned into state 'SUCCESS' from state 'RUNNING' with result 'None' {{(pid=82001) _task_receiver /opt/stack/data/venv/lib/python3.10/site-packages/taskflow/listeners/logging.py:182}}
Apr 17 15:56:29 devstack cinder-volume[82001]: DEBUG cinder.volume.manager [None req-c3d8bc63-5bd4-4ae2-868d-ae61441e9e16 tempest-AbsoluteLimitsTests-426693545 None] Task 'cinder.volume.flows.manager.create_volume.CreateVolumeFromSpecTask;volume:create' (e02453fd-9396-4843-99d0-c2da72aff606) transitioned into state 'RUNNING' from state 'PENDING' {{(pid=82001) _task_receiver /opt/stack/data/venv/lib/python3.10/site-packages/taskflow/listeners/logging.py:194}}
Apr 17 15:56:29 devstack cinder-volume[82001]: INFO cinder.volume.flows.manager.create_volume [None req-c3d8bc63-5bd4-4ae2-868d-ae61441e9e16 tempest-AbsoluteLimitsTests-426693545 None] Volume 5158c1f1-8501-4e36-a977-873b3cf3486f: being created as raw with specification: {'status': 'creating', 'volume_name': 'volume-5158c1f1-8501-4e36-a977-873b3cf3486f', 'volume_size': 1}
Apr 17 15:56:29 devstack cinder-volume[82001]: DEBUG oslo_concurrency.lockutils [None req-c3d8bc63-5bd4-4ae2-868d-ae61441e9e16 tempest-AbsoluteLimitsTests-426693545 None] Acquiring lock "quobyte" by "cinder.volume.drivers.quobyte.QuobyteDriver.create_volume" {{(pid=82001) inner /opt/stack/data/venv/lib/python3.10/site-packages/oslo_concurrency/lockutils.py:506}}
Apr 17 15:56:30 devstack sudo[86484]: pam_unix(sudo:session): session closed for user root
Apr 17 15:56:30 devstack cinder-volume[82001]: DEBUG oslo_concurrency.processutils [None req-ac64d0b7-ef6a-4287-8591-748312d5d007 tempest-GroupSnapshotsTest-565753546 None] CMD "sudo cinder-rootwrap /etc/cinder/rootwrap.conf chmod ugo+rw /opt/stack/data/cinder/mnt/06eaf3711956653f765d6b8d25f3458f/volume-7c31ae7f-b522-43a6-bfba-5ae99c145548.18d49a88-91c4-4258-8e7a-bd3c18bf7f38" returned: 0 in 0.534s {{(pid=82001) execute /opt/stack/data/venv/lib/python3.10/site-packages/oslo_concurrency/processutils.py:468}}
Apr 17 15:56:30 devstack cinder-volume[82001]: DEBUG oslo_concurrency.processutils [None req-ac64d0b7-ef6a-4287-8591-748312d5d007 tempest-GroupSnapshotsTest-565753546 None] Running cmd (subprocess): sudo cinder-rootwrap /etc/cinder/rootwrap.conf truncate -s0 /opt/stack/data/cinder/mnt/06eaf3711956653f765d6b8d25f3458f/volume-7c31ae7f-b522-43a6-bfba-5ae99c145548.info {{(pid=82001) execute /opt/stack/data/venv/lib/python3.10/site-packages/oslo_concurrency/processutils.py:440}}
Apr 17 15:56:30 devstack sudo[86489]: quobyte : PWD=/ ; USER=root ; COMMAND=/opt/stack/data/venv/bin/cinder-rootwrap /etc/cinder/rootwrap.conf truncate -s0 /opt/stack/data/cinder/mnt/06eaf3711956653f765d6b8d25f3458f/volume-7c31ae7f-b522-43a6-bfba-5ae99c145548.info
Apr 17 15:56:30 devstack sudo[86489]: pam_unix(sudo:session): session opened for user root(uid=0) by (uid=1000)
Apr 17 15:56:30 devstack sudo[86489]: pam_unix(sudo:session): session closed for user root
Apr 17 15:56:30 devstack cinder-volume[82001]: DEBUG oslo_concurrency.processutils [None req-ac64d0b7-ef6a-4287-8591-748312d5d007 tempest-GroupSnapshotsTest-565753546 None] CMD "sudo cinder-rootwrap /etc/cinder/rootwrap.conf truncate -s0 /opt/stack/data/cinder/mnt/06eaf3711956653f765d6b8d25f3458f/volume-7c31ae7f-b522-43a6-bfba-5ae99c145548.info" returned: 0 in 0.541s {{(pid=82001) execute /opt/stack/data/venv/lib/python3.10/site-packages/oslo_concurrency/processutils.py:468}}
Apr 17 15:56:30 devstack cinder-volume[82001]: WARNING cinder.volume.drivers.remotefs [None req-ac64d0b7-ef6a-4287-8591-748312d5d007 tempest-GroupSnapshotsTest-565753546 None] /opt/stack/data/cinder/mnt/06eaf3711956653f765d6b8d25f3458f/volume-7c31ae7f-b522-43a6-bfba-5ae99c145548.info is being set with open permissions: ugo+rw: NotImplementedError
Apr 17 15:56:30 devstack cinder-volume[82001]: DEBUG oslo_concurrency.processutils [None req-ac64d0b7-ef6a-4287-8591-748312d5d007 tempest-GroupSnapshotsTest-565753546 None] Running cmd (subprocess): sudo cinder-rootwrap /etc/cinder/rootwrap.conf chmod ugo+rw /opt/stack/data/cinder/mnt/06eaf3711956653f765d6b8d25f3458f/volume-7c31ae7f-b522-43a6-bfba-5ae99c145548.info {{(pid=82001) execute /opt/stack/data/venv/lib/python3.10/site-packages/oslo_concurrency/processutils.py:440}}
Apr 17 15:56:30 devstack sudo[86492]: quobyte : PWD=/ ; USER=root ; COMMAND=/opt/stack/data/venv/bin/cinder-rootwrap /etc/cinder/rootwrap.conf chmod ugo+rw /opt/stack/data/cinder/mnt/06eaf3711956653f765d6b8d25f3458f/volume-7c31ae7f-b522-43a6-bfba-5ae99c145548.info
Apr 17 15:56:30 devstack sudo[86492]: pam_unix(sudo:session): session opened for user root(uid=0) by (uid=1000)
Apr 17 15:56:31 devstack sudo[86492]: pam_unix(sudo:session): session closed for user root
Apr 17 15:56:31 devstack cinder-volume[82001]: DEBUG oslo_concurrency.processutils [None req-ac64d0b7-ef6a-4287-8591-748312d5d007 tempest-GroupSnapshotsTest-565753546 None] CMD "sudo cinder-rootwrap /etc/cinder/rootwrap.conf chmod ugo+rw /opt/stack/data/cinder/mnt/06eaf3711956653f765d6b8d25f3458f/volume-7c31ae7f-b522-43a6-bfba-5ae99c145548.info" returned: 0 in 0.475s {{(pid=82001) execute /opt/stack/data/venv/lib/python3.10/site-packages/oslo_concurrency/processutils.py:468}}
Apr 17 15:56:31 devstack cinder-volume[82001]: DEBUG oslo_concurrency.lockutils [None req-ac64d0b7-ef6a-4287-8591-748312d5d007 tempest-GroupSnapshotsTest-565753546 None] Lock "quobyte" "released" by "cinder.volume.drivers.quobyte.QuobyteDriver.create_snapshot" :: held 3.537s {{(pid=82001) inner /opt/stack/data/venv/lib/python3.10/site-packages/oslo_concurrency/lockutils.py:538}}
Apr 17 15:56:31 devstack cinder-volume[82001]: DEBUG oslo_concurrency.lockutils [None req-ac64d0b7-ef6a-4287-8591-748312d5d007 tempest-GroupSnapshotsTest-565753546 None] Acquiring lock "quobyte" by "cinder.volume.drivers.quobyte.QuobyteDriver.create_snapshot" {{(pid=82001) inner /opt/stack/data/venv/lib/python3.10/site-packages/oslo_concurrency/lockutils.py:506}}
Apr 17 15:56:31 devstack cinder-volume[82001]: DEBUG oslo_concurrency.lockutils [None req-ac64d0b7-ef6a-4287-8591-748312d5d007 tempest-GroupSnapshotsTest-565753546 None] Lock "quobyte" acquired by "cinder.volume.drivers.quobyte.QuobyteDriver.create_snapshot" :: waited 0.000s {{(pid=82001) inner /opt/stack/data/venv/lib/python3.10/site-packages/oslo_concurrency/lockutils.py:519}}
Apr 17 15:56:31 devstack cinder-volume[82001]: DEBUG cinder.volume.drivers.remotefs [None req-ac64d0b7-ef6a-4287-8591-748312d5d007 tempest-GroupSnapshotsTest-565753546 None] Creating offline snapshot 9dfcd9f1-b9b7-4237-98e8-8c95a0e7026c of volume 57403531-3b78-4fc5-a373-4f2800259c3c {{(pid=82001) _create_snapshot /opt/stack/cinder/cinder/volume/drivers/remotefs.py:1816}}
Apr 17 15:56:31 devstack cinder-volume[82001]: DEBUG oslo.privsep.daemon [-] privsep: reply[958be02b-9408-4002-a41e-80a7c1c8423e]: (4, 'qcow2') {{(pid=82880) _call_back /opt/stack/data/venv/lib/python3.10/site-packages/oslo_privsep/daemon.py:573}}
Apr 17 15:56:31 devstack cinder-volume[82001]: DEBUG oslo_concurrency.processutils [None req-ac64d0b7-ef6a-4287-8591-748312d5d007 tempest-GroupSnapshotsTest-565753546 None] Running cmd (subprocess): /opt/stack/data/venv/bin/python3.10 -m oslo_concurrency.prlimit --as=1073741824 --cpu=60 -- sudo cinder-rootwrap /etc/cinder/rootwrap.conf env LC_ALL=C qemu-img info -f qcow2 --output=json --force-share /opt/stack/data/cinder/mnt/06eaf3711956653f765d6b8d25f3458f/volume-57403531-3b78-4fc5-a373-4f2800259c3c {{(pid=82001) execute /opt/stack/data/venv/lib/python3.10/site-packages/oslo_concurrency/processutils.py:440}}
Apr 17 15:56:31 devstack sudo[86495]: quobyte : PWD=/ ; USER=root ; COMMAND=/opt/stack/data/venv/bin/cinder-rootwrap /etc/cinder/rootwrap.conf env LC_ALL=C qemu-img info -f qcow2 --output=json --force-share /opt/stack/data/cinder/mnt/06eaf3711956653f765d6b8d25f3458f/volume-57403531-3b78-4fc5-a373-4f2800259c3c
Apr 17 15:56:31 devstack sudo[86495]: pam_unix(sudo:session): session opened for user root(uid=0) by (uid=1000)
Apr 17 15:56:32 devstack sudo[86495]: pam_unix(sudo:session): session closed for user root
Apr 17 15:56:32 devstack cinder-volume[82001]: DEBUG oslo_concurrency.processutils [None req-ac64d0b7-ef6a-4287-8591-748312d5d007 tempest-GroupSnapshotsTest-565753546 None] CMD "/opt/stack/data/venv/bin/python3.10 -m oslo_concurrency.prlimit --as=1073741824 --cpu=60 -- sudo cinder-rootwrap /etc/cinder/rootwrap.conf env LC_ALL=C qemu-img info -f qcow2 --output=json --force-share /opt/stack/data/cinder/mnt/06eaf3711956653f765d6b8d25f3458f/volume-57403531-3b78-4fc5-a373-4f2800259c3c" returned: 0 in 0.611s {{(pid=82001) execute /opt/stack/data/venv/lib/python3.10/site-packages/oslo_concurrency/processutils.py:468}}
Apr 17 15:56:32 devstack cinder-volume[82001]: DEBUG oslo_concurrency.processutils [None req-ac64d0b7-ef6a-4287-8591-748312d5d007 tempest-GroupSnapshotsTest-565753546 None] Running cmd (subprocess): sudo cinder-rootwrap /etc/cinder/rootwrap.conf qemu-img create -f qcow2 -o backing_file=/opt/stack/data/cinder/mnt/06eaf3711956653f765d6b8d25f3458f/volume-57403531-3b78-4fc5-a373-4f2800259c3c,backing_fmt=qcow2 /opt/stack/data/cinder/mnt/06eaf3711956653f765d6b8d25f3458f/volume-57403531-3b78-4fc5-a373-4f2800259c3c.9dfcd9f1-b9b7-4237-98e8-8c95a0e7026c 1G {{(pid=82001) execute /opt/stack/data/venv/lib/python3.10/site-packages/oslo_concurrency/processutils.py:440}}
Apr 17 15:56:32 devstack sudo[86500]: quobyte : PWD=/ ; USER=root ; COMMAND=/opt/stack/data/venv/bin/cinder-rootwrap /etc/cinder/rootwrap.conf qemu-img create -f qcow2 -o backing_file=/opt/stack/data/cinder/mnt/06eaf3711956653f765d6b8d25f3458f/volume-57403531-3b78-4fc5-a373-4f2800259c3c,backing_fmt=qcow2 /opt/stack/data/cinder/mnt/06eaf3711956653f765d6b8d25f3458f/volume-57403531-3b78-4fc5-a373-4f2800259c3c.9dfcd9f1-b9b7-4237-98e8-8c95a0e7026c 1G
Apr 17 15:56:32 devstack sudo[86500]: pam_unix(sudo:session): session opened for user root(uid=0) by (uid=1000)
Apr 17 15:56:32 devstack sudo[86500]: pam_unix(sudo:session): session closed for user root
Apr 17 15:56:32 devstack cinder-volume[82001]: DEBUG oslo_concurrency.processutils [None req-ac64d0b7-ef6a-4287-8591-748312d5d007 tempest-GroupSnapshotsTest-565753546 None] CMD "sudo cinder-rootwrap /etc/cinder/rootwrap.conf qemu-img create -f qcow2 -o backing_file=/opt/stack/data/cinder/mnt/06eaf3711956653f765d6b8d25f3458f/volume-57403531-3b78-4fc5-a373-4f2800259c3c,backing_fmt=qcow2 /opt/stack/data/cinder/mnt/06eaf3711956653f765d6b8d25f3458f/volume-57403531-3b78-4fc5-a373-4f2800259c3c.9dfcd9f1-b9b7-4237-98e8-8c95a0e7026c 1G" returned: 0 in 0.589s {{(pid=82001) execute /opt/stack/data/venv/lib/python3.10/site-packages/oslo_concurrency/processutils.py:468}}
Apr 17 15:56:32 devstack cinder-volume[82001]: DEBUG oslo_concurrency.processutils [None req-ac64d0b7-ef6a-4287-8591-748312d5d007 tempest-GroupSnapshotsTest-565753546 None] Running cmd (subprocess): sudo cinder-rootwrap /etc/cinder/rootwrap.conf qemu-img rebase -u -b volume-57403531-3b78-4fc5-a373-4f2800259c3c -F qcow2 /opt/stack/data/cinder/mnt/06eaf3711956653f765d6b8d25f3458f/volume-57403531-3b78-4fc5-a373-4f2800259c3c.9dfcd9f1-b9b7-4237-98e8-8c95a0e7026c {{(pid=82001) execute /opt/stack/data/venv/lib/python3.10/site-packages/oslo_concurrency/processutils.py:440}}
Apr 17 15:56:32 devstack sudo[86505]: quobyte : PWD=/ ; USER=root ; COMMAND=/opt/stack/data/venv/bin/cinder-rootwrap /etc/cinder/rootwrap.conf qemu-img rebase -u -b volume-57403531-3b78-4fc5-a373-4f2800259c3c -F qcow2 /opt/stack/data/cinder/mnt/06eaf3711956653f765d6b8d25f3458f/volume-57403531-3b78-4fc5-a373-4f2800259c3c.9dfcd9f1-b9b7-4237-98e8-8c95a0e7026c
Apr 17 15:56:32 devstack sudo[86505]: pam_unix(sudo:session): session opened for user root(uid=0) by (uid=1000)
Apr 17 15:56:33 devstack sudo[86505]: pam_unix(sudo:session): session closed for user root
Apr 17 15:56:33 devstack cinder-volume[82001]: DEBUG oslo_concurrency.processutils [None req-ac64d0b7-ef6a-4287-8591-748312d5d007 tempest-GroupSnapshotsTest-565753546 None] CMD "sudo cinder-rootwrap /etc/cinder/rootwrap.conf qemu-img rebase -u -b volume-57403531-3b78-4fc5-a373-4f2800259c3c -F qcow2 /opt/stack/data/cinder/mnt/06eaf3711956653f765d6b8d25f3458f/volume-57403531-3b78-4fc5-a373-4f2800259c3c.9dfcd9f1-b9b7-4237-98e8-8c95a0e7026c" returned: 0 in 0.477s {{(pid=82001) execute /opt/stack/data/venv/lib/python3.10/site-packages/oslo_concurrency/processutils.py:468}}
Apr 17 15:56:33 devstack cinder-volume[82001]: WARNING cinder.volume.drivers.remotefs [None req-ac64d0b7-ef6a-4287-8591-748312d5d007 tempest-GroupSnapshotsTest-565753546 None] /opt/stack/data/cinder/mnt/06eaf3711956653f765d6b8d25f3458f/volume-57403531-3b78-4fc5-a373-4f2800259c3c.9dfcd9f1-b9b7-4237-98e8-8c95a0e7026c is being set with open permissions: ugo+rw: NotImplementedError
Apr 17 15:56:33 devstack cinder-volume[82001]: DEBUG oslo_concurrency.processutils [None req-ac64d0b7-ef6a-4287-8591-748312d5d007 tempest-GroupSnapshotsTest-565753546 None] Running cmd (subprocess): sudo cinder-rootwrap /etc/cinder/rootwrap.conf chmod ugo+rw /opt/stack/data/cinder/mnt/06eaf3711956653f765d6b8d25f3458f/volume-57403531-3b78-4fc5-a373-4f2800259c3c.9dfcd9f1-b9b7-4237-98e8-8c95a0e7026c {{(pid=82001) execute /opt/stack/data/venv/lib/python3.10/site-packages/oslo_concurrency/processutils.py:440}}
Apr 17 15:56:33 devstack sudo[86510]: quobyte : PWD=/ ; USER=root ; COMMAND=/opt/stack/data/venv/bin/cinder-rootwrap /etc/cinder/rootwrap.conf chmod ugo+rw /opt/stack/data/cinder/mnt/06eaf3711956653f765d6b8d25f3458f/volume-57403531-3b78-4fc5-a373-4f2800259c3c.9dfcd9f1-b9b7-4237-98e8-8c95a0e7026c
Apr 17 15:56:33 devstack sudo[86510]: pam_unix(sudo:session): session opened for user root(uid=0) by (uid=1000)
Apr 17 15:56:33 devstack sudo[86510]: pam_unix(sudo:session): session closed for user root
Apr 17 15:56:33 devstack cinder-volume[82001]: DEBUG oslo_concurrency.processutils [None req-ac64d0b7-ef6a-4287-8591-748312d5d007 tempest-GroupSnapshotsTest-565753546 None] CMD "sudo cinder-rootwrap /etc/cinder/rootwrap.conf chmod ugo+rw /opt/stack/data/cinder/mnt/06eaf3711956653f765d6b8d25f3458f/volume-57403531-3b78-4fc5-a373-4f2800259c3c.9dfcd9f1-b9b7-4237-98e8-8c95a0e7026c" returned: 0 in 0.438s {{(pid=82001) execute /opt/stack/data/venv/lib/python3.10/site-packages/oslo_concurrency/processutils.py:468}}
Apr 17 15:56:33 devstack cinder-volume[82001]: DEBUG oslo_concurrency.processutils [None req-ac64d0b7-ef6a-4287-8591-748312d5d007 tempest-GroupSnapshotsTest-565753546 None] Running cmd (subprocess): sudo cinder-rootwrap /etc/cinder/rootwrap.conf truncate -s0 /opt/stack/data/cinder/mnt/06eaf3711956653f765d6b8d25f3458f/volume-57403531-3b78-4fc5-a373-4f2800259c3c.info {{(pid=82001) execute /opt/stack/data/venv/lib/python3.10/site-packages/oslo_concurrency/processutils.py:440}}
Apr 17 15:56:33 devstack sudo[86513]: quobyte : PWD=/ ; USER=root ; COMMAND=/opt/stack/data/venv/bin/cinder-rootwrap /etc/cinder/rootwrap.conf truncate -s0 /opt/stack/data/cinder/mnt/06eaf3711956653f765d6b8d25f3458f/volume-57403531-3b78-4fc5-a373-4f2800259c3c.info
Apr 17 15:56:33 devstack sudo[86513]: pam_unix(sudo:session): session opened for user root(uid=0) by (uid=1000)
Apr 17 15:56:34 devstack sudo[86513]: pam_unix(sudo:session): session closed for user root
Apr 17 15:56:34 devstack cinder-volume[82001]: DEBUG oslo_concurrency.processutils [None req-ac64d0b7-ef6a-4287-8591-748312d5d007 tempest-GroupSnapshotsTest-565753546 None] CMD "sudo cinder-rootwrap /etc/cinder/rootwrap.conf truncate -s0 /opt/stack/data/cinder/mnt/06eaf3711956653f765d6b8d25f3458f/volume-57403531-3b78-4fc5-a373-4f2800259c3c.info" returned: 0 in 0.519s {{(pid=82001) execute /opt/stack/data/venv/lib/python3.10/site-packages/oslo_concurrency/processutils.py:468}}
Apr 17 15:56:34 devstack cinder-volume[82001]: WARNING cinder.volume.drivers.remotefs [None req-ac64d0b7-ef6a-4287-8591-748312d5d007 tempest-GroupSnapshotsTest-565753546 None] /opt/stack/data/cinder/mnt/06eaf3711956653f765d6b8d25f3458f/volume-57403531-3b78-4fc5-a373-4f2800259c3c.info is being set with open permissions: ugo+rw: NotImplementedError
Apr 17 15:56:34 devstack cinder-volume[82001]: DEBUG oslo_concurrency.processutils [None req-ac64d0b7-ef6a-4287-8591-748312d5d007 tempest-GroupSnapshotsTest-565753546 None] Running cmd (subprocess): sudo cinder-rootwrap /etc/cinder/rootwrap.conf chmod ugo+rw /opt/stack/data/cinder/mnt/06eaf3711956653f765d6b8d25f3458f/volume-57403531-3b78-4fc5-a373-4f2800259c3c.info {{(pid=82001) execute /opt/stack/data/venv/lib/python3.10/site-packages/oslo_concurrency/processutils.py:440}}
Apr 17 15:56:34 devstack sudo[86516]: quobyte : PWD=/ ; USER=root ; COMMAND=/opt/stack/data/venv/bin/cinder-rootwrap /etc/cinder/rootwrap.conf chmod ugo+rw /opt/stack/data/cinder/mnt/06eaf3711956653f765d6b8d25f3458f/volume-57403531-3b78-4fc5-a373-4f2800259c3c.info
Apr 17 15:56:34 devstack sudo[86516]: pam_unix(sudo:session): session opened for user root(uid=0) by (uid=1000)
Apr 17 15:56:34 devstack sudo[86516]: pam_unix(sudo:session): session closed for user root
Apr 17 15:56:34 devstack cinder-volume[82001]: DEBUG oslo_concurrency.processutils [None req-ac64d0b7-ef6a-4287-8591-748312d5d007 tempest-GroupSnapshotsTest-565753546 None] CMD "sudo cinder-rootwrap /etc/cinder/rootwrap.conf chmod ugo+rw /opt/stack/data/cinder/mnt/06eaf3711956653f765d6b8d25f3458f/volume-57403531-3b78-4fc5-a373-4f2800259c3c.info" returned: 0 in 0.480s {{(pid=82001) execute /opt/stack/data/venv/lib/python3.10/site-packages/oslo_concurrency/processutils.py:468}}
Apr 17 15:56:34 devstack cinder-volume[82001]: DEBUG oslo_concurrency.lockutils [None req-ac64d0b7-ef6a-4287-8591-748312d5d007 tempest-GroupSnapshotsTest-565753546 None] Lock "quobyte" "released" by "cinder.volume.drivers.quobyte.QuobyteDriver.create_snapshot" :: held 3.175s {{(pid=82001) inner /opt/stack/data/venv/lib/python3.10/site-packages/oslo_concurrency/lockutils.py:538}}
Apr 17 15:56:34 devstack cinder-volume[82001]: DEBUG oslo_concurrency.lockutils [None req-c3d8bc63-5bd4-4ae2-868d-ae61441e9e16 tempest-AbsoluteLimitsTests-426693545 None] Lock "quobyte" acquired by "cinder.volume.drivers.quobyte.QuobyteDriver.create_volume" :: waited 4.631s {{(pid=82001) inner /opt/stack/data/venv/lib/python3.10/site-packages/oslo_concurrency/lockutils.py:519}}
Apr 17 15:56:34 devstack cinder-volume[82001]: DEBUG cinder.volume.drivers.quobyte [None req-c3d8bc63-5bd4-4ae2-868d-ae61441e9e16 tempest-AbsoluteLimitsTests-426693545 None] ==> create_volume: call "{'self': , 'volume': Volume(_name_id=None,admin_metadata=,attach_status='detached',availability_zone='nova',bootable=False,cluster=,cluster_name=None,consistencygroup=,consistencygroup_id=None,created_at=2026-04-17T13:56:30Z,deleted=False,deleted_at=None,display_description=None,display_name='tempest-AbsoluteLimitsTests-Volume-260933927',ec2_id=None,encryption_key_id=None,glance_metadata=,group=,group_id=None,host='devstack@QuobyteHD#QuobyteHD',id=5158c1f1-8501-4e36-a977-873b3cf3486f,launched_at=None,metadata={},migration_status=None,multiattach=False,previous_status=None,project_id='0db4279198b3431abcd472f5d6288de1',provider_auth=None,provider_geometry=None,provider_id=None,provider_location=None,replication_driver_data=None,replication_extended_status=None,replication_status=None,scheduled_at=2026-04-17T13:56:30Z,service_uuid=None,shared_targets=True,size=1,snapshot_id=None,snapshots=,source_volid=None,status='creating',terminated_at=None,updated_at=2026-04-17T13:56:30Z,use_quota=True,user_id='c05615207daf4db08f2f5384f0ec3603',volume_attachment=VolumeAttachmentList,volume_type=VolumeType(6906ad70-41e0-47d3-9238-68d4033ad65a),volume_type_id=6906ad70-41e0-47d3-9238-68d4033ad65a)}" {{(pid=82001) trace_logging_wrapper /opt/stack/cinder/cinder/volume/volume_utils.py:1498}}
Apr 17 15:56:34 devstack cinder-volume[82001]: DEBUG cinder.volume.drivers.remotefs [None req-c3d8bc63-5bd4-4ae2-868d-ae61441e9e16 tempest-AbsoluteLimitsTests-426693545 None] Creating volume 5158c1f1-8501-4e36-a977-873b3cf3486f {{(pid=82001) create_volume /opt/stack/cinder/cinder/volume/drivers/remotefs.py:292}}
Apr 17 15:56:34 devstack cinder-volume[82001]: DEBUG oslo_concurrency.lockutils [None req-c3d8bc63-5bd4-4ae2-868d-ae61441e9e16 tempest-AbsoluteLimitsTests-426693545 None] Acquiring lock "quobyte_ensure" by "cinder.volume.drivers.quobyte.QuobyteDriver._ensure_shares_mounted" {{(pid=82001) inner /opt/stack/data/venv/lib/python3.10/site-packages/oslo_concurrency/lockutils.py:506}}
Apr 17 15:56:34 devstack cinder-volume[82001]: DEBUG oslo_concurrency.lockutils [None req-c3d8bc63-5bd4-4ae2-868d-ae61441e9e16 tempest-AbsoluteLimitsTests-426693545 None] Lock "quobyte_ensure" acquired by "cinder.volume.drivers.quobyte.QuobyteDriver._ensure_shares_mounted" :: waited 0.000s {{(pid=82001) inner /opt/stack/data/venv/lib/python3.10/site-packages/oslo_concurrency/lockutils.py:519}}
Apr 17 15:56:34 devstack cinder-volume[82001]: DEBUG cinder.volume.drivers.quobyte [None req-c3d8bc63-5bd4-4ae2-868d-ae61441e9e16 tempest-AbsoluteLimitsTests-426693545 None] Quobyte Volume URL set to: {'osci02.corp.quobyte.com/cinder-vol-1e532d86-7d3d-4670-9db5-06b19996f2e3': None} {{(pid=82001) _load_shares_config /opt/stack/cinder/cinder/volume/drivers/quobyte.py:617}}
Apr 17 15:56:34 devstack cinder-volume[82001]: DEBUG cinder.volume.drivers.quobyte [None req-c3d8bc63-5bd4-4ae2-868d-ae61441e9e16 tempest-AbsoluteLimitsTests-426693545 None] Available shares ['osci02.corp.quobyte.com/cinder-vol-1e532d86-7d3d-4670-9db5-06b19996f2e3'] {{(pid=82001) _ensure_shares_mounted /opt/stack/cinder/cinder/volume/drivers/quobyte.py:647}}
Apr 17 15:56:34 devstack cinder-volume[82001]: DEBUG oslo_concurrency.lockutils [None req-c3d8bc63-5bd4-4ae2-868d-ae61441e9e16 tempest-AbsoluteLimitsTests-426693545 None] Lock "quobyte_ensure" "released" by "cinder.volume.drivers.quobyte.QuobyteDriver._ensure_shares_mounted" :: held 0.003s {{(pid=82001) inner /opt/stack/data/venv/lib/python3.10/site-packages/oslo_concurrency/lockutils.py:538}}
Apr 17 15:56:34 devstack cinder-volume[82001]: DEBUG cinder.volume.drivers.quobyte [None req-c3d8bc63-5bd4-4ae2-868d-ae61441e9e16 tempest-AbsoluteLimitsTests-426693545 None] Selected osci02.corp.quobyte.com/cinder-vol-1e532d86-7d3d-4670-9db5-06b19996f2e3 as target Quobyte volume. {{(pid=82001) _find_share /opt/stack/cinder/cinder/volume/drivers/quobyte.py:668}}
Apr 17 15:56:34 devstack cinder-volume[82001]: INFO cinder.volume.drivers.remotefs [None req-c3d8bc63-5bd4-4ae2-868d-ae61441e9e16 tempest-AbsoluteLimitsTests-426693545 None] casted to osci02.corp.quobyte.com/cinder-vol-1e532d86-7d3d-4670-9db5-06b19996f2e3
Apr 17 15:56:34 devstack cinder-volume[82001]: DEBUG oslo_concurrency.processutils [None req-c3d8bc63-5bd4-4ae2-868d-ae61441e9e16 tempest-AbsoluteLimitsTests-426693545 None] Running cmd (subprocess): sudo cinder-rootwrap /etc/cinder/rootwrap.conf qemu-img create -f qcow2 -o preallocation=metadata /opt/stack/data/cinder/mnt/06eaf3711956653f765d6b8d25f3458f/volume-5158c1f1-8501-4e36-a977-873b3cf3486f 1073741824 {{(pid=82001) execute /opt/stack/data/venv/lib/python3.10/site-packages/oslo_concurrency/processutils.py:440}}
Apr 17 15:56:34 devstack sudo[86519]: quobyte : PWD=/ ; USER=root ; COMMAND=/opt/stack/data/venv/bin/cinder-rootwrap /etc/cinder/rootwrap.conf qemu-img create -f qcow2 -o preallocation=metadata /opt/stack/data/cinder/mnt/06eaf3711956653f765d6b8d25f3458f/volume-5158c1f1-8501-4e36-a977-873b3cf3486f 1073741824
Apr 17 15:56:34 devstack sudo[86519]: pam_unix(sudo:session): session opened for user root(uid=0) by (uid=1000)
Apr 17 15:56:34 devstack cinder-volume[82001]: INFO cinder.volume.manager [None req-ac64d0b7-ef6a-4287-8591-748312d5d007 tempest-GroupSnapshotsTest-565753546 None] group_snapshot 61c3f850-f1ea-4fb9-bd2f-e949d404d8c0: created successfully
Apr 17 15:56:35 devstack sudo[86519]: pam_unix(sudo:session): session closed for user root
Apr 17 15:56:35 devstack cinder-volume[82001]: DEBUG oslo_concurrency.processutils [None req-c3d8bc63-5bd4-4ae2-868d-ae61441e9e16 tempest-AbsoluteLimitsTests-426693545 None] CMD "sudo cinder-rootwrap /etc/cinder/rootwrap.conf qemu-img create -f qcow2 -o preallocation=metadata /opt/stack/data/cinder/mnt/06eaf3711956653f765d6b8d25f3458f/volume-5158c1f1-8501-4e36-a977-873b3cf3486f 1073741824" returned: 0 in 0.674s {{(pid=82001) execute /opt/stack/data/venv/lib/python3.10/site-packages/oslo_concurrency/processutils.py:468}}
Apr 17 15:56:35 devstack cinder-volume[82001]: DEBUG oslo_concurrency.processutils [None req-c3d8bc63-5bd4-4ae2-868d-ae61441e9e16 tempest-AbsoluteLimitsTests-426693545 None] Running cmd (subprocess): sudo cinder-rootwrap /etc/cinder/rootwrap.conf chmod ugo+rw /opt/stack/data/cinder/mnt/06eaf3711956653f765d6b8d25f3458f/volume-5158c1f1-8501-4e36-a977-873b3cf3486f {{(pid=82001) execute /opt/stack/data/venv/lib/python3.10/site-packages/oslo_concurrency/processutils.py:440}}
Apr 17 15:56:35 devstack cinder-volume[82001]: INFO cinder.volume.manager [None req-8e11ad26-a4f0-475e-80aa-6698d4303b4a tempest-GroupSnapshotsTest-565753546 None] group_snapshot 61c3f850-f1ea-4fb9-bd2f-e949d404d8c0: deleting
Apr 17 15:56:35 devstack sudo[86525]: quobyte : PWD=/ ; USER=root ; COMMAND=/opt/stack/data/venv/bin/cinder-rootwrap /etc/cinder/rootwrap.conf chmod ugo+rw /opt/stack/data/cinder/mnt/06eaf3711956653f765d6b8d25f3458f/volume-5158c1f1-8501-4e36-a977-873b3cf3486f
Apr 17 15:56:35 devstack sudo[86525]: pam_unix(sudo:session): session opened for user root(uid=0) by (uid=1000)
Apr 17 15:56:35 devstack cinder-volume[82001]: DEBUG cinder.volume.manager [None req-8e11ad26-a4f0-475e-80aa-6698d4303b4a tempest-GroupSnapshotsTest-565753546 None] group_snapshot 61c3f850-f1ea-4fb9-bd2f-e949d404d8c0: deleting {{(pid=82001) delete_group_snapshot /opt/stack/cinder/cinder/volume/manager.py:4350}}
Apr 17 15:56:35 devstack cinder-volume[82001]: DEBUG cinder.coordination [None req-8e11ad26-a4f0-475e-80aa-6698d4303b4a tempest-GroupSnapshotsTest-565753546 None] Acquiring lock "cinder-quobyte-7c31ae7f-b522-43a6-bfba-5ae99c145548" by "delete_snapshot" {{(pid=82001) __acquire /opt/stack/cinder/cinder/coordination.py:138}}
Apr 17 15:56:35 devstack cinder-volume[82001]: DEBUG cinder.coordination [None req-8e11ad26-a4f0-475e-80aa-6698d4303b4a tempest-GroupSnapshotsTest-565753546 None] Lock "cinder-quobyte-7c31ae7f-b522-43a6-bfba-5ae99c145548" acquired by "delete_snapshot" :: waited 0.013s {{(pid=82001) __acquire /opt/stack/cinder/cinder/coordination.py:141}}
Apr 17 15:56:35 devstack cinder-volume[82001]: DEBUG cinder.coordination [None req-8e11ad26-a4f0-475e-80aa-6698d4303b4a tempest-GroupSnapshotsTest-565753546 None] Acquiring lock "cinder-quobyte-18d49a88-91c4-4258-8e7a-bd3c18bf7f38" by "_delete_snapshot" {{(pid=82001) __acquire /opt/stack/cinder/cinder/coordination.py:138}}
Apr 17 15:56:35 devstack cinder-volume[82001]: DEBUG cinder.coordination [None req-8e11ad26-a4f0-475e-80aa-6698d4303b4a tempest-GroupSnapshotsTest-565753546 None] Lock "cinder-quobyte-18d49a88-91c4-4258-8e7a-bd3c18bf7f38" acquired by "_delete_snapshot" :: waited 0.009s {{(pid=82001) __acquire /opt/stack/cinder/cinder/coordination.py:141}}
Apr 17 15:56:35 devstack cinder-volume[82001]: DEBUG cinder.volume.drivers.remotefs [None req-8e11ad26-a4f0-475e-80aa-6698d4303b4a tempest-GroupSnapshotsTest-565753546 None] Deleting offline snapshot 18d49a88-91c4-4258-8e7a-bd3c18bf7f38 of volume 7c31ae7f-b522-43a6-bfba-5ae99c145548 {{(pid=82001) _delete_snapshot /opt/stack/cinder/cinder/volume/drivers/remotefs.py:1288}}
Apr 17 15:56:35 devstack cinder-volume[82001]: DEBUG cinder.volume.drivers.remotefs [None req-8e11ad26-a4f0-475e-80aa-6698d4303b4a tempest-GroupSnapshotsTest-565753546 None] snapshot_file for this snap is: volume-7c31ae7f-b522-43a6-bfba-5ae99c145548.18d49a88-91c4-4258-8e7a-bd3c18bf7f38 {{(pid=82001) _delete_snapshot /opt/stack/cinder/cinder/volume/drivers/remotefs.py:1317}}
Apr 17 15:56:35 devstack cinder-volume[82001]: DEBUG oslo.privsep.daemon [-] privsep: reply[3dff6788-7be5-4b3d-821a-5606847e4327]: (4, 'qcow2') {{(pid=82880) _call_back /opt/stack/data/venv/lib/python3.10/site-packages/oslo_privsep/daemon.py:573}}
Apr 17 15:56:35 devstack cinder-volume[82001]: DEBUG oslo_concurrency.processutils [None req-8e11ad26-a4f0-475e-80aa-6698d4303b4a tempest-GroupSnapshotsTest-565753546 None] Running cmd (subprocess): /opt/stack/data/venv/bin/python3.10 -m oslo_concurrency.prlimit --as=1073741824 --cpu=60 -- sudo cinder-rootwrap /etc/cinder/rootwrap.conf env LC_ALL=C qemu-img info -f qcow2 --output=json --force-share /opt/stack/data/cinder/mnt/06eaf3711956653f765d6b8d25f3458f/volume-7c31ae7f-b522-43a6-bfba-5ae99c145548.18d49a88-91c4-4258-8e7a-bd3c18bf7f38 {{(pid=82001) execute /opt/stack/data/venv/lib/python3.10/site-packages/oslo_concurrency/processutils.py:440}}
Apr 17 15:56:35 devstack sudo[86527]: quobyte : PWD=/ ; USER=root ; COMMAND=/opt/stack/data/venv/bin/cinder-rootwrap /etc/cinder/rootwrap.conf env LC_ALL=C qemu-img info -f qcow2 --output=json --force-share /opt/stack/data/cinder/mnt/06eaf3711956653f765d6b8d25f3458f/volume-7c31ae7f-b522-43a6-bfba-5ae99c145548.18d49a88-91c4-4258-8e7a-bd3c18bf7f38
Apr 17 15:56:35 devstack sudo[86527]: pam_unix(sudo:session): session opened for user root(uid=0) by (uid=1000)
Apr 17 15:56:36 devstack sudo[86525]: pam_unix(sudo:session): session closed for user root
Apr 17 15:56:36 devstack cinder-volume[82001]: DEBUG oslo_concurrency.processutils [None req-c3d8bc63-5bd4-4ae2-868d-ae61441e9e16 tempest-AbsoluteLimitsTests-426693545 None] CMD "sudo cinder-rootwrap /etc/cinder/rootwrap.conf chmod ugo+rw /opt/stack/data/cinder/mnt/06eaf3711956653f765d6b8d25f3458f/volume-5158c1f1-8501-4e36-a977-873b3cf3486f" returned: 0 in 0.785s {{(pid=82001) execute /opt/stack/data/venv/lib/python3.10/site-packages/oslo_concurrency/processutils.py:468}}
Apr 17 15:56:36 devstack cinder-volume[82001]: DEBUG cinder.volume.drivers.quobyte [None req-c3d8bc63-5bd4-4ae2-868d-ae61441e9e16 tempest-AbsoluteLimitsTests-426693545 None] <== create_volume: return (1487ms) {'provider_location': 'osci02.corp.quobyte.com/cinder-vol-1e532d86-7d3d-4670-9db5-06b19996f2e3'} {{(pid=82001) trace_logging_wrapper /opt/stack/cinder/cinder/volume/volume_utils.py:1523}}
Apr 17 15:56:36 devstack cinder-volume[82001]: DEBUG oslo_concurrency.lockutils [None req-c3d8bc63-5bd4-4ae2-868d-ae61441e9e16 tempest-AbsoluteLimitsTests-426693545 None] Lock "quobyte" "released" by "cinder.volume.drivers.quobyte.QuobyteDriver.create_volume" :: held 1.489s {{(pid=82001) inner /opt/stack/data/venv/lib/python3.10/site-packages/oslo_concurrency/lockutils.py:538}}
Apr 17 15:56:36 devstack cinder-volume[82001]: DEBUG cinder.volume.manager [None req-c3d8bc63-5bd4-4ae2-868d-ae61441e9e16 tempest-AbsoluteLimitsTests-426693545 None] Task 'cinder.volume.flows.manager.create_volume.CreateVolumeFromSpecTask;volume:create' (e02453fd-9396-4843-99d0-c2da72aff606) transitioned into state 'SUCCESS' from state 'RUNNING' with result '{'status': 'creating', 'volume_name': 'volume-5158c1f1-8501-4e36-a977-873b3cf3486f', 'volume_size': 1}' {{(pid=82001) _task_receiver /opt/stack/data/venv/lib/python3.10/site-packages/taskflow/listeners/logging.py:182}}
Apr 17 15:56:36 devstack cinder-volume[82001]: DEBUG cinder.volume.manager [None req-c3d8bc63-5bd4-4ae2-868d-ae61441e9e16 tempest-AbsoluteLimitsTests-426693545 None] Task 'cinder.volume.flows.manager.create_volume.CreateVolumeOnFinishTask;volume:create, create.end' (933f7df3-8e48-470a-9d6b-fab07aa42ad9) transitioned into state 'RUNNING' from state 'PENDING' {{(pid=82001) _task_receiver /opt/stack/data/venv/lib/python3.10/site-packages/taskflow/listeners/logging.py:194}}
Apr 17 15:56:36 devstack cinder-volume[82001]: INFO cinder.volume.flows.manager.create_volume [None req-c3d8bc63-5bd4-4ae2-868d-ae61441e9e16 tempest-AbsoluteLimitsTests-426693545 None] Volume volume-5158c1f1-8501-4e36-a977-873b3cf3486f (5158c1f1-8501-4e36-a977-873b3cf3486f): created successfully
Apr 17 15:56:36 devstack cinder-volume[82001]: DEBUG cinder.volume.manager [None req-c3d8bc63-5bd4-4ae2-868d-ae61441e9e16 tempest-AbsoluteLimitsTests-426693545 None] Task 'cinder.volume.flows.manager.create_volume.CreateVolumeOnFinishTask;volume:create, create.end' (933f7df3-8e48-470a-9d6b-fab07aa42ad9) transitioned into state 'SUCCESS' from state 'RUNNING' with result 'None' {{(pid=82001) _task_receiver /opt/stack/data/venv/lib/python3.10/site-packages/taskflow/listeners/logging.py:182}}
Apr 17 15:56:36 devstack cinder-volume[82001]: DEBUG cinder.volume.manager [None req-c3d8bc63-5bd4-4ae2-868d-ae61441e9e16 tempest-AbsoluteLimitsTests-426693545 None] Flow 'volume_create_manager' (cd3c5ca9-0709-46c7-90ed-f461b0a757e7) transitioned into state 'SUCCESS' from state 'RUNNING' {{(pid=82001) _flow_receiver /opt/stack/data/venv/lib/python3.10/site-packages/taskflow/listeners/logging.py:145}}
Apr 17 15:56:36 devstack cinder-volume[82001]: INFO cinder.volume.manager [None req-c3d8bc63-5bd4-4ae2-868d-ae61441e9e16 tempest-AbsoluteLimitsTests-426693545 None] Created volume successfully.
Apr 17 15:56:36 devstack sudo[86527]: pam_unix(sudo:session): session closed for user root
Apr 17 15:56:36 devstack cinder-volume[82001]: DEBUG oslo_concurrency.processutils [None req-8e11ad26-a4f0-475e-80aa-6698d4303b4a tempest-GroupSnapshotsTest-565753546 None] CMD "/opt/stack/data/venv/bin/python3.10 -m oslo_concurrency.prlimit --as=1073741824 --cpu=60 -- sudo cinder-rootwrap /etc/cinder/rootwrap.conf env LC_ALL=C qemu-img info -f qcow2 --output=json --force-share /opt/stack/data/cinder/mnt/06eaf3711956653f765d6b8d25f3458f/volume-7c31ae7f-b522-43a6-bfba-5ae99c145548.18d49a88-91c4-4258-8e7a-bd3c18bf7f38" returned: 0 in 0.829s {{(pid=82001) execute /opt/stack/data/venv/lib/python3.10/site-packages/oslo_concurrency/processutils.py:468}}
Apr 17 15:56:36 devstack cinder-volume[82001]: DEBUG cinder.volume.drivers.remotefs [None req-8e11ad26-a4f0-475e-80aa-6698d4303b4a tempest-GroupSnapshotsTest-565753546 None] Fetching qemu-img info with special backing_file_template: (/opt/stack/data/cinder/mnt/[0-9a-f]+/)?(volume-7c31ae7f-b522-43a6-bfba-5ae99c145548(.(tmp-snap-)?[0-9a-f-]+)?|volume_from_snapshot_cache/(tmp-snap-)?[0-9a-f-]+(.(child-|parent-)[0-9a-f-]+)?)$ {{(pid=82001) _qemu_img_info_base /opt/stack/cinder/cinder/volume/drivers/remotefs.py:896}}
Apr 17 15:56:36 devstack cinder-volume[82001]: DEBUG oslo.privsep.daemon [-] privsep: reply[1f701bc8-7022-4452-a15d-c4ea9f7298a4]: (4, 'qcow2') {{(pid=82880) _call_back /opt/stack/data/venv/lib/python3.10/site-packages/oslo_privsep/daemon.py:573}}
Apr 17 15:56:36 devstack cinder-volume[82001]: DEBUG oslo_concurrency.processutils [None req-8e11ad26-a4f0-475e-80aa-6698d4303b4a tempest-GroupSnapshotsTest-565753546 None] Running cmd (subprocess): /opt/stack/data/venv/bin/python3.10 -m oslo_concurrency.prlimit --as=1073741824 --cpu=60 -- sudo cinder-rootwrap /etc/cinder/rootwrap.conf env LC_ALL=C qemu-img info -f qcow2 --output=json --force-share /opt/stack/data/cinder/mnt/06eaf3711956653f765d6b8d25f3458f/volume-7c31ae7f-b522-43a6-bfba-5ae99c145548 {{(pid=82001) execute /opt/stack/data/venv/lib/python3.10/site-packages/oslo_concurrency/processutils.py:440}}
Apr 17 15:56:36 devstack cinder-volume[82001]: DEBUG cinder.coordination [None req-14a8a009-4538-4552-97c9-b5c85ee8083c tempest-AbsoluteLimitsTests-426693545 None] Acquiring lock "cinder-5158c1f1-8501-4e36-a977-873b3cf3486f-delete_volume" by "delete_volume" {{(pid=82001) __acquire /opt/stack/cinder/cinder/coordination.py:138}}
Apr 17 15:56:36 devstack cinder-volume[82001]: DEBUG cinder.coordination [None req-14a8a009-4538-4552-97c9-b5c85ee8083c tempest-AbsoluteLimitsTests-426693545 None] Lock "cinder-5158c1f1-8501-4e36-a977-873b3cf3486f-delete_volume" acquired by "delete_volume" :: waited 0.029s {{(pid=82001) __acquire /opt/stack/cinder/cinder/coordination.py:141}}
Apr 17 15:56:36 devstack sudo[86548]: quobyte : PWD=/ ; USER=root ; COMMAND=/opt/stack/data/venv/bin/cinder-rootwrap /etc/cinder/rootwrap.conf env LC_ALL=C qemu-img info -f qcow2 --output=json --force-share /opt/stack/data/cinder/mnt/06eaf3711956653f765d6b8d25f3458f/volume-7c31ae7f-b522-43a6-bfba-5ae99c145548
Apr 17 15:56:36 devstack sudo[86548]: pam_unix(sudo:session): session opened for user root(uid=0) by (uid=1000)
Apr 17 15:56:36 devstack cinder-volume[82001]: DEBUG cinder.coordination [None req-14a8a009-4538-4552-97c9-b5c85ee8083c tempest-AbsoluteLimitsTests-426693545 None] Acquiring lock "cinder-quobyte-5158c1f1-8501-4e36-a977-873b3cf3486f" by "delete_volume" {{(pid=82001) __acquire /opt/stack/cinder/cinder/coordination.py:138}}
Apr 17 15:56:36 devstack cinder-volume[82001]: DEBUG cinder.coordination [None req-14a8a009-4538-4552-97c9-b5c85ee8083c tempest-AbsoluteLimitsTests-426693545 None] Lock "cinder-quobyte-5158c1f1-8501-4e36-a977-873b3cf3486f" acquired by "delete_volume" :: waited 0.008s {{(pid=82001) __acquire /opt/stack/cinder/cinder/coordination.py:141}}
Apr 17 15:56:36 devstack cinder-volume[82001]: DEBUG oslo.privsep.daemon [-] privsep: reply[4ba67920-ec95-441b-963d-c4f4ecaa3624]: (4, 'qcow2') {{(pid=82880) _call_back /opt/stack/data/venv/lib/python3.10/site-packages/oslo_privsep/daemon.py:573}}
Apr 17 15:56:36 devstack cinder-volume[82001]: DEBUG oslo_concurrency.processutils [None req-14a8a009-4538-4552-97c9-b5c85ee8083c tempest-AbsoluteLimitsTests-426693545 None] Running cmd (subprocess): /opt/stack/data/venv/bin/python3.10 -m oslo_concurrency.prlimit --as=1073741824 --cpu=60 -- sudo cinder-rootwrap /etc/cinder/rootwrap.conf env LC_ALL=C qemu-img info -f qcow2 --output=json --force-share /opt/stack/data/cinder/mnt/06eaf3711956653f765d6b8d25f3458f/volume-5158c1f1-8501-4e36-a977-873b3cf3486f {{(pid=82001) execute /opt/stack/data/venv/lib/python3.10/site-packages/oslo_concurrency/processutils.py:440}}
Apr 17 15:56:36 devstack sudo[86550]: quobyte : PWD=/ ; USER=root ; COMMAND=/opt/stack/data/venv/bin/cinder-rootwrap /etc/cinder/rootwrap.conf env LC_ALL=C qemu-img info -f qcow2 --output=json --force-share /opt/stack/data/cinder/mnt/06eaf3711956653f765d6b8d25f3458f/volume-5158c1f1-8501-4e36-a977-873b3cf3486f
Apr 17 15:56:36 devstack sudo[86550]: pam_unix(sudo:session): session opened for user root(uid=0) by (uid=1000)
Apr 17 15:56:37 devstack sudo[86548]: pam_unix(sudo:session): session closed for user root
Apr 17 15:56:37 devstack cinder-volume[82001]: DEBUG oslo_concurrency.processutils [None req-8e11ad26-a4f0-475e-80aa-6698d4303b4a tempest-GroupSnapshotsTest-565753546 None] CMD "/opt/stack/data/venv/bin/python3.10 -m oslo_concurrency.prlimit --as=1073741824 --cpu=60 -- sudo cinder-rootwrap /etc/cinder/rootwrap.conf env LC_ALL=C qemu-img info -f qcow2 --output=json --force-share /opt/stack/data/cinder/mnt/06eaf3711956653f765d6b8d25f3458f/volume-7c31ae7f-b522-43a6-bfba-5ae99c145548" returned: 0 in 0.683s {{(pid=82001) execute /opt/stack/data/venv/lib/python3.10/site-packages/oslo_concurrency/processutils.py:468}}
Apr 17 15:56:37 devstack cinder-volume[82001]: DEBUG oslo_concurrency.processutils [None req-8e11ad26-a4f0-475e-80aa-6698d4303b4a tempest-GroupSnapshotsTest-565753546 None] Running cmd (subprocess): sudo cinder-rootwrap /etc/cinder/rootwrap.conf qemu-img commit -d /opt/stack/data/cinder/mnt/06eaf3711956653f765d6b8d25f3458f/volume-7c31ae7f-b522-43a6-bfba-5ae99c145548.18d49a88-91c4-4258-8e7a-bd3c18bf7f38 {{(pid=82001) execute /opt/stack/data/venv/lib/python3.10/site-packages/oslo_concurrency/processutils.py:440}}
Apr 17 15:56:37 devstack sudo[86559]: quobyte : PWD=/ ; USER=root ; COMMAND=/opt/stack/data/venv/bin/cinder-rootwrap /etc/cinder/rootwrap.conf qemu-img commit -d /opt/stack/data/cinder/mnt/06eaf3711956653f765d6b8d25f3458f/volume-7c31ae7f-b522-43a6-bfba-5ae99c145548.18d49a88-91c4-4258-8e7a-bd3c18bf7f38
Apr 17 15:56:37 devstack sudo[86559]: pam_unix(sudo:session): session opened for user root(uid=0) by (uid=1000)
Apr 17 15:56:37 devstack sudo[86550]: pam_unix(sudo:session): session closed for user root
Apr 17 15:56:37 devstack cinder-volume[82001]: DEBUG oslo_concurrency.processutils [None req-14a8a009-4538-4552-97c9-b5c85ee8083c tempest-AbsoluteLimitsTests-426693545 None] CMD "/opt/stack/data/venv/bin/python3.10 -m oslo_concurrency.prlimit --as=1073741824 --cpu=60 -- sudo cinder-rootwrap /etc/cinder/rootwrap.conf env LC_ALL=C qemu-img info -f qcow2 --output=json --force-share /opt/stack/data/cinder/mnt/06eaf3711956653f765d6b8d25f3458f/volume-5158c1f1-8501-4e36-a977-873b3cf3486f" returned: 0 in 0.554s {{(pid=82001) execute /opt/stack/data/venv/lib/python3.10/site-packages/oslo_concurrency/processutils.py:468}}
Apr 17 15:56:37 devstack cinder-volume[82001]: DEBUG oslo_concurrency.processutils [None req-14a8a009-4538-4552-97c9-b5c85ee8083c tempest-AbsoluteLimitsTests-426693545 None] Running cmd (subprocess): sudo cinder-rootwrap /etc/cinder/rootwrap.conf rm -f /opt/stack/data/cinder/mnt/06eaf3711956653f765d6b8d25f3458f/volume-5158c1f1-8501-4e36-a977-873b3cf3486f {{(pid=82001) execute /opt/stack/data/venv/lib/python3.10/site-packages/oslo_concurrency/processutils.py:440}}
Apr 17 15:56:37 devstack sudo[86561]: quobyte : PWD=/ ; USER=root ; COMMAND=/opt/stack/data/venv/bin/cinder-rootwrap /etc/cinder/rootwrap.conf rm -f /opt/stack/data/cinder/mnt/06eaf3711956653f765d6b8d25f3458f/volume-5158c1f1-8501-4e36-a977-873b3cf3486f
Apr 17 15:56:37 devstack sudo[86561]: pam_unix(sudo:session): session opened for user root(uid=0) by (uid=1000)
Apr 17 15:56:37 devstack sudo[86559]: pam_unix(sudo:session): session closed for user root
Apr 17 15:56:37 devstack cinder-volume[82001]: DEBUG oslo_concurrency.processutils [None req-8e11ad26-a4f0-475e-80aa-6698d4303b4a tempest-GroupSnapshotsTest-565753546 None] CMD "sudo cinder-rootwrap /etc/cinder/rootwrap.conf qemu-img commit -d /opt/stack/data/cinder/mnt/06eaf3711956653f765d6b8d25f3458f/volume-7c31ae7f-b522-43a6-bfba-5ae99c145548.18d49a88-91c4-4258-8e7a-bd3c18bf7f38" returned: 0 in 0.662s {{(pid=82001) execute /opt/stack/data/venv/lib/python3.10/site-packages/oslo_concurrency/processutils.py:468}}
Apr 17 15:56:37 devstack cinder-volume[82001]: DEBUG oslo_concurrency.processutils [None req-8e11ad26-a4f0-475e-80aa-6698d4303b4a tempest-GroupSnapshotsTest-565753546 None] Running cmd (subprocess): sudo cinder-rootwrap /etc/cinder/rootwrap.conf rm -f /opt/stack/data/cinder/mnt/06eaf3711956653f765d6b8d25f3458f/volume-7c31ae7f-b522-43a6-bfba-5ae99c145548.18d49a88-91c4-4258-8e7a-bd3c18bf7f38 {{(pid=82001) execute /opt/stack/data/venv/lib/python3.10/site-packages/oslo_concurrency/processutils.py:440}}
Apr 17 15:56:37 devstack sudo[86566]: quobyte : PWD=/ ; USER=root ; COMMAND=/opt/stack/data/venv/bin/cinder-rootwrap /etc/cinder/rootwrap.conf rm -f /opt/stack/data/cinder/mnt/06eaf3711956653f765d6b8d25f3458f/volume-7c31ae7f-b522-43a6-bfba-5ae99c145548.18d49a88-91c4-4258-8e7a-bd3c18bf7f38
Apr 17 15:56:37 devstack sudo[86566]: pam_unix(sudo:session): session opened for user root(uid=0) by (uid=1000)
Apr 17 15:56:37 devstack sudo[86561]: pam_unix(sudo:session): session closed for user root
Apr 17 15:56:37 devstack cinder-volume[82001]: DEBUG oslo_concurrency.processutils [None req-14a8a009-4538-4552-97c9-b5c85ee8083c tempest-AbsoluteLimitsTests-426693545 None] CMD "sudo cinder-rootwrap /etc/cinder/rootwrap.conf rm -f /opt/stack/data/cinder/mnt/06eaf3711956653f765d6b8d25f3458f/volume-5158c1f1-8501-4e36-a977-873b3cf3486f" returned: 0 in 0.760s {{(pid=82001) execute /opt/stack/data/venv/lib/python3.10/site-packages/oslo_concurrency/processutils.py:468}}
Apr 17 15:56:37 devstack cinder-volume[82001]: DEBUG cinder.coordination [None req-14a8a009-4538-4552-97c9-b5c85ee8083c tempest-AbsoluteLimitsTests-426693545 None] Lock "cinder-quobyte-5158c1f1-8501-4e36-a977-873b3cf3486f" released by "delete_volume" :: held 1.348s {{(pid=82001) __release /opt/stack/cinder/cinder/coordination.py:152}}
Apr 17 15:56:37 devstack cinder-volume[82001]: DEBUG cinder.quota [None req-14a8a009-4538-4552-97c9-b5c85ee8083c tempest-AbsoluteLimitsTests-426693545 None] Created reservations ['1875ad82-8c04-4a09-92ff-ed250e087d19', 'a171b98b-a35f-44b6-b333-f5f368fc0aa8', 'df1f8987-390e-494a-80cf-4542e7b82023', '37bec6ab-75c4-476e-ba7f-45237029d766'] {{(pid=82001) reserve /opt/stack/cinder/cinder/quota.py:752}}
Apr 17 15:56:37 devstack cinder-volume[82001]: DEBUG oslo_concurrency.lockutils [None req-14a8a009-4538-4552-97c9-b5c85ee8083c tempest-AbsoluteLimitsTests-426693545 None] Acquiring lock "quobyte_ensure" by "cinder.volume.drivers.quobyte.QuobyteDriver._ensure_shares_mounted" {{(pid=82001) inner /opt/stack/data/venv/lib/python3.10/site-packages/oslo_concurrency/lockutils.py:506}}
