Jan 20 19:41:33 devstack cinder-volume[82528]: DEBUG oslo_concurrency.processutils [None req-4e888246-baa9-4fb9-9966-818432f28598 tempest-SnapshotsActionsTest-1148937159 None] CMD "sudo cinder-rootwrap /etc/cinder/rootwrap.conf qemu-img create -f qcow2 -o backing_file=/opt/stack/data/cinder/mnt/378a1ac90700b59a891162c5f238dead/volume-73ac196e-62a1-48ab-b8cc-1cba9055dd11,backing_fmt=qcow2 /opt/stack/data/cinder/mnt/378a1ac90700b59a891162c5f238dead/volume-73ac196e-62a1-48ab-b8cc-1cba9055dd11.49fe1247-c9f2-402e-a5a4-3f196fab2411 1G" returned: 0 in 0.557s {{(pid=82528) execute /opt/stack/data/venv/lib/python3.10/site-packages/oslo_concurrency/processutils.py:372}}
Jan 20 19:41:33 devstack cinder-volume[82528]: DEBUG oslo_concurrency.processutils [None req-4e888246-baa9-4fb9-9966-818432f28598 tempest-SnapshotsActionsTest-1148937159 None] Running cmd (subprocess): sudo cinder-rootwrap /etc/cinder/rootwrap.conf qemu-img rebase -u -b volume-73ac196e-62a1-48ab-b8cc-1cba9055dd11 -F qcow2 /opt/stack/data/cinder/mnt/378a1ac90700b59a891162c5f238dead/volume-73ac196e-62a1-48ab-b8cc-1cba9055dd11.49fe1247-c9f2-402e-a5a4-3f196fab2411 {{(pid=82528) execute /opt/stack/data/venv/lib/python3.10/site-packages/oslo_concurrency/processutils.py:349}}
Jan 20 19:41:33 devstack sudo[93542]: quobyte : PWD=/ ; USER=root ; COMMAND=/opt/stack/data/venv/bin/cinder-rootwrap /etc/cinder/rootwrap.conf qemu-img rebase -u -b volume-73ac196e-62a1-48ab-b8cc-1cba9055dd11 -F qcow2 /opt/stack/data/cinder/mnt/378a1ac90700b59a891162c5f238dead/volume-73ac196e-62a1-48ab-b8cc-1cba9055dd11.49fe1247-c9f2-402e-a5a4-3f196fab2411
Jan 20 19:41:33 devstack sudo[93542]: pam_unix(sudo:session): session opened for user root(uid=0) by (uid=1000)
Jan 20 19:41:34 devstack sudo[93542]: pam_unix(sudo:session): session closed for user root
Jan 20 19:41:34 devstack cinder-volume[82528]: DEBUG oslo_concurrency.processutils [None req-4e888246-baa9-4fb9-9966-818432f28598 tempest-SnapshotsActionsTest-1148937159 None] CMD "sudo cinder-rootwrap /etc/cinder/rootwrap.conf qemu-img rebase -u -b volume-73ac196e-62a1-48ab-b8cc-1cba9055dd11 -F qcow2 /opt/stack/data/cinder/mnt/378a1ac90700b59a891162c5f238dead/volume-73ac196e-62a1-48ab-b8cc-1cba9055dd11.49fe1247-c9f2-402e-a5a4-3f196fab2411" returned: 0 in 0.689s {{(pid=82528) execute /opt/stack/data/venv/lib/python3.10/site-packages/oslo_concurrency/processutils.py:372}}
Jan 20 19:41:34 devstack cinder-volume[82528]: WARNING cinder.volume.drivers.remotefs [None req-4e888246-baa9-4fb9-9966-818432f28598 tempest-SnapshotsActionsTest-1148937159 None] /opt/stack/data/cinder/mnt/378a1ac90700b59a891162c5f238dead/volume-73ac196e-62a1-48ab-b8cc-1cba9055dd11.49fe1247-c9f2-402e-a5a4-3f196fab2411 is being set with open permissions: ugo+rw
Jan 20 19:41:34 devstack cinder-volume[82528]: DEBUG oslo_concurrency.processutils [None req-4e888246-baa9-4fb9-9966-818432f28598 tempest-SnapshotsActionsTest-1148937159 None] Running cmd (subprocess): sudo cinder-rootwrap /etc/cinder/rootwrap.conf chmod ugo+rw /opt/stack/data/cinder/mnt/378a1ac90700b59a891162c5f238dead/volume-73ac196e-62a1-48ab-b8cc-1cba9055dd11.49fe1247-c9f2-402e-a5a4-3f196fab2411 {{(pid=82528) execute /opt/stack/data/venv/lib/python3.10/site-packages/oslo_concurrency/processutils.py:349}}
Jan 20 19:41:34 devstack sudo[93582]: quobyte : PWD=/ ; USER=root ; COMMAND=/opt/stack/data/venv/bin/cinder-rootwrap /etc/cinder/rootwrap.conf chmod ugo+rw /opt/stack/data/cinder/mnt/378a1ac90700b59a891162c5f238dead/volume-73ac196e-62a1-48ab-b8cc-1cba9055dd11.49fe1247-c9f2-402e-a5a4-3f196fab2411
Jan 20 19:41:34 devstack sudo[93582]: pam_unix(sudo:session): session opened for user root(uid=0) by (uid=1000)
Jan 20 19:41:34 devstack cinder-volume[82528]: DEBUG oslo_service.periodic_task [None req-4031222e-a593-4112-893e-5b4ab3f2df87 None None] Running periodic task VolumeManager.publish_service_capabilities {{(pid=82528) run_periodic_tasks /opt/stack/data/venv/lib/python3.10/site-packages/oslo_service/periodic_task.py:210}}
Jan 20 19:41:34 devstack cinder-volume[82528]: DEBUG oslo_concurrency.lockutils [None req-4031222e-a593-4112-893e-5b4ab3f2df87 None None] Acquiring lock "quobyte_ensure" by "cinder.volume.drivers.quobyte.QuobyteDriver._ensure_shares_mounted" {{(pid=82528) inner /opt/stack/data/venv/lib/python3.10/site-packages/oslo_concurrency/lockutils.py:405}}
Jan 20 19:41:34 devstack cinder-volume[82528]: DEBUG oslo_concurrency.lockutils [None req-4031222e-a593-4112-893e-5b4ab3f2df87 None None] Lock "quobyte_ensure" acquired by "cinder.volume.drivers.quobyte.QuobyteDriver._ensure_shares_mounted" :: waited 0.000s {{(pid=82528) inner /opt/stack/data/venv/lib/python3.10/site-packages/oslo_concurrency/lockutils.py:410}}
Jan 20 19:41:34 devstack cinder-volume[82528]: DEBUG cinder.volume.drivers.quobyte [None req-4031222e-a593-4112-893e-5b4ab3f2df87 None None] Quobyte Volume URL set to: {'osci02.corp.quobyte.com/cinder-vol-0eb95728-b322-4a18-bc02-598cf5bfeb07': None} {{(pid=82528) _load_shares_config /opt/stack/cinder/cinder/volume/drivers/quobyte.py:611}}
Jan 20 19:41:34 devstack cinder-volume[82528]: DEBUG cinder.volume.drivers.quobyte [None req-4031222e-a593-4112-893e-5b4ab3f2df87 None None] Available shares ['osci02.corp.quobyte.com/cinder-vol-0eb95728-b322-4a18-bc02-598cf5bfeb07'] {{(pid=82528) _ensure_shares_mounted /opt/stack/cinder/cinder/volume/drivers/quobyte.py:641}}
Jan 20 19:41:34 devstack cinder-volume[82528]: DEBUG oslo_concurrency.lockutils [None req-4031222e-a593-4112-893e-5b4ab3f2df87 None None] Lock "quobyte_ensure" "released" by "cinder.volume.drivers.quobyte.QuobyteDriver._ensure_shares_mounted" :: held 0.031s {{(pid=82528) inner /opt/stack/data/venv/lib/python3.10/site-packages/oslo_concurrency/lockutils.py:424}}
Jan 20 19:41:34 devstack cinder-volume[82528]: DEBUG oslo_concurrency.processutils [None req-4031222e-a593-4112-893e-5b4ab3f2df87 None None] Running cmd (subprocess): sudo cinder-rootwrap /etc/cinder/rootwrap.conf df --portability --block-size 1 /opt/stack/data/cinder/mnt/378a1ac90700b59a891162c5f238dead {{(pid=82528) execute /opt/stack/data/venv/lib/python3.10/site-packages/oslo_concurrency/processutils.py:349}}
Jan 20 19:41:34 devstack sudo[93591]: quobyte : PWD=/ ; USER=root ; COMMAND=/opt/stack/data/venv/bin/cinder-rootwrap /etc/cinder/rootwrap.conf df --portability --block-size 1 /opt/stack/data/cinder/mnt/378a1ac90700b59a891162c5f238dead
Jan 20 19:41:34 devstack sudo[93591]: pam_unix(sudo:session): session opened for user root(uid=0) by (uid=1000)
Jan 20 19:41:35 devstack sudo[93582]: pam_unix(sudo:session): session closed for user root
Jan 20 19:41:35 devstack cinder-volume[82528]: DEBUG oslo_concurrency.processutils [None req-4e888246-baa9-4fb9-9966-818432f28598 tempest-SnapshotsActionsTest-1148937159 None] CMD "sudo cinder-rootwrap /etc/cinder/rootwrap.conf chmod ugo+rw /opt/stack/data/cinder/mnt/378a1ac90700b59a891162c5f238dead/volume-73ac196e-62a1-48ab-b8cc-1cba9055dd11.49fe1247-c9f2-402e-a5a4-3f196fab2411" returned: 0 in 0.894s {{(pid=82528) execute /opt/stack/data/venv/lib/python3.10/site-packages/oslo_concurrency/processutils.py:372}}
Jan 20 19:41:35 devstack cinder-volume[82528]: DEBUG oslo_concurrency.processutils [None req-4e888246-baa9-4fb9-9966-818432f28598 tempest-SnapshotsActionsTest-1148937159 None] Running cmd (subprocess): sudo cinder-rootwrap /etc/cinder/rootwrap.conf truncate -s0 /opt/stack/data/cinder/mnt/378a1ac90700b59a891162c5f238dead/volume-73ac196e-62a1-48ab-b8cc-1cba9055dd11.info {{(pid=82528) execute /opt/stack/data/venv/lib/python3.10/site-packages/oslo_concurrency/processutils.py:349}}
Jan 20 19:41:35 devstack sudo[93623]: quobyte : PWD=/ ; USER=root ; COMMAND=/opt/stack/data/venv/bin/cinder-rootwrap /etc/cinder/rootwrap.conf truncate -s0 /opt/stack/data/cinder/mnt/378a1ac90700b59a891162c5f238dead/volume-73ac196e-62a1-48ab-b8cc-1cba9055dd11.info
Jan 20 19:41:35 devstack sudo[93623]: pam_unix(sudo:session): session opened for user root(uid=0) by (uid=1000)
Jan 20 19:41:35 devstack cinder-volume[82528]: DEBUG oslo_concurrency.lockutils [req-1de0bb3d-a0d1-4720-89ab-b73b48ccb47c req-96961dc3-1478-4c4c-85a7-bf6106499f0b tempest-AttachVolumeNegativeTest-1122281514 None] Acquiring lock "quobyte" by "cinder.volume.drivers.quobyte.QuobyteDriver.initialize_connection" {{(pid=82528) inner /opt/stack/data/venv/lib/python3.10/site-packages/oslo_concurrency/lockutils.py:405}}
Jan 20 19:41:35 devstack sudo[93591]: pam_unix(sudo:session): session closed for user root
Jan 20 19:41:35 devstack cinder-volume[82528]: DEBUG oslo_concurrency.processutils [None req-4031222e-a593-4112-893e-5b4ab3f2df87 None None] CMD "sudo cinder-rootwrap /etc/cinder/rootwrap.conf df --portability --block-size 1 /opt/stack/data/cinder/mnt/378a1ac90700b59a891162c5f238dead" returned: 0 in 0.830s {{(pid=82528) execute /opt/stack/data/venv/lib/python3.10/site-packages/oslo_concurrency/processutils.py:372}}
Jan 20 19:41:35 devstack cinder-volume[82528]: DEBUG cinder.manager [None req-4031222e-a593-4112-893e-5b4ab3f2df87 None None] Notifying Schedulers of capabilities ... {{(pid=82528) _publish_service_capabilities /opt/stack/cinder/cinder/manager.py:202}}
Jan 20 19:41:36 devstack sudo[93623]: pam_unix(sudo:session): session closed for user root
Jan 20 19:41:36 devstack cinder-volume[82528]: DEBUG oslo_concurrency.processutils [None req-4e888246-baa9-4fb9-9966-818432f28598 tempest-SnapshotsActionsTest-1148937159 None] CMD "sudo cinder-rootwrap /etc/cinder/rootwrap.conf truncate -s0 /opt/stack/data/cinder/mnt/378a1ac90700b59a891162c5f238dead/volume-73ac196e-62a1-48ab-b8cc-1cba9055dd11.info" returned: 0 in 0.521s {{(pid=82528) execute /opt/stack/data/venv/lib/python3.10/site-packages/oslo_concurrency/processutils.py:372}}
Jan 20 19:41:36 devstack cinder-volume[82528]: WARNING cinder.volume.drivers.remotefs [None req-4e888246-baa9-4fb9-9966-818432f28598 tempest-SnapshotsActionsTest-1148937159 None] /opt/stack/data/cinder/mnt/378a1ac90700b59a891162c5f238dead/volume-73ac196e-62a1-48ab-b8cc-1cba9055dd11.info is being set with open permissions: ugo+rw
Jan 20 19:41:36 devstack cinder-volume[82528]: DEBUG oslo_concurrency.processutils [None req-4e888246-baa9-4fb9-9966-818432f28598 tempest-SnapshotsActionsTest-1148937159 None] Running cmd (subprocess): sudo cinder-rootwrap /etc/cinder/rootwrap.conf chmod ugo+rw /opt/stack/data/cinder/mnt/378a1ac90700b59a891162c5f238dead/volume-73ac196e-62a1-48ab-b8cc-1cba9055dd11.info {{(pid=82528) execute /opt/stack/data/venv/lib/python3.10/site-packages/oslo_concurrency/processutils.py:349}}
Jan 20 19:41:36 devstack sudo[93626]: quobyte : PWD=/ ; USER=root ; COMMAND=/opt/stack/data/venv/bin/cinder-rootwrap /etc/cinder/rootwrap.conf chmod ugo+rw /opt/stack/data/cinder/mnt/378a1ac90700b59a891162c5f238dead/volume-73ac196e-62a1-48ab-b8cc-1cba9055dd11.info
Jan 20 19:41:36 devstack sudo[93626]: pam_unix(sudo:session): session opened for user root(uid=0) by (uid=1000)
Jan 20 19:41:36 devstack sudo[93626]: pam_unix(sudo:session): session closed for user root
Jan 20 19:41:36 devstack cinder-volume[82528]: DEBUG oslo_concurrency.processutils [None req-4e888246-baa9-4fb9-9966-818432f28598 tempest-SnapshotsActionsTest-1148937159 None] CMD "sudo cinder-rootwrap /etc/cinder/rootwrap.conf chmod ugo+rw /opt/stack/data/cinder/mnt/378a1ac90700b59a891162c5f238dead/volume-73ac196e-62a1-48ab-b8cc-1cba9055dd11.info" returned: 0 in 0.533s {{(pid=82528) execute /opt/stack/data/venv/lib/python3.10/site-packages/oslo_concurrency/processutils.py:372}}
Jan 20 19:41:36 devstack cinder-volume[82528]: DEBUG oslo_concurrency.lockutils [None req-4e888246-baa9-4fb9-9966-818432f28598 tempest-SnapshotsActionsTest-1148937159 None] Lock "quobyte" "released" by "cinder.volume.drivers.quobyte.QuobyteDriver.create_snapshot" :: held 3.801s {{(pid=82528) inner /opt/stack/data/venv/lib/python3.10/site-packages/oslo_concurrency/lockutils.py:424}}
Jan 20 19:41:36 devstack cinder-volume[82528]: DEBUG oslo_concurrency.lockutils [req-1de0bb3d-a0d1-4720-89ab-b73b48ccb47c req-96961dc3-1478-4c4c-85a7-bf6106499f0b tempest-AttachVolumeNegativeTest-1122281514 None] Lock "quobyte" acquired by "cinder.volume.drivers.quobyte.QuobyteDriver.initialize_connection" :: waited 1.039s {{(pid=82528) inner /opt/stack/data/venv/lib/python3.10/site-packages/oslo_concurrency/lockutils.py:410}}
Jan 20 19:41:36 devstack cinder-volume[82528]: DEBUG oslo.privsep.daemon [-] privsep: reply[4bcdde34-8e54-4d4a-bee1-d40e769f9924]: (4, 'qcow2') {{(pid=83418) _call_back /opt/stack/data/venv/lib/python3.10/site-packages/oslo_privsep/daemon.py:515}}
Jan 20 19:41:36 devstack cinder-volume[82528]: DEBUG oslo_concurrency.processutils [req-1de0bb3d-a0d1-4720-89ab-b73b48ccb47c req-96961dc3-1478-4c4c-85a7-bf6106499f0b tempest-AttachVolumeNegativeTest-1122281514 None] Running cmd (subprocess): /opt/stack/data/venv/bin/python3.10 -m oslo_concurrency.prlimit --as=1073741824 --cpu=60 -- sudo cinder-rootwrap /etc/cinder/rootwrap.conf env LC_ALL=C qemu-img info -f qcow2 --output=json --force-share /opt/stack/data/cinder/mnt/378a1ac90700b59a891162c5f238dead/volume-4fe517bb-c2c2-44ff-ad9a-b2700ff4b277 {{(pid=82528) execute /opt/stack/data/venv/lib/python3.10/site-packages/oslo_concurrency/processutils.py:349}}
Jan 20 19:41:36 devstack cinder-volume[82528]: INFO cinder.volume.manager [None req-4e888246-baa9-4fb9-9966-818432f28598 tempest-SnapshotsActionsTest-1148937159 None] Create snapshot completed successfully
Jan 20 19:41:36 devstack sudo[93629]: quobyte : PWD=/ ; USER=root ; COMMAND=/opt/stack/data/venv/bin/cinder-rootwrap /etc/cinder/rootwrap.conf env LC_ALL=C qemu-img info -f qcow2 --output=json --force-share /opt/stack/data/cinder/mnt/378a1ac90700b59a891162c5f238dead/volume-4fe517bb-c2c2-44ff-ad9a-b2700ff4b277
Jan 20 19:41:36 devstack sudo[93629]: pam_unix(sudo:session): session opened for user root(uid=0) by (uid=1000)
Jan 20 19:41:37 devstack sudo[93629]: pam_unix(sudo:session): session closed for user root
Jan 20 19:41:37 devstack cinder-volume[82528]: DEBUG oslo_concurrency.processutils [req-1de0bb3d-a0d1-4720-89ab-b73b48ccb47c req-96961dc3-1478-4c4c-85a7-bf6106499f0b tempest-AttachVolumeNegativeTest-1122281514 None] CMD "/opt/stack/data/venv/bin/python3.10 -m oslo_concurrency.prlimit --as=1073741824 --cpu=60 -- sudo cinder-rootwrap /etc/cinder/rootwrap.conf env LC_ALL=C qemu-img info -f qcow2 --output=json --force-share /opt/stack/data/cinder/mnt/378a1ac90700b59a891162c5f238dead/volume-4fe517bb-c2c2-44ff-ad9a-b2700ff4b277" returned: 0 in 0.655s {{(pid=82528) execute /opt/stack/data/venv/lib/python3.10/site-packages/oslo_concurrency/processutils.py:372}}
Jan 20 19:41:37 devstack cinder-volume[82528]: DEBUG oslo_concurrency.lockutils [req-1de0bb3d-a0d1-4720-89ab-b73b48ccb47c req-96961dc3-1478-4c4c-85a7-bf6106499f0b tempest-AttachVolumeNegativeTest-1122281514 None] Lock "quobyte" "released" by "cinder.volume.drivers.quobyte.QuobyteDriver.initialize_connection" :: held 0.665s {{(pid=82528) inner /opt/stack/data/venv/lib/python3.10/site-packages/oslo_concurrency/lockutils.py:424}}
Jan 20 19:41:37 devstack cinder-volume[82528]: DEBUG cinder.volume.manager [req-1de0bb3d-a0d1-4720-89ab-b73b48ccb47c req-96961dc3-1478-4c4c-85a7-bf6106499f0b tempest-AttachVolumeNegativeTest-1122281514 None] Connection info returned from driver {'export': 'osci02.corp.quobyte.com/cinder-vol-0eb95728-b322-4a18-bc02-598cf5bfeb07', 'name': 'volume-4fe517bb-c2c2-44ff-ad9a-b2700ff4b277', 'options': None, 'format': 'qcow2', 'qos_specs': None, 'access_mode': 'rw', 'encrypted': False, 'cacheable': False, 'driver_volume_type': 'quobyte', 'mount_point_base': '/opt/stack/data/cinder/mnt', 'attachment_id': 'add156f5-fbd1-466e-aebf-d0477f85565b', 'enforce_multipath': True} {{(pid=82528) _connection_create /opt/stack/cinder/cinder/volume/manager.py:4893}}
Jan 20 19:41:37 devstack cinder-volume[82528]: WARNING cinder.volume.volume_utils [req-1de0bb3d-a0d1-4720-89ab-b73b48ccb47c req-96961dc3-1478-4c4c-85a7-bf6106499f0b tempest-AttachVolumeNegativeTest-1122281514 None] Volume driver (QuobyteDriver 1.1.13) is currently unsupported and may be removed in the next release of OpenStack. Use at your own risk.
Jan 20 19:41:37 devstack cinder-volume[82528]: WARNING cinder.volume.volume_utils [None req-7cf84b5f-c2a0-4505-95dd-4e932d5e2525 tempest-SnapshotsActionsTest-1148937159 None] Volume driver (QuobyteDriver 1.1.13) is currently unsupported and may be removed in the next release of OpenStack. Use at your own risk.
Jan 20 19:41:37 devstack cinder-volume[82528]: DEBUG oslo_concurrency.lockutils [None req-7cf84b5f-c2a0-4505-95dd-4e932d5e2525 tempest-SnapshotsActionsTest-1148937159 None] Acquiring lock "quobyte" by "cinder.volume.drivers.quobyte.QuobyteDriver.create_snapshot" {{(pid=82528) inner /opt/stack/data/venv/lib/python3.10/site-packages/oslo_concurrency/lockutils.py:405}}
Jan 20 19:41:37 devstack cinder-volume[82528]: DEBUG oslo_concurrency.lockutils [None req-7cf84b5f-c2a0-4505-95dd-4e932d5e2525 tempest-SnapshotsActionsTest-1148937159 None] Lock "quobyte" acquired by "cinder.volume.drivers.quobyte.QuobyteDriver.create_snapshot" :: waited 0.001s {{(pid=82528) inner /opt/stack/data/venv/lib/python3.10/site-packages/oslo_concurrency/lockutils.py:410}}
Jan 20 19:41:37 devstack cinder-volume[82528]: DEBUG cinder.volume.drivers.remotefs [None req-7cf84b5f-c2a0-4505-95dd-4e932d5e2525 tempest-SnapshotsActionsTest-1148937159 None] Creating offline snapshot 529572c0-3d99-4642-951a-63491edf2288 of volume 73ac196e-62a1-48ab-b8cc-1cba9055dd11 {{(pid=82528) _create_snapshot /opt/stack/cinder/cinder/volume/drivers/remotefs.py:1817}}
Jan 20 19:41:37 devstack cinder-volume[82528]: DEBUG oslo.privsep.daemon [-] privsep: reply[32519af2-6807-4a6c-bfdc-d30ee6ba6777]: (4, 'qcow2') {{(pid=83418) _call_back /opt/stack/data/venv/lib/python3.10/site-packages/oslo_privsep/daemon.py:515}}
Jan 20 19:41:37 devstack cinder-volume[82528]: DEBUG oslo_concurrency.processutils [None req-7cf84b5f-c2a0-4505-95dd-4e932d5e2525 tempest-SnapshotsActionsTest-1148937159 None] Running cmd (subprocess): /opt/stack/data/venv/bin/python3.10 -m oslo_concurrency.prlimit --as=1073741824 --cpu=60 -- sudo cinder-rootwrap /etc/cinder/rootwrap.conf env LC_ALL=C qemu-img info -f qcow2 --output=json --force-share /opt/stack/data/cinder/mnt/378a1ac90700b59a891162c5f238dead/volume-73ac196e-62a1-48ab-b8cc-1cba9055dd11.49fe1247-c9f2-402e-a5a4-3f196fab2411 {{(pid=82528) execute /opt/stack/data/venv/lib/python3.10/site-packages/oslo_concurrency/processutils.py:349}}
Jan 20 19:41:37 devstack cinder-volume[82528]: INFO cinder.volume.manager [req-1de0bb3d-a0d1-4720-89ab-b73b48ccb47c req-96961dc3-1478-4c4c-85a7-bf6106499f0b tempest-AttachVolumeNegativeTest-1122281514 None] attachment_update completed successfully.
Jan 20 19:41:37 devstack sudo[93634]: quobyte : PWD=/ ; USER=root ; COMMAND=/opt/stack/data/venv/bin/cinder-rootwrap /etc/cinder/rootwrap.conf env LC_ALL=C qemu-img info -f qcow2 --output=json --force-share /opt/stack/data/cinder/mnt/378a1ac90700b59a891162c5f238dead/volume-73ac196e-62a1-48ab-b8cc-1cba9055dd11.49fe1247-c9f2-402e-a5a4-3f196fab2411
Jan 20 19:41:37 devstack sudo[93634]: pam_unix(sudo:session): session opened for user root(uid=0) by (uid=1000)
Jan 20 19:41:38 devstack sudo[93634]: pam_unix(sudo:session): session closed for user root
Jan 20 19:41:38 devstack cinder-volume[82528]: DEBUG oslo_concurrency.processutils [None req-7cf84b5f-c2a0-4505-95dd-4e932d5e2525 tempest-SnapshotsActionsTest-1148937159 None] CMD "/opt/stack/data/venv/bin/python3.10 -m oslo_concurrency.prlimit --as=1073741824 --cpu=60 -- sudo cinder-rootwrap /etc/cinder/rootwrap.conf env LC_ALL=C qemu-img info -f qcow2 --output=json --force-share /opt/stack/data/cinder/mnt/378a1ac90700b59a891162c5f238dead/volume-73ac196e-62a1-48ab-b8cc-1cba9055dd11.49fe1247-c9f2-402e-a5a4-3f196fab2411" returned: 0 in 0.647s {{(pid=82528) execute /opt/stack/data/venv/lib/python3.10/site-packages/oslo_concurrency/processutils.py:372}}
Jan 20 19:41:38 devstack cinder-volume[82528]: DEBUG cinder.volume.drivers.remotefs [None req-7cf84b5f-c2a0-4505-95dd-4e932d5e2525 tempest-SnapshotsActionsTest-1148937159 None] Fetching qemu-img info with special backing_file_template: (/opt/stack/data/cinder/mnt/[0-9a-f]+/)?(volume-73ac196e-62a1-48ab-b8cc-1cba9055dd11(.(tmp-snap-)?[0-9a-f-]+)?|volume_from_snapshot_cache/(tmp-snap-)?[0-9a-f-]+(.(child-|parent-)[0-9a-f-]+)?)$ {{(pid=82528) _qemu_img_info_base /opt/stack/cinder/cinder/volume/drivers/remotefs.py:898}}
Jan 20 19:41:38 devstack cinder-volume[82528]: DEBUG oslo_concurrency.processutils [None req-7cf84b5f-c2a0-4505-95dd-4e932d5e2525 tempest-SnapshotsActionsTest-1148937159 None] Running cmd (subprocess): sudo cinder-rootwrap /etc/cinder/rootwrap.conf qemu-img create -f qcow2 -o backing_file=/opt/stack/data/cinder/mnt/378a1ac90700b59a891162c5f238dead/volume-73ac196e-62a1-48ab-b8cc-1cba9055dd11.49fe1247-c9f2-402e-a5a4-3f196fab2411,backing_fmt=qcow2 /opt/stack/data/cinder/mnt/378a1ac90700b59a891162c5f238dead/volume-73ac196e-62a1-48ab-b8cc-1cba9055dd11.529572c0-3d99-4642-951a-63491edf2288 1G {{(pid=82528) execute /opt/stack/data/venv/lib/python3.10/site-packages/oslo_concurrency/processutils.py:349}}
Jan 20 19:41:38 devstack sudo[93639]: quobyte : PWD=/ ; USER=root ; COMMAND=/opt/stack/data/venv/bin/cinder-rootwrap /etc/cinder/rootwrap.conf qemu-img create -f qcow2 -o backing_file=/opt/stack/data/cinder/mnt/378a1ac90700b59a891162c5f238dead/volume-73ac196e-62a1-48ab-b8cc-1cba9055dd11.49fe1247-c9f2-402e-a5a4-3f196fab2411,backing_fmt=qcow2 /opt/stack/data/cinder/mnt/378a1ac90700b59a891162c5f238dead/volume-73ac196e-62a1-48ab-b8cc-1cba9055dd11.529572c0-3d99-4642-951a-63491edf2288 1G
Jan 20 19:41:38 devstack sudo[93639]: pam_unix(sudo:session): session opened for user root(uid=0) by (uid=1000)
Jan 20 19:41:39 devstack sudo[93639]: pam_unix(sudo:session): session closed for user root
Jan 20 19:41:39 devstack cinder-volume[82528]: DEBUG oslo_concurrency.processutils [None req-7cf84b5f-c2a0-4505-95dd-4e932d5e2525 tempest-SnapshotsActionsTest-1148937159 None] CMD "sudo cinder-rootwrap /etc/cinder/rootwrap.conf qemu-img create -f qcow2 -o backing_file=/opt/stack/data/cinder/mnt/378a1ac90700b59a891162c5f238dead/volume-73ac196e-62a1-48ab-b8cc-1cba9055dd11.49fe1247-c9f2-402e-a5a4-3f196fab2411,backing_fmt=qcow2 /opt/stack/data/cinder/mnt/378a1ac90700b59a891162c5f238dead/volume-73ac196e-62a1-48ab-b8cc-1cba9055dd11.529572c0-3d99-4642-951a-63491edf2288 1G" returned: 0 in 0.965s {{(pid=82528) execute /opt/stack/data/venv/lib/python3.10/site-packages/oslo_concurrency/processutils.py:372}}
Jan 20 19:41:39 devstack cinder-volume[82528]: DEBUG oslo_concurrency.processutils [None req-7cf84b5f-c2a0-4505-95dd-4e932d5e2525 tempest-SnapshotsActionsTest-1148937159 None] Running cmd (subprocess): sudo cinder-rootwrap /etc/cinder/rootwrap.conf qemu-img rebase -u -b volume-73ac196e-62a1-48ab-b8cc-1cba9055dd11.49fe1247-c9f2-402e-a5a4-3f196fab2411 -F qcow2 /opt/stack/data/cinder/mnt/378a1ac90700b59a891162c5f238dead/volume-73ac196e-62a1-48ab-b8cc-1cba9055dd11.529572c0-3d99-4642-951a-63491edf2288 {{(pid=82528) execute /opt/stack/data/venv/lib/python3.10/site-packages/oslo_concurrency/processutils.py:349}}
Jan 20 19:41:39 devstack sudo[93650]: quobyte : PWD=/ ; USER=root ; COMMAND=/opt/stack/data/venv/bin/cinder-rootwrap /etc/cinder/rootwrap.conf qemu-img rebase -u -b volume-73ac196e-62a1-48ab-b8cc-1cba9055dd11.49fe1247-c9f2-402e-a5a4-3f196fab2411 -F qcow2 /opt/stack/data/cinder/mnt/378a1ac90700b59a891162c5f238dead/volume-73ac196e-62a1-48ab-b8cc-1cba9055dd11.529572c0-3d99-4642-951a-63491edf2288
Jan 20 19:41:39 devstack sudo[93650]: pam_unix(sudo:session): session opened for user root(uid=0) by (uid=1000)
Jan 20 19:41:39 devstack sudo[93650]: pam_unix(sudo:session): session closed for user root
Jan 20 19:41:39 devstack cinder-volume[82528]: DEBUG oslo_concurrency.processutils [None req-7cf84b5f-c2a0-4505-95dd-4e932d5e2525 tempest-SnapshotsActionsTest-1148937159 None] CMD "sudo cinder-rootwrap /etc/cinder/rootwrap.conf qemu-img rebase -u -b volume-73ac196e-62a1-48ab-b8cc-1cba9055dd11.49fe1247-c9f2-402e-a5a4-3f196fab2411 -F qcow2 /opt/stack/data/cinder/mnt/378a1ac90700b59a891162c5f238dead/volume-73ac196e-62a1-48ab-b8cc-1cba9055dd11.529572c0-3d99-4642-951a-63491edf2288" returned: 0 in 0.734s {{(pid=82528) execute /opt/stack/data/venv/lib/python3.10/site-packages/oslo_concurrency/processutils.py:372}}
Jan 20 19:41:39 devstack cinder-volume[82528]: WARNING cinder.volume.drivers.remotefs [None req-7cf84b5f-c2a0-4505-95dd-4e932d5e2525 tempest-SnapshotsActionsTest-1148937159 None] /opt/stack/data/cinder/mnt/378a1ac90700b59a891162c5f238dead/volume-73ac196e-62a1-48ab-b8cc-1cba9055dd11.529572c0-3d99-4642-951a-63491edf2288 is being set with open permissions: ugo+rw
Jan 20 19:41:39 devstack cinder-volume[82528]: DEBUG oslo_concurrency.processutils [None req-7cf84b5f-c2a0-4505-95dd-4e932d5e2525 tempest-SnapshotsActionsTest-1148937159 None] Running cmd (subprocess): sudo cinder-rootwrap /etc/cinder/rootwrap.conf chmod ugo+rw /opt/stack/data/cinder/mnt/378a1ac90700b59a891162c5f238dead/volume-73ac196e-62a1-48ab-b8cc-1cba9055dd11.529572c0-3d99-4642-951a-63491edf2288 {{(pid=82528) execute /opt/stack/data/venv/lib/python3.10/site-packages/oslo_concurrency/processutils.py:349}}
Jan 20 19:41:39 devstack sudo[93657]: quobyte : PWD=/ ; USER=root ; COMMAND=/opt/stack/data/venv/bin/cinder-rootwrap /etc/cinder/rootwrap.conf chmod ugo+rw /opt/stack/data/cinder/mnt/378a1ac90700b59a891162c5f238dead/volume-73ac196e-62a1-48ab-b8cc-1cba9055dd11.529572c0-3d99-4642-951a-63491edf2288
Jan 20 19:41:39 devstack sudo[93657]: pam_unix(sudo:session): session opened for user root(uid=0) by (uid=1000)
Jan 20 19:41:40 devstack sudo[93657]: pam_unix(sudo:session): session closed for user root
Jan 20 19:41:40 devstack cinder-volume[82528]: DEBUG oslo_concurrency.processutils [None req-7cf84b5f-c2a0-4505-95dd-4e932d5e2525 tempest-SnapshotsActionsTest-1148937159 None] CMD "sudo cinder-rootwrap /etc/cinder/rootwrap.conf chmod ugo+rw /opt/stack/data/cinder/mnt/378a1ac90700b59a891162c5f238dead/volume-73ac196e-62a1-48ab-b8cc-1cba9055dd11.529572c0-3d99-4642-951a-63491edf2288" returned: 0 in 0.764s {{(pid=82528) execute /opt/stack/data/venv/lib/python3.10/site-packages/oslo_concurrency/processutils.py:372}}
Jan 20 19:41:40 devstack cinder-volume[82528]: DEBUG oslo_concurrency.lockutils [None req-7cf84b5f-c2a0-4505-95dd-4e932d5e2525 tempest-SnapshotsActionsTest-1148937159 None] Lock "quobyte" "released" by "cinder.volume.drivers.quobyte.QuobyteDriver.create_snapshot" :: held 3.234s {{(pid=82528) inner /opt/stack/data/venv/lib/python3.10/site-packages/oslo_concurrency/lockutils.py:424}}
Jan 20 19:41:40 devstack cinder-volume[82528]: INFO cinder.volume.manager [None req-7cf84b5f-c2a0-4505-95dd-4e932d5e2525 tempest-SnapshotsActionsTest-1148937159 None] Create snapshot completed successfully
Jan 20 19:41:41 devstack cinder-volume[82528]: DEBUG cinder.coordination [None req-7851b9bb-1d80-4a74-b266-1125e323e72e tempest-SnapshotsActionsTest-32643647 None] Acquiring lock "cinder-529572c0-3d99-4642-951a-63491edf2288-delete_snapshot" by "delete_snapshot" {{(pid=82528) __acquire /opt/stack/cinder/cinder/coordination.py:143}}
Jan 20 19:41:41 devstack cinder-volume[82528]: DEBUG cinder.coordination [None req-7851b9bb-1d80-4a74-b266-1125e323e72e tempest-SnapshotsActionsTest-32643647 None] Lock "cinder-529572c0-3d99-4642-951a-63491edf2288-delete_snapshot" acquired by "delete_snapshot" :: waited 0.019s {{(pid=82528) __acquire /opt/stack/cinder/cinder/coordination.py:146}}
Jan 20 19:41:41 devstack cinder-volume[82528]: WARNING cinder.volume.volume_utils [None req-7851b9bb-1d80-4a74-b266-1125e323e72e tempest-SnapshotsActionsTest-32643647 None] Volume driver (QuobyteDriver 1.1.13) is currently unsupported and may be removed in the next release of OpenStack. Use at your own risk.
Jan 20 19:41:41 devstack cinder-volume[82528]: DEBUG cinder.coordination [None req-7851b9bb-1d80-4a74-b266-1125e323e72e tempest-SnapshotsActionsTest-32643647 None] Acquiring lock "cinder-quobyte-73ac196e-62a1-48ab-b8cc-1cba9055dd11" by "delete_snapshot" {{(pid=82528) __acquire /opt/stack/cinder/cinder/coordination.py:143}}
Jan 20 19:41:41 devstack cinder-volume[82528]: DEBUG cinder.coordination [None req-7851b9bb-1d80-4a74-b266-1125e323e72e tempest-SnapshotsActionsTest-32643647 None] Lock "cinder-quobyte-73ac196e-62a1-48ab-b8cc-1cba9055dd11" acquired by "delete_snapshot" :: waited 0.016s {{(pid=82528) __acquire /opt/stack/cinder/cinder/coordination.py:146}}
Jan 20 19:41:41 devstack cinder-volume[82528]: DEBUG cinder.coordination [None req-7851b9bb-1d80-4a74-b266-1125e323e72e tempest-SnapshotsActionsTest-32643647 None] Acquiring lock "cinder-quobyte-529572c0-3d99-4642-951a-63491edf2288" by "_delete_snapshot" {{(pid=82528) __acquire /opt/stack/cinder/cinder/coordination.py:143}}
Jan 20 19:41:41 devstack cinder-volume[82528]: DEBUG cinder.coordination [None req-7851b9bb-1d80-4a74-b266-1125e323e72e tempest-SnapshotsActionsTest-32643647 None] Lock "cinder-quobyte-529572c0-3d99-4642-951a-63491edf2288" acquired by "_delete_snapshot" :: waited 0.010s {{(pid=82528) __acquire /opt/stack/cinder/cinder/coordination.py:146}}
Jan 20 19:41:41 devstack cinder-volume[82528]: DEBUG cinder.volume.drivers.remotefs [None req-7851b9bb-1d80-4a74-b266-1125e323e72e tempest-SnapshotsActionsTest-32643647 None] Deleting offline snapshot 529572c0-3d99-4642-951a-63491edf2288 of volume 73ac196e-62a1-48ab-b8cc-1cba9055dd11 {{(pid=82528) _delete_snapshot /opt/stack/cinder/cinder/volume/drivers/remotefs.py:1290}}
Jan 20 19:41:41 devstack cinder-volume[82528]: DEBUG cinder.volume.drivers.remotefs [None req-7851b9bb-1d80-4a74-b266-1125e323e72e tempest-SnapshotsActionsTest-32643647 None] snapshot_file for this snap is: volume-73ac196e-62a1-48ab-b8cc-1cba9055dd11.529572c0-3d99-4642-951a-63491edf2288 {{(pid=82528) _delete_snapshot /opt/stack/cinder/cinder/volume/drivers/remotefs.py:1319}}
Jan 20 19:41:41 devstack cinder-volume[82528]: DEBUG oslo.privsep.daemon [-] privsep: reply[d1325548-9ab6-4db2-932a-87d2561670a4]: (4, 'qcow2') {{(pid=83418) _call_back /opt/stack/data/venv/lib/python3.10/site-packages/oslo_privsep/daemon.py:515}}
Jan 20 19:41:41 devstack cinder-volume[82528]: DEBUG oslo_concurrency.processutils [None req-7851b9bb-1d80-4a74-b266-1125e323e72e tempest-SnapshotsActionsTest-32643647 None] Running cmd (subprocess): /opt/stack/data/venv/bin/python3.10 -m oslo_concurrency.prlimit --as=1073741824 --cpu=60 -- sudo cinder-rootwrap /etc/cinder/rootwrap.conf env LC_ALL=C qemu-img info -f qcow2 --output=json --force-share /opt/stack/data/cinder/mnt/378a1ac90700b59a891162c5f238dead/volume-73ac196e-62a1-48ab-b8cc-1cba9055dd11.529572c0-3d99-4642-951a-63491edf2288 {{(pid=82528) execute /opt/stack/data/venv/lib/python3.10/site-packages/oslo_concurrency/processutils.py:349}}
Jan 20 19:41:41 devstack sudo[93661]: quobyte : PWD=/ ; USER=root ; COMMAND=/opt/stack/data/venv/bin/cinder-rootwrap /etc/cinder/rootwrap.conf env LC_ALL=C qemu-img info -f qcow2 --output=json --force-share /opt/stack/data/cinder/mnt/378a1ac90700b59a891162c5f238dead/volume-73ac196e-62a1-48ab-b8cc-1cba9055dd11.529572c0-3d99-4642-951a-63491edf2288
Jan 20 19:41:41 devstack sudo[93661]: pam_unix(sudo:session): session opened for user root(uid=0) by (uid=1000)
Jan 20 19:41:42 devstack sudo[93661]: pam_unix(sudo:session): session closed for user root
Jan 20 19:41:42 devstack cinder-volume[82528]: DEBUG oslo_concurrency.processutils [None req-7851b9bb-1d80-4a74-b266-1125e323e72e tempest-SnapshotsActionsTest-32643647 None] CMD "/opt/stack/data/venv/bin/python3.10 -m oslo_concurrency.prlimit --as=1073741824 --cpu=60 -- sudo cinder-rootwrap /etc/cinder/rootwrap.conf env LC_ALL=C qemu-img info -f qcow2 --output=json --force-share /opt/stack/data/cinder/mnt/378a1ac90700b59a891162c5f238dead/volume-73ac196e-62a1-48ab-b8cc-1cba9055dd11.529572c0-3d99-4642-951a-63491edf2288" returned: 0 in 0.899s {{(pid=82528) execute /opt/stack/data/venv/lib/python3.10/site-packages/oslo_concurrency/processutils.py:372}}
Jan 20 19:41:42 devstack cinder-volume[82528]: DEBUG cinder.volume.drivers.remotefs [None req-7851b9bb-1d80-4a74-b266-1125e323e72e tempest-SnapshotsActionsTest-32643647 None] Fetching qemu-img info with special backing_file_template: (/opt/stack/data/cinder/mnt/[0-9a-f]+/)?(volume-73ac196e-62a1-48ab-b8cc-1cba9055dd11(.(tmp-snap-)?[0-9a-f-]+)?|volume_from_snapshot_cache/(tmp-snap-)?[0-9a-f-]+(.(child-|parent-)[0-9a-f-]+)?)$ {{(pid=82528) _qemu_img_info_base /opt/stack/cinder/cinder/volume/drivers/remotefs.py:898}}
Jan 20 19:41:42 devstack cinder-volume[82528]: DEBUG oslo.privsep.daemon [-] privsep: reply[21a82690-264c-4b27-ba9a-20ded9f64c40]: (4, 'qcow2') {{(pid=83418) _call_back /opt/stack/data/venv/lib/python3.10/site-packages/oslo_privsep/daemon.py:515}}
Jan 20 19:41:42 devstack cinder-volume[82528]: DEBUG oslo_concurrency.processutils [None req-7851b9bb-1d80-4a74-b266-1125e323e72e tempest-SnapshotsActionsTest-32643647 None] Running cmd (subprocess): /opt/stack/data/venv/bin/python3.10 -m oslo_concurrency.prlimit --as=1073741824 --cpu=60 -- sudo cinder-rootwrap /etc/cinder/rootwrap.conf env LC_ALL=C qemu-img info -f qcow2 --output=json --force-share /opt/stack/data/cinder/mnt/378a1ac90700b59a891162c5f238dead/volume-73ac196e-62a1-48ab-b8cc-1cba9055dd11.49fe1247-c9f2-402e-a5a4-3f196fab2411 {{(pid=82528) execute /opt/stack/data/venv/lib/python3.10/site-packages/oslo_concurrency/processutils.py:349}}
Jan 20 19:41:42 devstack sudo[93668]: quobyte : PWD=/ ; USER=root ; COMMAND=/opt/stack/data/venv/bin/cinder-rootwrap /etc/cinder/rootwrap.conf env LC_ALL=C qemu-img info -f qcow2 --output=json --force-share /opt/stack/data/cinder/mnt/378a1ac90700b59a891162c5f238dead/volume-73ac196e-62a1-48ab-b8cc-1cba9055dd11.49fe1247-c9f2-402e-a5a4-3f196fab2411
Jan 20 19:41:42 devstack sudo[93668]: pam_unix(sudo:session): session opened for user root(uid=0) by (uid=1000)
Jan 20 19:41:43 devstack sudo[93668]: pam_unix(sudo:session): session closed for user root
Jan 20 19:41:43 devstack cinder-volume[82528]: DEBUG oslo_concurrency.processutils [None req-7851b9bb-1d80-4a74-b266-1125e323e72e tempest-SnapshotsActionsTest-32643647 None] CMD "/opt/stack/data/venv/bin/python3.10 -m oslo_concurrency.prlimit --as=1073741824 --cpu=60 -- sudo cinder-rootwrap /etc/cinder/rootwrap.conf env LC_ALL=C qemu-img info -f qcow2 --output=json --force-share /opt/stack/data/cinder/mnt/378a1ac90700b59a891162c5f238dead/volume-73ac196e-62a1-48ab-b8cc-1cba9055dd11.49fe1247-c9f2-402e-a5a4-3f196fab2411" returned: 0 in 0.726s {{(pid=82528) execute /opt/stack/data/venv/lib/python3.10/site-packages/oslo_concurrency/processutils.py:372}}
Jan 20 19:41:43 devstack cinder-volume[82528]: DEBUG cinder.volume.drivers.remotefs [None req-7851b9bb-1d80-4a74-b266-1125e323e72e tempest-SnapshotsActionsTest-32643647 None] Fetching qemu-img info with special backing_file_template: (/opt/stack/data/cinder/mnt/[0-9a-f]+/)?(volume-73ac196e-62a1-48ab-b8cc-1cba9055dd11(.(tmp-snap-)?[0-9a-f-]+)?|volume_from_snapshot_cache/(tmp-snap-)?[0-9a-f-]+(.(child-|parent-)[0-9a-f-]+)?)$ {{(pid=82528) _qemu_img_info_base /opt/stack/cinder/cinder/volume/drivers/remotefs.py:898}}
Jan 20 19:41:43 devstack cinder-volume[82528]: DEBUG oslo_concurrency.processutils [None req-7851b9bb-1d80-4a74-b266-1125e323e72e tempest-SnapshotsActionsTest-32643647 None] Running cmd (subprocess): sudo cinder-rootwrap /etc/cinder/rootwrap.conf qemu-img commit -d /opt/stack/data/cinder/mnt/378a1ac90700b59a891162c5f238dead/volume-73ac196e-62a1-48ab-b8cc-1cba9055dd11.529572c0-3d99-4642-951a-63491edf2288 {{(pid=82528) execute /opt/stack/data/venv/lib/python3.10/site-packages/oslo_concurrency/processutils.py:349}}
Jan 20 19:41:43 devstack sudo[93673]: quobyte : PWD=/ ; USER=root ; COMMAND=/opt/stack/data/venv/bin/cinder-rootwrap /etc/cinder/rootwrap.conf qemu-img commit -d /opt/stack/data/cinder/mnt/378a1ac90700b59a891162c5f238dead/volume-73ac196e-62a1-48ab-b8cc-1cba9055dd11.529572c0-3d99-4642-951a-63491edf2288
Jan 20 19:41:43 devstack sudo[93673]: pam_unix(sudo:session): session opened for user root(uid=0) by (uid=1000)
Jan 20 19:41:44 devstack sudo[93673]: pam_unix(sudo:session): session closed for user root
Jan 20 19:41:44 devstack cinder-volume[82528]: DEBUG oslo_concurrency.processutils [None req-7851b9bb-1d80-4a74-b266-1125e323e72e tempest-SnapshotsActionsTest-32643647 None] CMD "sudo cinder-rootwrap /etc/cinder/rootwrap.conf qemu-img commit -d /opt/stack/data/cinder/mnt/378a1ac90700b59a891162c5f238dead/volume-73ac196e-62a1-48ab-b8cc-1cba9055dd11.529572c0-3d99-4642-951a-63491edf2288" returned: 0 in 0.553s {{(pid=82528) execute /opt/stack/data/venv/lib/python3.10/site-packages/oslo_concurrency/processutils.py:372}}
Jan 20 19:41:44 devstack cinder-volume[82528]: DEBUG oslo_concurrency.processutils [None req-7851b9bb-1d80-4a74-b266-1125e323e72e tempest-SnapshotsActionsTest-32643647 None] Running cmd (subprocess): sudo cinder-rootwrap /etc/cinder/rootwrap.conf rm -f /opt/stack/data/cinder/mnt/378a1ac90700b59a891162c5f238dead/volume-73ac196e-62a1-48ab-b8cc-1cba9055dd11.529572c0-3d99-4642-951a-63491edf2288 {{(pid=82528) execute /opt/stack/data/venv/lib/python3.10/site-packages/oslo_concurrency/processutils.py:349}}
Jan 20 19:41:44 devstack sudo[93678]: quobyte : PWD=/ ; USER=root ; COMMAND=/opt/stack/data/venv/bin/cinder-rootwrap /etc/cinder/rootwrap.conf rm -f /opt/stack/data/cinder/mnt/378a1ac90700b59a891162c5f238dead/volume-73ac196e-62a1-48ab-b8cc-1cba9055dd11.529572c0-3d99-4642-951a-63491edf2288
Jan 20 19:41:44 devstack sudo[93678]: pam_unix(sudo:session): session opened for user root(uid=0) by (uid=1000)
Jan 20 19:41:44 devstack sudo[93678]: pam_unix(sudo:session): session closed for user root
Jan 20 19:41:44 devstack cinder-volume[82528]: DEBUG oslo_concurrency.processutils [None req-7851b9bb-1d80-4a74-b266-1125e323e72e tempest-SnapshotsActionsTest-32643647 None] CMD "sudo cinder-rootwrap /etc/cinder/rootwrap.conf rm -f /opt/stack/data/cinder/mnt/378a1ac90700b59a891162c5f238dead/volume-73ac196e-62a1-48ab-b8cc-1cba9055dd11.529572c0-3d99-4642-951a-63491edf2288" returned: 0 in 0.451s {{(pid=82528) execute /opt/stack/data/venv/lib/python3.10/site-packages/oslo_concurrency/processutils.py:372}}
Jan 20 19:41:44 devstack cinder-volume[82528]: DEBUG cinder.coordination [None req-7851b9bb-1d80-4a74-b266-1125e323e72e tempest-SnapshotsActionsTest-32643647 None] Lock "cinder-quobyte-529572c0-3d99-4642-951a-63491edf2288" released by "_delete_snapshot" :: held 2.689s {{(pid=82528) __release /opt/stack/cinder/cinder/coordination.py:157}}
Jan 20 19:41:44 devstack cinder-volume[82528]: DEBUG cinder.coordination [None req-7851b9bb-1d80-4a74-b266-1125e323e72e tempest-SnapshotsActionsTest-32643647 None] Lock "cinder-quobyte-73ac196e-62a1-48ab-b8cc-1cba9055dd11" released by "delete_snapshot" :: held 2.707s {{(pid=82528) __release /opt/stack/cinder/cinder/coordination.py:157}}
Jan 20 19:41:44 devstack cinder-volume[82528]: DEBUG cinder.quota [None req-7851b9bb-1d80-4a74-b266-1125e323e72e tempest-SnapshotsActionsTest-32643647 None] Created reservations ['d25c520c-2723-4a41-a740-a20e5a532791', '2b329cbc-c4eb-4bbe-a157-54024618c322', '655da0fa-5ba6-43f3-9d3c-9ac593b1026d', 'ed1c0e9e-46c9-4b69-b668-5c5d18584589'] {{(pid=82528) reserve /opt/stack/cinder/cinder/quota.py:752}}
Jan 20 19:41:44 devstack cinder-volume[82528]: INFO cinder.volume.manager [None req-7851b9bb-1d80-4a74-b266-1125e323e72e tempest-SnapshotsActionsTest-32643647 None] Delete snapshot completed successfully.
Jan 20 19:41:44 devstack cinder-volume[82528]: DEBUG cinder.coordination [None req-7851b9bb-1d80-4a74-b266-1125e323e72e tempest-SnapshotsActionsTest-32643647 None] Lock "cinder-529572c0-3d99-4642-951a-63491edf2288-delete_snapshot" released by "delete_snapshot" :: held 2.812s {{(pid=82528) __release /opt/stack/cinder/cinder/coordination.py:157}}
Jan 20 19:41:45 devstack cinder-volume[82528]: WARNING cinder.volume.volume_utils [None req-d5dd061d-0dc1-4bd9-93a1-d7436b02780a tempest-SnapshotsActionsTest-1148937159 None] Volume driver (QuobyteDriver 1.1.13) is currently unsupported and may be removed in the next release of OpenStack. Use at your own risk.
Jan 20 19:41:45 devstack cinder-volume[82528]: DEBUG oslo_concurrency.lockutils [None req-d5dd061d-0dc1-4bd9-93a1-d7436b02780a tempest-SnapshotsActionsTest-1148937159 None] Acquiring lock "quobyte" by "cinder.volume.drivers.quobyte.QuobyteDriver.create_snapshot" {{(pid=82528) inner /opt/stack/data/venv/lib/python3.10/site-packages/oslo_concurrency/lockutils.py:405}}
Jan 20 19:41:45 devstack cinder-volume[82528]: DEBUG oslo_concurrency.lockutils [None req-d5dd061d-0dc1-4bd9-93a1-d7436b02780a tempest-SnapshotsActionsTest-1148937159 None] Lock "quobyte" acquired by "cinder.volume.drivers.quobyte.QuobyteDriver.create_snapshot" :: waited 0.001s {{(pid=82528) inner /opt/stack/data/venv/lib/python3.10/site-packages/oslo_concurrency/lockutils.py:410}}
Jan 20 19:41:45 devstack cinder-volume[82528]: DEBUG cinder.volume.drivers.remotefs [None req-d5dd061d-0dc1-4bd9-93a1-d7436b02780a tempest-SnapshotsActionsTest-1148937159 None] Creating offline snapshot 86988b2f-aac2-4ba3-b71f-01481d866a0a of volume 73ac196e-62a1-48ab-b8cc-1cba9055dd11 {{(pid=82528) _create_snapshot /opt/stack/cinder/cinder/volume/drivers/remotefs.py:1817}}
Jan 20 19:41:45 devstack cinder-volume[82528]: DEBUG oslo.privsep.daemon [-] privsep: reply[c66fcacd-30e1-4511-8502-f9204b294c13]: (4, 'qcow2') {{(pid=83418) _call_back /opt/stack/data/venv/lib/python3.10/site-packages/oslo_privsep/daemon.py:515}}
Jan 20 19:41:45 devstack cinder-volume[82528]: DEBUG oslo_concurrency.processutils [None req-d5dd061d-0dc1-4bd9-93a1-d7436b02780a tempest-SnapshotsActionsTest-1148937159 None] Running cmd (subprocess): /opt/stack/data/venv/bin/python3.10 -m oslo_concurrency.prlimit --as=1073741824 --cpu=60 -- sudo cinder-rootwrap /etc/cinder/rootwrap.conf env LC_ALL=C qemu-img info -f qcow2 --output=json --force-share /opt/stack/data/cinder/mnt/378a1ac90700b59a891162c5f238dead/volume-73ac196e-62a1-48ab-b8cc-1cba9055dd11.49fe1247-c9f2-402e-a5a4-3f196fab2411 {{(pid=82528) execute /opt/stack/data/venv/lib/python3.10/site-packages/oslo_concurrency/processutils.py:349}}
Jan 20 19:41:45 devstack cinder-volume[82528]: WARNING cinder.volume.volume_utils [req-d5fd05f4-c673-4be4-bc93-80f196522d9a req-2838de5c-bd64-41c5-8e4f-a96fc3a5471a tempest-AttachVolumeNegativeTest-1122281514 None] Volume driver (QuobyteDriver 1.1.13) is currently unsupported and may be removed in the next release of OpenStack. Use at your own risk.
Jan 20 19:41:45 devstack cinder-volume[82528]: WARNING cinder.volume.volume_utils [req-d5fd05f4-c673-4be4-bc93-80f196522d9a req-2838de5c-bd64-41c5-8e4f-a96fc3a5471a tempest-AttachVolumeNegativeTest-1122281514 None] Volume driver (QuobyteDriver 1.1.13) is currently unsupported and may be removed in the next release of OpenStack. Use at your own risk.
Jan 20 19:41:45 devstack cinder-volume[82528]: INFO cinder.volume.manager [req-d5fd05f4-c673-4be4-bc93-80f196522d9a req-2838de5c-bd64-41c5-8e4f-a96fc3a5471a tempest-AttachVolumeNegativeTest-1122281514 None] Terminate volume connection completed successfully.
Jan 20 19:41:45 devstack cinder-volume[82528]: DEBUG cinder.volume.manager [req-d5fd05f4-c673-4be4-bc93-80f196522d9a req-2838de5c-bd64-41c5-8e4f-a96fc3a5471a tempest-AttachVolumeNegativeTest-1122281514 None] Deleting attachment add156f5-fbd1-466e-aebf-d0477f85565b. {{(pid=82528) attachment_delete /opt/stack/cinder/cinder/volume/manager.py:5024}}
Jan 20 19:41:45 devstack sudo[93689]: quobyte : PWD=/ ; USER=root ; COMMAND=/opt/stack/data/venv/bin/cinder-rootwrap /etc/cinder/rootwrap.conf env LC_ALL=C qemu-img info -f qcow2 --output=json --force-share /opt/stack/data/cinder/mnt/378a1ac90700b59a891162c5f238dead/volume-73ac196e-62a1-48ab-b8cc-1cba9055dd11.49fe1247-c9f2-402e-a5a4-3f196fab2411
Jan 20 19:41:45 devstack sudo[93689]: pam_unix(sudo:session): session opened for user root(uid=0) by (uid=1000)
Jan 20 19:41:45 devstack sudo[93689]: pam_unix(sudo:session): session closed for user root
Jan 20 19:41:45 devstack cinder-volume[82528]: DEBUG oslo_concurrency.processutils [None req-d5dd061d-0dc1-4bd9-93a1-d7436b02780a tempest-SnapshotsActionsTest-1148937159 None] CMD "/opt/stack/data/venv/bin/python3.10 -m oslo_concurrency.prlimit --as=1073741824 --cpu=60 -- sudo cinder-rootwrap /etc/cinder/rootwrap.conf env LC_ALL=C qemu-img info -f qcow2 --output=json --force-share /opt/stack/data/cinder/mnt/378a1ac90700b59a891162c5f238dead/volume-73ac196e-62a1-48ab-b8cc-1cba9055dd11.49fe1247-c9f2-402e-a5a4-3f196fab2411" returned: 0 in 0.662s {{(pid=82528) execute /opt/stack/data/venv/lib/python3.10/site-packages/oslo_concurrency/processutils.py:372}}
Jan 20 19:41:45 devstack cinder-volume[82528]: DEBUG cinder.volume.drivers.remotefs [None req-d5dd061d-0dc1-4bd9-93a1-d7436b02780a tempest-SnapshotsActionsTest-1148937159 None] Fetching qemu-img info with special backing_file_template: (/opt/stack/data/cinder/mnt/[0-9a-f]+/)?(volume-73ac196e-62a1-48ab-b8cc-1cba9055dd11(.(tmp-snap-)?[0-9a-f-]+)?|volume_from_snapshot_cache/(tmp-snap-)?[0-9a-f-]+(.(child-|parent-)[0-9a-f-]+)?)$ {{(pid=82528) _qemu_img_info_base /opt/stack/cinder/cinder/volume/drivers/remotefs.py:898}}
Jan 20 19:41:45 devstack cinder-volume[82528]: DEBUG oslo_concurrency.processutils [None req-d5dd061d-0dc1-4bd9-93a1-d7436b02780a tempest-SnapshotsActionsTest-1148937159 None] Running cmd (subprocess): sudo cinder-rootwrap /etc/cinder/rootwrap.conf qemu-img create -f qcow2 -o backing_file=/opt/stack/data/cinder/mnt/378a1ac90700b59a891162c5f238dead/volume-73ac196e-62a1-48ab-b8cc-1cba9055dd11.49fe1247-c9f2-402e-a5a4-3f196fab2411,backing_fmt=qcow2 /opt/stack/data/cinder/mnt/378a1ac90700b59a891162c5f238dead/volume-73ac196e-62a1-48ab-b8cc-1cba9055dd11.86988b2f-aac2-4ba3-b71f-01481d866a0a 1G {{(pid=82528) execute /opt/stack/data/venv/lib/python3.10/site-packages/oslo_concurrency/processutils.py:349}}
Jan 20 19:41:45 devstack sudo[93695]: quobyte : PWD=/ ; USER=root ; COMMAND=/opt/stack/data/venv/bin/cinder-rootwrap /etc/cinder/rootwrap.conf qemu-img create -f qcow2 -o backing_file=/opt/stack/data/cinder/mnt/378a1ac90700b59a891162c5f238dead/volume-73ac196e-62a1-48ab-b8cc-1cba9055dd11.49fe1247-c9f2-402e-a5a4-3f196fab2411,backing_fmt=qcow2 /opt/stack/data/cinder/mnt/378a1ac90700b59a891162c5f238dead/volume-73ac196e-62a1-48ab-b8cc-1cba9055dd11.86988b2f-aac2-4ba3-b71f-01481d866a0a 1G
Jan 20 19:41:45 devstack sudo[93695]: pam_unix(sudo:session): session opened for user root(uid=0) by (uid=1000)
Jan 20 19:41:46 devstack sudo[93695]: pam_unix(sudo:session): session closed for user root
Jan 20 19:41:46 devstack cinder-volume[82528]: DEBUG oslo_concurrency.processutils [None req-d5dd061d-0dc1-4bd9-93a1-d7436b02780a tempest-SnapshotsActionsTest-1148937159 None] CMD "sudo cinder-rootwrap /etc/cinder/rootwrap.conf qemu-img create -f qcow2 -o backing_file=/opt/stack/data/cinder/mnt/378a1ac90700b59a891162c5f238dead/volume-73ac196e-62a1-48ab-b8cc-1cba9055dd11.49fe1247-c9f2-402e-a5a4-3f196fab2411,backing_fmt=qcow2 /opt/stack/data/cinder/mnt/378a1ac90700b59a891162c5f238dead/volume-73ac196e-62a1-48ab-b8cc-1cba9055dd11.86988b2f-aac2-4ba3-b71f-01481d866a0a 1G" returned: 0 in 0.648s {{(pid=82528) execute /opt/stack/data/venv/lib/python3.10/site-packages/oslo_concurrency/processutils.py:372}}
Jan 20 19:41:46 devstack cinder-volume[82528]: DEBUG oslo_concurrency.processutils [None req-d5dd061d-0dc1-4bd9-93a1-d7436b02780a tempest-SnapshotsActionsTest-1148937159 None] Running cmd (subprocess): sudo cinder-rootwrap /etc/cinder/rootwrap.conf qemu-img rebase -u -b volume-73ac196e-62a1-48ab-b8cc-1cba9055dd11.49fe1247-c9f2-402e-a5a4-3f196fab2411 -F qcow2 /opt/stack/data/cinder/mnt/378a1ac90700b59a891162c5f238dead/volume-73ac196e-62a1-48ab-b8cc-1cba9055dd11.86988b2f-aac2-4ba3-b71f-01481d866a0a {{(pid=82528) execute /opt/stack/data/venv/lib/python3.10/site-packages/oslo_concurrency/processutils.py:349}}
Jan 20 19:41:46 devstack sudo[93717]: quobyte : PWD=/ ; USER=root ; COMMAND=/opt/stack/data/venv/bin/cinder-rootwrap /etc/cinder/rootwrap.conf qemu-img rebase -u -b volume-73ac196e-62a1-48ab-b8cc-1cba9055dd11.49fe1247-c9f2-402e-a5a4-3f196fab2411 -F qcow2 /opt/stack/data/cinder/mnt/378a1ac90700b59a891162c5f238dead/volume-73ac196e-62a1-48ab-b8cc-1cba9055dd11.86988b2f-aac2-4ba3-b71f-01481d866a0a
Jan 20 19:41:46 devstack sudo[93717]: pam_unix(sudo:session): session opened for user root(uid=0) by (uid=1000)
Jan 20 19:41:47 devstack sudo[93717]: pam_unix(sudo:session): session closed for user root
Jan 20 19:41:47 devstack cinder-volume[82528]: DEBUG oslo_concurrency.processutils [None req-d5dd061d-0dc1-4bd9-93a1-d7436b02780a tempest-SnapshotsActionsTest-1148937159 None] CMD "sudo cinder-rootwrap /etc/cinder/rootwrap.conf qemu-img rebase -u -b volume-73ac196e-62a1-48ab-b8cc-1cba9055dd11.49fe1247-c9f2-402e-a5a4-3f196fab2411 -F qcow2 /opt/stack/data/cinder/mnt/378a1ac90700b59a891162c5f238dead/volume-73ac196e-62a1-48ab-b8cc-1cba9055dd11.86988b2f-aac2-4ba3-b71f-01481d866a0a" returned: 0 in 0.744s {{(pid=82528) execute /opt/stack/data/venv/lib/python3.10/site-packages/oslo_concurrency/processutils.py:372}}
Jan 20 19:41:47 devstack cinder-volume[82528]: WARNING cinder.volume.drivers.remotefs [None req-d5dd061d-0dc1-4bd9-93a1-d7436b02780a tempest-SnapshotsActionsTest-1148937159 None] /opt/stack/data/cinder/mnt/378a1ac90700b59a891162c5f238dead/volume-73ac196e-62a1-48ab-b8cc-1cba9055dd11.86988b2f-aac2-4ba3-b71f-01481d866a0a is being set with open permissions: ugo+rw
