Nov 20 17:24:10 devstack cinder-volume[81447]: DEBUG cinder.volume.drivers.quobyte [None req-aeb72edf-f6c3-4f9c-8601-f7236f6f27b2 tempest-AttachVolumeShelveTestJSON-761432047 None] Available shares ['osci02.corp.quobyte.com/cinder-vol-1cfd27f0-6d4b-41e8-bfdd-2ca15ae45631'] {{(pid=81447) _ensure_shares_mounted /opt/stack/cinder/cinder/volume/drivers/quobyte.py:634}}
Nov 20 17:24:10 devstack cinder-volume[81447]: DEBUG oslo_concurrency.lockutils [None req-aeb72edf-f6c3-4f9c-8601-f7236f6f27b2 tempest-AttachVolumeShelveTestJSON-761432047 None] Lock "quobyte_ensure" "released" by "cinder.volume.drivers.quobyte.QuobyteDriver._ensure_shares_mounted" :: held 0.004s {{(pid=81447) inner /opt/stack/data/venv/lib/python3.10/site-packages/oslo_concurrency/lockutils.py:424}}
Nov 20 17:24:10 devstack cinder-volume[81447]: DEBUG oslo_concurrency.processutils [None req-aeb72edf-f6c3-4f9c-8601-f7236f6f27b2 tempest-AttachVolumeShelveTestJSON-761432047 None] Running cmd (subprocess): sudo cinder-rootwrap /etc/cinder/rootwrap.conf df --portability --block-size 1 /opt/stack/data/cinder/mnt/b7c75268403a250e2ee4a5c80608b248 {{(pid=81447) execute /opt/stack/data/venv/lib/python3.10/site-packages/oslo_concurrency/processutils.py:349}}
Nov 20 17:24:10 devstack sudo[91473]: quobyte : PWD=/ ; USER=root ; COMMAND=/opt/stack/data/venv/bin/cinder-rootwrap /etc/cinder/rootwrap.conf df --portability --block-size 1 /opt/stack/data/cinder/mnt/b7c75268403a250e2ee4a5c80608b248
Nov 20 17:24:10 devstack sudo[91473]: pam_unix(sudo:session): session opened for user root(uid=0) by (uid=1000)
Nov 20 17:24:11 devstack sudo[91473]: pam_unix(sudo:session): session closed for user root
Nov 20 17:24:11 devstack cinder-volume[81447]: DEBUG oslo_concurrency.processutils [None req-aeb72edf-f6c3-4f9c-8601-f7236f6f27b2 tempest-AttachVolumeShelveTestJSON-761432047 None] CMD "sudo cinder-rootwrap /etc/cinder/rootwrap.conf df --portability --block-size 1 /opt/stack/data/cinder/mnt/b7c75268403a250e2ee4a5c80608b248" returned: 0 in 0.495s {{(pid=81447) execute /opt/stack/data/venv/lib/python3.10/site-packages/oslo_concurrency/processutils.py:372}}
Nov 20 17:24:11 devstack cinder-volume[81447]: DEBUG cinder.manager [None req-aeb72edf-f6c3-4f9c-8601-f7236f6f27b2 tempest-AttachVolumeShelveTestJSON-761432047 None] Notifying Schedulers of capabilities ... {{(pid=81447) _publish_service_capabilities /opt/stack/cinder/cinder/manager.py:202}}
Nov 20 17:24:11 devstack cinder-volume[81447]: INFO cinder.volume.manager [None req-aeb72edf-f6c3-4f9c-8601-f7236f6f27b2 tempest-AttachVolumeShelveTestJSON-761432047 None] Deleted volume successfully.
Nov 20 17:24:11 devstack cinder-volume[81447]: DEBUG cinder.coordination [None req-aeb72edf-f6c3-4f9c-8601-f7236f6f27b2 tempest-AttachVolumeShelveTestJSON-761432047 None] Lock "cinder-3301b15e-5782-496b-a62d-f2c24d45ca4e-delete_volume" released by "delete_volume" :: held 1.739s {{(pid=81447) __release /opt/stack/cinder/cinder/coordination.py:157}}
Nov 20 17:24:11 devstack cinder-volume[81447]: WARNING cinder.volume.volume_utils [None req-aaaed6db-f8e7-4e81-a348-3eaabb30dafa tempest-VolumesSnapshotListTestJSON-2030034563 None] Volume driver (QuobyteDriver 1.1.13) is currently unsupported and may be removed in the next release of OpenStack. Use at your own risk.
Nov 20 17:24:11 devstack cinder-volume[81447]: DEBUG oslo_concurrency.lockutils [None req-aaaed6db-f8e7-4e81-a348-3eaabb30dafa tempest-VolumesSnapshotListTestJSON-2030034563 None] Acquiring lock "quobyte" by "cinder.volume.drivers.quobyte.QuobyteDriver.create_snapshot" {{(pid=81447) inner /opt/stack/data/venv/lib/python3.10/site-packages/oslo_concurrency/lockutils.py:405}}
Nov 20 17:24:11 devstack cinder-volume[81447]: DEBUG oslo_concurrency.lockutils [None req-aaaed6db-f8e7-4e81-a348-3eaabb30dafa tempest-VolumesSnapshotListTestJSON-2030034563 None] Lock "quobyte" acquired by "cinder.volume.drivers.quobyte.QuobyteDriver.create_snapshot" :: waited 0.001s {{(pid=81447) inner /opt/stack/data/venv/lib/python3.10/site-packages/oslo_concurrency/lockutils.py:410}}
Nov 20 17:24:11 devstack cinder-volume[81447]: DEBUG cinder.volume.drivers.remotefs [None req-aaaed6db-f8e7-4e81-a348-3eaabb30dafa tempest-VolumesSnapshotListTestJSON-2030034563 None] Creating offline snapshot 91e6af9f-55b6-43fd-9d91-91df513c0ebd of volume 431adea1-42bd-42cc-873c-7206275fa49b {{(pid=81447) _create_snapshot /opt/stack/cinder/cinder/volume/drivers/remotefs.py:1694}}
Nov 20 17:24:11 devstack cinder-volume[81447]: DEBUG oslo.privsep.daemon [-] privsep: reply[e0f28c83-62ea-4daf-bec2-48348274df51]: (4, 'qcow2') {{(pid=82437) _call_back /opt/stack/data/venv/lib/python3.10/site-packages/oslo_privsep/daemon.py:515}}
Nov 20 17:24:11 devstack cinder-volume[81447]: DEBUG oslo_concurrency.processutils [None req-aaaed6db-f8e7-4e81-a348-3eaabb30dafa tempest-VolumesSnapshotListTestJSON-2030034563 None] Running cmd (subprocess): /opt/stack/data/venv/bin/python3.10 -m oslo_concurrency.prlimit --as=1073741824 --cpu=60 -- sudo cinder-rootwrap /etc/cinder/rootwrap.conf env LC_ALL=C qemu-img info -f qcow2 --output=json --force-share /opt/stack/data/cinder/mnt/b7c75268403a250e2ee4a5c80608b248/volume-431adea1-42bd-42cc-873c-7206275fa49b.301c23c6-a2b6-4c1b-abfc-ba6303e79ff7 {{(pid=81447) execute /opt/stack/data/venv/lib/python3.10/site-packages/oslo_concurrency/processutils.py:349}}
Nov 20 17:24:11 devstack sudo[91476]: quobyte : PWD=/ ; USER=root ; COMMAND=/opt/stack/data/venv/bin/cinder-rootwrap /etc/cinder/rootwrap.conf env LC_ALL=C qemu-img info -f qcow2 --output=json --force-share /opt/stack/data/cinder/mnt/b7c75268403a250e2ee4a5c80608b248/volume-431adea1-42bd-42cc-873c-7206275fa49b.301c23c6-a2b6-4c1b-abfc-ba6303e79ff7
Nov 20 17:24:11 devstack sudo[91476]: pam_unix(sudo:session): session opened for user root(uid=0) by (uid=1000)
Nov 20 17:24:12 devstack sudo[91476]: pam_unix(sudo:session): session closed for user root
Nov 20 17:24:12 devstack cinder-volume[81447]: DEBUG oslo_concurrency.processutils [None req-aaaed6db-f8e7-4e81-a348-3eaabb30dafa tempest-VolumesSnapshotListTestJSON-2030034563 None] CMD "/opt/stack/data/venv/bin/python3.10 -m oslo_concurrency.prlimit --as=1073741824 --cpu=60 -- sudo cinder-rootwrap /etc/cinder/rootwrap.conf env LC_ALL=C qemu-img info -f qcow2 --output=json --force-share /opt/stack/data/cinder/mnt/b7c75268403a250e2ee4a5c80608b248/volume-431adea1-42bd-42cc-873c-7206275fa49b.301c23c6-a2b6-4c1b-abfc-ba6303e79ff7" returned: 0 in 0.612s {{(pid=81447) execute /opt/stack/data/venv/lib/python3.10/site-packages/oslo_concurrency/processutils.py:372}}
Nov 20 17:24:12 devstack cinder-volume[81447]: DEBUG cinder.volume.drivers.remotefs [None req-aaaed6db-f8e7-4e81-a348-3eaabb30dafa tempest-VolumesSnapshotListTestJSON-2030034563 None] Fetching qemu-img info with special backing_file_template: (/opt/stack/data/cinder/mnt/[0-9a-f]+/)?(volume-431adea1-42bd-42cc-873c-7206275fa49b(.(tmp-snap-)?[0-9a-f-]+)?|volume_from_snapshot_cache/(tmp-snap-)?[0-9a-f-]+(.(child-|parent-)[0-9a-f-]+)?)$ {{(pid=81447) _qemu_img_info_base /opt/stack/cinder/cinder/volume/drivers/remotefs.py:886}}
Nov 20 17:24:12 devstack cinder-volume[81447]: DEBUG oslo_concurrency.processutils [None req-aaaed6db-f8e7-4e81-a348-3eaabb30dafa tempest-VolumesSnapshotListTestJSON-2030034563 None] Running cmd (subprocess): sudo cinder-rootwrap /etc/cinder/rootwrap.conf qemu-img create -f qcow2 -o backing_file=/opt/stack/data/cinder/mnt/b7c75268403a250e2ee4a5c80608b248/volume-431adea1-42bd-42cc-873c-7206275fa49b.301c23c6-a2b6-4c1b-abfc-ba6303e79ff7,backing_fmt=qcow2 /opt/stack/data/cinder/mnt/b7c75268403a250e2ee4a5c80608b248/volume-431adea1-42bd-42cc-873c-7206275fa49b.91e6af9f-55b6-43fd-9d91-91df513c0ebd 1G {{(pid=81447) execute /opt/stack/data/venv/lib/python3.10/site-packages/oslo_concurrency/processutils.py:349}}
Nov 20 17:24:12 devstack sudo[91495]: quobyte : PWD=/ ; USER=root ; COMMAND=/opt/stack/data/venv/bin/cinder-rootwrap /etc/cinder/rootwrap.conf qemu-img create -f qcow2 -o backing_file=/opt/stack/data/cinder/mnt/b7c75268403a250e2ee4a5c80608b248/volume-431adea1-42bd-42cc-873c-7206275fa49b.301c23c6-a2b6-4c1b-abfc-ba6303e79ff7,backing_fmt=qcow2 /opt/stack/data/cinder/mnt/b7c75268403a250e2ee4a5c80608b248/volume-431adea1-42bd-42cc-873c-7206275fa49b.91e6af9f-55b6-43fd-9d91-91df513c0ebd 1G
Nov 20 17:24:12 devstack sudo[91495]: pam_unix(sudo:session): session opened for user root(uid=0) by (uid=1000)
Nov 20 17:24:13 devstack sudo[91495]: pam_unix(sudo:session): session closed for user root
Nov 20 17:24:13 devstack cinder-volume[81447]: DEBUG oslo_concurrency.processutils [None req-aaaed6db-f8e7-4e81-a348-3eaabb30dafa tempest-VolumesSnapshotListTestJSON-2030034563 None] CMD "sudo cinder-rootwrap /etc/cinder/rootwrap.conf qemu-img create -f qcow2 -o backing_file=/opt/stack/data/cinder/mnt/b7c75268403a250e2ee4a5c80608b248/volume-431adea1-42bd-42cc-873c-7206275fa49b.301c23c6-a2b6-4c1b-abfc-ba6303e79ff7,backing_fmt=qcow2 /opt/stack/data/cinder/mnt/b7c75268403a250e2ee4a5c80608b248/volume-431adea1-42bd-42cc-873c-7206275fa49b.91e6af9f-55b6-43fd-9d91-91df513c0ebd 1G" returned: 0 in 1.108s {{(pid=81447) execute /opt/stack/data/venv/lib/python3.10/site-packages/oslo_concurrency/processutils.py:372}}
Nov 20 17:24:13 devstack cinder-volume[81447]: DEBUG oslo_concurrency.processutils [None req-aaaed6db-f8e7-4e81-a348-3eaabb30dafa tempest-VolumesSnapshotListTestJSON-2030034563 None] Running cmd (subprocess): sudo cinder-rootwrap /etc/cinder/rootwrap.conf qemu-img rebase -u -b volume-431adea1-42bd-42cc-873c-7206275fa49b.301c23c6-a2b6-4c1b-abfc-ba6303e79ff7 -F qcow2 /opt/stack/data/cinder/mnt/b7c75268403a250e2ee4a5c80608b248/volume-431adea1-42bd-42cc-873c-7206275fa49b.91e6af9f-55b6-43fd-9d91-91df513c0ebd {{(pid=81447) execute /opt/stack/data/venv/lib/python3.10/site-packages/oslo_concurrency/processutils.py:349}}
Nov 20 17:24:13 devstack sudo[91543]: quobyte : PWD=/ ; USER=root ; COMMAND=/opt/stack/data/venv/bin/cinder-rootwrap /etc/cinder/rootwrap.conf qemu-img rebase -u -b volume-431adea1-42bd-42cc-873c-7206275fa49b.301c23c6-a2b6-4c1b-abfc-ba6303e79ff7 -F qcow2 /opt/stack/data/cinder/mnt/b7c75268403a250e2ee4a5c80608b248/volume-431adea1-42bd-42cc-873c-7206275fa49b.91e6af9f-55b6-43fd-9d91-91df513c0ebd
Nov 20 17:24:13 devstack sudo[91543]: pam_unix(sudo:session): session opened for user root(uid=0) by (uid=1000)
Nov 20 17:24:13 devstack sudo[91543]: pam_unix(sudo:session): session closed for user root
Nov 20 17:24:13 devstack cinder-volume[81447]: DEBUG oslo_concurrency.processutils [None req-aaaed6db-f8e7-4e81-a348-3eaabb30dafa tempest-VolumesSnapshotListTestJSON-2030034563 None] CMD "sudo cinder-rootwrap /etc/cinder/rootwrap.conf qemu-img rebase -u -b volume-431adea1-42bd-42cc-873c-7206275fa49b.301c23c6-a2b6-4c1b-abfc-ba6303e79ff7 -F qcow2 /opt/stack/data/cinder/mnt/b7c75268403a250e2ee4a5c80608b248/volume-431adea1-42bd-42cc-873c-7206275fa49b.91e6af9f-55b6-43fd-9d91-91df513c0ebd" returned: 0 in 0.699s {{(pid=81447) execute /opt/stack/data/venv/lib/python3.10/site-packages/oslo_concurrency/processutils.py:372}}
Nov 20 17:24:13 devstack cinder-volume[81447]: WARNING cinder.volume.drivers.remotefs [None req-aaaed6db-f8e7-4e81-a348-3eaabb30dafa tempest-VolumesSnapshotListTestJSON-2030034563 None] /opt/stack/data/cinder/mnt/b7c75268403a250e2ee4a5c80608b248/volume-431adea1-42bd-42cc-873c-7206275fa49b.91e6af9f-55b6-43fd-9d91-91df513c0ebd is being set with open permissions: ugo+rw
Nov 20 17:24:13 devstack cinder-volume[81447]: DEBUG oslo_concurrency.processutils [None req-aaaed6db-f8e7-4e81-a348-3eaabb30dafa tempest-VolumesSnapshotListTestJSON-2030034563 None] Running cmd (subprocess): sudo cinder-rootwrap /etc/cinder/rootwrap.conf chmod ugo+rw /opt/stack/data/cinder/mnt/b7c75268403a250e2ee4a5c80608b248/volume-431adea1-42bd-42cc-873c-7206275fa49b.91e6af9f-55b6-43fd-9d91-91df513c0ebd {{(pid=81447) execute /opt/stack/data/venv/lib/python3.10/site-packages/oslo_concurrency/processutils.py:349}}
Nov 20 17:24:13 devstack sudo[91549]: quobyte : PWD=/ ; USER=root ; COMMAND=/opt/stack/data/venv/bin/cinder-rootwrap /etc/cinder/rootwrap.conf chmod ugo+rw /opt/stack/data/cinder/mnt/b7c75268403a250e2ee4a5c80608b248/volume-431adea1-42bd-42cc-873c-7206275fa49b.91e6af9f-55b6-43fd-9d91-91df513c0ebd
Nov 20 17:24:13 devstack sudo[91549]: pam_unix(sudo:session): session opened for user root(uid=0) by (uid=1000)
Nov 20 17:24:14 devstack sudo[91549]: pam_unix(sudo:session): session closed for user root
Nov 20 17:24:14 devstack cinder-volume[81447]: DEBUG oslo_concurrency.processutils [None req-aaaed6db-f8e7-4e81-a348-3eaabb30dafa tempest-VolumesSnapshotListTestJSON-2030034563 None] CMD "sudo cinder-rootwrap /etc/cinder/rootwrap.conf chmod ugo+rw /opt/stack/data/cinder/mnt/b7c75268403a250e2ee4a5c80608b248/volume-431adea1-42bd-42cc-873c-7206275fa49b.91e6af9f-55b6-43fd-9d91-91df513c0ebd" returned: 0 in 0.610s {{(pid=81447) execute /opt/stack/data/venv/lib/python3.10/site-packages/oslo_concurrency/processutils.py:372}}
Nov 20 17:24:14 devstack cinder-volume[81447]: DEBUG oslo_concurrency.lockutils [None req-aaaed6db-f8e7-4e81-a348-3eaabb30dafa tempest-VolumesSnapshotListTestJSON-2030034563 None] Lock "quobyte" "released" by "cinder.volume.drivers.quobyte.QuobyteDriver.create_snapshot" :: held 3.152s {{(pid=81447) inner /opt/stack/data/venv/lib/python3.10/site-packages/oslo_concurrency/lockutils.py:424}}
Nov 20 17:24:14 devstack cinder-volume[81447]: INFO cinder.volume.manager [None req-aaaed6db-f8e7-4e81-a348-3eaabb30dafa tempest-VolumesSnapshotListTestJSON-2030034563 None] Create snapshot completed successfully
Nov 20 17:24:15 devstack cinder-volume[81447]: WARNING cinder.volume.volume_utils [None req-5638ee1c-1ee3-4cf7-a1cb-da41d6067277 tempest-VolumesSnapshotListTestJSON-2030034563 None] Volume driver (QuobyteDriver 1.1.13) is currently unsupported and may be removed in the next release of OpenStack. Use at your own risk.
Nov 20 17:24:15 devstack cinder-volume[81447]: DEBUG oslo_concurrency.lockutils [None req-5638ee1c-1ee3-4cf7-a1cb-da41d6067277 tempest-VolumesSnapshotListTestJSON-2030034563 None] Acquiring lock "quobyte" by "cinder.volume.drivers.quobyte.QuobyteDriver.create_snapshot" {{(pid=81447) inner /opt/stack/data/venv/lib/python3.10/site-packages/oslo_concurrency/lockutils.py:405}}
Nov 20 17:24:15 devstack cinder-volume[81447]: DEBUG oslo_concurrency.lockutils [None req-5638ee1c-1ee3-4cf7-a1cb-da41d6067277 tempest-VolumesSnapshotListTestJSON-2030034563 None] Lock "quobyte" acquired by "cinder.volume.drivers.quobyte.QuobyteDriver.create_snapshot" :: waited 0.002s {{(pid=81447) inner /opt/stack/data/venv/lib/python3.10/site-packages/oslo_concurrency/lockutils.py:410}}
Nov 20 17:24:15 devstack cinder-volume[81447]: DEBUG cinder.volume.drivers.remotefs [None req-5638ee1c-1ee3-4cf7-a1cb-da41d6067277 tempest-VolumesSnapshotListTestJSON-2030034563 None] Creating offline snapshot 194f2393-7a26-40db-896e-148e14290aa4 of volume 431adea1-42bd-42cc-873c-7206275fa49b {{(pid=81447) _create_snapshot /opt/stack/cinder/cinder/volume/drivers/remotefs.py:1694}}
Nov 20 17:24:15 devstack cinder-volume[81447]: DEBUG oslo.privsep.daemon [-] privsep: reply[46e61b72-2596-4d3a-8baa-10627905a98a]: (4, 'qcow2') {{(pid=82437) _call_back /opt/stack/data/venv/lib/python3.10/site-packages/oslo_privsep/daemon.py:515}}
Nov 20 17:24:15 devstack cinder-volume[81447]: DEBUG oslo_concurrency.processutils [None req-5638ee1c-1ee3-4cf7-a1cb-da41d6067277 tempest-VolumesSnapshotListTestJSON-2030034563 None] Running cmd (subprocess): /opt/stack/data/venv/bin/python3.10 -m oslo_concurrency.prlimit --as=1073741824 --cpu=60 -- sudo cinder-rootwrap /etc/cinder/rootwrap.conf env LC_ALL=C qemu-img info -f qcow2 --output=json --force-share /opt/stack/data/cinder/mnt/b7c75268403a250e2ee4a5c80608b248/volume-431adea1-42bd-42cc-873c-7206275fa49b.91e6af9f-55b6-43fd-9d91-91df513c0ebd {{(pid=81447) execute /opt/stack/data/venv/lib/python3.10/site-packages/oslo_concurrency/processutils.py:349}}
Nov 20 17:24:15 devstack sudo[91587]: quobyte : PWD=/ ; USER=root ; COMMAND=/opt/stack/data/venv/bin/cinder-rootwrap /etc/cinder/rootwrap.conf env LC_ALL=C qemu-img info -f qcow2 --output=json --force-share /opt/stack/data/cinder/mnt/b7c75268403a250e2ee4a5c80608b248/volume-431adea1-42bd-42cc-873c-7206275fa49b.91e6af9f-55b6-43fd-9d91-91df513c0ebd
Nov 20 17:24:15 devstack sudo[91587]: pam_unix(sudo:session): session opened for user root(uid=0) by (uid=1000)
Nov 20 17:24:16 devstack sudo[91587]: pam_unix(sudo:session): session closed for user root
Nov 20 17:24:16 devstack cinder-volume[81447]: DEBUG oslo_concurrency.processutils [None req-5638ee1c-1ee3-4cf7-a1cb-da41d6067277 tempest-VolumesSnapshotListTestJSON-2030034563 None] CMD "/opt/stack/data/venv/bin/python3.10 -m oslo_concurrency.prlimit --as=1073741824 --cpu=60 -- sudo cinder-rootwrap /etc/cinder/rootwrap.conf env LC_ALL=C qemu-img info -f qcow2 --output=json --force-share /opt/stack/data/cinder/mnt/b7c75268403a250e2ee4a5c80608b248/volume-431adea1-42bd-42cc-873c-7206275fa49b.91e6af9f-55b6-43fd-9d91-91df513c0ebd" returned: 0 in 0.736s {{(pid=81447) execute /opt/stack/data/venv/lib/python3.10/site-packages/oslo_concurrency/processutils.py:372}}
Nov 20 17:24:16 devstack cinder-volume[81447]: DEBUG cinder.volume.drivers.remotefs [None req-5638ee1c-1ee3-4cf7-a1cb-da41d6067277 tempest-VolumesSnapshotListTestJSON-2030034563 None] Fetching qemu-img info with special backing_file_template: (/opt/stack/data/cinder/mnt/[0-9a-f]+/)?(volume-431adea1-42bd-42cc-873c-7206275fa49b(.(tmp-snap-)?[0-9a-f-]+)?|volume_from_snapshot_cache/(tmp-snap-)?[0-9a-f-]+(.(child-|parent-)[0-9a-f-]+)?)$ {{(pid=81447) _qemu_img_info_base /opt/stack/cinder/cinder/volume/drivers/remotefs.py:886}}
Nov 20 17:24:16 devstack cinder-volume[81447]: DEBUG oslo_concurrency.processutils [None req-5638ee1c-1ee3-4cf7-a1cb-da41d6067277 tempest-VolumesSnapshotListTestJSON-2030034563 None] Running cmd (subprocess): sudo cinder-rootwrap /etc/cinder/rootwrap.conf qemu-img create -f qcow2 -o backing_file=/opt/stack/data/cinder/mnt/b7c75268403a250e2ee4a5c80608b248/volume-431adea1-42bd-42cc-873c-7206275fa49b.91e6af9f-55b6-43fd-9d91-91df513c0ebd,backing_fmt=qcow2 /opt/stack/data/cinder/mnt/b7c75268403a250e2ee4a5c80608b248/volume-431adea1-42bd-42cc-873c-7206275fa49b.194f2393-7a26-40db-896e-148e14290aa4 1G {{(pid=81447) execute /opt/stack/data/venv/lib/python3.10/site-packages/oslo_concurrency/processutils.py:349}}
Nov 20 17:24:16 devstack sudo[91593]: quobyte : PWD=/ ; USER=root ; COMMAND=/opt/stack/data/venv/bin/cinder-rootwrap /etc/cinder/rootwrap.conf qemu-img create -f qcow2 -o backing_file=/opt/stack/data/cinder/mnt/b7c75268403a250e2ee4a5c80608b248/volume-431adea1-42bd-42cc-873c-7206275fa49b.91e6af9f-55b6-43fd-9d91-91df513c0ebd,backing_fmt=qcow2 /opt/stack/data/cinder/mnt/b7c75268403a250e2ee4a5c80608b248/volume-431adea1-42bd-42cc-873c-7206275fa49b.194f2393-7a26-40db-896e-148e14290aa4 1G
Nov 20 17:24:16 devstack sudo[91593]: pam_unix(sudo:session): session opened for user root(uid=0) by (uid=1000)
Nov 20 17:24:17 devstack sudo[91593]: pam_unix(sudo:session): session closed for user root
Nov 20 17:24:17 devstack cinder-volume[81447]: DEBUG oslo_concurrency.processutils [None req-5638ee1c-1ee3-4cf7-a1cb-da41d6067277 tempest-VolumesSnapshotListTestJSON-2030034563 None] CMD "sudo cinder-rootwrap /etc/cinder/rootwrap.conf qemu-img create -f qcow2 -o backing_file=/opt/stack/data/cinder/mnt/b7c75268403a250e2ee4a5c80608b248/volume-431adea1-42bd-42cc-873c-7206275fa49b.91e6af9f-55b6-43fd-9d91-91df513c0ebd,backing_fmt=qcow2 /opt/stack/data/cinder/mnt/b7c75268403a250e2ee4a5c80608b248/volume-431adea1-42bd-42cc-873c-7206275fa49b.194f2393-7a26-40db-896e-148e14290aa4 1G" returned: 0 in 0.764s {{(pid=81447) execute /opt/stack/data/venv/lib/python3.10/site-packages/oslo_concurrency/processutils.py:372}}
Nov 20 17:24:17 devstack cinder-volume[81447]: DEBUG oslo_concurrency.processutils [None req-5638ee1c-1ee3-4cf7-a1cb-da41d6067277 tempest-VolumesSnapshotListTestJSON-2030034563 None] Running cmd (subprocess): sudo cinder-rootwrap /etc/cinder/rootwrap.conf qemu-img rebase -u -b volume-431adea1-42bd-42cc-873c-7206275fa49b.91e6af9f-55b6-43fd-9d91-91df513c0ebd -F qcow2 /opt/stack/data/cinder/mnt/b7c75268403a250e2ee4a5c80608b248/volume-431adea1-42bd-42cc-873c-7206275fa49b.194f2393-7a26-40db-896e-148e14290aa4 {{(pid=81447) execute /opt/stack/data/venv/lib/python3.10/site-packages/oslo_concurrency/processutils.py:349}}
Nov 20 17:24:17 devstack sudo[91598]: quobyte : PWD=/ ; USER=root ; COMMAND=/opt/stack/data/venv/bin/cinder-rootwrap /etc/cinder/rootwrap.conf qemu-img rebase -u -b volume-431adea1-42bd-42cc-873c-7206275fa49b.91e6af9f-55b6-43fd-9d91-91df513c0ebd -F qcow2 /opt/stack/data/cinder/mnt/b7c75268403a250e2ee4a5c80608b248/volume-431adea1-42bd-42cc-873c-7206275fa49b.194f2393-7a26-40db-896e-148e14290aa4
Nov 20 17:24:17 devstack sudo[91598]: pam_unix(sudo:session): session opened for user root(uid=0) by (uid=1000)
Nov 20 17:24:17 devstack cinder-volume[81447]: WARNING cinder.volume.volume_utils [req-6c779ef7-a036-4b82-8ad6-e3334282228e req-c03b7eb4-72a4-48f0-8e17-f673c8771dbc tempest-VolumesSnapshotsTestJSON-770070424 None] Volume driver (QuobyteDriver 1.1.13) is currently unsupported and may be removed in the next release of OpenStack. Use at your own risk.
Nov 20 17:24:17 devstack cinder-volume[81447]: DEBUG cinder.volume.flows.manager.create_volume [req-6c779ef7-a036-4b82-8ad6-e3334282228e req-c03b7eb4-72a4-48f0-8e17-f673c8771dbc tempest-VolumesSnapshotsTestJSON-770070424 None] Volume reschedule parameters: True retry: {'num_attempts': 1, 'backends': ['devstack@QuobyteHD#QuobyteHD'], 'hosts': ['devstack@QuobyteHD#QuobyteHD']} {{(pid=81447) get_flow /opt/stack/cinder/cinder/volume/flows/manager/create_volume.py:1384}}
Nov 20 17:24:17 devstack cinder-volume[81447]: DEBUG cinder.volume.manager [req-6c779ef7-a036-4b82-8ad6-e3334282228e req-c03b7eb4-72a4-48f0-8e17-f673c8771dbc tempest-VolumesSnapshotsTestJSON-770070424 None] Flow 'volume_create_manager' (692e9d93-7d15-4643-b28a-f252159f0f13) transitioned into state 'RUNNING' from state 'PENDING' {{(pid=81447) _flow_receiver /opt/stack/data/venv/lib/python3.10/site-packages/taskflow/listeners/logging.py:145}}
Nov 20 17:24:17 devstack cinder-volume[81447]: DEBUG cinder.volume.manager [req-6c779ef7-a036-4b82-8ad6-e3334282228e req-c03b7eb4-72a4-48f0-8e17-f673c8771dbc tempest-VolumesSnapshotsTestJSON-770070424 None] Task 'cinder.volume.flows.manager.create_volume.ExtractVolumeRefTask;volume:create' (4b64e694-757e-4543-bf5e-74184e4abe6e) transitioned into state 'RUNNING' from state 'PENDING' {{(pid=81447) _task_receiver /opt/stack/data/venv/lib/python3.10/site-packages/taskflow/listeners/logging.py:194}}
Nov 20 17:24:17 devstack cinder-volume[81447]: DEBUG cinder.volume.manager [req-6c779ef7-a036-4b82-8ad6-e3334282228e req-c03b7eb4-72a4-48f0-8e17-f673c8771dbc tempest-VolumesSnapshotsTestJSON-770070424 None] Task 'cinder.volume.flows.manager.create_volume.ExtractVolumeRefTask;volume:create' (4b64e694-757e-4543-bf5e-74184e4abe6e) transitioned into state 'SUCCESS' from state 'RUNNING' with result 'Volume(_name_id=None,admin_metadata=,attach_status='detached',availability_zone='nova',bootable=False,cluster=,cluster_name=None,consistencygroup=,consistencygroup_id=None,created_at=2025-11-20T16:24:17Z,deleted=False,deleted_at=None,display_description=None,display_name='tempest-VolumesSnapshotsTestJSON-volume-1303518438',ec2_id=None,encryption_key_id=None,glance_metadata=,group=,group_id=None,host='devstack@QuobyteHD#QuobyteHD',id=7f7259c1-a8b8-4119-8c4e-05b7411a5a46,launched_at=None,metadata={},migration_status=None,multiattach=False,previous_status=None,project_id='fc07f524da504c91a5aaa83a3171f842',provider_auth=None,provider_geometry=None,provider_id=None,provider_location=None,replication_driver_data=None,replication_extended_status=None,replication_status=None,scheduled_at=2025-11-20T16:24:18Z,service_uuid=None,shared_targets=True,size=1,snapshot_id=None,snapshots=,source_volid=None,status='creating',terminated_at=None,updated_at=2025-11-20T16:24:18Z,use_quota=True,user_id='3a5a729f0d264031bbabdfbb3a34d439',volume_attachment=VolumeAttachmentList,volume_type=VolumeType(a8ff670f-e046-440a-b3b8-5daa7e11ad46),volume_type_id=a8ff670f-e046-440a-b3b8-5daa7e11ad46)' {{(pid=81447) _task_receiver /opt/stack/data/venv/lib/python3.10/site-packages/taskflow/listeners/logging.py:182}}
Nov 20 17:24:17 devstack cinder-volume[81447]: DEBUG cinder.volume.manager [req-6c779ef7-a036-4b82-8ad6-e3334282228e req-c03b7eb4-72a4-48f0-8e17-f673c8771dbc tempest-VolumesSnapshotsTestJSON-770070424 None] Task 'cinder.volume.flows.manager.create_volume.OnFailureRescheduleTask;volume:create' (f59a3c35-d84a-4fa5-be21-eafd9075058e) transitioned into state 'RUNNING' from state 'PENDING' {{(pid=81447) _task_receiver /opt/stack/data/venv/lib/python3.10/site-packages/taskflow/listeners/logging.py:194}}
Nov 20 17:24:17 devstack cinder-volume[81447]: DEBUG cinder.volume.manager [req-6c779ef7-a036-4b82-8ad6-e3334282228e req-c03b7eb4-72a4-48f0-8e17-f673c8771dbc tempest-VolumesSnapshotsTestJSON-770070424 None] Task 'cinder.volume.flows.manager.create_volume.OnFailureRescheduleTask;volume:create' (f59a3c35-d84a-4fa5-be21-eafd9075058e) transitioned into state 'SUCCESS' from state 'RUNNING' with result 'None' {{(pid=81447) _task_receiver /opt/stack/data/venv/lib/python3.10/site-packages/taskflow/listeners/logging.py:182}}
Nov 20 17:24:17 devstack cinder-volume[81447]: DEBUG cinder.volume.manager [req-6c779ef7-a036-4b82-8ad6-e3334282228e req-c03b7eb4-72a4-48f0-8e17-f673c8771dbc tempest-VolumesSnapshotsTestJSON-770070424 None] Task 'cinder.volume.flows.manager.create_volume.ExtractVolumeSpecTask;volume:create' (f0e147b2-a2f2-42d6-be40-dd926eab695d) transitioned into state 'RUNNING' from state 'PENDING' {{(pid=81447) _task_receiver /opt/stack/data/venv/lib/python3.10/site-packages/taskflow/listeners/logging.py:194}}
Nov 20 17:24:17 devstack cinder-volume[81447]: DEBUG cinder.volume.manager [req-6c779ef7-a036-4b82-8ad6-e3334282228e req-c03b7eb4-72a4-48f0-8e17-f673c8771dbc tempest-VolumesSnapshotsTestJSON-770070424 None] Task 'cinder.volume.flows.manager.create_volume.ExtractVolumeSpecTask;volume:create' (f0e147b2-a2f2-42d6-be40-dd926eab695d) transitioned into state 'SUCCESS' from state 'RUNNING' with result '{'status': 'creating', 'type': 'raw', 'volume_id': '7f7259c1-a8b8-4119-8c4e-05b7411a5a46', 'volume_name': 'volume-7f7259c1-a8b8-4119-8c4e-05b7411a5a46', 'volume_size': 1}' {{(pid=81447) _task_receiver /opt/stack/data/venv/lib/python3.10/site-packages/taskflow/listeners/logging.py:182}}
Nov 20 17:24:17 devstack cinder-volume[81447]: DEBUG cinder.volume.manager [req-6c779ef7-a036-4b82-8ad6-e3334282228e req-c03b7eb4-72a4-48f0-8e17-f673c8771dbc tempest-VolumesSnapshotsTestJSON-770070424 None] Task 'cinder.volume.flows.manager.create_volume.NotifyVolumeActionTask;volume:create, create.start' (4da5dd0c-9f04-4597-a5ec-91ed3c721616) transitioned into state 'RUNNING' from state 'PENDING' {{(pid=81447) _task_receiver /opt/stack/data/venv/lib/python3.10/site-packages/taskflow/listeners/logging.py:194}}
Nov 20 17:24:17 devstack cinder-volume[81447]: DEBUG cinder.volume.manager [req-6c779ef7-a036-4b82-8ad6-e3334282228e req-c03b7eb4-72a4-48f0-8e17-f673c8771dbc tempest-VolumesSnapshotsTestJSON-770070424 None] Task 'cinder.volume.flows.manager.create_volume.NotifyVolumeActionTask;volume:create, create.start' (4da5dd0c-9f04-4597-a5ec-91ed3c721616) transitioned into state 'SUCCESS' from state 'RUNNING' with result 'None' {{(pid=81447) _task_receiver /opt/stack/data/venv/lib/python3.10/site-packages/taskflow/listeners/logging.py:182}}
Nov 20 17:24:17 devstack cinder-volume[81447]: DEBUG cinder.volume.manager [req-6c779ef7-a036-4b82-8ad6-e3334282228e req-c03b7eb4-72a4-48f0-8e17-f673c8771dbc tempest-VolumesSnapshotsTestJSON-770070424 None] Task 'cinder.volume.flows.manager.create_volume.CreateVolumeFromSpecTask;volume:create' (4dcfb7bb-45ca-4812-90e2-0fe67b9507c3) transitioned into state 'RUNNING' from state 'PENDING' {{(pid=81447) _task_receiver /opt/stack/data/venv/lib/python3.10/site-packages/taskflow/listeners/logging.py:194}}
Nov 20 17:24:17 devstack cinder-volume[81447]: INFO cinder.volume.flows.manager.create_volume [req-6c779ef7-a036-4b82-8ad6-e3334282228e req-c03b7eb4-72a4-48f0-8e17-f673c8771dbc tempest-VolumesSnapshotsTestJSON-770070424 None] Volume 7f7259c1-a8b8-4119-8c4e-05b7411a5a46: being created as raw with specification: {'status': 'creating', 'volume_name': 'volume-7f7259c1-a8b8-4119-8c4e-05b7411a5a46', 'volume_size': 1}
Nov 20 17:24:17 devstack cinder-volume[81447]: DEBUG oslo_concurrency.lockutils [req-6c779ef7-a036-4b82-8ad6-e3334282228e req-c03b7eb4-72a4-48f0-8e17-f673c8771dbc tempest-VolumesSnapshotsTestJSON-770070424 None] Acquiring lock "quobyte" by "cinder.volume.drivers.quobyte.QuobyteDriver.create_volume" {{(pid=81447) inner /opt/stack/data/venv/lib/python3.10/site-packages/oslo_concurrency/lockutils.py:405}}
Nov 20 17:24:17 devstack sudo[91598]: pam_unix(sudo:session): session closed for user root
Nov 20 17:24:17 devstack cinder-volume[81447]: DEBUG oslo_concurrency.processutils [None req-5638ee1c-1ee3-4cf7-a1cb-da41d6067277 tempest-VolumesSnapshotListTestJSON-2030034563 None] CMD "sudo cinder-rootwrap /etc/cinder/rootwrap.conf qemu-img rebase -u -b volume-431adea1-42bd-42cc-873c-7206275fa49b.91e6af9f-55b6-43fd-9d91-91df513c0ebd -F qcow2 /opt/stack/data/cinder/mnt/b7c75268403a250e2ee4a5c80608b248/volume-431adea1-42bd-42cc-873c-7206275fa49b.194f2393-7a26-40db-896e-148e14290aa4" returned: 0 in 0.633s {{(pid=81447) execute /opt/stack/data/venv/lib/python3.10/site-packages/oslo_concurrency/processutils.py:372}}
Nov 20 17:24:17 devstack cinder-volume[81447]: WARNING cinder.volume.drivers.remotefs [None req-5638ee1c-1ee3-4cf7-a1cb-da41d6067277 tempest-VolumesSnapshotListTestJSON-2030034563 None] /opt/stack/data/cinder/mnt/b7c75268403a250e2ee4a5c80608b248/volume-431adea1-42bd-42cc-873c-7206275fa49b.194f2393-7a26-40db-896e-148e14290aa4 is being set with open permissions: ugo+rw
Nov 20 17:24:17 devstack cinder-volume[81447]: DEBUG oslo_concurrency.processutils [None req-5638ee1c-1ee3-4cf7-a1cb-da41d6067277 tempest-VolumesSnapshotListTestJSON-2030034563 None] Running cmd (subprocess): sudo cinder-rootwrap /etc/cinder/rootwrap.conf chmod ugo+rw /opt/stack/data/cinder/mnt/b7c75268403a250e2ee4a5c80608b248/volume-431adea1-42bd-42cc-873c-7206275fa49b.194f2393-7a26-40db-896e-148e14290aa4 {{(pid=81447) execute /opt/stack/data/venv/lib/python3.10/site-packages/oslo_concurrency/processutils.py:349}}
Nov 20 17:24:17 devstack sudo[91604]: quobyte : PWD=/ ; USER=root ; COMMAND=/opt/stack/data/venv/bin/cinder-rootwrap /etc/cinder/rootwrap.conf chmod ugo+rw /opt/stack/data/cinder/mnt/b7c75268403a250e2ee4a5c80608b248/volume-431adea1-42bd-42cc-873c-7206275fa49b.194f2393-7a26-40db-896e-148e14290aa4
Nov 20 17:24:17 devstack sudo[91604]: pam_unix(sudo:session): session opened for user root(uid=0) by (uid=1000)
Nov 20 17:24:18 devstack sudo[91604]: pam_unix(sudo:session): session closed for user root
Nov 20 17:24:18 devstack cinder-volume[81447]: DEBUG oslo_concurrency.processutils [None req-5638ee1c-1ee3-4cf7-a1cb-da41d6067277 tempest-VolumesSnapshotListTestJSON-2030034563 None] CMD "sudo cinder-rootwrap /etc/cinder/rootwrap.conf chmod ugo+rw /opt/stack/data/cinder/mnt/b7c75268403a250e2ee4a5c80608b248/volume-431adea1-42bd-42cc-873c-7206275fa49b.194f2393-7a26-40db-896e-148e14290aa4" returned: 0 in 0.455s {{(pid=81447) execute /opt/stack/data/venv/lib/python3.10/site-packages/oslo_concurrency/processutils.py:372}}
Nov 20 17:24:18 devstack cinder-volume[81447]: DEBUG oslo_concurrency.lockutils [None req-5638ee1c-1ee3-4cf7-a1cb-da41d6067277 tempest-VolumesSnapshotListTestJSON-2030034563 None] Lock "quobyte" "released" by "cinder.volume.drivers.quobyte.QuobyteDriver.create_snapshot" :: held 2.658s {{(pid=81447) inner /opt/stack/data/venv/lib/python3.10/site-packages/oslo_concurrency/lockutils.py:424}}
Nov 20 17:24:18 devstack cinder-volume[81447]: DEBUG oslo_concurrency.lockutils [req-6c779ef7-a036-4b82-8ad6-e3334282228e req-c03b7eb4-72a4-48f0-8e17-f673c8771dbc tempest-VolumesSnapshotsTestJSON-770070424 None] Lock "quobyte" acquired by "cinder.volume.drivers.quobyte.QuobyteDriver.create_volume" :: waited 0.592s {{(pid=81447) inner /opt/stack/data/venv/lib/python3.10/site-packages/oslo_concurrency/lockutils.py:410}}
Nov 20 17:24:18 devstack cinder-volume[81447]: DEBUG cinder.volume.drivers.quobyte [req-6c779ef7-a036-4b82-8ad6-e3334282228e req-c03b7eb4-72a4-48f0-8e17-f673c8771dbc tempest-VolumesSnapshotsTestJSON-770070424 None] ==> create_volume: call "{'self': , 'volume': Volume(_name_id=None,admin_metadata=,attach_status='detached',availability_zone='nova',bootable=False,cluster=,cluster_name=None,consistencygroup=,consistencygroup_id=None,created_at=2025-11-20T16:24:17Z,deleted=False,deleted_at=None,display_description=None,display_name='tempest-VolumesSnapshotsTestJSON-volume-1303518438',ec2_id=None,encryption_key_id=None,glance_metadata=,group=,group_id=None,host='devstack@QuobyteHD#QuobyteHD',id=7f7259c1-a8b8-4119-8c4e-05b7411a5a46,launched_at=None,metadata={},migration_status=None,multiattach=False,previous_status=None,project_id='fc07f524da504c91a5aaa83a3171f842',provider_auth=None,provider_geometry=None,provider_id=None,provider_location=None,replication_driver_data=None,replication_extended_status=None,replication_status=None,scheduled_at=2025-11-20T16:24:18Z,service_uuid=None,shared_targets=True,size=1,snapshot_id=None,snapshots=,source_volid=None,status='creating',terminated_at=None,updated_at=2025-11-20T16:24:18Z,use_quota=True,user_id='3a5a729f0d264031bbabdfbb3a34d439',volume_attachment=VolumeAttachmentList,volume_type=VolumeType(a8ff670f-e046-440a-b3b8-5daa7e11ad46),volume_type_id=a8ff670f-e046-440a-b3b8-5daa7e11ad46)}" {{(pid=81447) trace_logging_wrapper /opt/stack/cinder/cinder/volume/volume_utils.py:1498}}
Nov 20 17:24:18 devstack cinder-volume[81447]: DEBUG cinder.volume.drivers.remotefs [req-6c779ef7-a036-4b82-8ad6-e3334282228e req-c03b7eb4-72a4-48f0-8e17-f673c8771dbc tempest-VolumesSnapshotsTestJSON-770070424 None] Creating volume 7f7259c1-a8b8-4119-8c4e-05b7411a5a46 {{(pid=81447) create_volume /opt/stack/cinder/cinder/volume/drivers/remotefs.py:290}}
Nov 20 17:24:18 devstack cinder-volume[81447]: DEBUG oslo_concurrency.lockutils [req-6c779ef7-a036-4b82-8ad6-e3334282228e req-c03b7eb4-72a4-48f0-8e17-f673c8771dbc tempest-VolumesSnapshotsTestJSON-770070424 None] Acquiring lock "quobyte_ensure" by "cinder.volume.drivers.quobyte.QuobyteDriver._ensure_shares_mounted" {{(pid=81447) inner /opt/stack/data/venv/lib/python3.10/site-packages/oslo_concurrency/lockutils.py:405}}
Nov 20 17:24:18 devstack cinder-volume[81447]: DEBUG oslo_concurrency.lockutils [req-6c779ef7-a036-4b82-8ad6-e3334282228e req-c03b7eb4-72a4-48f0-8e17-f673c8771dbc tempest-VolumesSnapshotsTestJSON-770070424 None] Lock "quobyte_ensure" acquired by "cinder.volume.drivers.quobyte.QuobyteDriver._ensure_shares_mounted" :: waited 0.001s {{(pid=81447) inner /opt/stack/data/venv/lib/python3.10/site-packages/oslo_concurrency/lockutils.py:410}}
Nov 20 17:24:18 devstack cinder-volume[81447]: DEBUG cinder.volume.drivers.quobyte [req-6c779ef7-a036-4b82-8ad6-e3334282228e req-c03b7eb4-72a4-48f0-8e17-f673c8771dbc tempest-VolumesSnapshotsTestJSON-770070424 None] Quobyte Volume URL set to: {'osci02.corp.quobyte.com/cinder-vol-1cfd27f0-6d4b-41e8-bfdd-2ca15ae45631': None} {{(pid=81447) _load_shares_config /opt/stack/cinder/cinder/volume/drivers/quobyte.py:604}}
Nov 20 17:24:18 devstack cinder-volume[81447]: DEBUG cinder.volume.drivers.quobyte [req-6c779ef7-a036-4b82-8ad6-e3334282228e req-c03b7eb4-72a4-48f0-8e17-f673c8771dbc tempest-VolumesSnapshotsTestJSON-770070424 None] Available shares ['osci02.corp.quobyte.com/cinder-vol-1cfd27f0-6d4b-41e8-bfdd-2ca15ae45631'] {{(pid=81447) _ensure_shares_mounted /opt/stack/cinder/cinder/volume/drivers/quobyte.py:634}}
Nov 20 17:24:18 devstack cinder-volume[81447]: DEBUG oslo_concurrency.lockutils [req-6c779ef7-a036-4b82-8ad6-e3334282228e req-c03b7eb4-72a4-48f0-8e17-f673c8771dbc tempest-VolumesSnapshotsTestJSON-770070424 None] Lock "quobyte_ensure" "released" by "cinder.volume.drivers.quobyte.QuobyteDriver._ensure_shares_mounted" :: held 0.005s {{(pid=81447) inner /opt/stack/data/venv/lib/python3.10/site-packages/oslo_concurrency/lockutils.py:424}}
Nov 20 17:24:18 devstack cinder-volume[81447]: DEBUG cinder.volume.drivers.quobyte [req-6c779ef7-a036-4b82-8ad6-e3334282228e req-c03b7eb4-72a4-48f0-8e17-f673c8771dbc tempest-VolumesSnapshotsTestJSON-770070424 None] Selected osci02.corp.quobyte.com/cinder-vol-1cfd27f0-6d4b-41e8-bfdd-2ca15ae45631 as target Quobyte volume. {{(pid=81447) _find_share /opt/stack/cinder/cinder/volume/drivers/quobyte.py:655}}
Nov 20 17:24:18 devstack cinder-volume[81447]: INFO cinder.volume.drivers.remotefs [req-6c779ef7-a036-4b82-8ad6-e3334282228e req-c03b7eb4-72a4-48f0-8e17-f673c8771dbc tempest-VolumesSnapshotsTestJSON-770070424 None] casted to osci02.corp.quobyte.com/cinder-vol-1cfd27f0-6d4b-41e8-bfdd-2ca15ae45631
Nov 20 17:24:18 devstack cinder-volume[81447]: DEBUG oslo_concurrency.processutils [req-6c779ef7-a036-4b82-8ad6-e3334282228e req-c03b7eb4-72a4-48f0-8e17-f673c8771dbc tempest-VolumesSnapshotsTestJSON-770070424 None] Running cmd (subprocess): sudo cinder-rootwrap /etc/cinder/rootwrap.conf qemu-img create -f qcow2 -o preallocation=metadata /opt/stack/data/cinder/mnt/b7c75268403a250e2ee4a5c80608b248/volume-7f7259c1-a8b8-4119-8c4e-05b7411a5a46 1073741824 {{(pid=81447) execute /opt/stack/data/venv/lib/python3.10/site-packages/oslo_concurrency/processutils.py:349}}
Nov 20 17:24:18 devstack sudo[91608]: quobyte : PWD=/ ; USER=root ; COMMAND=/opt/stack/data/venv/bin/cinder-rootwrap /etc/cinder/rootwrap.conf qemu-img create -f qcow2 -o preallocation=metadata /opt/stack/data/cinder/mnt/b7c75268403a250e2ee4a5c80608b248/volume-7f7259c1-a8b8-4119-8c4e-05b7411a5a46 1073741824
Nov 20 17:24:18 devstack sudo[91608]: pam_unix(sudo:session): session opened for user root(uid=0) by (uid=1000)
Nov 20 17:24:18 devstack cinder-volume[81447]: INFO cinder.volume.manager [None req-5638ee1c-1ee3-4cf7-a1cb-da41d6067277 tempest-VolumesSnapshotListTestJSON-2030034563 None] Create snapshot completed successfully
Nov 20 17:24:19 devstack sudo[91608]: pam_unix(sudo:session): session closed for user root
Nov 20 17:24:19 devstack cinder-volume[81447]: DEBUG oslo_concurrency.processutils [req-6c779ef7-a036-4b82-8ad6-e3334282228e req-c03b7eb4-72a4-48f0-8e17-f673c8771dbc tempest-VolumesSnapshotsTestJSON-770070424 None] CMD "sudo cinder-rootwrap /etc/cinder/rootwrap.conf qemu-img create -f qcow2 -o preallocation=metadata /opt/stack/data/cinder/mnt/b7c75268403a250e2ee4a5c80608b248/volume-7f7259c1-a8b8-4119-8c4e-05b7411a5a46 1073741824" returned: 0 in 0.695s {{(pid=81447) execute /opt/stack/data/venv/lib/python3.10/site-packages/oslo_concurrency/processutils.py:372}}
Nov 20 17:24:19 devstack cinder-volume[81447]: DEBUG oslo_concurrency.processutils [req-6c779ef7-a036-4b82-8ad6-e3334282228e req-c03b7eb4-72a4-48f0-8e17-f673c8771dbc tempest-VolumesSnapshotsTestJSON-770070424 None] Running cmd (subprocess): sudo cinder-rootwrap /etc/cinder/rootwrap.conf chmod ugo+rw /opt/stack/data/cinder/mnt/b7c75268403a250e2ee4a5c80608b248/volume-7f7259c1-a8b8-4119-8c4e-05b7411a5a46 {{(pid=81447) execute /opt/stack/data/venv/lib/python3.10/site-packages/oslo_concurrency/processutils.py:349}}
Nov 20 17:24:19 devstack sudo[91616]: quobyte : PWD=/ ; USER=root ; COMMAND=/opt/stack/data/venv/bin/cinder-rootwrap /etc/cinder/rootwrap.conf chmod ugo+rw /opt/stack/data/cinder/mnt/b7c75268403a250e2ee4a5c80608b248/volume-7f7259c1-a8b8-4119-8c4e-05b7411a5a46
Nov 20 17:24:19 devstack sudo[91616]: pam_unix(sudo:session): session opened for user root(uid=0) by (uid=1000)
Nov 20 17:24:19 devstack cinder-volume[81447]: DEBUG cinder.coordination [None req-5c06eb2c-9f62-4dc0-adfa-b4354565aba4 tempest-VolumesSnapshotListTestJSON-2030034563 None] Acquiring lock "cinder-194f2393-7a26-40db-896e-148e14290aa4-delete_snapshot" by "delete_snapshot" {{(pid=81447) __acquire /opt/stack/cinder/cinder/coordination.py:143}}
Nov 20 17:24:19 devstack cinder-volume[81447]: DEBUG cinder.coordination [None req-5c06eb2c-9f62-4dc0-adfa-b4354565aba4 tempest-VolumesSnapshotListTestJSON-2030034563 None] Lock "cinder-194f2393-7a26-40db-896e-148e14290aa4-delete_snapshot" acquired by "delete_snapshot" :: waited 0.019s {{(pid=81447) __acquire /opt/stack/cinder/cinder/coordination.py:146}}
Nov 20 17:24:19 devstack cinder-volume[81447]: WARNING cinder.volume.volume_utils [None req-5c06eb2c-9f62-4dc0-adfa-b4354565aba4 tempest-VolumesSnapshotListTestJSON-2030034563 None] Volume driver (QuobyteDriver 1.1.13) is currently unsupported and may be removed in the next release of OpenStack. Use at your own risk.
Nov 20 17:24:19 devstack cinder-volume[81447]: DEBUG cinder.coordination [None req-5c06eb2c-9f62-4dc0-adfa-b4354565aba4 tempest-VolumesSnapshotListTestJSON-2030034563 None] Acquiring lock "cinder-quobyte-431adea1-42bd-42cc-873c-7206275fa49b" by "delete_snapshot" {{(pid=81447) __acquire /opt/stack/cinder/cinder/coordination.py:143}}
Nov 20 17:24:19 devstack cinder-volume[81447]: DEBUG cinder.coordination [None req-5c06eb2c-9f62-4dc0-adfa-b4354565aba4 tempest-VolumesSnapshotListTestJSON-2030034563 None] Lock "cinder-quobyte-431adea1-42bd-42cc-873c-7206275fa49b" acquired by "delete_snapshot" :: waited 0.011s {{(pid=81447) __acquire /opt/stack/cinder/cinder/coordination.py:146}}
Nov 20 17:24:19 devstack cinder-volume[81447]: DEBUG cinder.coordination [None req-5c06eb2c-9f62-4dc0-adfa-b4354565aba4 tempest-VolumesSnapshotListTestJSON-2030034563 None] Acquiring lock "cinder-quobyte-194f2393-7a26-40db-896e-148e14290aa4" by "_delete_snapshot" {{(pid=81447) __acquire /opt/stack/cinder/cinder/coordination.py:143}}
Nov 20 17:24:19 devstack cinder-volume[81447]: DEBUG cinder.coordination [None req-5c06eb2c-9f62-4dc0-adfa-b4354565aba4 tempest-VolumesSnapshotListTestJSON-2030034563 None] Lock "cinder-quobyte-194f2393-7a26-40db-896e-148e14290aa4" acquired by "_delete_snapshot" :: waited 0.008s {{(pid=81447) __acquire /opt/stack/cinder/cinder/coordination.py:146}}
Nov 20 17:24:19 devstack cinder-volume[81447]: DEBUG cinder.volume.drivers.remotefs [None req-5c06eb2c-9f62-4dc0-adfa-b4354565aba4 tempest-VolumesSnapshotListTestJSON-2030034563 None] Deleting offline snapshot 194f2393-7a26-40db-896e-148e14290aa4 of volume 431adea1-42bd-42cc-873c-7206275fa49b {{(pid=81447) _delete_snapshot /opt/stack/cinder/cinder/volume/drivers/remotefs.py:1278}}
Nov 20 17:24:19 devstack cinder-volume[81447]: DEBUG cinder.volume.drivers.remotefs [None req-5c06eb2c-9f62-4dc0-adfa-b4354565aba4 tempest-VolumesSnapshotListTestJSON-2030034563 None] snapshot_file for this snap is: volume-431adea1-42bd-42cc-873c-7206275fa49b.194f2393-7a26-40db-896e-148e14290aa4 {{(pid=81447) _delete_snapshot /opt/stack/cinder/cinder/volume/drivers/remotefs.py:1307}}
Nov 20 17:24:19 devstack cinder-volume[81447]: DEBUG oslo.privsep.daemon [-] privsep: reply[b19f7478-124b-4506-8a6b-6ad24d00320c]: (4, 'qcow2') {{(pid=82437) _call_back /opt/stack/data/venv/lib/python3.10/site-packages/oslo_privsep/daemon.py:515}}
Nov 20 17:24:19 devstack cinder-volume[81447]: DEBUG oslo_concurrency.processutils [None req-5c06eb2c-9f62-4dc0-adfa-b4354565aba4 tempest-VolumesSnapshotListTestJSON-2030034563 None] Running cmd (subprocess): /opt/stack/data/venv/bin/python3.10 -m oslo_concurrency.prlimit --as=1073741824 --cpu=60 -- sudo cinder-rootwrap /etc/cinder/rootwrap.conf env LC_ALL=C qemu-img info -f qcow2 --output=json --force-share /opt/stack/data/cinder/mnt/b7c75268403a250e2ee4a5c80608b248/volume-431adea1-42bd-42cc-873c-7206275fa49b.194f2393-7a26-40db-896e-148e14290aa4 {{(pid=81447) execute /opt/stack/data/venv/lib/python3.10/site-packages/oslo_concurrency/processutils.py:349}}
Nov 20 17:24:19 devstack sudo[91616]: pam_unix(sudo:session): session closed for user root
Nov 20 17:24:19 devstack cinder-volume[81447]: DEBUG oslo_concurrency.processutils [req-6c779ef7-a036-4b82-8ad6-e3334282228e req-c03b7eb4-72a4-48f0-8e17-f673c8771dbc tempest-VolumesSnapshotsTestJSON-770070424 None] CMD "sudo cinder-rootwrap /etc/cinder/rootwrap.conf chmod ugo+rw /opt/stack/data/cinder/mnt/b7c75268403a250e2ee4a5c80608b248/volume-7f7259c1-a8b8-4119-8c4e-05b7411a5a46" returned: 0 in 0.647s {{(pid=81447) execute /opt/stack/data/venv/lib/python3.10/site-packages/oslo_concurrency/processutils.py:372}}
Nov 20 17:24:19 devstack cinder-volume[81447]: DEBUG cinder.volume.drivers.quobyte [req-6c779ef7-a036-4b82-8ad6-e3334282228e req-c03b7eb4-72a4-48f0-8e17-f673c8771dbc tempest-VolumesSnapshotsTestJSON-770070424 None] <== create_volume: return (1350ms) {'provider_location': 'osci02.corp.quobyte.com/cinder-vol-1cfd27f0-6d4b-41e8-bfdd-2ca15ae45631'} {{(pid=81447) trace_logging_wrapper /opt/stack/cinder/cinder/volume/volume_utils.py:1523}}
Nov 20 17:24:19 devstack cinder-volume[81447]: DEBUG oslo_concurrency.lockutils [req-6c779ef7-a036-4b82-8ad6-e3334282228e req-c03b7eb4-72a4-48f0-8e17-f673c8771dbc tempest-VolumesSnapshotsTestJSON-770070424 None] Lock "quobyte" "released" by "cinder.volume.drivers.quobyte.QuobyteDriver.create_volume" :: held 1.354s {{(pid=81447) inner /opt/stack/data/venv/lib/python3.10/site-packages/oslo_concurrency/lockutils.py:424}}
Nov 20 17:24:19 devstack sudo[91620]: quobyte : PWD=/ ; USER=root ; COMMAND=/opt/stack/data/venv/bin/cinder-rootwrap /etc/cinder/rootwrap.conf env LC_ALL=C qemu-img info -f qcow2 --output=json --force-share /opt/stack/data/cinder/mnt/b7c75268403a250e2ee4a5c80608b248/volume-431adea1-42bd-42cc-873c-7206275fa49b.194f2393-7a26-40db-896e-148e14290aa4
Nov 20 17:24:19 devstack sudo[91620]: pam_unix(sudo:session): session opened for user root(uid=0) by (uid=1000)
Nov 20 17:24:19 devstack cinder-volume[81447]: DEBUG cinder.volume.manager [req-6c779ef7-a036-4b82-8ad6-e3334282228e req-c03b7eb4-72a4-48f0-8e17-f673c8771dbc tempest-VolumesSnapshotsTestJSON-770070424 None] Task 'cinder.volume.flows.manager.create_volume.CreateVolumeFromSpecTask;volume:create' (4dcfb7bb-45ca-4812-90e2-0fe67b9507c3) transitioned into state 'SUCCESS' from state 'RUNNING' with result '{'status': 'creating', 'volume_name': 'volume-7f7259c1-a8b8-4119-8c4e-05b7411a5a46', 'volume_size': 1}' {{(pid=81447) _task_receiver /opt/stack/data/venv/lib/python3.10/site-packages/taskflow/listeners/logging.py:182}}
Nov 20 17:24:19 devstack cinder-volume[81447]: DEBUG cinder.volume.manager [req-6c779ef7-a036-4b82-8ad6-e3334282228e req-c03b7eb4-72a4-48f0-8e17-f673c8771dbc tempest-VolumesSnapshotsTestJSON-770070424 None] Task 'cinder.volume.flows.manager.create_volume.CreateVolumeOnFinishTask;volume:create, create.end' (8d3eea79-e039-401d-acd3-81b8f36a2d58) transitioned into state 'RUNNING' from state 'PENDING' {{(pid=81447) _task_receiver /opt/stack/data/venv/lib/python3.10/site-packages/taskflow/listeners/logging.py:194}}
Nov 20 17:24:19 devstack cinder-volume[81447]: INFO cinder.volume.flows.manager.create_volume [req-6c779ef7-a036-4b82-8ad6-e3334282228e req-c03b7eb4-72a4-48f0-8e17-f673c8771dbc tempest-VolumesSnapshotsTestJSON-770070424 None] Volume volume-7f7259c1-a8b8-4119-8c4e-05b7411a5a46 (7f7259c1-a8b8-4119-8c4e-05b7411a5a46): created successfully
Nov 20 17:24:19 devstack cinder-volume[81447]: DEBUG cinder.volume.manager [req-6c779ef7-a036-4b82-8ad6-e3334282228e req-c03b7eb4-72a4-48f0-8e17-f673c8771dbc tempest-VolumesSnapshotsTestJSON-770070424 None] Task 'cinder.volume.flows.manager.create_volume.CreateVolumeOnFinishTask;volume:create, create.end' (8d3eea79-e039-401d-acd3-81b8f36a2d58) transitioned into state 'SUCCESS' from state 'RUNNING' with result 'None' {{(pid=81447) _task_receiver /opt/stack/data/venv/lib/python3.10/site-packages/taskflow/listeners/logging.py:182}}
Nov 20 17:24:19 devstack cinder-volume[81447]: DEBUG cinder.volume.manager [req-6c779ef7-a036-4b82-8ad6-e3334282228e req-c03b7eb4-72a4-48f0-8e17-f673c8771dbc tempest-VolumesSnapshotsTestJSON-770070424 None] Flow 'volume_create_manager' (692e9d93-7d15-4643-b28a-f252159f0f13) transitioned into state 'SUCCESS' from state 'RUNNING' {{(pid=81447) _flow_receiver /opt/stack/data/venv/lib/python3.10/site-packages/taskflow/listeners/logging.py:145}}
Nov 20 17:24:19 devstack cinder-volume[81447]: INFO cinder.volume.manager [req-6c779ef7-a036-4b82-8ad6-e3334282228e req-c03b7eb4-72a4-48f0-8e17-f673c8771dbc tempest-VolumesSnapshotsTestJSON-770070424 None] Created volume successfully.
Nov 20 17:24:20 devstack sudo[91620]: pam_unix(sudo:session): session closed for user root
Nov 20 17:24:20 devstack cinder-volume[81447]: DEBUG oslo_concurrency.processutils [None req-5c06eb2c-9f62-4dc0-adfa-b4354565aba4 tempest-VolumesSnapshotListTestJSON-2030034563 None] CMD "/opt/stack/data/venv/bin/python3.10 -m oslo_concurrency.prlimit --as=1073741824 --cpu=60 -- sudo cinder-rootwrap /etc/cinder/rootwrap.conf env LC_ALL=C qemu-img info -f qcow2 --output=json --force-share /opt/stack/data/cinder/mnt/b7c75268403a250e2ee4a5c80608b248/volume-431adea1-42bd-42cc-873c-7206275fa49b.194f2393-7a26-40db-896e-148e14290aa4" returned: 0 in 0.612s {{(pid=81447) execute /opt/stack/data/venv/lib/python3.10/site-packages/oslo_concurrency/processutils.py:372}}
Nov 20 17:24:20 devstack cinder-volume[81447]: DEBUG cinder.volume.drivers.remotefs [None req-5c06eb2c-9f62-4dc0-adfa-b4354565aba4 tempest-VolumesSnapshotListTestJSON-2030034563 None] Fetching qemu-img info with special backing_file_template: (/opt/stack/data/cinder/mnt/[0-9a-f]+/)?(volume-431adea1-42bd-42cc-873c-7206275fa49b(.(tmp-snap-)?[0-9a-f-]+)?|volume_from_snapshot_cache/(tmp-snap-)?[0-9a-f-]+(.(child-|parent-)[0-9a-f-]+)?)$ {{(pid=81447) _qemu_img_info_base /opt/stack/cinder/cinder/volume/drivers/remotefs.py:886}}
