Aug 18 07:22:56 devstack devstack@g-api.service[83701]: [pid: 83701|app: 0|req: 1/1] 127.0.0.1 () {32 vars in 401 bytes} [Tue Aug 18 07:22:56 2026] GET / => generated 1571 bytes in 2 msecs (HTTP/1.1 300) 3 headers in 106 bytes (1 switches on core 0)
Aug 18 07:22:56 devstack devstack@g-api.service[83700]: DEBUG glance.common.config [None req-e4ba507f-15f7-4ea8-873b-4624477bb946 None None] barbican_service_user.collect_timing = False {{(pid=83700) log_opt_values /opt/stack/data/venv/lib/python3.12/site-packages/oslo_config/cfg.py:3560}}
Aug 18 07:22:56 devstack devstack@g-api.service[83700]: DEBUG glance.common.config [None req-e4ba507f-15f7-4ea8-873b-4624477bb946 None None] barbican_service_user.insecure = False {{(pid=83700) log_opt_values /opt/stack/data/venv/lib/python3.12/site-packages/oslo_config/cfg.py:3560}}
Aug 18 07:22:56 devstack devstack@g-api.service[83700]: DEBUG glance.common.config [None req-e4ba507f-15f7-4ea8-873b-4624477bb946 None None] barbican_service_user.keyfile = None {{(pid=83700) log_opt_values /opt/stack/data/venv/lib/python3.12/site-packages/oslo_config/cfg.py:3560}}
Aug 18 07:22:56 devstack devstack@g-api.service[83700]: DEBUG glance.common.config [None req-e4ba507f-15f7-4ea8-873b-4624477bb946 None None] barbican_service_user.split_loggers = False {{(pid=83700) log_opt_values /opt/stack/data/venv/lib/python3.12/site-packages/oslo_config/cfg.py:3560}}
Aug 18 07:22:56 devstack devstack@g-api.service[83700]: DEBUG glance.common.config [None req-e4ba507f-15f7-4ea8-873b-4624477bb946 None None] barbican_service_user.timeout = None {{(pid=83700) log_opt_values /opt/stack/data/venv/lib/python3.12/site-packages/oslo_config/cfg.py:3560}}
Aug 18 07:22:56 devstack devstack@g-api.service[83700]: DEBUG glance.common.config [None req-e4ba507f-15f7-4ea8-873b-4624477bb946 None None] database.asyncio_connection = **** {{(pid=83700) log_opt_values /opt/stack/data/venv/lib/python3.12/site-packages/oslo_config/cfg.py:3560}}
Aug 18 07:22:56 devstack devstack@g-api.service[83700]: DEBUG glance.common.config [None req-e4ba507f-15f7-4ea8-873b-4624477bb946 None None] database.asyncio_slave_connection = **** {{(pid=83700) log_opt_values /opt/stack/data/venv/lib/python3.12/site-packages/oslo_config/cfg.py:3560}}
Aug 18 07:22:56 devstack devstack@g-api.service[83700]: DEBUG glance.common.config [None req-e4ba507f-15f7-4ea8-873b-4624477bb946 None None] database.backend = sqlalchemy {{(pid=83700) log_opt_values /opt/stack/data/venv/lib/python3.12/site-packages/oslo_config/cfg.py:3560}}
Aug 18 07:22:56 devstack devstack@g-api.service[83700]: DEBUG glance.common.config [None req-e4ba507f-15f7-4ea8-873b-4624477bb946 None None] database.connection = **** {{(pid=83700) log_opt_values /opt/stack/data/venv/lib/python3.12/site-packages/oslo_config/cfg.py:3560}}
Aug 18 07:22:56 devstack devstack@g-api.service[83700]: DEBUG glance.common.config [None req-e4ba507f-15f7-4ea8-873b-4624477bb946 None None] database.connection_debug = 0 {{(pid=83700) log_opt_values /opt/stack/data/venv/lib/python3.12/site-packages/oslo_config/cfg.py:3560}}
Aug 18 07:22:56 devstack devstack@g-api.service[83700]: DEBUG glance.common.config [None req-e4ba507f-15f7-4ea8-873b-4624477bb946 None None] database.connection_parameters = {{(pid=83700) log_opt_values /opt/stack/data/venv/lib/python3.12/site-packages/oslo_config/cfg.py:3560}}
Aug 18 07:22:56 devstack devstack@g-api.service[83700]: DEBUG glance.common.config [None req-e4ba507f-15f7-4ea8-873b-4624477bb946 None None] database.connection_recycle_time = 3600 {{(pid=83700) log_opt_values /opt/stack/data/venv/lib/python3.12/site-packages/oslo_config/cfg.py:3560}}
Aug 18 07:22:56 devstack devstack@g-api.service[83700]: DEBUG glance.common.config [None req-e4ba507f-15f7-4ea8-873b-4624477bb946 None None] database.connection_trace = False {{(pid=83700) log_opt_values /opt/stack/data/venv/lib/python3.12/site-packages/oslo_config/cfg.py:3560}}
Aug 18 07:22:56 devstack devstack@g-api.service[83700]: DEBUG glance.common.config [None req-e4ba507f-15f7-4ea8-873b-4624477bb946 None None] database.db_inc_retry_interval = True {{(pid=83700) log_opt_values /opt/stack/data/venv/lib/python3.12/site-packages/oslo_config/cfg.py:3560}}
Aug 18 07:22:56 devstack devstack@g-api.service[83700]: DEBUG glance.common.config [None req-e4ba507f-15f7-4ea8-873b-4624477bb946 None None] database.db_max_retries = 20 {{(pid=83700) log_opt_values /opt/stack/data/venv/lib/python3.12/site-packages/oslo_config/cfg.py:3560}}
Aug 18 07:22:56 devstack devstack@g-api.service[83700]: DEBUG glance.common.config [None req-e4ba507f-15f7-4ea8-873b-4624477bb946 None None] database.db_max_retry_interval = 10 {{(pid=83700) log_opt_values /opt/stack/data/venv/lib/python3.12/site-packages/oslo_config/cfg.py:3560}}
Aug 18 07:22:56 devstack devstack@g-api.service[83700]: DEBUG glance.common.config [None req-e4ba507f-15f7-4ea8-873b-4624477bb946 None None] database.db_retry_interval = 1 {{(pid=83700) log_opt_values /opt/stack/data/venv/lib/python3.12/site-packages/oslo_config/cfg.py:3560}}
Aug 18 07:22:56 devstack devstack@g-api.service[83700]: DEBUG glance.common.config [None req-e4ba507f-15f7-4ea8-873b-4624477bb946 None None] database.max_overflow = 50 {{(pid=83700) log_opt_values /opt/stack/data/venv/lib/python3.12/site-packages/oslo_config/cfg.py:3560}}
Aug 18 07:22:56 devstack devstack@g-api.service[83700]: DEBUG glance.common.config [None req-e4ba507f-15f7-4ea8-873b-4624477bb946 None None] database.max_pool_size = 5 {{(pid=83700) log_opt_values /opt/stack/data/venv/lib/python3.12/site-packages/oslo_config/cfg.py:3560}}
Aug 18 07:22:56 devstack devstack@g-api.service[83700]: DEBUG glance.common.config [None req-e4ba507f-15f7-4ea8-873b-4624477bb946 None None] database.max_retries = 10 {{(pid=83700) log_opt_values /opt/stack/data/venv/lib/python3.12/site-packages/oslo_config/cfg.py:3560}}
Aug 18 07:22:56 devstack devstack@g-api.service[83700]: DEBUG glance.common.config [None req-e4ba507f-15f7-4ea8-873b-4624477bb946 None None] database.mysql_sql_mode = TRADITIONAL {{(pid=83700) log_opt_values /opt/stack/data/venv/lib/python3.12/site-packages/oslo_config/cfg.py:3560}}
Aug 18 07:22:56 devstack devstack@g-api.service[83700]: DEBUG glance.common.config [None req-e4ba507f-15f7-4ea8-873b-4624477bb946 None None] database.mysql_wsrep_sync_wait = None {{(pid=83700) log_opt_values /opt/stack/data/venv/lib/python3.12/site-packages/oslo_config/cfg.py:3560}}
Aug 18 07:22:56 devstack devstack@g-api.service[83700]: DEBUG glance.common.config [None req-e4ba507f-15f7-4ea8-873b-4624477bb946 None None] database.pool_timeout = None {{(pid=83700) log_opt_values /opt/stack/data/venv/lib/python3.12/site-packages/oslo_config/cfg.py:3560}}
Aug 18 07:22:56 devstack devstack@g-api.service[83700]: DEBUG glance.common.config [None req-e4ba507f-15f7-4ea8-873b-4624477bb946 None None] database.retry_interval = 10 {{(pid=83700) log_opt_values /opt/stack/data/venv/lib/python3.12/site-packages/oslo_config/cfg.py:3560}}
Aug 18 07:22:56 devstack devstack@g-api.service[83700]: DEBUG glance.common.config [None req-e4ba507f-15f7-4ea8-873b-4624477bb946 None None] database.slave_connection = **** {{(pid=83700) log_opt_values /opt/stack/data/venv/lib/python3.12/site-packages/oslo_config/cfg.py:3560}}
Aug 18 07:22:56 devstack devstack@g-api.service[83700]: DEBUG glance.common.config [None req-e4ba507f-15f7-4ea8-873b-4624477bb946 None None] database.sqlite_synchronous = True {{(pid=83700) log_opt_values /opt/stack/data/venv/lib/python3.12/site-packages/oslo_config/cfg.py:3560}}
Aug 18 07:22:56 devstack devstack@g-api.service[83700]: DEBUG glance.common.config [None req-e4ba507f-15f7-4ea8-873b-4624477bb946 None None] database.synchronous_reader = True {{(pid=83700) log_opt_values /opt/stack/data/venv/lib/python3.12/site-packages/oslo_config/cfg.py:3560}}
Aug 18 07:22:56 devstack devstack@g-api.service[83700]: DEBUG glance.common.config [None req-e4ba507f-15f7-4ea8-873b-4624477bb946 None None] database.use_db_reconnect = False {{(pid=83700) log_opt_values /opt/stack/data/venv/lib/python3.12/site-packages/oslo_config/cfg.py:3560}}
Aug 18 07:22:56 devstack devstack@g-api.service[83700]: DEBUG glance.common.config [None req-e4ba507f-15f7-4ea8-873b-4624477bb946 None None] healthcheck.allowed_source_ranges = [] {{(pid=83700) log_opt_values /opt/stack/data/venv/lib/python3.12/site-packages/oslo_config/cfg.py:3560}}
Aug 18 07:22:56 devstack devstack@g-api.service[83700]: DEBUG glance.common.config [None req-e4ba507f-15f7-4ea8-873b-4624477bb946 None None] healthcheck.backends = ['disable_by_file'] {{(pid=83700) log_opt_values /opt/stack/data/venv/lib/python3.12/site-packages/oslo_config/cfg.py:3560}}
Aug 18 07:22:56 devstack devstack@g-api.service[83700]: DEBUG glance.common.config [None req-e4ba507f-15f7-4ea8-873b-4624477bb946 None None] healthcheck.detailed = False {{(pid=83700) log_opt_values /opt/stack/data/venv/lib/python3.12/site-packages/oslo_config/cfg.py:3560}}
Aug 18 07:22:56 devstack devstack@g-api.service[83700]: DEBUG glance.common.config [None req-e4ba507f-15f7-4ea8-873b-4624477bb946 None None] healthcheck.disable_by_file_path = None {{(pid=83700) log_opt_values /opt/stack/data/venv/lib/python3.12/site-packages/oslo_config/cfg.py:3560}}
Aug 18 07:22:56 devstack devstack@g-api.service[83700]: DEBUG glance.common.config [None req-e4ba507f-15f7-4ea8-873b-4624477bb946 None None] healthcheck.ignore_proxied_requests = False {{(pid=83700) log_opt_values /opt/stack/data/venv/lib/python3.12/site-packages/oslo_config/cfg.py:3560}}
Aug 18 07:22:56 devstack devstack@g-api.service[83700]: DEBUG glance.common.config [None req-e4ba507f-15f7-4ea8-873b-4624477bb946 None None] ******************************************************************************** {{(pid=83700) log_opt_values /opt/stack/data/venv/lib/python3.12/site-packages/oslo_config/cfg.py:3567}}
Aug 18 07:22:56 devstack devstack@g-api.service[83700]: WSGI app 0 (mountpoint='') ready in 5 seconds on interpreter 0x7847256a4668 pid: 83700 (default app)
Aug 18 07:23:00 devstack devstack@g-api.service[83701]: DEBUG glance.api.middleware.version_negotiation [None req-ac69539d-ebe5-48ce-9587-ece90a0fceee None None] Determining version of request: GET / Accept: application/json {{(pid=83701) process_request /opt/stack/glance/glance/api/middleware/version_negotiation.py:44}}
Aug 18 07:23:00 devstack devstack@g-api.service[83701]: DEBUG glance.api.middleware.version_negotiation [None req-ac69539d-ebe5-48ce-9587-ece90a0fceee None None] Using url versioning {{(pid=83701) process_request /opt/stack/glance/glance/api/middleware/version_negotiation.py:57}}
Aug 18 07:23:00 devstack devstack@g-api.service[83701]: DEBUG glance.api.middleware.version_negotiation [None req-ac69539d-ebe5-48ce-9587-ece90a0fceee None None] Unknown version. Returning version choices. {{(pid=83701) process_request /opt/stack/glance/glance/api/middleware/version_negotiation.py:64}}
Aug 18 07:23:00 devstack devstack@g-api.service[83701]: [pid: 83701|app: 0|req: 2/2] 127.0.0.1 () {34 vars in 519 bytes} [Tue Aug 18 07:23:00 2026] GET / => generated 1571 bytes in 2 msecs (HTTP/1.1 300) 3 headers in 106 bytes (1 switches on core 0)
Aug 18 07:23:00 devstack devstack@g-api.service[83700]: DEBUG glance.api.middleware.version_negotiation [None req-e4ba507f-15f7-4ea8-873b-4624477bb946 None None] Determining version of request: POST /v2/images Accept: */* {{(pid=83700) process_request /opt/stack/glance/glance/api/middleware/version_negotiation.py:44}}
Aug 18 07:23:00 devstack devstack@g-api.service[83700]: DEBUG glance.api.middleware.version_negotiation [None req-e4ba507f-15f7-4ea8-873b-4624477bb946 None None] Using url versioning {{(pid=83700) process_request /opt/stack/glance/glance/api/middleware/version_negotiation.py:57}}
Aug 18 07:23:00 devstack devstack@g-api.service[83700]: DEBUG glance.api.middleware.version_negotiation [None req-e4ba507f-15f7-4ea8-873b-4624477bb946 None None] Matched version: v2 {{(pid=83700) process_request /opt/stack/glance/glance/api/middleware/version_negotiation.py:69}}
Aug 18 07:23:00 devstack devstack@g-api.service[83700]: DEBUG glance.api.middleware.version_negotiation [None req-e4ba507f-15f7-4ea8-873b-4624477bb946 None None] new path /v2/images {{(pid=83700) process_request /opt/stack/glance/glance/api/middleware/version_negotiation.py:70}}
Aug 18 07:23:01 devstack devstack@g-api.service[83700]: [pid: 83700|app: 0|req: 1/3] 127.0.0.1 () {40 vars in 782 bytes} [Tue Aug 18 07:23:00 2026] POST /v2/images => generated 807 bytes in 1150 msecs (HTTP/1.1 201) 6 headers in 314 bytes (1 switches on core 0)
Aug 18 07:23:01 devstack devstack@g-api.service[83701]: DEBUG glance.api.middleware.version_negotiation [None req-ac69539d-ebe5-48ce-9587-ece90a0fceee None None] Determining version of request: PUT /v2/images/2f8e597a-4445-4c4f-ac0c-9072747cdcf7/file Accept: {{(pid=83701) process_request /opt/stack/glance/glance/api/middleware/version_negotiation.py:44}}
Aug 18 07:23:01 devstack devstack@g-api.service[83701]: DEBUG glance.api.middleware.version_negotiation [None req-ac69539d-ebe5-48ce-9587-ece90a0fceee None None] Using url versioning {{(pid=83701) process_request /opt/stack/glance/glance/api/middleware/version_negotiation.py:57}}
Aug 18 07:23:01 devstack devstack@g-api.service[83701]: DEBUG glance.api.middleware.version_negotiation [None req-ac69539d-ebe5-48ce-9587-ece90a0fceee None None] Matched version: v2 {{(pid=83701) process_request /opt/stack/glance/glance/api/middleware/version_negotiation.py:69}}
Aug 18 07:23:01 devstack devstack@g-api.service[83701]: DEBUG glance.api.middleware.version_negotiation [None req-ac69539d-ebe5-48ce-9587-ece90a0fceee None None] new path /v2/images/2f8e597a-4445-4c4f-ac0c-9072747cdcf7/file {{(pid=83701) process_request /opt/stack/glance/glance/api/middleware/version_negotiation.py:70}}
Aug 18 07:23:02 devstack devstack@g-api.service[83701]: INFO glance.api.v2.image_data [None req-66b1da92-d8e8-43e8-b459-effa2932c71f admin admin] Unable to create trust: no such option collect_timing in group [keystone_authtoken] Use the existing user token.
Aug 18 07:23:02 devstack devstack@g-api.service[83701]: DEBUG glance.location [None req-66b1da92-d8e8-43e8-b459-effa2932c71f admin admin] Enabling in-flight format inspection for qcow2 {{(pid=83701) set_data /opt/stack/glance/glance/location.py:596}}
Aug 18 07:23:02 devstack devstack@g-api.service[83701]: DEBUG oslo_utils.imageutils.format_inspector [None req-66b1da92-d8e8-43e8-b459-effa2932c71f admin admin] Format inspector for vmdk does not match, excluding from consideration (Signature KDMV not found: b'QFI\xfb') {{(pid=83701) _process_chunk /opt/stack/data/venv/lib/python3.12/site-packages/oslo_utils/imageutils/format_inspector.py:1758}}
Aug 18 07:23:02 devstack devstack@g-api.service[83701]: DEBUG oslo_utils.imageutils.format_inspector [None req-66b1da92-d8e8-43e8-b459-effa2932c71f admin admin] Format inspector for vhdx does not match, excluding from consideration (Region signature not found at 30000) {{(pid=83701) _process_chunk /opt/stack/data/venv/lib/python3.12/site-packages/oslo_utils/imageutils/format_inspector.py:1758}}
Aug 18 07:23:03 devstack devstack@g-api.service[83701]: DEBUG glance_store._drivers.filesystem [None req-66b1da92-d8e8-43e8-b459-effa2932c71f admin admin] Wrote 21692416 bytes to /opt/stack/data/glance/images/2f8e597a-4445-4c4f-ac0c-9072747cdcf7 with checksum 87617e24a5e30cb3b87fda8c0764838f and multihash 9a9bce0083a00939ec17c11febbfc767aa211aaa54f51e75c5a8b271a9b5637c77205a518b7a2007cb391d23cceb01e0e4e8d64832317151bc85b734b92a7be0 {{(pid=83701) add /opt/stack/data/venv/lib/python3.12/site-packages/glance_store/_drivers/filesystem.py:899}}
Aug 18 07:23:03 devstack devstack@g-api.service[83701]: INFO glance.location [None req-66b1da92-d8e8-43e8-b459-effa2932c71f admin admin] Image format matched and virtual size computed: 117440512
Aug 18 07:23:03 devstack devstack@g-api.service[83701]: DEBUG glance_store.backend [None req-66b1da92-d8e8-43e8-b459-effa2932c71f admin admin] Skipping store.set_acls... not implemented. {{(pid=83701) set_acls /opt/stack/data/venv/lib/python3.12/site-packages/glance_store/backend.py:507}}
Aug 18 07:23:03 devstack devstack@g-api.service[83701]: [pid: 83701|app: 0|req: 3/4] 127.0.0.1 () {42 vars in 914 bytes} [Tue Aug 18 07:23:01 2026] PUT /v2/images/2f8e597a-4445-4c4f-ac0c-9072747cdcf7/file => generated 0 bytes in 1658 msecs (HTTP/1.1 204) 4 headers in 171 bytes (1 switches on core 0)
Aug 18 07:23:03 devstack devstack@g-api.service[83700]: DEBUG glance.api.middleware.version_negotiation [None req-a4cb751d-8e3b-4493-aaa0-cfb2ae3b60c5 admin admin] Determining version of request: GET /v2/images/2f8e597a-4445-4c4f-ac0c-9072747cdcf7 Accept: */* {{(pid=83700) process_request /opt/stack/glance/glance/api/middleware/version_negotiation.py:44}}
Aug 18 07:23:03 devstack devstack@g-api.service[83700]: DEBUG glance.api.middleware.version_negotiation [None req-a4cb751d-8e3b-4493-aaa0-cfb2ae3b60c5 admin admin] Using url versioning {{(pid=83700) process_request /opt/stack/glance/glance/api/middleware/version_negotiation.py:57}}
Aug 18 07:23:03 devstack devstack@g-api.service[83700]: DEBUG glance.api.middleware.version_negotiation [None req-a4cb751d-8e3b-4493-aaa0-cfb2ae3b60c5 admin admin] Matched version: v2 {{(pid=83700) process_request /opt/stack/glance/glance/api/middleware/version_negotiation.py:69}}
Aug 18 07:23:03 devstack devstack@g-api.service[83700]: DEBUG glance.api.middleware.version_negotiation [None req-a4cb751d-8e3b-4493-aaa0-cfb2ae3b60c5 admin admin] new path /v2/images/2f8e597a-4445-4c4f-ac0c-9072747cdcf7 {{(pid=83700) process_request /opt/stack/glance/glance/api/middleware/version_negotiation.py:70}}
Aug 18 07:23:03 devstack devstack@g-api.service[83700]: [pid: 83700|app: 0|req: 2/5] 127.0.0.1 () {36 vars in 802 bytes} [Tue Aug 18 07:23:03 2026] GET /v2/images/2f8e597a-4445-4c4f-ac0c-9072747cdcf7 => generated 976 bytes in 20 msecs (HTTP/1.1 200) 4 headers in 157 bytes (1 switches on core 0)
Aug 18 07:23:13 devstack devstack@g-api.service[83701]: DEBUG dbcounter [-] [83701] Writing DB stats glance:INSERT=5,glance:SELECT=16,glance:UPDATE=2 {{(pid=83701) stat_writer /opt/stack/data/venv/lib/python3.12/site-packages/dbcounter.py:115}}
Aug 18 07:23:13 devstack devstack@g-api.service[83700]: DEBUG dbcounter [-] [83700] Writing DB stats glance:INSERT=9,glance:SELECT=6 {{(pid=83700) stat_writer /opt/stack/data/venv/lib/python3.12/site-packages/dbcounter.py:115}}
Aug 18 07:23:46 devstack devstack@g-api.service[83701]: DEBUG glance.api.middleware.version_negotiation [None req-66b1da92-d8e8-43e8-b459-effa2932c71f admin admin] Determining version of request: GET / Accept: application/json {{(pid=83701) process_request /opt/stack/glance/glance/api/middleware/version_negotiation.py:44}}
Aug 18 07:23:46 devstack devstack@g-api.service[83701]: DEBUG glance.api.middleware.version_negotiation [None req-66b1da92-d8e8-43e8-b459-effa2932c71f admin admin] Using url versioning {{(pid=83701) process_request /opt/stack/glance/glance/api/middleware/version_negotiation.py:57}}
Aug 18 07:23:46 devstack devstack@g-api.service[83701]: DEBUG glance.api.middleware.version_negotiation [None req-66b1da92-d8e8-43e8-b459-effa2932c71f admin admin] Unknown version. Returning version choices. {{(pid=83701) process_request /opt/stack/glance/glance/api/middleware/version_negotiation.py:64}}
Aug 18 07:23:46 devstack devstack@g-api.service[83701]: [pid: 83701|app: 0|req: 4/6] 127.0.0.1 () {34 vars in 519 bytes} [Tue Aug 18 07:23:46 2026] GET / => generated 1571 bytes in 4 msecs (HTTP/1.1 300) 3 headers in 106 bytes (1 switches on core 0)
Aug 18 07:23:46 devstack devstack@g-api.service[83700]: DEBUG glance.api.middleware.version_negotiation [None req-c1b0cb64-1765-4ad5-835c-e5cd8380360f admin admin] Determining version of request: GET /v2/images Accept: application/json {{(pid=83700) process_request /opt/stack/glance/glance/api/middleware/version_negotiation.py:44}}
Aug 18 07:23:46 devstack devstack@g-api.service[83700]: DEBUG glance.api.middleware.version_negotiation [None req-c1b0cb64-1765-4ad5-835c-e5cd8380360f admin admin] Using url versioning {{(pid=83700) process_request /opt/stack/glance/glance/api/middleware/version_negotiation.py:57}}
Aug 18 07:23:46 devstack devstack@g-api.service[83700]: DEBUG glance.api.middleware.version_negotiation [None req-c1b0cb64-1765-4ad5-835c-e5cd8380360f admin admin] Matched version: v2 {{(pid=83700) process_request /opt/stack/glance/glance/api/middleware/version_negotiation.py:69}}
Aug 18 07:23:46 devstack devstack@g-api.service[83700]: DEBUG glance.api.middleware.version_negotiation [None req-c1b0cb64-1765-4ad5-835c-e5cd8380360f admin admin] new path /v2/images {{(pid=83700) process_request /opt/stack/glance/glance/api/middleware/version_negotiation.py:70}}
Aug 18 07:23:47 devstack devstack@g-api.service[83700]: [pid: 83700|app: 0|req: 3/7] 127.0.0.1 () {36 vars in 741 bytes} [Tue Aug 18 07:23:46 2026] GET /v2/images => generated 1045 bytes in 88 msecs (HTTP/1.1 200) 4 headers in 158 bytes (1 switches on core 0)
Aug 18 07:23:56 devstack devstack@g-api.service[83701]: DEBUG glance.api.middleware.version_negotiation [None req-66b1da92-d8e8-43e8-b459-effa2932c71f admin admin] Determining version of request: GET / Accept: application/json {{(pid=83701) process_request /opt/stack/glance/glance/api/middleware/version_negotiation.py:44}}
Aug 18 07:23:56 devstack devstack@g-api.service[83701]: DEBUG glance.api.middleware.version_negotiation [None req-66b1da92-d8e8-43e8-b459-effa2932c71f admin admin] Using url versioning {{(pid=83701) process_request /opt/stack/glance/glance/api/middleware/version_negotiation.py:57}}
Aug 18 07:23:56 devstack devstack@g-api.service[83701]: DEBUG glance.api.middleware.version_negotiation [None req-66b1da92-d8e8-43e8-b459-effa2932c71f admin admin] Unknown version. Returning version choices. {{(pid=83701) process_request /opt/stack/glance/glance/api/middleware/version_negotiation.py:64}}
Aug 18 07:23:56 devstack devstack@g-api.service[83701]: [pid: 83701|app: 0|req: 5/8] 127.0.0.1 () {34 vars in 519 bytes} [Tue Aug 18 07:23:56 2026] GET / => generated 1571 bytes in 2 msecs (HTTP/1.1 300) 3 headers in 106 bytes (1 switches on core 0)
Aug 18 07:23:56 devstack devstack@g-api.service[83700]: DEBUG glance.api.middleware.version_negotiation [None req-18c484af-1b89-423a-b984-b43cd0beed86 admin admin] Determining version of request: GET /v2/images/2f8e597a-4445-4c4f-ac0c-9072747cdcf7 Accept: */* {{(pid=83700) process_request /opt/stack/glance/glance/api/middleware/version_negotiation.py:44}}
Aug 18 07:23:56 devstack devstack@g-api.service[83700]: DEBUG glance.api.middleware.version_negotiation [None req-18c484af-1b89-423a-b984-b43cd0beed86 admin admin] Using url versioning {{(pid=83700) process_request /opt/stack/glance/glance/api/middleware/version_negotiation.py:57}}
Aug 18 07:23:56 devstack devstack@g-api.service[83700]: DEBUG glance.api.middleware.version_negotiation [None req-18c484af-1b89-423a-b984-b43cd0beed86 admin admin] Matched version: v2 {{(pid=83700) process_request /opt/stack/glance/glance/api/middleware/version_negotiation.py:69}}
Aug 18 07:23:56 devstack devstack@g-api.service[83700]: DEBUG glance.api.middleware.version_negotiation [None req-18c484af-1b89-423a-b984-b43cd0beed86 admin admin] new path /v2/images/2f8e597a-4445-4c4f-ac0c-9072747cdcf7 {{(pid=83700) process_request /opt/stack/glance/glance/api/middleware/version_negotiation.py:70}}
Aug 18 07:23:56 devstack devstack@g-api.service[83700]: [pid: 83700|app: 0|req: 4/9] 127.0.0.1 () {36 vars in 802 bytes} [Tue Aug 18 07:23:56 2026] GET /v2/images/2f8e597a-4445-4c4f-ac0c-9072747cdcf7 => generated 976 bytes in 70 msecs (HTTP/1.1 200) 4 headers in 157 bytes (1 switches on core 0)
Aug 18 07:24:03 devstack devstack@g-api.service[83701]: DEBUG glance.api.middleware.version_negotiation [None req-66b1da92-d8e8-43e8-b459-effa2932c71f admin admin] Determining version of request: GET / Accept: application/json {{(pid=83701) process_request /opt/stack/glance/glance/api/middleware/version_negotiation.py:44}}
Aug 18 07:24:03 devstack devstack@g-api.service[83701]: DEBUG glance.api.middleware.version_negotiation [None req-66b1da92-d8e8-43e8-b459-effa2932c71f admin admin] Using url versioning {{(pid=83701) process_request /opt/stack/glance/glance/api/middleware/version_negotiation.py:57}}
Aug 18 07:24:03 devstack devstack@g-api.service[83701]: DEBUG glance.api.middleware.version_negotiation [None req-66b1da92-d8e8-43e8-b459-effa2932c71f admin admin] Unknown version. Returning version choices. {{(pid=83701) process_request /opt/stack/glance/glance/api/middleware/version_negotiation.py:64}}
Aug 18 07:24:03 devstack devstack@g-api.service[83701]: [pid: 83701|app: 0|req: 6/10] 127.0.0.1 () {34 vars in 519 bytes} [Tue Aug 18 07:24:03 2026] GET / => generated 1571 bytes in 2 msecs (HTTP/1.1 300) 3 headers in 106 bytes (1 switches on core 0)
Aug 18 07:24:03 devstack devstack@g-api.service[83700]: DEBUG glance.api.middleware.version_negotiation [None req-5ad2f978-e2b2-498a-8372-cfdee52b31cf admin admin] Determining version of request: GET /v2/images/2f8e597a-4445-4c4f-ac0c-9072747cdcf7 Accept: */* {{(pid=83700) process_request /opt/stack/glance/glance/api/middleware/version_negotiation.py:44}}
Aug 18 07:24:03 devstack devstack@g-api.service[83700]: DEBUG glance.api.middleware.version_negotiation [None req-5ad2f978-e2b2-498a-8372-cfdee52b31cf admin admin] Using url versioning {{(pid=83700) process_request /opt/stack/glance/glance/api/middleware/version_negotiation.py:57}}
Aug 18 07:24:03 devstack devstack@g-api.service[83700]: DEBUG glance.api.middleware.version_negotiation [None req-5ad2f978-e2b2-498a-8372-cfdee52b31cf admin admin] Matched version: v2 {{(pid=83700) process_request /opt/stack/glance/glance/api/middleware/version_negotiation.py:69}}
Aug 18 07:24:03 devstack devstack@g-api.service[83700]: DEBUG glance.api.middleware.version_negotiation [None req-5ad2f978-e2b2-498a-8372-cfdee52b31cf admin admin] new path /v2/images/2f8e597a-4445-4c4f-ac0c-9072747cdcf7 {{(pid=83700) process_request /opt/stack/glance/glance/api/middleware/version_negotiation.py:70}}
Aug 18 07:24:03 devstack devstack@g-api.service[83700]: [pid: 83700|app: 0|req: 5/11] 127.0.0.1 () {36 vars in 802 bytes} [Tue Aug 18 07:24:03 2026] GET /v2/images/2f8e597a-4445-4c4f-ac0c-9072747cdcf7 => generated 976 bytes in 72 msecs (HTTP/1.1 200) 4 headers in 157 bytes (1 switches on core 0)
Aug 18 07:24:13 devstack devstack@g-api.service[83700]: DEBUG dbcounter [-] [83700] Writing DB stats glance:SELECT=5 {{(pid=83700) stat_writer /opt/stack/data/venv/lib/python3.12/site-packages/dbcounter.py:115}}
Aug 18 07:25:18 devstack devstack@g-api.service[83701]: DEBUG glance.api.middleware.version_negotiation [None req-66b1da92-d8e8-43e8-b459-effa2932c71f admin admin] Determining version of request: GET / Accept: application/json {{(pid=83701) process_request /opt/stack/glance/glance/api/middleware/version_negotiation.py:44}}
Aug 18 07:25:18 devstack devstack@g-api.service[83701]: DEBUG glance.api.middleware.version_negotiation [None req-66b1da92-d8e8-43e8-b459-effa2932c71f admin admin] Using url versioning {{(pid=83701) process_request /opt/stack/glance/glance/api/middleware/version_negotiation.py:57}}
Aug 18 07:25:18 devstack devstack@g-api.service[83701]: DEBUG glance.api.middleware.version_negotiation [None req-66b1da92-d8e8-43e8-b459-effa2932c71f admin admin] Unknown version. Returning version choices. {{(pid=83701) process_request /opt/stack/glance/glance/api/middleware/version_negotiation.py:64}}
Aug 18 07:25:18 devstack devstack@g-api.service[83701]: [pid: 83701|app: 0|req: 7/12] 127.0.0.1 () {36 vars in 488 bytes} [Tue Aug 18 07:25:18 2026] GET / => generated 1571 bytes in 2 msecs (HTTP/1.1 300) 3 headers in 106 bytes (1 switches on core 0)
Aug 18 07:28:11 devstack devstack@g-api.service[83700]: DEBUG glance.api.middleware.version_negotiation [None req-9e21a870-c507-46d1-b6a4-e98158dd8d76 admin admin] Determining version of request: GET / Accept: application/json {{(pid=83700) process_request /opt/stack/glance/glance/api/middleware/version_negotiation.py:44}}
Aug 18 07:28:11 devstack devstack@g-api.service[83700]: DEBUG glance.api.middleware.version_negotiation [None req-9e21a870-c507-46d1-b6a4-e98158dd8d76 admin admin] Using url versioning {{(pid=83700) process_request /opt/stack/glance/glance/api/middleware/version_negotiation.py:57}}
Aug 18 07:28:11 devstack devstack@g-api.service[83700]: DEBUG glance.api.middleware.version_negotiation [None req-9e21a870-c507-46d1-b6a4-e98158dd8d76 admin admin] Unknown version. Returning version choices. {{(pid=83700) process_request /opt/stack/glance/glance/api/middleware/version_negotiation.py:64}}
Aug 18 07:28:11 devstack devstack@g-api.service[83700]: [pid: 83700|app: 0|req: 6/13] 127.0.0.1 () {34 vars in 505 bytes} [Tue Aug 18 07:28:11 2026] GET / => generated 1571 bytes in 7 msecs (HTTP/1.1 300) 3 headers in 106 bytes (1 switches on core 0)
Aug 18 07:28:11 devstack devstack@g-api.service[83701]: DEBUG glance.api.middleware.version_negotiation [None req-66b1da92-d8e8-43e8-b459-effa2932c71f admin admin] Determining version of request: GET /v2/images/2f8e597a-4445-4c4f-ac0c-9072747cdcf7 Accept: */* {{(pid=83701) process_request /opt/stack/glance/glance/api/middleware/version_negotiation.py:44}}
Aug 18 07:28:11 devstack devstack@g-api.service[83701]: DEBUG glance.api.middleware.version_negotiation [None req-66b1da92-d8e8-43e8-b459-effa2932c71f admin admin] Using url versioning {{(pid=83701) process_request /opt/stack/glance/glance/api/middleware/version_negotiation.py:57}}
Aug 18 07:28:11 devstack devstack@g-api.service[83701]: DEBUG glance.api.middleware.version_negotiation [None req-66b1da92-d8e8-43e8-b459-effa2932c71f admin admin] Matched version: v2 {{(pid=83701) process_request /opt/stack/glance/glance/api/middleware/version_negotiation.py:69}}
Aug 18 07:28:11 devstack devstack@g-api.service[83701]: DEBUG glance.api.middleware.version_negotiation [None req-66b1da92-d8e8-43e8-b459-effa2932c71f admin admin] new path /v2/images/2f8e597a-4445-4c4f-ac0c-9072747cdcf7 {{(pid=83701) process_request /opt/stack/glance/glance/api/middleware/version_negotiation.py:70}}
Aug 18 07:28:12 devstack devstack@g-api.service[83701]: [pid: 83701|app: 0|req: 8/14] 127.0.0.1 () {42 vars in 1061 bytes} [Tue Aug 18 07:28:11 2026] GET /v2/images/2f8e597a-4445-4c4f-ac0c-9072747cdcf7 => generated 976 bytes in 406 msecs (HTTP/1.1 200) 4 headers in 157 bytes (1 switches on core 0)
Aug 18 07:28:12 devstack devstack@g-api.service[83700]: DEBUG glance.api.middleware.version_negotiation [None req-9e21a870-c507-46d1-b6a4-e98158dd8d76 admin admin] Determining version of request: GET /v2/schemas/image Accept: */* {{(pid=83700) process_request /opt/stack/glance/glance/api/middleware/version_negotiation.py:44}}
Aug 18 07:28:12 devstack devstack@g-api.service[83700]: DEBUG glance.api.middleware.version_negotiation [None req-9e21a870-c507-46d1-b6a4-e98158dd8d76 admin admin] Using url versioning {{(pid=83700) process_request /opt/stack/glance/glance/api/middleware/version_negotiation.py:57}}
Aug 18 07:28:12 devstack devstack@g-api.service[83700]: DEBUG glance.api.middleware.version_negotiation [None req-9e21a870-c507-46d1-b6a4-e98158dd8d76 admin admin] Matched version: v2 {{(pid=83700) process_request /opt/stack/glance/glance/api/middleware/version_negotiation.py:69}}
Aug 18 07:28:12 devstack devstack@g-api.service[83700]: DEBUG glance.api.middleware.version_negotiation [None req-9e21a870-c507-46d1-b6a4-e98158dd8d76 admin admin] new path /v2/schemas/image {{(pid=83700) process_request /opt/stack/glance/glance/api/middleware/version_negotiation.py:70}}
Aug 18 07:28:12 devstack devstack@g-api.service[83700]: [pid: 83700|app: 0|req: 7/15] 127.0.0.1 () {42 vars in 1001 bytes} [Tue Aug 18 07:28:12 2026] GET /v2/schemas/image => generated 6083 bytes in 16 msecs (HTTP/1.1 200) 4 headers in 158 bytes (1 switches on core 0)
Aug 18 07:28:12 devstack devstack@g-api.service[83701]: DEBUG glance.api.middleware.version_negotiation [None req-efce421d-8a4d-4e77-9191-038f1f1c35ae tempest-DeleteServersTestJSON-1017156371 tempest-DeleteServersTestJSON-1017156371-project-member] Determining version of request: GET / Accept: application/json {{(pid=83701) process_request /opt/stack/glance/glance/api/middleware/version_negotiation.py:44}}
Aug 18 07:28:12 devstack devstack@g-api.service[83701]: DEBUG glance.api.middleware.version_negotiation [None req-efce421d-8a4d-4e77-9191-038f1f1c35ae tempest-DeleteServersTestJSON-1017156371 tempest-DeleteServersTestJSON-1017156371-project-member] Using url versioning {{(pid=83701) process_request /opt/stack/glance/glance/api/middleware/version_negotiation.py:57}}
Aug 18 07:28:12 devstack devstack@g-api.service[83701]: DEBUG glance.api.middleware.version_negotiation [None req-efce421d-8a4d-4e77-9191-038f1f1c35ae tempest-DeleteServersTestJSON-1017156371 tempest-DeleteServersTestJSON-1017156371-project-member] Unknown version. Returning version choices. {{(pid=83701) process_request /opt/stack/glance/glance/api/middleware/version_negotiation.py:64}}
Aug 18 07:28:12 devstack devstack@g-api.service[83701]: [pid: 83701|app: 0|req: 9/16] 127.0.0.1 () {34 vars in 505 bytes} [Tue Aug 18 07:28:12 2026] GET / => generated 1571 bytes in 4 msecs (HTTP/1.1 300) 3 headers in 106 bytes (1 switches on core 0)
Aug 18 07:28:12 devstack devstack@g-api.service[83700]: DEBUG glance.api.middleware.version_negotiation [None req-efce421d-8a4d-4e77-9191-038f1f1c35ae tempest-DeleteServersTestJSON-1017156371 tempest-DeleteServersTestJSON-1017156371-project-member] Determining version of request: GET /v2/images/2f8e597a-4445-4c4f-ac0c-9072747cdcf7 Accept: */* {{(pid=83700) process_request /opt/stack/glance/glance/api/middleware/version_negotiation.py:44}}
Aug 18 07:28:12 devstack devstack@g-api.service[83700]: DEBUG glance.api.middleware.version_negotiation [None req-efce421d-8a4d-4e77-9191-038f1f1c35ae tempest-DeleteServersTestJSON-1017156371 tempest-DeleteServersTestJSON-1017156371-project-member] Using url versioning {{(pid=83700) process_request /opt/stack/glance/glance/api/middleware/version_negotiation.py:57}}
Aug 18 07:28:12 devstack devstack@g-api.service[83700]: DEBUG glance.api.middleware.version_negotiation [None req-efce421d-8a4d-4e77-9191-038f1f1c35ae tempest-DeleteServersTestJSON-1017156371 tempest-DeleteServersTestJSON-1017156371-project-member] Matched version: v2 {{(pid=83700) process_request /opt/stack/glance/glance/api/middleware/version_negotiation.py:69}}
Aug 18 07:28:12 devstack devstack@g-api.service[83700]: DEBUG glance.api.middleware.version_negotiation [None req-efce421d-8a4d-4e77-9191-038f1f1c35ae tempest-DeleteServersTestJSON-1017156371 tempest-DeleteServersTestJSON-1017156371-project-member] new path /v2/images/2f8e597a-4445-4c4f-ac0c-9072747cdcf7 {{(pid=83700) process_request /opt/stack/glance/glance/api/middleware/version_negotiation.py:70}}
Aug 18 07:28:13 devstack devstack@g-api.service[83700]: [pid: 83700|app: 0|req: 8/17] 127.0.0.1 () {42 vars in 1061 bytes} [Tue Aug 18 07:28:12 2026] GET /v2/images/2f8e597a-4445-4c4f-ac0c-9072747cdcf7 => generated 976 bytes in 247 msecs (HTTP/1.1 200) 4 headers in 157 bytes (1 switches on core 0)
Aug 18 07:28:13 devstack devstack@g-api.service[83701]: DEBUG glance.api.middleware.version_negotiation [None req-efce421d-8a4d-4e77-9191-038f1f1c35ae tempest-DeleteServersTestJSON-1017156371 tempest-DeleteServersTestJSON-1017156371-project-member] Determining version of request: GET /v2/schemas/image Accept: */* {{(pid=83701) process_request /opt/stack/glance/glance/api/middleware/version_negotiation.py:44}}
Aug 18 07:28:13 devstack devstack@g-api.service[83701]: DEBUG glance.api.middleware.version_negotiation [None req-efce421d-8a4d-4e77-9191-038f1f1c35ae tempest-DeleteServersTestJSON-1017156371 tempest-DeleteServersTestJSON-1017156371-project-member] Using url versioning {{(pid=83701) process_request /opt/stack/glance/glance/api/middleware/version_negotiation.py:57}}
Aug 18 07:28:13 devstack devstack@g-api.service[83701]: DEBUG glance.api.middleware.version_negotiation [None req-efce421d-8a4d-4e77-9191-038f1f1c35ae tempest-DeleteServersTestJSON-1017156371 tempest-DeleteServersTestJSON-1017156371-project-member] Matched version: v2 {{(pid=83701) process_request /opt/stack/glance/glance/api/middleware/version_negotiation.py:69}}
Aug 18 07:28:13 devstack devstack@g-api.service[83701]: DEBUG glance.api.middleware.version_negotiation [None req-efce421d-8a4d-4e77-9191-038f1f1c35ae tempest-DeleteServersTestJSON-1017156371 tempest-DeleteServersTestJSON-1017156371-project-member] new path /v2/schemas/image {{(pid=83701) process_request /opt/stack/glance/glance/api/middleware/version_negotiation.py:70}}
Aug 18 07:28:13 devstack devstack@g-api.service[83701]: [pid: 83701|app: 0|req: 10/18] 127.0.0.1 () {42 vars in 1001 bytes} [Tue Aug 18 07:28:13 2026] GET /v2/schemas/image => generated 6083 bytes in 9 msecs (HTTP/1.1 200) 4 headers in 158 bytes (1 switches on core 0)
Aug 18 07:28:18 devstack devstack@g-api.service[83700]: DEBUG glance.api.middleware.version_negotiation [None req-db34de65-cbb7-4767-a7b2-036969421993 tempest-ServerRescueNegativeTestJSON-1183039876 tempest-ServerRescueNegativeTestJSON-1183039876-project-member] Determining version of request: GET /v2/images/2f8e597a-4445-4c4f-ac0c-9072747cdcf7 Accept: */* {{(pid=83700) process_request /opt/stack/glance/glance/api/middleware/version_negotiation.py:44}}
Aug 18 07:28:18 devstack devstack@g-api.service[83700]: DEBUG glance.api.middleware.version_negotiation [None req-db34de65-cbb7-4767-a7b2-036969421993 tempest-ServerRescueNegativeTestJSON-1183039876 tempest-ServerRescueNegativeTestJSON-1183039876-project-member] Using url versioning {{(pid=83700) process_request /opt/stack/glance/glance/api/middleware/version_negotiation.py:57}}
Aug 18 07:28:18 devstack devstack@g-api.service[83700]: DEBUG glance.api.middleware.version_negotiation [None req-db34de65-cbb7-4767-a7b2-036969421993 tempest-ServerRescueNegativeTestJSON-1183039876 tempest-ServerRescueNegativeTestJSON-1183039876-project-member] Matched version: v2 {{(pid=83700) process_request /opt/stack/glance/glance/api/middleware/version_negotiation.py:69}}
Aug 18 07:28:18 devstack devstack@g-api.service[83700]: DEBUG glance.api.middleware.version_negotiation [None req-db34de65-cbb7-4767-a7b2-036969421993 tempest-ServerRescueNegativeTestJSON-1183039876 tempest-ServerRescueNegativeTestJSON-1183039876-project-member] new path /v2/images/2f8e597a-4445-4c4f-ac0c-9072747cdcf7 {{(pid=83700) process_request /opt/stack/glance/glance/api/middleware/version_negotiation.py:70}}
Aug 18 07:28:18 devstack devstack@g-api.service[83700]: [pid: 83700|app: 0|req: 9/19] 127.0.0.1 () {42 vars in 1061 bytes} [Tue Aug 18 07:28:18 2026] GET /v2/images/2f8e597a-4445-4c4f-ac0c-9072747cdcf7 => generated 976 bytes in 40 msecs (HTTP/1.1 200) 4 headers in 157 bytes (1 switches on core 0)
Aug 18 07:28:18 devstack devstack@g-api.service[83701]: DEBUG glance.api.middleware.version_negotiation [None req-db34de65-cbb7-4767-a7b2-036969421993 tempest-ServerRescueNegativeTestJSON-1183039876 tempest-ServerRescueNegativeTestJSON-1183039876-project-member] Determining version of request: GET /v2/schemas/image Accept: */* {{(pid=83701) process_request /opt/stack/glance/glance/api/middleware/version_negotiation.py:44}}
Aug 18 07:28:18 devstack devstack@g-api.service[83701]: DEBUG glance.api.middleware.version_negotiation [None req-db34de65-cbb7-4767-a7b2-036969421993 tempest-ServerRescueNegativeTestJSON-1183039876 tempest-ServerRescueNegativeTestJSON-1183039876-project-member] Using url versioning {{(pid=83701) process_request /opt/stack/glance/glance/api/middleware/version_negotiation.py:57}}
Aug 18 07:28:18 devstack devstack@g-api.service[83701]: DEBUG glance.api.middleware.version_negotiation [None req-db34de65-cbb7-4767-a7b2-036969421993 tempest-ServerRescueNegativeTestJSON-1183039876 tempest-ServerRescueNegativeTestJSON-1183039876-project-member] Matched version: v2 {{(pid=83701) process_request /opt/stack/glance/glance/api/middleware/version_negotiation.py:69}}
Aug 18 07:28:18 devstack devstack@g-api.service[83701]: DEBUG glance.api.middleware.version_negotiation [None req-db34de65-cbb7-4767-a7b2-036969421993 tempest-ServerRescueNegativeTestJSON-1183039876 tempest-ServerRescueNegativeTestJSON-1183039876-project-member] new path /v2/schemas/image {{(pid=83701) process_request /opt/stack/glance/glance/api/middleware/version_negotiation.py:70}}
Aug 18 07:28:18 devstack devstack@g-api.service[83701]: [pid: 83701|app: 0|req: 11/20] 127.0.0.1 () {42 vars in 1001 bytes} [Tue Aug 18 07:28:18 2026] GET /v2/schemas/image => generated 6083 bytes in 9 msecs (HTTP/1.1 200) 4 headers in 158 bytes (1 switches on core 0)
Aug 18 07:28:19 devstack devstack@g-api.service[83700]: DEBUG glance.api.middleware.version_negotiation [None req-01d6de84-a12c-4d44-b8e0-ea78ec5b1e84 tempest-ServerRescueNegativeTestJSON-1183039876 tempest-ServerRescueNegativeTestJSON-1183039876-project-member] Determining version of request: GET /v2/images/2f8e597a-4445-4c4f-ac0c-9072747cdcf7 Accept: */* {{(pid=83700) process_request /opt/stack/glance/glance/api/middleware/version_negotiation.py:44}}
Aug 18 07:28:19 devstack devstack@g-api.service[83700]: DEBUG glance.api.middleware.version_negotiation [None req-01d6de84-a12c-4d44-b8e0-ea78ec5b1e84 tempest-ServerRescueNegativeTestJSON-1183039876 tempest-ServerRescueNegativeTestJSON-1183039876-project-member] Using url versioning {{(pid=83700) process_request /opt/stack/glance/glance/api/middleware/version_negotiation.py:57}}
Aug 18 07:28:19 devstack devstack@g-api.service[83700]: DEBUG glance.api.middleware.version_negotiation [None req-01d6de84-a12c-4d44-b8e0-ea78ec5b1e84 tempest-ServerRescueNegativeTestJSON-1183039876 tempest-ServerRescueNegativeTestJSON-1183039876-project-member] Matched version: v2 {{(pid=83700) process_request /opt/stack/glance/glance/api/middleware/version_negotiation.py:69}}
Aug 18 07:28:19 devstack devstack@g-api.service[83700]: DEBUG glance.api.middleware.version_negotiation [None req-01d6de84-a12c-4d44-b8e0-ea78ec5b1e84 tempest-ServerRescueNegativeTestJSON-1183039876 tempest-ServerRescueNegativeTestJSON-1183039876-project-member] new path /v2/images/2f8e597a-4445-4c4f-ac0c-9072747cdcf7 {{(pid=83700) process_request /opt/stack/glance/glance/api/middleware/version_negotiation.py:70}}
Aug 18 07:28:20 devstack devstack@g-api.service[83700]: [pid: 83700|app: 0|req: 10/21] 127.0.0.1 () {42 vars in 1061 bytes} [Tue Aug 18 07:28:19 2026] GET /v2/images/2f8e597a-4445-4c4f-ac0c-9072747cdcf7 => generated 976 bytes in 255 msecs (HTTP/1.1 200) 4 headers in 157 bytes (1 switches on core 0)
Aug 18 07:28:20 devstack devstack@g-api.service[83701]: DEBUG glance.api.middleware.version_negotiation [None req-01d6de84-a12c-4d44-b8e0-ea78ec5b1e84 tempest-ServerRescueNegativeTestJSON-1183039876 tempest-ServerRescueNegativeTestJSON-1183039876-project-member] Determining version of request: GET /v2/images/2f8e597a-4445-4c4f-ac0c-9072747cdcf7/file Accept: */* {{(pid=83701) process_request /opt/stack/glance/glance/api/middleware/version_negotiation.py:44}}
Aug 18 07:28:20 devstack devstack@g-api.service[83701]: DEBUG glance.api.middleware.version_negotiation [None req-01d6de84-a12c-4d44-b8e0-ea78ec5b1e84 tempest-ServerRescueNegativeTestJSON-1183039876 tempest-ServerRescueNegativeTestJSON-1183039876-project-member] Using url versioning {{(pid=83701) process_request /opt/stack/glance/glance/api/middleware/version_negotiation.py:57}}
Aug 18 07:28:20 devstack devstack@g-api.service[83701]: DEBUG glance.api.middleware.version_negotiation [None req-01d6de84-a12c-4d44-b8e0-ea78ec5b1e84 tempest-ServerRescueNegativeTestJSON-1183039876 tempest-ServerRescueNegativeTestJSON-1183039876-project-member] Matched version: v2 {{(pid=83701) process_request /opt/stack/glance/glance/api/middleware/version_negotiation.py:69}}
Aug 18 07:28:20 devstack devstack@g-api.service[83701]: DEBUG glance.api.middleware.version_negotiation [None req-01d6de84-a12c-4d44-b8e0-ea78ec5b1e84 tempest-ServerRescueNegativeTestJSON-1183039876 tempest-ServerRescueNegativeTestJSON-1183039876-project-member] new path /v2/images/2f8e597a-4445-4c4f-ac0c-9072747cdcf7/file {{(pid=83701) process_request /opt/stack/glance/glance/api/middleware/version_negotiation.py:70}}
Aug 18 07:28:20 devstack devstack@g-api.service[83701]: DEBUG glance_store._drivers.filesystem [None req-efce421d-8a4d-4e77-9191-038f1f1c35ae tempest-DeleteServersTestJSON-1017156371 tempest-DeleteServersTestJSON-1017156371-project-member] Found image at /opt/stack/data/glance/images/2f8e597a-4445-4c4f-ac0c-9072747cdcf7. Returning in ChunkedFile. {{(pid=83701) get /opt/stack/data/venv/lib/python3.12/site-packages/glance_store/_drivers/filesystem.py:724}}
Aug 18 07:28:20 devstack devstack@g-api.service[83701]: DEBUG glance.image_cache [None req-efce421d-8a4d-4e77-9191-038f1f1c35ae tempest-DeleteServersTestJSON-1017156371 tempest-DeleteServersTestJSON-1017156371-project-member] Tee'ing image '2f8e597a-4445-4c4f-ac0c-9072747cdcf7' into cache {{(pid=83701) get_caching_iter /opt/stack/glance/glance/image_cache/__init__.py:356}}
Aug 18 07:28:20 devstack devstack@g-api.service[83701]: DEBUG glance.image_cache.drivers.centralized_db [None req-efce421d-8a4d-4e77-9191-038f1f1c35ae tempest-DeleteServersTestJSON-1017156371 tempest-DeleteServersTestJSON-1017156371-project-member] Fetch finished, moving '/opt/stack/data/glance/cache/incomplete/2f8e597a-4445-4c4f-ac0c-9072747cdcf7' to '/opt/stack/data/glance/cache/2f8e597a-4445-4c4f-ac0c-9072747cdcf7' {{(pid=83701) commit /opt/stack/glance/glance/image_cache/drivers/centralized_db.py:243}}
Aug 18 07:28:20 devstack devstack@g-api.service[83701]: DEBUG glance.image_cache.drivers.centralized_db [None req-efce421d-8a4d-4e77-9191-038f1f1c35ae tempest-DeleteServersTestJSON-1017156371 tempest-DeleteServersTestJSON-1017156371-project-member] Image cached successfully. {{(pid=83701) commit /opt/stack/glance/glance/image_cache/drivers/centralized_db.py:258}}
Aug 18 07:28:20 devstack devstack@g-api.service[83701]: [pid: 83701|app: 0|req: 12/22] 127.0.0.1 () {42 vars in 1071 bytes} [Tue Aug 18 07:28:20 2026] GET /v2/images/2f8e597a-4445-4c4f-ac0c-9072747cdcf7/file => generated 21692416 bytes in 448 msecs (HTTP/1.1 200) 4 headers in 191 bytes (335 switches on core 0)
Aug 18 07:28:20 devstack devstack@g-api.service[83700]: DEBUG glance.api.middleware.version_negotiation [None req-efce421d-8a4d-4e77-9191-038f1f1c35ae tempest-DeleteServersTestJSON-1017156371 tempest-DeleteServersTestJSON-1017156371-project-member] Determining version of request: GET /v2/images/2f8e597a-4445-4c4f-ac0c-9072747cdcf7 Accept: */* {{(pid=83700) process_request /opt/stack/glance/glance/api/middleware/version_negotiation.py:44}}
Aug 18 07:28:20 devstack devstack@g-api.service[83700]: DEBUG glance.api.middleware.version_negotiation [None req-efce421d-8a4d-4e77-9191-038f1f1c35ae tempest-DeleteServersTestJSON-1017156371 tempest-DeleteServersTestJSON-1017156371-project-member] Using url versioning {{(pid=83700) process_request /opt/stack/glance/glance/api/middleware/version_negotiation.py:57}}
Aug 18 07:28:20 devstack devstack@g-api.service[83700]: DEBUG glance.api.middleware.version_negotiation [None req-efce421d-8a4d-4e77-9191-038f1f1c35ae tempest-DeleteServersTestJSON-1017156371 tempest-DeleteServersTestJSON-1017156371-project-member] Matched version: v2 {{(pid=83700) process_request /opt/stack/glance/glance/api/middleware/version_negotiation.py:69}}
Aug 18 07:28:20 devstack devstack@g-api.service[83700]: DEBUG glance.api.middleware.version_negotiation [None req-efce421d-8a4d-4e77-9191-038f1f1c35ae tempest-DeleteServersTestJSON-1017156371 tempest-DeleteServersTestJSON-1017156371-project-member] new path /v2/images/2f8e597a-4445-4c4f-ac0c-9072747cdcf7 {{(pid=83700) process_request /opt/stack/glance/glance/api/middleware/version_negotiation.py:70}}
Aug 18 07:28:20 devstack devstack@g-api.service[83700]: [pid: 83700|app: 0|req: 11/23] 127.0.0.1 () {42 vars in 1061 bytes} [Tue Aug 18 07:28:20 2026] GET /v2/images/2f8e597a-4445-4c4f-ac0c-9072747cdcf7 => generated 976 bytes in 31 msecs (HTTP/1.1 200) 4 headers in 157 bytes (1 switches on core 0)
Aug 18 07:28:20 devstack devstack@g-api.service[83701]: DEBUG glance.api.middleware.version_negotiation [None req-efce421d-8a4d-4e77-9191-038f1f1c35ae tempest-DeleteServersTestJSON-1017156371 tempest-DeleteServersTestJSON-1017156371-project-member] Determining version of request: GET /v2/schemas/image Accept: */* {{(pid=83701) process_request /opt/stack/glance/glance/api/middleware/version_negotiation.py:44}}
Aug 18 07:28:20 devstack devstack@g-api.service[83701]: DEBUG glance.api.middleware.version_negotiation [None req-efce421d-8a4d-4e77-9191-038f1f1c35ae tempest-DeleteServersTestJSON-1017156371 tempest-DeleteServersTestJSON-1017156371-project-member] Using url versioning {{(pid=83701) process_request /opt/stack/glance/glance/api/middleware/version_negotiation.py:57}}
Aug 18 07:28:20 devstack devstack@g-api.service[83701]: DEBUG glance.api.middleware.version_negotiation [None req-efce421d-8a4d-4e77-9191-038f1f1c35ae tempest-DeleteServersTestJSON-1017156371 tempest-DeleteServersTestJSON-1017156371-project-member] Matched version: v2 {{(pid=83701) process_request /opt/stack/glance/glance/api/middleware/version_negotiation.py:69}}
Aug 18 07:28:20 devstack devstack@g-api.service[83701]: DEBUG glance.api.middleware.version_negotiation [None req-efce421d-8a4d-4e77-9191-038f1f1c35ae tempest-DeleteServersTestJSON-1017156371 tempest-DeleteServersTestJSON-1017156371-project-member] new path /v2/schemas/image {{(pid=83701) process_request /opt/stack/glance/glance/api/middleware/version_negotiation.py:70}}
