Aug 18 07:34:36 devstack cinder-volume[94427]: WARNING cinder.volume.drivers.remotefs [None req-03cc455f-de6a-4460-8ced-5c5f08684093 tempest-GroupsV314Test-668810545 None] /opt/stack/data/cinder/mnt/6a670cc290951f0779693d517dec7eb3/volume-e9601621-c9ee-4288-9ef0-b5bf64b02f23.info is being set with open permissions: ugo+rw: NotImplementedError
Aug 18 07:34:36 devstack cinder-volume[94427]: DEBUG oslo_concurrency.processutils [None req-03cc455f-de6a-4460-8ced-5c5f08684093 tempest-GroupsV314Test-668810545 None] Running cmd (subprocess): sudo cinder-rootwrap /etc/cinder/rootwrap.conf chmod ugo+rw /opt/stack/data/cinder/mnt/6a670cc290951f0779693d517dec7eb3/volume-e9601621-c9ee-4288-9ef0-b5bf64b02f23.info {{(pid=94427) execute /opt/stack/data/venv/lib/python3.12/site-packages/oslo_concurrency/processutils.py:440}}
Aug 18 07:34:36 devstack sudo[102638]: quobyte : PWD=/ ; USER=root ; COMMAND=/opt/stack/data/venv/bin/cinder-rootwrap /etc/cinder/rootwrap.conf chmod ugo+rw /opt/stack/data/cinder/mnt/6a670cc290951f0779693d517dec7eb3/volume-e9601621-c9ee-4288-9ef0-b5bf64b02f23.info
Aug 18 07:34:36 devstack sudo[102638]: pam_unix(sudo:session): session opened for user root(uid=0) by (uid=1000)
Aug 18 07:34:37 devstack sudo[102638]: pam_unix(sudo:session): session closed for user root
Aug 18 07:34:37 devstack cinder-volume[94427]: DEBUG oslo_concurrency.processutils [None req-03cc455f-de6a-4460-8ced-5c5f08684093 tempest-GroupsV314Test-668810545 None] CMD "sudo cinder-rootwrap /etc/cinder/rootwrap.conf chmod ugo+rw /opt/stack/data/cinder/mnt/6a670cc290951f0779693d517dec7eb3/volume-e9601621-c9ee-4288-9ef0-b5bf64b02f23.info" returned: 0 in 0.378s {{(pid=94427) execute /opt/stack/data/venv/lib/python3.12/site-packages/oslo_concurrency/processutils.py:468}}
Aug 18 07:34:37 devstack cinder-volume[94427]: DEBUG cinder.coordination [None req-03cc455f-de6a-4460-8ced-5c5f08684093 tempest-GroupsV314Test-668810545 None] Acquiring lock "cinder-quobyte-f1dca3e8-cb51-408f-b87c-d3b1e2ac4b2b" by "_copy_volume_from_snapshot" {{(pid=94427) __acquire /opt/stack/cinder/cinder/coordination.py:138}}
Aug 18 07:34:37 devstack cinder-volume[94427]: DEBUG cinder.coordination [None req-03cc455f-de6a-4460-8ced-5c5f08684093 tempest-GroupsV314Test-668810545 None] Lock "cinder-quobyte-f1dca3e8-cb51-408f-b87c-d3b1e2ac4b2b" acquired by "_copy_volume_from_snapshot" :: waited 0.032s {{(pid=94427) __acquire /opt/stack/cinder/cinder/coordination.py:141}}
Aug 18 07:34:37 devstack cinder-volume[94427]: DEBUG cinder.volume.drivers.quobyte [None req-03cc455f-de6a-4460-8ced-5c5f08684093 tempest-GroupsV314Test-668810545 None] snapshot: 5c7127a8-48d2-4645-9a7f-48910c5fc8e7, volume: f1dca3e8-cb51-408f-b87c-d3b1e2ac4b2b, {{(pid=94427) _copy_volume_from_snapshot /opt/stack/cinder/cinder/volume/drivers/quobyte.py:405}}
Aug 18 07:34:37 devstack cinder-volume[94427]: DEBUG oslo_concurrency.lockutils [None req-03cc455f-de6a-4460-8ced-5c5f08684093 tempest-GroupsV314Test-668810545 None] Acquiring lock "quobyte_ensure" by "cinder.volume.drivers.quobyte.QuobyteDriver._ensure_shares_mounted" {{(pid=94427) inner /opt/stack/data/venv/lib/python3.12/site-packages/oslo_concurrency/lockutils.py:512}}
Aug 18 07:34:37 devstack cinder-volume[94427]: DEBUG oslo_concurrency.lockutils [None req-03cc455f-de6a-4460-8ced-5c5f08684093 tempest-GroupsV314Test-668810545 None] Lock "quobyte_ensure" acquired by "cinder.volume.drivers.quobyte.QuobyteDriver._ensure_shares_mounted" :: waited 0.001s {{(pid=94427) inner /opt/stack/data/venv/lib/python3.12/site-packages/oslo_concurrency/lockutils.py:525}}
Aug 18 07:34:37 devstack cinder-volume[94427]: DEBUG cinder.volume.drivers.quobyte [None req-03cc455f-de6a-4460-8ced-5c5f08684093 tempest-GroupsV314Test-668810545 None] Quobyte Volume URL set to: {'osci02.corp.quobyte.com/cinder-vol-3e6e766d-1d8b-4c76-a375-b6493fe476e0': None} {{(pid=94427) _load_shares_config /opt/stack/cinder/cinder/volume/drivers/quobyte.py:665}}
Aug 18 07:34:37 devstack cinder-volume[94427]: DEBUG cinder.volume.drivers.quobyte [None req-03cc455f-de6a-4460-8ced-5c5f08684093 tempest-GroupsV314Test-668810545 None] Available shares ['osci02.corp.quobyte.com/cinder-vol-3e6e766d-1d8b-4c76-a375-b6493fe476e0'] {{(pid=94427) _ensure_shares_mounted /opt/stack/cinder/cinder/volume/drivers/quobyte.py:695}}
Aug 18 07:34:37 devstack cinder-volume[94427]: DEBUG oslo_concurrency.lockutils [None req-03cc455f-de6a-4460-8ced-5c5f08684093 tempest-GroupsV314Test-668810545 None] Lock "quobyte_ensure" "released" by "cinder.volume.drivers.quobyte.QuobyteDriver._ensure_shares_mounted" :: held 0.013s {{(pid=94427) inner /opt/stack/data/venv/lib/python3.12/site-packages/oslo_concurrency/lockutils.py:544}}
Aug 18 07:34:37 devstack cinder-volume[94427]: DEBUG oslo.privsep.daemon [-] privsep: reply[cd3dd710-c322-445a-bbdf-53438fe78960]: (4, 'qcow2') {{(pid=96302) _call_back /opt/stack/data/venv/lib/python3.12/site-packages/oslo_privsep/daemon.py:580}}
Aug 18 07:34:37 devstack cinder-volume[94427]: DEBUG oslo_concurrency.processutils [None req-03cc455f-de6a-4460-8ced-5c5f08684093 tempest-GroupsV314Test-668810545 None] Running cmd (subprocess): /opt/stack/data/venv/bin/python3.12 -m oslo_concurrency.prlimit --as=1073741824 --cpu=60 -- sudo cinder-rootwrap /etc/cinder/rootwrap.conf env LC_ALL=C qemu-img info -f qcow2 --output=json --force-share /opt/stack/data/cinder/mnt/6a670cc290951f0779693d517dec7eb3/volume-e9601621-c9ee-4288-9ef0-b5bf64b02f23.5c7127a8-48d2-4645-9a7f-48910c5fc8e7 {{(pid=94427) execute /opt/stack/data/venv/lib/python3.12/site-packages/oslo_concurrency/processutils.py:440}}
Aug 18 07:34:37 devstack sudo[102657]: quobyte : PWD=/ ; USER=root ; COMMAND=/opt/stack/data/venv/bin/cinder-rootwrap /etc/cinder/rootwrap.conf env LC_ALL=C qemu-img info -f qcow2 --output=json --force-share /opt/stack/data/cinder/mnt/6a670cc290951f0779693d517dec7eb3/volume-e9601621-c9ee-4288-9ef0-b5bf64b02f23.5c7127a8-48d2-4645-9a7f-48910c5fc8e7
Aug 18 07:34:37 devstack sudo[102657]: pam_unix(sudo:session): session opened for user root(uid=0) by (uid=1000)
Aug 18 07:34:38 devstack sudo[102657]: pam_unix(sudo:session): session closed for user root
Aug 18 07:34:38 devstack cinder-volume[94427]: DEBUG oslo_concurrency.processutils [None req-03cc455f-de6a-4460-8ced-5c5f08684093 tempest-GroupsV314Test-668810545 None] CMD "/opt/stack/data/venv/bin/python3.12 -m oslo_concurrency.prlimit --as=1073741824 --cpu=60 -- sudo cinder-rootwrap /etc/cinder/rootwrap.conf env LC_ALL=C qemu-img info -f qcow2 --output=json --force-share /opt/stack/data/cinder/mnt/6a670cc290951f0779693d517dec7eb3/volume-e9601621-c9ee-4288-9ef0-b5bf64b02f23.5c7127a8-48d2-4645-9a7f-48910c5fc8e7" returned: 0 in 0.751s {{(pid=94427) execute /opt/stack/data/venv/lib/python3.12/site-packages/oslo_concurrency/processutils.py:468}}
Aug 18 07:34:38 devstack cinder-volume[94427]: DEBUG cinder.volume.drivers.remotefs [None req-03cc455f-de6a-4460-8ced-5c5f08684093 tempest-GroupsV314Test-668810545 None] Fetching qemu-img info with special backing_file_template: (/opt/stack/data/cinder/mnt/[0-9a-f]+/)?(volume-e9601621-c9ee-4288-9ef0-b5bf64b02f23(.(tmp-snap-)?[0-9a-f-]+)?|volume_from_snapshot_cache/(tmp-snap-)?[0-9a-f-]+(.(child-|parent-)[0-9a-f-]+)?)$ {{(pid=94427) _qemu_img_info_base /opt/stack/cinder/cinder/volume/drivers/remotefs.py:896}}
Aug 18 07:34:38 devstack cinder-volume[94427]: DEBUG oslo.privsep.daemon [-] privsep: reply[d49614d6-f610-457c-97a5-dc340d0ec191]: (4, 'qcow2') {{(pid=96302) _call_back /opt/stack/data/venv/lib/python3.12/site-packages/oslo_privsep/daemon.py:580}}
Aug 18 07:34:38 devstack cinder-volume[94427]: DEBUG oslo_concurrency.processutils [None req-03cc455f-de6a-4460-8ced-5c5f08684093 tempest-GroupsV314Test-668810545 None] Running cmd (subprocess): /opt/stack/data/venv/bin/python3.12 -m oslo_concurrency.prlimit --as=1073741824 --cpu=60 -- sudo cinder-rootwrap /etc/cinder/rootwrap.conf env LC_ALL=C qemu-img info -f qcow2 --output=json --force-share /opt/stack/data/cinder/mnt/6a670cc290951f0779693d517dec7eb3/volume-e9601621-c9ee-4288-9ef0-b5bf64b02f23 {{(pid=94427) execute /opt/stack/data/venv/lib/python3.12/site-packages/oslo_concurrency/processutils.py:440}}
Aug 18 07:34:38 devstack sudo[102675]: quobyte : PWD=/ ; USER=root ; COMMAND=/opt/stack/data/venv/bin/cinder-rootwrap /etc/cinder/rootwrap.conf env LC_ALL=C qemu-img info -f qcow2 --output=json --force-share /opt/stack/data/cinder/mnt/6a670cc290951f0779693d517dec7eb3/volume-e9601621-c9ee-4288-9ef0-b5bf64b02f23
Aug 18 07:34:38 devstack sudo[102675]: pam_unix(sudo:session): session opened for user root(uid=0) by (uid=1000)
Aug 18 07:34:38 devstack sudo[102675]: pam_unix(sudo:session): session closed for user root
Aug 18 07:34:38 devstack cinder-volume[94427]: DEBUG oslo_concurrency.processutils [None req-03cc455f-de6a-4460-8ced-5c5f08684093 tempest-GroupsV314Test-668810545 None] CMD "/opt/stack/data/venv/bin/python3.12 -m oslo_concurrency.prlimit --as=1073741824 --cpu=60 -- sudo cinder-rootwrap /etc/cinder/rootwrap.conf env LC_ALL=C qemu-img info -f qcow2 --output=json --force-share /opt/stack/data/cinder/mnt/6a670cc290951f0779693d517dec7eb3/volume-e9601621-c9ee-4288-9ef0-b5bf64b02f23" returned: 0 in 0.737s {{(pid=94427) execute /opt/stack/data/venv/lib/python3.12/site-packages/oslo_concurrency/processutils.py:468}}
Aug 18 07:34:38 devstack cinder-volume[94427]: DEBUG cinder.volume.drivers.quobyte [None req-03cc455f-de6a-4460-8ced-5c5f08684093 tempest-GroupsV314Test-668810545 None] will copy from snapshot at /opt/stack/data/cinder/mnt/6a670cc290951f0779693d517dec7eb3/volume-e9601621-c9ee-4288-9ef0-b5bf64b02f23 {{(pid=94427) _copy_volume_from_snapshot /opt/stack/cinder/cinder/volume/drivers/quobyte.py:426}}
Aug 18 07:34:38 devstack cinder-volume[94427]: DEBUG cinder.volume.drivers.quobyte [None req-03cc455f-de6a-4460-8ced-5c5f08684093 tempest-GroupsV314Test-668810545 None] Creating direct copy from snapshot {{(pid=94427) _copy_volume_from_snapshot /opt/stack/cinder/cinder/volume/drivers/quobyte.py:434}}
Aug 18 07:34:38 devstack cinder-volume[94427]: DEBUG cinder.utils [None req-03cc455f-de6a-4460-8ced-5c5f08684093 tempest-GroupsV314Test-668810545 None] Path /opt/stack/data/cinder/mnt/6a670cc290951f0779693d517dec7eb3/volume-f1dca3e8-cb51-408f-b87c-d3b1e2ac4b2b not found in is_blk_device check {{(pid=94427) is_blk_device /opt/stack/cinder/cinder/utils.py:622}}
Aug 18 07:34:38 devstack cinder-volume[94427]: DEBUG oslo_concurrency.processutils [None req-03cc455f-de6a-4460-8ced-5c5f08684093 tempest-GroupsV314Test-668810545 None] Running cmd (subprocess): sudo cinder-rootwrap /etc/cinder/rootwrap.conf qemu-img convert -O qcow2 /opt/stack/data/cinder/mnt/6a670cc290951f0779693d517dec7eb3/volume-e9601621-c9ee-4288-9ef0-b5bf64b02f23 /opt/stack/data/cinder/mnt/6a670cc290951f0779693d517dec7eb3/volume-f1dca3e8-cb51-408f-b87c-d3b1e2ac4b2b {{(pid=94427) execute /opt/stack/data/venv/lib/python3.12/site-packages/oslo_concurrency/processutils.py:440}}
Aug 18 07:34:38 devstack sudo[102680]: quobyte : PWD=/ ; USER=root ; COMMAND=/opt/stack/data/venv/bin/cinder-rootwrap /etc/cinder/rootwrap.conf qemu-img convert -O qcow2 /opt/stack/data/cinder/mnt/6a670cc290951f0779693d517dec7eb3/volume-e9601621-c9ee-4288-9ef0-b5bf64b02f23 /opt/stack/data/cinder/mnt/6a670cc290951f0779693d517dec7eb3/volume-f1dca3e8-cb51-408f-b87c-d3b1e2ac4b2b
Aug 18 07:34:38 devstack sudo[102680]: pam_unix(sudo:session): session opened for user root(uid=0) by (uid=1000)
Aug 18 07:34:46 devstack cinder-volume[94427]: DEBUG dbcounter [-] [94427] Writing DB stats cinder:SELECT=40,cinder:UPDATE=17,cinder:INSERT=6,cinder:DELETE=2 {{(pid=94427) stat_writer /opt/stack/data/venv/lib/python3.12/site-packages/dbcounter.py:115}}
Aug 18 07:34:46 devstack cinder-volume[94427]: DEBUG dbcounter [-] [94427] Writing DB stats cinder:SELECT=35,cinder:UPDATE=23,cinder:INSERT=2,cinder:DELETE=1 {{(pid=94427) stat_writer /opt/stack/data/venv/lib/python3.12/site-packages/dbcounter.py:115}}
Aug 18 07:34:47 devstack sudo[102680]: pam_unix(sudo:session): session closed for user root
Aug 18 07:34:47 devstack cinder-volume[94427]: DEBUG oslo_concurrency.processutils [None req-03cc455f-de6a-4460-8ced-5c5f08684093 tempest-GroupsV314Test-668810545 None] CMD "sudo cinder-rootwrap /etc/cinder/rootwrap.conf qemu-img convert -O qcow2 /opt/stack/data/cinder/mnt/6a670cc290951f0779693d517dec7eb3/volume-e9601621-c9ee-4288-9ef0-b5bf64b02f23 /opt/stack/data/cinder/mnt/6a670cc290951f0779693d517dec7eb3/volume-f1dca3e8-cb51-408f-b87c-d3b1e2ac4b2b" returned: 0 in 8.205s {{(pid=94427) execute /opt/stack/data/venv/lib/python3.12/site-packages/oslo_concurrency/processutils.py:468}}
Aug 18 07:34:47 devstack cinder-volume[94427]: DEBUG cinder.image.image_utils [None req-03cc455f-de6a-4460-8ced-5c5f08684093 tempest-GroupsV314Test-668810545 None] Image conversion details: src /opt/stack/data/cinder/mnt/6a670cc290951f0779693d517dec7eb3/volume-e9601621-c9ee-4288-9ef0-b5bf64b02f23, size 1024.00 MB, duration 8.21 sec, destination /opt/stack/data/cinder/mnt/6a670cc290951f0779693d517dec7eb3/volume-f1dca3e8-cb51-408f-b87c-d3b1e2ac4b2b {{(pid=94427) _convert_image /opt/stack/cinder/cinder/image/image_utils.py:536}}
Aug 18 07:34:47 devstack cinder-volume[94427]: INFO cinder.image.image_utils [None req-03cc455f-de6a-4460-8ced-5c5f08684093 tempest-GroupsV314Test-668810545 None] Converted 1024.00 MB image at 124.78 MB/s
Aug 18 07:34:47 devstack cinder-volume[94427]: WARNING cinder.volume.drivers.remotefs [None req-03cc455f-de6a-4460-8ced-5c5f08684093 tempest-GroupsV314Test-668810545 None] /opt/stack/data/cinder/mnt/6a670cc290951f0779693d517dec7eb3/volume-f1dca3e8-cb51-408f-b87c-d3b1e2ac4b2b is being set with open permissions: ugo+rw: NotImplementedError
Aug 18 07:34:47 devstack cinder-volume[94427]: DEBUG oslo_concurrency.processutils [None req-03cc455f-de6a-4460-8ced-5c5f08684093 tempest-GroupsV314Test-668810545 None] Running cmd (subprocess): sudo cinder-rootwrap /etc/cinder/rootwrap.conf chmod ugo+rw /opt/stack/data/cinder/mnt/6a670cc290951f0779693d517dec7eb3/volume-f1dca3e8-cb51-408f-b87c-d3b1e2ac4b2b {{(pid=94427) execute /opt/stack/data/venv/lib/python3.12/site-packages/oslo_concurrency/processutils.py:440}}
Aug 18 07:34:47 devstack sudo[102706]: quobyte : PWD=/ ; USER=root ; COMMAND=/opt/stack/data/venv/bin/cinder-rootwrap /etc/cinder/rootwrap.conf chmod ugo+rw /opt/stack/data/cinder/mnt/6a670cc290951f0779693d517dec7eb3/volume-f1dca3e8-cb51-408f-b87c-d3b1e2ac4b2b
Aug 18 07:34:47 devstack sudo[102706]: pam_unix(sudo:session): session opened for user root(uid=0) by (uid=1000)
Aug 18 07:34:47 devstack sudo[102706]: pam_unix(sudo:session): session closed for user root
Aug 18 07:34:47 devstack cinder-volume[94427]: DEBUG oslo_concurrency.processutils [None req-03cc455f-de6a-4460-8ced-5c5f08684093 tempest-GroupsV314Test-668810545 None] CMD "sudo cinder-rootwrap /etc/cinder/rootwrap.conf chmod ugo+rw /opt/stack/data/cinder/mnt/6a670cc290951f0779693d517dec7eb3/volume-f1dca3e8-cb51-408f-b87c-d3b1e2ac4b2b" returned: 0 in 0.466s {{(pid=94427) execute /opt/stack/data/venv/lib/python3.12/site-packages/oslo_concurrency/processutils.py:468}}
Aug 18 07:34:47 devstack cinder-volume[94427]: DEBUG cinder.coordination [None req-03cc455f-de6a-4460-8ced-5c5f08684093 tempest-GroupsV314Test-668810545 None] Lock "cinder-quobyte-f1dca3e8-cb51-408f-b87c-d3b1e2ac4b2b" released by "_copy_volume_from_snapshot" :: held 10.361s {{(pid=94427) __release /opt/stack/cinder/cinder/coordination.py:152}}
Aug 18 07:34:47 devstack cinder-volume[94427]: DEBUG cinder.coordination [None req-03cc455f-de6a-4460-8ced-5c5f08684093 tempest-GroupsV314Test-668810545 None] Acquiring lock "cinder-quobyte-5c7127a8-48d2-4645-9a7f-48910c5fc8e7" by "_delete_snapshot" {{(pid=94427) __acquire /opt/stack/cinder/cinder/coordination.py:138}}
Aug 18 07:34:47 devstack cinder-volume[94427]: DEBUG cinder.coordination [None req-03cc455f-de6a-4460-8ced-5c5f08684093 tempest-GroupsV314Test-668810545 None] Lock "cinder-quobyte-5c7127a8-48d2-4645-9a7f-48910c5fc8e7" acquired by "_delete_snapshot" :: waited 0.029s {{(pid=94427) __acquire /opt/stack/cinder/cinder/coordination.py:141}}
Aug 18 07:34:47 devstack cinder-volume[94427]: DEBUG cinder.volume.drivers.remotefs [None req-03cc455f-de6a-4460-8ced-5c5f08684093 tempest-GroupsV314Test-668810545 None] Deleting offline snapshot 5c7127a8-48d2-4645-9a7f-48910c5fc8e7 of volume e9601621-c9ee-4288-9ef0-b5bf64b02f23 {{(pid=94427) _delete_snapshot /opt/stack/cinder/cinder/volume/drivers/remotefs.py:1288}}
Aug 18 07:34:47 devstack cinder-volume[94427]: DEBUG cinder.volume.drivers.remotefs [None req-03cc455f-de6a-4460-8ced-5c5f08684093 tempest-GroupsV314Test-668810545 None] snapshot_file for this snap is: volume-e9601621-c9ee-4288-9ef0-b5bf64b02f23.5c7127a8-48d2-4645-9a7f-48910c5fc8e7 {{(pid=94427) _delete_snapshot /opt/stack/cinder/cinder/volume/drivers/remotefs.py:1317}}
Aug 18 07:34:47 devstack cinder-volume[94427]: DEBUG oslo.privsep.daemon [-] privsep: reply[fc21c743-6406-44f8-a87b-8d0e1ff94c49]: (4, 'qcow2') {{(pid=96302) _call_back /opt/stack/data/venv/lib/python3.12/site-packages/oslo_privsep/daemon.py:580}}
Aug 18 07:34:47 devstack cinder-volume[94427]: DEBUG oslo_concurrency.processutils [None req-03cc455f-de6a-4460-8ced-5c5f08684093 tempest-GroupsV314Test-668810545 None] Running cmd (subprocess): /opt/stack/data/venv/bin/python3.12 -m oslo_concurrency.prlimit --as=1073741824 --cpu=60 -- sudo cinder-rootwrap /etc/cinder/rootwrap.conf env LC_ALL=C qemu-img info -f qcow2 --output=json --force-share /opt/stack/data/cinder/mnt/6a670cc290951f0779693d517dec7eb3/volume-e9601621-c9ee-4288-9ef0-b5bf64b02f23.5c7127a8-48d2-4645-9a7f-48910c5fc8e7 {{(pid=94427) execute /opt/stack/data/venv/lib/python3.12/site-packages/oslo_concurrency/processutils.py:440}}
Aug 18 07:34:47 devstack sudo[102709]: quobyte : PWD=/ ; USER=root ; COMMAND=/opt/stack/data/venv/bin/cinder-rootwrap /etc/cinder/rootwrap.conf env LC_ALL=C qemu-img info -f qcow2 --output=json --force-share /opt/stack/data/cinder/mnt/6a670cc290951f0779693d517dec7eb3/volume-e9601621-c9ee-4288-9ef0-b5bf64b02f23.5c7127a8-48d2-4645-9a7f-48910c5fc8e7
Aug 18 07:34:47 devstack sudo[102709]: pam_unix(sudo:session): session opened for user root(uid=0) by (uid=1000)
Aug 18 07:34:48 devstack sudo[102709]: pam_unix(sudo:session): session closed for user root
Aug 18 07:34:48 devstack cinder-volume[94427]: DEBUG oslo_concurrency.processutils [None req-03cc455f-de6a-4460-8ced-5c5f08684093 tempest-GroupsV314Test-668810545 None] CMD "/opt/stack/data/venv/bin/python3.12 -m oslo_concurrency.prlimit --as=1073741824 --cpu=60 -- sudo cinder-rootwrap /etc/cinder/rootwrap.conf env LC_ALL=C qemu-img info -f qcow2 --output=json --force-share /opt/stack/data/cinder/mnt/6a670cc290951f0779693d517dec7eb3/volume-e9601621-c9ee-4288-9ef0-b5bf64b02f23.5c7127a8-48d2-4645-9a7f-48910c5fc8e7" returned: 0 in 0.612s {{(pid=94427) execute /opt/stack/data/venv/lib/python3.12/site-packages/oslo_concurrency/processutils.py:468}}
Aug 18 07:34:48 devstack cinder-volume[94427]: DEBUG cinder.volume.drivers.remotefs [None req-03cc455f-de6a-4460-8ced-5c5f08684093 tempest-GroupsV314Test-668810545 None] Fetching qemu-img info with special backing_file_template: (/opt/stack/data/cinder/mnt/[0-9a-f]+/)?(volume-e9601621-c9ee-4288-9ef0-b5bf64b02f23(.(tmp-snap-)?[0-9a-f-]+)?|volume_from_snapshot_cache/(tmp-snap-)?[0-9a-f-]+(.(child-|parent-)[0-9a-f-]+)?)$ {{(pid=94427) _qemu_img_info_base /opt/stack/cinder/cinder/volume/drivers/remotefs.py:896}}
Aug 18 07:34:48 devstack cinder-volume[94427]: DEBUG oslo.privsep.daemon [-] privsep: reply[6f593851-4e11-495f-a9c8-9edf41e8bdbe]: (4, 'qcow2') {{(pid=96302) _call_back /opt/stack/data/venv/lib/python3.12/site-packages/oslo_privsep/daemon.py:580}}
Aug 18 07:34:48 devstack cinder-volume[94427]: DEBUG oslo_concurrency.processutils [None req-03cc455f-de6a-4460-8ced-5c5f08684093 tempest-GroupsV314Test-668810545 None] Running cmd (subprocess): /opt/stack/data/venv/bin/python3.12 -m oslo_concurrency.prlimit --as=1073741824 --cpu=60 -- sudo cinder-rootwrap /etc/cinder/rootwrap.conf env LC_ALL=C qemu-img info -f qcow2 --output=json --force-share /opt/stack/data/cinder/mnt/6a670cc290951f0779693d517dec7eb3/volume-e9601621-c9ee-4288-9ef0-b5bf64b02f23 {{(pid=94427) execute /opt/stack/data/venv/lib/python3.12/site-packages/oslo_concurrency/processutils.py:440}}
Aug 18 07:34:48 devstack sudo[102715]: quobyte : PWD=/ ; USER=root ; COMMAND=/opt/stack/data/venv/bin/cinder-rootwrap /etc/cinder/rootwrap.conf env LC_ALL=C qemu-img info -f qcow2 --output=json --force-share /opt/stack/data/cinder/mnt/6a670cc290951f0779693d517dec7eb3/volume-e9601621-c9ee-4288-9ef0-b5bf64b02f23
Aug 18 07:34:48 devstack sudo[102715]: pam_unix(sudo:session): session opened for user root(uid=0) by (uid=1000)
Aug 18 07:34:49 devstack sudo[102715]: pam_unix(sudo:session): session closed for user root
Aug 18 07:34:49 devstack cinder-volume[94427]: DEBUG oslo_concurrency.processutils [None req-03cc455f-de6a-4460-8ced-5c5f08684093 tempest-GroupsV314Test-668810545 None] CMD "/opt/stack/data/venv/bin/python3.12 -m oslo_concurrency.prlimit --as=1073741824 --cpu=60 -- sudo cinder-rootwrap /etc/cinder/rootwrap.conf env LC_ALL=C qemu-img info -f qcow2 --output=json --force-share /opt/stack/data/cinder/mnt/6a670cc290951f0779693d517dec7eb3/volume-e9601621-c9ee-4288-9ef0-b5bf64b02f23" returned: 0 in 0.729s {{(pid=94427) execute /opt/stack/data/venv/lib/python3.12/site-packages/oslo_concurrency/processutils.py:468}}
Aug 18 07:34:49 devstack cinder-volume[94427]: DEBUG oslo_concurrency.processutils [None req-03cc455f-de6a-4460-8ced-5c5f08684093 tempest-GroupsV314Test-668810545 None] Running cmd (subprocess): sudo cinder-rootwrap /etc/cinder/rootwrap.conf qemu-img commit -d /opt/stack/data/cinder/mnt/6a670cc290951f0779693d517dec7eb3/volume-e9601621-c9ee-4288-9ef0-b5bf64b02f23.5c7127a8-48d2-4645-9a7f-48910c5fc8e7 {{(pid=94427) execute /opt/stack/data/venv/lib/python3.12/site-packages/oslo_concurrency/processutils.py:440}}
Aug 18 07:34:49 devstack sudo[102720]: quobyte : PWD=/ ; USER=root ; COMMAND=/opt/stack/data/venv/bin/cinder-rootwrap /etc/cinder/rootwrap.conf qemu-img commit -d /opt/stack/data/cinder/mnt/6a670cc290951f0779693d517dec7eb3/volume-e9601621-c9ee-4288-9ef0-b5bf64b02f23.5c7127a8-48d2-4645-9a7f-48910c5fc8e7
Aug 18 07:34:49 devstack sudo[102720]: pam_unix(sudo:session): session opened for user root(uid=0) by (uid=1000)
Aug 18 07:34:49 devstack sudo[102720]: pam_unix(sudo:session): session closed for user root
Aug 18 07:34:49 devstack cinder-volume[94427]: DEBUG oslo_concurrency.processutils [None req-03cc455f-de6a-4460-8ced-5c5f08684093 tempest-GroupsV314Test-668810545 None] CMD "sudo cinder-rootwrap /etc/cinder/rootwrap.conf qemu-img commit -d /opt/stack/data/cinder/mnt/6a670cc290951f0779693d517dec7eb3/volume-e9601621-c9ee-4288-9ef0-b5bf64b02f23.5c7127a8-48d2-4645-9a7f-48910c5fc8e7" returned: 0 in 0.656s {{(pid=94427) execute /opt/stack/data/venv/lib/python3.12/site-packages/oslo_concurrency/processutils.py:468}}
Aug 18 07:34:49 devstack cinder-volume[94427]: DEBUG oslo_concurrency.processutils [None req-03cc455f-de6a-4460-8ced-5c5f08684093 tempest-GroupsV314Test-668810545 None] Running cmd (subprocess): sudo cinder-rootwrap /etc/cinder/rootwrap.conf rm -f /opt/stack/data/cinder/mnt/6a670cc290951f0779693d517dec7eb3/volume-e9601621-c9ee-4288-9ef0-b5bf64b02f23.5c7127a8-48d2-4645-9a7f-48910c5fc8e7 {{(pid=94427) execute /opt/stack/data/venv/lib/python3.12/site-packages/oslo_concurrency/processutils.py:440}}
Aug 18 07:34:49 devstack sudo[102726]: quobyte : PWD=/ ; USER=root ; COMMAND=/opt/stack/data/venv/bin/cinder-rootwrap /etc/cinder/rootwrap.conf rm -f /opt/stack/data/cinder/mnt/6a670cc290951f0779693d517dec7eb3/volume-e9601621-c9ee-4288-9ef0-b5bf64b02f23.5c7127a8-48d2-4645-9a7f-48910c5fc8e7
Aug 18 07:34:49 devstack sudo[102726]: pam_unix(sudo:session): session opened for user root(uid=0) by (uid=1000)
Aug 18 07:34:50 devstack sudo[102726]: pam_unix(sudo:session): session closed for user root
Aug 18 07:34:50 devstack cinder-volume[94427]: DEBUG oslo_concurrency.processutils [None req-03cc455f-de6a-4460-8ced-5c5f08684093 tempest-GroupsV314Test-668810545 None] CMD "sudo cinder-rootwrap /etc/cinder/rootwrap.conf rm -f /opt/stack/data/cinder/mnt/6a670cc290951f0779693d517dec7eb3/volume-e9601621-c9ee-4288-9ef0-b5bf64b02f23.5c7127a8-48d2-4645-9a7f-48910c5fc8e7" returned: 0 in 0.328s {{(pid=94427) execute /opt/stack/data/venv/lib/python3.12/site-packages/oslo_concurrency/processutils.py:468}}
Aug 18 07:34:50 devstack cinder-volume[94427]: DEBUG cinder.coordination [None req-03cc455f-de6a-4460-8ced-5c5f08684093 tempest-GroupsV314Test-668810545 None] Lock "cinder-quobyte-5c7127a8-48d2-4645-9a7f-48910c5fc8e7" released by "_delete_snapshot" :: held 2.511s {{(pid=94427) __release /opt/stack/cinder/cinder/coordination.py:152}}
Aug 18 07:34:50 devstack cinder-volume[94427]: DEBUG oslo_concurrency.lockutils [None req-03cc455f-de6a-4460-8ced-5c5f08684093 tempest-GroupsV314Test-668810545 None] Lock "quobyte" "released" by "cinder.volume.drivers.quobyte.QuobyteDriver.create_cloned_volume" :: held 16.155s {{(pid=94427) inner /opt/stack/data/venv/lib/python3.12/site-packages/oslo_concurrency/lockutils.py:544}}
Aug 18 07:34:50 devstack cinder-volume[94427]: INFO cinder.volume.manager [None req-03cc455f-de6a-4460-8ced-5c5f08684093 tempest-GroupsV314Test-668810545 None] Create group from source-group-46b78fbf-de83-4bd9-9c6b-882dff80f12d completed successfully.
Aug 18 07:34:51 devstack cinder-volume[94427]: DEBUG cinder.coordination [None req-898ae22f-47b4-4d8b-9f08-017722903aa0 tempest-GroupsV314Test-668810545 None] Acquiring lock "cinder-quobyte-f1dca3e8-cb51-408f-b87c-d3b1e2ac4b2b" by "delete_volume" {{(pid=94427) __acquire /opt/stack/cinder/cinder/coordination.py:138}}
Aug 18 07:34:51 devstack cinder-volume[94427]: DEBUG cinder.coordination [None req-898ae22f-47b4-4d8b-9f08-017722903aa0 tempest-GroupsV314Test-668810545 None] Lock "cinder-quobyte-f1dca3e8-cb51-408f-b87c-d3b1e2ac4b2b" acquired by "delete_volume" :: waited 0.036s {{(pid=94427) __acquire /opt/stack/cinder/cinder/coordination.py:141}}
Aug 18 07:34:51 devstack cinder-volume[94427]: DEBUG cinder.coordination [None req-8e381d68-935d-4f45-b615-cb42921cd18b tempest-AttachVolumeTestJSON-1527316911 None] Acquiring lock "cinder-75a0dcd2-4965-40f5-94c1-cf3032a4d140-delete_volume" by "delete_volume" {{(pid=94427) __acquire /opt/stack/cinder/cinder/coordination.py:138}}
Aug 18 07:34:51 devstack cinder-volume[94427]: DEBUG oslo.privsep.daemon [-] privsep: reply[08e98787-4f9d-4365-bef3-56c7444de784]: (4, 'qcow2') {{(pid=96302) _call_back /opt/stack/data/venv/lib/python3.12/site-packages/oslo_privsep/daemon.py:580}}
Aug 18 07:34:51 devstack cinder-volume[94427]: DEBUG oslo_concurrency.processutils [None req-898ae22f-47b4-4d8b-9f08-017722903aa0 tempest-GroupsV314Test-668810545 None] Running cmd (subprocess): /opt/stack/data/venv/bin/python3.12 -m oslo_concurrency.prlimit --as=1073741824 --cpu=60 -- sudo cinder-rootwrap /etc/cinder/rootwrap.conf env LC_ALL=C qemu-img info -f qcow2 --output=json --force-share /opt/stack/data/cinder/mnt/6a670cc290951f0779693d517dec7eb3/volume-f1dca3e8-cb51-408f-b87c-d3b1e2ac4b2b {{(pid=94427) execute /opt/stack/data/venv/lib/python3.12/site-packages/oslo_concurrency/processutils.py:440}}
Aug 18 07:34:51 devstack cinder-volume[94427]: DEBUG cinder.coordination [None req-8e381d68-935d-4f45-b615-cb42921cd18b tempest-AttachVolumeTestJSON-1527316911 None] Lock "cinder-75a0dcd2-4965-40f5-94c1-cf3032a4d140-delete_volume" acquired by "delete_volume" :: waited 0.116s {{(pid=94427) __acquire /opt/stack/cinder/cinder/coordination.py:141}}
Aug 18 07:34:51 devstack cinder-volume[94427]: DEBUG cinder.coordination [None req-8e381d68-935d-4f45-b615-cb42921cd18b tempest-AttachVolumeTestJSON-1527316911 None] Acquiring lock "cinder-quobyte-75a0dcd2-4965-40f5-94c1-cf3032a4d140" by "delete_volume" {{(pid=94427) __acquire /opt/stack/cinder/cinder/coordination.py:138}}
Aug 18 07:34:51 devstack sudo[102729]: quobyte : PWD=/ ; USER=root ; COMMAND=/opt/stack/data/venv/bin/cinder-rootwrap /etc/cinder/rootwrap.conf env LC_ALL=C qemu-img info -f qcow2 --output=json --force-share /opt/stack/data/cinder/mnt/6a670cc290951f0779693d517dec7eb3/volume-f1dca3e8-cb51-408f-b87c-d3b1e2ac4b2b
Aug 18 07:34:51 devstack sudo[102729]: pam_unix(sudo:session): session opened for user root(uid=0) by (uid=1000)
Aug 18 07:34:51 devstack cinder-volume[94427]: DEBUG cinder.coordination [None req-8e381d68-935d-4f45-b615-cb42921cd18b tempest-AttachVolumeTestJSON-1527316911 None] Lock "cinder-quobyte-75a0dcd2-4965-40f5-94c1-cf3032a4d140" acquired by "delete_volume" :: waited 0.039s {{(pid=94427) __acquire /opt/stack/cinder/cinder/coordination.py:141}}
Aug 18 07:34:52 devstack cinder-volume[94427]: DEBUG oslo.privsep.daemon [-] privsep: reply[85db8bc4-fb8e-4a11-9a43-20a7d2eb6d9c]: (4, 'qcow2') {{(pid=96302) _call_back /opt/stack/data/venv/lib/python3.12/site-packages/oslo_privsep/daemon.py:580}}
Aug 18 07:34:52 devstack cinder-volume[94427]: DEBUG oslo_concurrency.processutils [None req-8e381d68-935d-4f45-b615-cb42921cd18b tempest-AttachVolumeTestJSON-1527316911 None] Running cmd (subprocess): /opt/stack/data/venv/bin/python3.12 -m oslo_concurrency.prlimit --as=1073741824 --cpu=60 -- sudo cinder-rootwrap /etc/cinder/rootwrap.conf env LC_ALL=C qemu-img info -f qcow2 --output=json --force-share /opt/stack/data/cinder/mnt/6a670cc290951f0779693d517dec7eb3/volume-75a0dcd2-4965-40f5-94c1-cf3032a4d140 {{(pid=94427) execute /opt/stack/data/venv/lib/python3.12/site-packages/oslo_concurrency/processutils.py:440}}
Aug 18 07:34:52 devstack sudo[102729]: pam_unix(sudo:session): session closed for user root
Aug 18 07:34:52 devstack cinder-volume[94427]: DEBUG oslo_concurrency.processutils [None req-898ae22f-47b4-4d8b-9f08-017722903aa0 tempest-GroupsV314Test-668810545 None] CMD "/opt/stack/data/venv/bin/python3.12 -m oslo_concurrency.prlimit --as=1073741824 --cpu=60 -- sudo cinder-rootwrap /etc/cinder/rootwrap.conf env LC_ALL=C qemu-img info -f qcow2 --output=json --force-share /opt/stack/data/cinder/mnt/6a670cc290951f0779693d517dec7eb3/volume-f1dca3e8-cb51-408f-b87c-d3b1e2ac4b2b" returned: 0 in 0.684s {{(pid=94427) execute /opt/stack/data/venv/lib/python3.12/site-packages/oslo_concurrency/processutils.py:468}}
Aug 18 07:34:52 devstack cinder-volume[94427]: DEBUG oslo_concurrency.processutils [None req-898ae22f-47b4-4d8b-9f08-017722903aa0 tempest-GroupsV314Test-668810545 None] Running cmd (subprocess): sudo cinder-rootwrap /etc/cinder/rootwrap.conf rm -f /opt/stack/data/cinder/mnt/6a670cc290951f0779693d517dec7eb3/volume-f1dca3e8-cb51-408f-b87c-d3b1e2ac4b2b {{(pid=94427) execute /opt/stack/data/venv/lib/python3.12/site-packages/oslo_concurrency/processutils.py:440}}
Aug 18 07:34:52 devstack sudo[102733]: quobyte : PWD=/ ; USER=root ; COMMAND=/opt/stack/data/venv/bin/cinder-rootwrap /etc/cinder/rootwrap.conf env LC_ALL=C qemu-img info -f qcow2 --output=json --force-share /opt/stack/data/cinder/mnt/6a670cc290951f0779693d517dec7eb3/volume-75a0dcd2-4965-40f5-94c1-cf3032a4d140
Aug 18 07:34:52 devstack sudo[102733]: pam_unix(sudo:session): session opened for user root(uid=0) by (uid=1000)
Aug 18 07:34:52 devstack sudo[102736]: quobyte : PWD=/ ; USER=root ; COMMAND=/opt/stack/data/venv/bin/cinder-rootwrap /etc/cinder/rootwrap.conf rm -f /opt/stack/data/cinder/mnt/6a670cc290951f0779693d517dec7eb3/volume-f1dca3e8-cb51-408f-b87c-d3b1e2ac4b2b
Aug 18 07:34:52 devstack sudo[102736]: pam_unix(sudo:session): session opened for user root(uid=0) by (uid=1000)
Aug 18 07:34:53 devstack sudo[102736]: pam_unix(sudo:session): session closed for user root
Aug 18 07:34:53 devstack cinder-volume[94427]: DEBUG oslo_concurrency.processutils [None req-898ae22f-47b4-4d8b-9f08-017722903aa0 tempest-GroupsV314Test-668810545 None] CMD "sudo cinder-rootwrap /etc/cinder/rootwrap.conf rm -f /opt/stack/data/cinder/mnt/6a670cc290951f0779693d517dec7eb3/volume-f1dca3e8-cb51-408f-b87c-d3b1e2ac4b2b" returned: 0 in 0.761s {{(pid=94427) execute /opt/stack/data/venv/lib/python3.12/site-packages/oslo_concurrency/processutils.py:468}}
Aug 18 07:34:53 devstack cinder-volume[94427]: DEBUG cinder.coordination [None req-898ae22f-47b4-4d8b-9f08-017722903aa0 tempest-GroupsV314Test-668810545 None] Lock "cinder-quobyte-f1dca3e8-cb51-408f-b87c-d3b1e2ac4b2b" released by "delete_volume" :: held 1.577s {{(pid=94427) __release /opt/stack/cinder/cinder/coordination.py:152}}
Aug 18 07:34:53 devstack sudo[102733]: pam_unix(sudo:session): session closed for user root
Aug 18 07:34:53 devstack cinder-volume[94427]: DEBUG oslo_concurrency.processutils [None req-8e381d68-935d-4f45-b615-cb42921cd18b tempest-AttachVolumeTestJSON-1527316911 None] CMD "/opt/stack/data/venv/bin/python3.12 -m oslo_concurrency.prlimit --as=1073741824 --cpu=60 -- sudo cinder-rootwrap /etc/cinder/rootwrap.conf env LC_ALL=C qemu-img info -f qcow2 --output=json --force-share /opt/stack/data/cinder/mnt/6a670cc290951f0779693d517dec7eb3/volume-75a0dcd2-4965-40f5-94c1-cf3032a4d140" returned: 0 in 1.085s {{(pid=94427) execute /opt/stack/data/venv/lib/python3.12/site-packages/oslo_concurrency/processutils.py:468}}
Aug 18 07:34:53 devstack cinder-volume[94427]: DEBUG oslo_concurrency.processutils [None req-8e381d68-935d-4f45-b615-cb42921cd18b tempest-AttachVolumeTestJSON-1527316911 None] Running cmd (subprocess): sudo cinder-rootwrap /etc/cinder/rootwrap.conf rm -f /opt/stack/data/cinder/mnt/6a670cc290951f0779693d517dec7eb3/volume-75a0dcd2-4965-40f5-94c1-cf3032a4d140 {{(pid=94427) execute /opt/stack/data/venv/lib/python3.12/site-packages/oslo_concurrency/processutils.py:440}}
Aug 18 07:34:53 devstack sudo[102742]: quobyte : PWD=/ ; USER=root ; COMMAND=/opt/stack/data/venv/bin/cinder-rootwrap /etc/cinder/rootwrap.conf rm -f /opt/stack/data/cinder/mnt/6a670cc290951f0779693d517dec7eb3/volume-75a0dcd2-4965-40f5-94c1-cf3032a4d140
Aug 18 07:34:53 devstack sudo[102742]: pam_unix(sudo:session): session opened for user root(uid=0) by (uid=1000)
Aug 18 07:34:53 devstack cinder-volume[94427]: DEBUG cinder.quota [None req-898ae22f-47b4-4d8b-9f08-017722903aa0 tempest-GroupsV314Test-668810545 None] Created reservations ['237a8f2f-5a8f-44f4-b121-1bf70eda8373'] {{(pid=94427) reserve /opt/stack/cinder/cinder/quota.py:752}}
Aug 18 07:34:53 devstack cinder-volume[94427]: WARNING cinder.quota [None req-898ae22f-47b4-4d8b-9f08-017722903aa0 tempest-GroupsV314Test-668810545 None] Deprecated: Default quota for resource: volumes_tempest-GroupsV314Test-volume-type-1248902594 is set by the default quota flag: quota_volumes_tempest-GroupsV314Test-volume-type-1248902594, it is now deprecated. Please use the default quota class for default quota.
Aug 18 07:34:53 devstack cinder-volume[94427]: WARNING cinder.quota [None req-898ae22f-47b4-4d8b-9f08-017722903aa0 tempest-GroupsV314Test-668810545 None] Deprecated: Default quota for resource: gigabytes_tempest-GroupsV314Test-volume-type-1248902594 is set by the default quota flag: quota_gigabytes_tempest-GroupsV314Test-volume-type-1248902594, it is now deprecated. Please use the default quota class for default quota.
Aug 18 07:34:53 devstack cinder-volume[94427]: DEBUG cinder.quota [None req-898ae22f-47b4-4d8b-9f08-017722903aa0 tempest-GroupsV314Test-668810545 None] Created reservations ['1dacb067-8b3b-4eb0-a001-ccfb76c8bd88', '3a34cd19-c6f8-4932-b8cc-7046891aa18b', '794555fd-0dcf-4f1d-952d-fc7899e01208', '7bd00911-c4dc-4585-898b-eedb1cc1571f'] {{(pid=94427) reserve /opt/stack/cinder/cinder/quota.py:752}}
Aug 18 07:34:53 devstack cinder-volume[94427]: DEBUG oslo_concurrency.lockutils [None req-898ae22f-47b4-4d8b-9f08-017722903aa0 tempest-GroupsV314Test-668810545 None] Acquiring lock "quobyte_ensure" by "cinder.volume.drivers.quobyte.QuobyteDriver._ensure_shares_mounted" {{(pid=94427) inner /opt/stack/data/venv/lib/python3.12/site-packages/oslo_concurrency/lockutils.py:512}}
Aug 18 07:34:53 devstack cinder-volume[94427]: DEBUG oslo_concurrency.lockutils [None req-898ae22f-47b4-4d8b-9f08-017722903aa0 tempest-GroupsV314Test-668810545 None] Lock "quobyte_ensure" acquired by "cinder.volume.drivers.quobyte.QuobyteDriver._ensure_shares_mounted" :: waited 0.002s {{(pid=94427) inner /opt/stack/data/venv/lib/python3.12/site-packages/oslo_concurrency/lockutils.py:525}}
Aug 18 07:34:53 devstack cinder-volume[94427]: DEBUG cinder.volume.drivers.quobyte [None req-898ae22f-47b4-4d8b-9f08-017722903aa0 tempest-GroupsV314Test-668810545 None] Quobyte Volume URL set to: {'osci02.corp.quobyte.com/cinder-vol-3e6e766d-1d8b-4c76-a375-b6493fe476e0': None} {{(pid=94427) _load_shares_config /opt/stack/cinder/cinder/volume/drivers/quobyte.py:665}}
Aug 18 07:34:53 devstack cinder-volume[94427]: DEBUG cinder.volume.drivers.quobyte [None req-898ae22f-47b4-4d8b-9f08-017722903aa0 tempest-GroupsV314Test-668810545 None] Available shares ['osci02.corp.quobyte.com/cinder-vol-3e6e766d-1d8b-4c76-a375-b6493fe476e0'] {{(pid=94427) _ensure_shares_mounted /opt/stack/cinder/cinder/volume/drivers/quobyte.py:695}}
Aug 18 07:34:53 devstack cinder-volume[94427]: DEBUG oslo_concurrency.lockutils [None req-898ae22f-47b4-4d8b-9f08-017722903aa0 tempest-GroupsV314Test-668810545 None] Lock "quobyte_ensure" "released" by "cinder.volume.drivers.quobyte.QuobyteDriver._ensure_shares_mounted" :: held 0.013s {{(pid=94427) inner /opt/stack/data/venv/lib/python3.12/site-packages/oslo_concurrency/lockutils.py:544}}
Aug 18 07:34:53 devstack cinder-volume[94427]: DEBUG oslo_concurrency.processutils [None req-898ae22f-47b4-4d8b-9f08-017722903aa0 tempest-GroupsV314Test-668810545 None] Running cmd (subprocess): sudo cinder-rootwrap /etc/cinder/rootwrap.conf df --portability --block-size 1 /opt/stack/data/cinder/mnt/6a670cc290951f0779693d517dec7eb3 {{(pid=94427) execute /opt/stack/data/venv/lib/python3.12/site-packages/oslo_concurrency/processutils.py:440}}
Aug 18 07:34:53 devstack sudo[102744]: quobyte : PWD=/ ; USER=root ; COMMAND=/opt/stack/data/venv/bin/cinder-rootwrap /etc/cinder/rootwrap.conf df --portability --block-size 1 /opt/stack/data/cinder/mnt/6a670cc290951f0779693d517dec7eb3
Aug 18 07:34:53 devstack sudo[102744]: pam_unix(sudo:session): session opened for user root(uid=0) by (uid=1000)
Aug 18 07:34:53 devstack sudo[102742]: pam_unix(sudo:session): session closed for user root
Aug 18 07:34:53 devstack cinder-volume[94427]: DEBUG oslo_concurrency.processutils [None req-8e381d68-935d-4f45-b615-cb42921cd18b tempest-AttachVolumeTestJSON-1527316911 None] CMD "sudo cinder-rootwrap /etc/cinder/rootwrap.conf rm -f /opt/stack/data/cinder/mnt/6a670cc290951f0779693d517dec7eb3/volume-75a0dcd2-4965-40f5-94c1-cf3032a4d140" returned: 0 in 0.697s {{(pid=94427) execute /opt/stack/data/venv/lib/python3.12/site-packages/oslo_concurrency/processutils.py:468}}
Aug 18 07:34:53 devstack cinder-volume[94427]: DEBUG cinder.coordination [None req-8e381d68-935d-4f45-b615-cb42921cd18b tempest-AttachVolumeTestJSON-1527316911 None] Lock "cinder-quobyte-75a0dcd2-4965-40f5-94c1-cf3032a4d140" released by "delete_volume" :: held 1.992s {{(pid=94427) __release /opt/stack/cinder/cinder/coordination.py:152}}
Aug 18 07:34:53 devstack cinder-volume[94427]: DEBUG cinder.quota [None req-8e381d68-935d-4f45-b615-cb42921cd18b tempest-AttachVolumeTestJSON-1527316911 None] Created reservations ['d6da9649-7d1f-4fe1-b916-da90e7acdde2', 'd2f688ce-bbb0-44fb-b4fe-a988c5da8394', '88307f95-0971-4666-b402-5248231993ed', '6ac08f09-a629-445f-bb35-0a34bf3693df'] {{(pid=94427) reserve /opt/stack/cinder/cinder/quota.py:752}}
Aug 18 07:34:54 devstack cinder-volume[94427]: DEBUG oslo_concurrency.lockutils [None req-8e381d68-935d-4f45-b615-cb42921cd18b tempest-AttachVolumeTestJSON-1527316911 None] Acquiring lock "quobyte_ensure" by "cinder.volume.drivers.quobyte.QuobyteDriver._ensure_shares_mounted" {{(pid=94427) inner /opt/stack/data/venv/lib/python3.12/site-packages/oslo_concurrency/lockutils.py:512}}
Aug 18 07:34:54 devstack cinder-volume[94427]: DEBUG oslo_concurrency.lockutils [None req-8e381d68-935d-4f45-b615-cb42921cd18b tempest-AttachVolumeTestJSON-1527316911 None] Lock "quobyte_ensure" acquired by "cinder.volume.drivers.quobyte.QuobyteDriver._ensure_shares_mounted" :: waited 0.001s {{(pid=94427) inner /opt/stack/data/venv/lib/python3.12/site-packages/oslo_concurrency/lockutils.py:525}}
Aug 18 07:34:54 devstack cinder-volume[94427]: DEBUG cinder.volume.drivers.quobyte [None req-8e381d68-935d-4f45-b615-cb42921cd18b tempest-AttachVolumeTestJSON-1527316911 None] Quobyte Volume URL set to: {'osci02.corp.quobyte.com/cinder-vol-3e6e766d-1d8b-4c76-a375-b6493fe476e0': None} {{(pid=94427) _load_shares_config /opt/stack/cinder/cinder/volume/drivers/quobyte.py:665}}
Aug 18 07:34:54 devstack sudo[102744]: pam_unix(sudo:session): session closed for user root
Aug 18 07:34:54 devstack cinder-volume[94427]: DEBUG cinder.volume.drivers.quobyte [None req-8e381d68-935d-4f45-b615-cb42921cd18b tempest-AttachVolumeTestJSON-1527316911 None] Available shares ['osci02.corp.quobyte.com/cinder-vol-3e6e766d-1d8b-4c76-a375-b6493fe476e0'] {{(pid=94427) _ensure_shares_mounted /opt/stack/cinder/cinder/volume/drivers/quobyte.py:695}}
Aug 18 07:34:54 devstack cinder-volume[94427]: DEBUG oslo_concurrency.lockutils [None req-8e381d68-935d-4f45-b615-cb42921cd18b tempest-AttachVolumeTestJSON-1527316911 None] Lock "quobyte_ensure" "released" by "cinder.volume.drivers.quobyte.QuobyteDriver._ensure_shares_mounted" :: held 0.011s {{(pid=94427) inner /opt/stack/data/venv/lib/python3.12/site-packages/oslo_concurrency/lockutils.py:544}}
Aug 18 07:34:54 devstack cinder-volume[94427]: DEBUG oslo_concurrency.processutils [None req-8e381d68-935d-4f45-b615-cb42921cd18b tempest-AttachVolumeTestJSON-1527316911 None] Running cmd (subprocess): sudo cinder-rootwrap /etc/cinder/rootwrap.conf df --portability --block-size 1 /opt/stack/data/cinder/mnt/6a670cc290951f0779693d517dec7eb3 {{(pid=94427) execute /opt/stack/data/venv/lib/python3.12/site-packages/oslo_concurrency/processutils.py:440}}
Aug 18 07:34:54 devstack cinder-volume[94427]: DEBUG oslo_concurrency.processutils [None req-898ae22f-47b4-4d8b-9f08-017722903aa0 tempest-GroupsV314Test-668810545 None] CMD "sudo cinder-rootwrap /etc/cinder/rootwrap.conf df --portability --block-size 1 /opt/stack/data/cinder/mnt/6a670cc290951f0779693d517dec7eb3" returned: 0 in 0.482s {{(pid=94427) execute /opt/stack/data/venv/lib/python3.12/site-packages/oslo_concurrency/processutils.py:468}}
Aug 18 07:34:54 devstack cinder-volume[94427]: DEBUG cinder.manager [None req-898ae22f-47b4-4d8b-9f08-017722903aa0 tempest-GroupsV314Test-668810545 None] Notifying Schedulers of capabilities ... {{(pid=94427) _publish_service_capabilities /opt/stack/cinder/cinder/manager.py:219}}
Aug 18 07:34:54 devstack cinder-volume[94427]: INFO cinder.volume.manager [None req-898ae22f-47b4-4d8b-9f08-017722903aa0 tempest-GroupsV314Test-668810545 None] Delete group completed successfully.
Aug 18 07:34:54 devstack sudo[102748]: quobyte : PWD=/ ; USER=root ; COMMAND=/opt/stack/data/venv/bin/cinder-rootwrap /etc/cinder/rootwrap.conf df --portability --block-size 1 /opt/stack/data/cinder/mnt/6a670cc290951f0779693d517dec7eb3
Aug 18 07:34:54 devstack sudo[102748]: pam_unix(sudo:session): session opened for user root(uid=0) by (uid=1000)
Aug 18 07:34:54 devstack cinder-volume[94427]: DEBUG cinder.coordination [None req-59cd8ef9-14e1-4b07-a294-997376f011a2 tempest-AttachVolumeTestJSON-1527316911 None] Acquiring lock "cinder-dff5c269-8d92-4e62-8cca-ab48d2d579b8-delete_volume" by "delete_volume" {{(pid=94427) __acquire /opt/stack/cinder/cinder/coordination.py:138}}
Aug 18 07:34:54 devstack cinder-volume[94427]: DEBUG cinder.coordination [None req-59cd8ef9-14e1-4b07-a294-997376f011a2 tempest-AttachVolumeTestJSON-1527316911 None] Lock "cinder-dff5c269-8d92-4e62-8cca-ab48d2d579b8-delete_volume" acquired by "delete_volume" :: waited 0.042s {{(pid=94427) __acquire /opt/stack/cinder/cinder/coordination.py:141}}
Aug 18 07:34:54 devstack cinder-volume[94427]: DEBUG cinder.coordination [None req-59cd8ef9-14e1-4b07-a294-997376f011a2 tempest-AttachVolumeTestJSON-1527316911 None] Acquiring lock "cinder-quobyte-dff5c269-8d92-4e62-8cca-ab48d2d579b8" by "delete_volume" {{(pid=94427) __acquire /opt/stack/cinder/cinder/coordination.py:138}}
Aug 18 07:34:54 devstack cinder-volume[94427]: DEBUG cinder.coordination [None req-59cd8ef9-14e1-4b07-a294-997376f011a2 tempest-AttachVolumeTestJSON-1527316911 None] Lock "cinder-quobyte-dff5c269-8d92-4e62-8cca-ab48d2d579b8" acquired by "delete_volume" :: waited 0.029s {{(pid=94427) __acquire /opt/stack/cinder/cinder/coordination.py:141}}
Aug 18 07:34:54 devstack cinder-volume[94427]: DEBUG oslo.privsep.daemon [-] privsep: reply[851a7e91-adab-4328-aee2-4a38f5cdcdff]: (4, 'qcow2') {{(pid=96302) _call_back /opt/stack/data/venv/lib/python3.12/site-packages/oslo_privsep/daemon.py:580}}
Aug 18 07:34:54 devstack cinder-volume[94427]: DEBUG oslo_concurrency.processutils [None req-59cd8ef9-14e1-4b07-a294-997376f011a2 tempest-AttachVolumeTestJSON-1527316911 None] Running cmd (subprocess): /opt/stack/data/venv/bin/python3.12 -m oslo_concurrency.prlimit --as=1073741824 --cpu=60 -- sudo cinder-rootwrap /etc/cinder/rootwrap.conf env LC_ALL=C qemu-img info -f qcow2 --output=json --force-share /opt/stack/data/cinder/mnt/6a670cc290951f0779693d517dec7eb3/volume-dff5c269-8d92-4e62-8cca-ab48d2d579b8 {{(pid=94427) execute /opt/stack/data/venv/lib/python3.12/site-packages/oslo_concurrency/processutils.py:440}}
Aug 18 07:34:54 devstack sudo[102750]: quobyte : PWD=/ ; USER=root ; COMMAND=/opt/stack/data/venv/bin/cinder-rootwrap /etc/cinder/rootwrap.conf env LC_ALL=C qemu-img info -f qcow2 --output=json --force-share /opt/stack/data/cinder/mnt/6a670cc290951f0779693d517dec7eb3/volume-dff5c269-8d92-4e62-8cca-ab48d2d579b8
Aug 18 07:34:54 devstack sudo[102750]: pam_unix(sudo:session): session opened for user root(uid=0) by (uid=1000)
Aug 18 07:34:54 devstack sudo[102748]: pam_unix(sudo:session): session closed for user root
Aug 18 07:34:54 devstack cinder-volume[94427]: DEBUG oslo_concurrency.processutils [None req-8e381d68-935d-4f45-b615-cb42921cd18b tempest-AttachVolumeTestJSON-1527316911 None] CMD "sudo cinder-rootwrap /etc/cinder/rootwrap.conf df --portability --block-size 1 /opt/stack/data/cinder/mnt/6a670cc290951f0779693d517dec7eb3" returned: 0 in 0.689s {{(pid=94427) execute /opt/stack/data/venv/lib/python3.12/site-packages/oslo_concurrency/processutils.py:468}}
Aug 18 07:34:54 devstack cinder-volume[94427]: DEBUG cinder.manager [None req-8e381d68-935d-4f45-b615-cb42921cd18b tempest-AttachVolumeTestJSON-1527316911 None] Notifying Schedulers of capabilities ... {{(pid=94427) _publish_service_capabilities /opt/stack/cinder/cinder/manager.py:219}}
Aug 18 07:34:54 devstack cinder-volume[94427]: INFO cinder.volume.manager [None req-8e381d68-935d-4f45-b615-cb42921cd18b tempest-AttachVolumeTestJSON-1527316911 None] Deleted volume successfully.
Aug 18 07:34:54 devstack cinder-volume[94427]: DEBUG cinder.coordination [None req-8e381d68-935d-4f45-b615-cb42921cd18b tempest-AttachVolumeTestJSON-1527316911 None] Lock "cinder-75a0dcd2-4965-40f5-94c1-cf3032a4d140-delete_volume" released by "delete_volume" :: held 3.117s {{(pid=94427) __release /opt/stack/cinder/cinder/coordination.py:152}}
Aug 18 07:34:55 devstack cinder-volume[94427]: DEBUG cinder.coordination [None req-4de284e6-13a9-4c89-8699-1881810782d4 tempest-GroupsV314Test-668810545 None] Acquiring lock "cinder-quobyte-e9601621-c9ee-4288-9ef0-b5bf64b02f23" by "delete_volume" {{(pid=94427) __acquire /opt/stack/cinder/cinder/coordination.py:138}}
Aug 18 07:34:55 devstack cinder-volume[94427]: DEBUG cinder.coordination [None req-4de284e6-13a9-4c89-8699-1881810782d4 tempest-GroupsV314Test-668810545 None] Lock "cinder-quobyte-e9601621-c9ee-4288-9ef0-b5bf64b02f23" acquired by "delete_volume" :: waited 0.035s {{(pid=94427) __acquire /opt/stack/cinder/cinder/coordination.py:141}}
Aug 18 07:34:55 devstack sudo[102750]: pam_unix(sudo:session): session closed for user root
Aug 18 07:34:55 devstack cinder-volume[94427]: DEBUG oslo_concurrency.processutils [None req-59cd8ef9-14e1-4b07-a294-997376f011a2 tempest-AttachVolumeTestJSON-1527316911 None] CMD "/opt/stack/data/venv/bin/python3.12 -m oslo_concurrency.prlimit --as=1073741824 --cpu=60 -- sudo cinder-rootwrap /etc/cinder/rootwrap.conf env LC_ALL=C qemu-img info -f qcow2 --output=json --force-share /opt/stack/data/cinder/mnt/6a670cc290951f0779693d517dec7eb3/volume-dff5c269-8d92-4e62-8cca-ab48d2d579b8" returned: 0 in 0.782s {{(pid=94427) execute /opt/stack/data/venv/lib/python3.12/site-packages/oslo_concurrency/processutils.py:468}}
Aug 18 07:34:55 devstack cinder-volume[94427]: DEBUG oslo_concurrency.processutils [None req-59cd8ef9-14e1-4b07-a294-997376f011a2 tempest-AttachVolumeTestJSON-1527316911 None] Running cmd (subprocess): sudo cinder-rootwrap /etc/cinder/rootwrap.conf rm -f /opt/stack/data/cinder/mnt/6a670cc290951f0779693d517dec7eb3/volume-dff5c269-8d92-4e62-8cca-ab48d2d579b8 {{(pid=94427) execute /opt/stack/data/venv/lib/python3.12/site-packages/oslo_concurrency/processutils.py:440}}
Aug 18 07:34:55 devstack cinder-volume[94427]: DEBUG oslo.privsep.daemon [-] privsep: reply[b5f2aa6a-9b45-479f-9f6e-42f2eef2cd2f]: (4, 'qcow2') {{(pid=96302) _call_back /opt/stack/data/venv/lib/python3.12/site-packages/oslo_privsep/daemon.py:580}}
Aug 18 07:34:55 devstack cinder-volume[94427]: DEBUG oslo_concurrency.processutils [None req-4de284e6-13a9-4c89-8699-1881810782d4 tempest-GroupsV314Test-668810545 None] Running cmd (subprocess): /opt/stack/data/venv/bin/python3.12 -m oslo_concurrency.prlimit --as=1073741824 --cpu=60 -- sudo cinder-rootwrap /etc/cinder/rootwrap.conf env LC_ALL=C qemu-img info -f qcow2 --output=json --force-share /opt/stack/data/cinder/mnt/6a670cc290951f0779693d517dec7eb3/volume-e9601621-c9ee-4288-9ef0-b5bf64b02f23 {{(pid=94427) execute /opt/stack/data/venv/lib/python3.12/site-packages/oslo_concurrency/processutils.py:440}}
