Aug 18 07:31:18 devstack cinder-volume[94427]: DEBUG oslo_concurrency.processutils [None req-7ec046c8-80f5-4f40-81d0-aa7b08e418aa tempest-SnapshotsActionsTest-1253725586 None] CMD "/opt/stack/data/venv/bin/python3.12 -m oslo_concurrency.prlimit --as=1073741824 --cpu=60 -- sudo cinder-rootwrap /etc/cinder/rootwrap.conf env LC_ALL=C qemu-img info -f qcow2 --output=json --force-share /opt/stack/data/cinder/mnt/6a670cc290951f0779693d517dec7eb3/volume-0ad0d4ba-c099-47ac-ba51-e1754012e5aa.98c9b6f9-29e9-481b-bc3f-c4272ad25817" returned: 0 in 0.480s {{(pid=94427) execute /opt/stack/data/venv/lib/python3.12/site-packages/oslo_concurrency/processutils.py:468}}
Aug 18 07:31:18 devstack cinder-volume[94427]: DEBUG cinder.volume.drivers.remotefs [None req-7ec046c8-80f5-4f40-81d0-aa7b08e418aa tempest-SnapshotsActionsTest-1253725586 None] Fetching qemu-img info with special backing_file_template: (/opt/stack/data/cinder/mnt/[0-9a-f]+/)?(volume-0ad0d4ba-c099-47ac-ba51-e1754012e5aa(.(tmp-snap-)?[0-9a-f-]+)?|volume_from_snapshot_cache/(tmp-snap-)?[0-9a-f-]+(.(child-|parent-)[0-9a-f-]+)?)$ {{(pid=94427) _qemu_img_info_base /opt/stack/cinder/cinder/volume/drivers/remotefs.py:896}}
Aug 18 07:31:18 devstack cinder-volume[94427]: DEBUG oslo.privsep.daemon [-] privsep: reply[6d32a5a2-374e-44bd-8979-befb9e84f325]: (4, 'qcow2') {{(pid=96302) _call_back /opt/stack/data/venv/lib/python3.12/site-packages/oslo_privsep/daemon.py:580}}
Aug 18 07:31:18 devstack cinder-volume[94427]: DEBUG oslo_concurrency.processutils [None req-7ec046c8-80f5-4f40-81d0-aa7b08e418aa tempest-SnapshotsActionsTest-1253725586 None] Running cmd (subprocess): /opt/stack/data/venv/bin/python3.12 -m oslo_concurrency.prlimit --as=1073741824 --cpu=60 -- sudo cinder-rootwrap /etc/cinder/rootwrap.conf env LC_ALL=C qemu-img info -f qcow2 --output=json --force-share /opt/stack/data/cinder/mnt/6a670cc290951f0779693d517dec7eb3/volume-0ad0d4ba-c099-47ac-ba51-e1754012e5aa.f2e126d2-86be-466b-96c1-7c52a89ce07e {{(pid=94427) execute /opt/stack/data/venv/lib/python3.12/site-packages/oslo_concurrency/processutils.py:440}}
Aug 18 07:31:19 devstack sudo[98055]: quobyte : PWD=/ ; USER=root ; COMMAND=/opt/stack/data/venv/bin/cinder-rootwrap /etc/cinder/rootwrap.conf env LC_ALL=C qemu-img info -f qcow2 --output=json --force-share /opt/stack/data/cinder/mnt/6a670cc290951f0779693d517dec7eb3/volume-0ad0d4ba-c099-47ac-ba51-e1754012e5aa.f2e126d2-86be-466b-96c1-7c52a89ce07e
Aug 18 07:31:19 devstack sudo[98055]: pam_unix(sudo:session): session opened for user root(uid=0) by (uid=1000)
Aug 18 07:31:19 devstack cinder-volume[94427]: DEBUG cinder.coordination [None req-1a9a1ff3-a197-4d44-b884-6592f765625c tempest-TaggedAttachmentsTest-1919207690 None] Acquiring lock "cinder-03f719cc-d22f-47a4-b78e-aa29d1ec9c28-delete_volume" by "delete_volume" {{(pid=94427) __acquire /opt/stack/cinder/cinder/coordination.py:138}}
Aug 18 07:31:19 devstack cinder-volume[94427]: DEBUG cinder.coordination [None req-1a9a1ff3-a197-4d44-b884-6592f765625c tempest-TaggedAttachmentsTest-1919207690 None] Lock "cinder-03f719cc-d22f-47a4-b78e-aa29d1ec9c28-delete_volume" acquired by "delete_volume" :: waited 0.043s {{(pid=94427) __acquire /opt/stack/cinder/cinder/coordination.py:141}}
Aug 18 07:31:19 devstack sudo[98055]: pam_unix(sudo:session): session closed for user root
Aug 18 07:31:19 devstack cinder-volume[94427]: DEBUG oslo_concurrency.processutils [None req-7ec046c8-80f5-4f40-81d0-aa7b08e418aa tempest-SnapshotsActionsTest-1253725586 None] CMD "/opt/stack/data/venv/bin/python3.12 -m oslo_concurrency.prlimit --as=1073741824 --cpu=60 -- sudo cinder-rootwrap /etc/cinder/rootwrap.conf env LC_ALL=C qemu-img info -f qcow2 --output=json --force-share /opt/stack/data/cinder/mnt/6a670cc290951f0779693d517dec7eb3/volume-0ad0d4ba-c099-47ac-ba51-e1754012e5aa.f2e126d2-86be-466b-96c1-7c52a89ce07e" returned: 0 in 0.585s {{(pid=94427) execute /opt/stack/data/venv/lib/python3.12/site-packages/oslo_concurrency/processutils.py:468}}
Aug 18 07:31:19 devstack cinder-volume[94427]: DEBUG cinder.volume.drivers.remotefs [None req-7ec046c8-80f5-4f40-81d0-aa7b08e418aa tempest-SnapshotsActionsTest-1253725586 None] Fetching qemu-img info with special backing_file_template: (/opt/stack/data/cinder/mnt/[0-9a-f]+/)?(volume-0ad0d4ba-c099-47ac-ba51-e1754012e5aa(.(tmp-snap-)?[0-9a-f-]+)?|volume_from_snapshot_cache/(tmp-snap-)?[0-9a-f-]+(.(child-|parent-)[0-9a-f-]+)?)$ {{(pid=94427) _qemu_img_info_base /opt/stack/cinder/cinder/volume/drivers/remotefs.py:896}}
Aug 18 07:31:19 devstack cinder-volume[94427]: DEBUG oslo_concurrency.processutils [None req-7ec046c8-80f5-4f40-81d0-aa7b08e418aa tempest-SnapshotsActionsTest-1253725586 None] Running cmd (subprocess): sudo cinder-rootwrap /etc/cinder/rootwrap.conf qemu-img commit -d /opt/stack/data/cinder/mnt/6a670cc290951f0779693d517dec7eb3/volume-0ad0d4ba-c099-47ac-ba51-e1754012e5aa.98c9b6f9-29e9-481b-bc3f-c4272ad25817 {{(pid=94427) execute /opt/stack/data/venv/lib/python3.12/site-packages/oslo_concurrency/processutils.py:440}}
Aug 18 07:31:19 devstack sudo[98065]: quobyte : PWD=/ ; USER=root ; COMMAND=/opt/stack/data/venv/bin/cinder-rootwrap /etc/cinder/rootwrap.conf qemu-img commit -d /opt/stack/data/cinder/mnt/6a670cc290951f0779693d517dec7eb3/volume-0ad0d4ba-c099-47ac-ba51-e1754012e5aa.98c9b6f9-29e9-481b-bc3f-c4272ad25817
Aug 18 07:31:19 devstack sudo[98065]: pam_unix(sudo:session): session opened for user root(uid=0) by (uid=1000)
Aug 18 07:31:19 devstack cinder-volume[94427]: DEBUG cinder.coordination [None req-1a9a1ff3-a197-4d44-b884-6592f765625c tempest-TaggedAttachmentsTest-1919207690 None] Acquiring lock "cinder-quobyte-03f719cc-d22f-47a4-b78e-aa29d1ec9c28" by "delete_volume" {{(pid=94427) __acquire /opt/stack/cinder/cinder/coordination.py:138}}
Aug 18 07:31:19 devstack cinder-volume[94427]: DEBUG cinder.coordination [None req-1a9a1ff3-a197-4d44-b884-6592f765625c tempest-TaggedAttachmentsTest-1919207690 None] Lock "cinder-quobyte-03f719cc-d22f-47a4-b78e-aa29d1ec9c28" acquired by "delete_volume" :: waited 0.032s {{(pid=94427) __acquire /opt/stack/cinder/cinder/coordination.py:141}}
Aug 18 07:31:19 devstack cinder-volume[94427]: DEBUG oslo.privsep.daemon [-] privsep: reply[f7e08360-6150-43c6-828a-2c94b20ac31f]: (4, 'qcow2') {{(pid=96302) _call_back /opt/stack/data/venv/lib/python3.12/site-packages/oslo_privsep/daemon.py:580}}
Aug 18 07:31:19 devstack cinder-volume[94427]: DEBUG oslo_concurrency.processutils [None req-1a9a1ff3-a197-4d44-b884-6592f765625c tempest-TaggedAttachmentsTest-1919207690 None] Running cmd (subprocess): /opt/stack/data/venv/bin/python3.12 -m oslo_concurrency.prlimit --as=1073741824 --cpu=60 -- sudo cinder-rootwrap /etc/cinder/rootwrap.conf env LC_ALL=C qemu-img info -f qcow2 --output=json --force-share /opt/stack/data/cinder/mnt/6a670cc290951f0779693d517dec7eb3/volume-03f719cc-d22f-47a4-b78e-aa29d1ec9c28 {{(pid=94427) execute /opt/stack/data/venv/lib/python3.12/site-packages/oslo_concurrency/processutils.py:440}}
Aug 18 07:31:19 devstack sudo[98067]: quobyte : PWD=/ ; USER=root ; COMMAND=/opt/stack/data/venv/bin/cinder-rootwrap /etc/cinder/rootwrap.conf env LC_ALL=C qemu-img info -f qcow2 --output=json --force-share /opt/stack/data/cinder/mnt/6a670cc290951f0779693d517dec7eb3/volume-03f719cc-d22f-47a4-b78e-aa29d1ec9c28
Aug 18 07:31:19 devstack sudo[98067]: pam_unix(sudo:session): session opened for user root(uid=0) by (uid=1000)
Aug 18 07:31:20 devstack sudo[98065]: pam_unix(sudo:session): session closed for user root
Aug 18 07:31:20 devstack cinder-volume[94427]: DEBUG oslo_concurrency.processutils [None req-7ec046c8-80f5-4f40-81d0-aa7b08e418aa tempest-SnapshotsActionsTest-1253725586 None] CMD "sudo cinder-rootwrap /etc/cinder/rootwrap.conf qemu-img commit -d /opt/stack/data/cinder/mnt/6a670cc290951f0779693d517dec7eb3/volume-0ad0d4ba-c099-47ac-ba51-e1754012e5aa.98c9b6f9-29e9-481b-bc3f-c4272ad25817" returned: 0 in 0.594s {{(pid=94427) execute /opt/stack/data/venv/lib/python3.12/site-packages/oslo_concurrency/processutils.py:468}}
Aug 18 07:31:20 devstack cinder-volume[94427]: DEBUG oslo_concurrency.processutils [None req-7ec046c8-80f5-4f40-81d0-aa7b08e418aa tempest-SnapshotsActionsTest-1253725586 None] Running cmd (subprocess): sudo cinder-rootwrap /etc/cinder/rootwrap.conf rm -f /opt/stack/data/cinder/mnt/6a670cc290951f0779693d517dec7eb3/volume-0ad0d4ba-c099-47ac-ba51-e1754012e5aa.98c9b6f9-29e9-481b-bc3f-c4272ad25817 {{(pid=94427) execute /opt/stack/data/venv/lib/python3.12/site-packages/oslo_concurrency/processutils.py:440}}
Aug 18 07:31:20 devstack sudo[98067]: pam_unix(sudo:session): session closed for user root
Aug 18 07:31:20 devstack cinder-volume[94427]: DEBUG oslo_concurrency.processutils [None req-1a9a1ff3-a197-4d44-b884-6592f765625c tempest-TaggedAttachmentsTest-1919207690 None] CMD "/opt/stack/data/venv/bin/python3.12 -m oslo_concurrency.prlimit --as=1073741824 --cpu=60 -- sudo cinder-rootwrap /etc/cinder/rootwrap.conf env LC_ALL=C qemu-img info -f qcow2 --output=json --force-share /opt/stack/data/cinder/mnt/6a670cc290951f0779693d517dec7eb3/volume-03f719cc-d22f-47a4-b78e-aa29d1ec9c28" returned: 0 in 0.462s {{(pid=94427) execute /opt/stack/data/venv/lib/python3.12/site-packages/oslo_concurrency/processutils.py:468}}
Aug 18 07:31:20 devstack cinder-volume[94427]: DEBUG oslo_concurrency.processutils [None req-1a9a1ff3-a197-4d44-b884-6592f765625c tempest-TaggedAttachmentsTest-1919207690 None] Running cmd (subprocess): sudo cinder-rootwrap /etc/cinder/rootwrap.conf rm -f /opt/stack/data/cinder/mnt/6a670cc290951f0779693d517dec7eb3/volume-03f719cc-d22f-47a4-b78e-aa29d1ec9c28 {{(pid=94427) execute /opt/stack/data/venv/lib/python3.12/site-packages/oslo_concurrency/processutils.py:440}}
Aug 18 07:31:20 devstack sudo[98078]: quobyte : PWD=/ ; USER=root ; COMMAND=/opt/stack/data/venv/bin/cinder-rootwrap /etc/cinder/rootwrap.conf rm -f /opt/stack/data/cinder/mnt/6a670cc290951f0779693d517dec7eb3/volume-0ad0d4ba-c099-47ac-ba51-e1754012e5aa.98c9b6f9-29e9-481b-bc3f-c4272ad25817
Aug 18 07:31:20 devstack sudo[98078]: pam_unix(sudo:session): session opened for user root(uid=0) by (uid=1000)
Aug 18 07:31:20 devstack sudo[98079]: quobyte : PWD=/ ; USER=root ; COMMAND=/opt/stack/data/venv/bin/cinder-rootwrap /etc/cinder/rootwrap.conf rm -f /opt/stack/data/cinder/mnt/6a670cc290951f0779693d517dec7eb3/volume-03f719cc-d22f-47a4-b78e-aa29d1ec9c28
Aug 18 07:31:20 devstack sudo[98079]: pam_unix(sudo:session): session opened for user root(uid=0) by (uid=1000)
Aug 18 07:31:20 devstack sudo[98078]: pam_unix(sudo:session): session closed for user root
Aug 18 07:31:20 devstack cinder-volume[94427]: DEBUG oslo_concurrency.processutils [None req-7ec046c8-80f5-4f40-81d0-aa7b08e418aa tempest-SnapshotsActionsTest-1253725586 None] CMD "sudo cinder-rootwrap /etc/cinder/rootwrap.conf rm -f /opt/stack/data/cinder/mnt/6a670cc290951f0779693d517dec7eb3/volume-0ad0d4ba-c099-47ac-ba51-e1754012e5aa.98c9b6f9-29e9-481b-bc3f-c4272ad25817" returned: 0 in 0.324s {{(pid=94427) execute /opt/stack/data/venv/lib/python3.12/site-packages/oslo_concurrency/processutils.py:468}}
Aug 18 07:31:20 devstack cinder-volume[94427]: DEBUG cinder.coordination [None req-7ec046c8-80f5-4f40-81d0-aa7b08e418aa tempest-SnapshotsActionsTest-1253725586 None] Lock "cinder-quobyte-98c9b6f9-29e9-481b-bc3f-c4272ad25817" released by "_delete_snapshot" :: held 2.126s {{(pid=94427) __release /opt/stack/cinder/cinder/coordination.py:152}}
Aug 18 07:31:20 devstack cinder-volume[94427]: DEBUG cinder.coordination [None req-7ec046c8-80f5-4f40-81d0-aa7b08e418aa tempest-SnapshotsActionsTest-1253725586 None] Lock "cinder-quobyte-0ad0d4ba-c099-47ac-ba51-e1754012e5aa" released by "delete_snapshot" :: held 2.167s {{(pid=94427) __release /opt/stack/cinder/cinder/coordination.py:152}}
Aug 18 07:31:20 devstack sudo[98079]: pam_unix(sudo:session): session closed for user root
Aug 18 07:31:20 devstack cinder-volume[94427]: DEBUG oslo_concurrency.processutils [None req-1a9a1ff3-a197-4d44-b884-6592f765625c tempest-TaggedAttachmentsTest-1919207690 None] CMD "sudo cinder-rootwrap /etc/cinder/rootwrap.conf rm -f /opt/stack/data/cinder/mnt/6a670cc290951f0779693d517dec7eb3/volume-03f719cc-d22f-47a4-b78e-aa29d1ec9c28" returned: 0 in 0.382s {{(pid=94427) execute /opt/stack/data/venv/lib/python3.12/site-packages/oslo_concurrency/processutils.py:468}}
Aug 18 07:31:20 devstack cinder-volume[94427]: DEBUG cinder.coordination [None req-1a9a1ff3-a197-4d44-b884-6592f765625c tempest-TaggedAttachmentsTest-1919207690 None] Lock "cinder-quobyte-03f719cc-d22f-47a4-b78e-aa29d1ec9c28" released by "delete_volume" :: held 0.917s {{(pid=94427) __release /opt/stack/cinder/cinder/coordination.py:152}}
Aug 18 07:31:20 devstack cinder-volume[94427]: DEBUG cinder.quota [None req-7ec046c8-80f5-4f40-81d0-aa7b08e418aa tempest-SnapshotsActionsTest-1253725586 None] Created reservations ['532c0428-4830-4d75-939f-13f6897dc272', '2daf73f8-6da5-4032-9ac8-6a6f83f2771d', '6c1e6f23-cc92-4612-9bd2-13d47fc8448f', '0172bd35-8b44-41e8-89b7-cc1c889a1939'] {{(pid=94427) reserve /opt/stack/cinder/cinder/quota.py:752}}
Aug 18 07:31:20 devstack cinder-volume[94427]: DEBUG cinder.quota [None req-1a9a1ff3-a197-4d44-b884-6592f765625c tempest-TaggedAttachmentsTest-1919207690 None] Created reservations ['9849cab0-f82b-42ec-9617-a93e3b1c3fae', '42609896-8377-4133-892b-892de473f4ce', 'f49bb916-96a7-417d-9cc9-2404d9152cd8', 'e098c994-8f5f-439d-b75a-cc460eca1bfa'] {{(pid=94427) reserve /opt/stack/cinder/cinder/quota.py:752}}
Aug 18 07:31:20 devstack cinder-volume[94427]: INFO cinder.volume.manager [None req-7ec046c8-80f5-4f40-81d0-aa7b08e418aa tempest-SnapshotsActionsTest-1253725586 None] Delete snapshot completed successfully.
Aug 18 07:31:20 devstack cinder-volume[94427]: DEBUG cinder.coordination [None req-7ec046c8-80f5-4f40-81d0-aa7b08e418aa tempest-SnapshotsActionsTest-1253725586 None] Lock "cinder-98c9b6f9-29e9-481b-bc3f-c4272ad25817-delete_snapshot" released by "delete_snapshot" :: held 2.405s {{(pid=94427) __release /opt/stack/cinder/cinder/coordination.py:152}}
Aug 18 07:31:20 devstack cinder-volume[94427]: DEBUG oslo_concurrency.lockutils [None req-1a9a1ff3-a197-4d44-b884-6592f765625c tempest-TaggedAttachmentsTest-1919207690 None] Acquiring lock "quobyte_ensure" by "cinder.volume.drivers.quobyte.QuobyteDriver._ensure_shares_mounted" {{(pid=94427) inner /opt/stack/data/venv/lib/python3.12/site-packages/oslo_concurrency/lockutils.py:512}}
Aug 18 07:31:20 devstack cinder-volume[94427]: DEBUG oslo_concurrency.lockutils [None req-1a9a1ff3-a197-4d44-b884-6592f765625c tempest-TaggedAttachmentsTest-1919207690 None] Lock "quobyte_ensure" acquired by "cinder.volume.drivers.quobyte.QuobyteDriver._ensure_shares_mounted" :: waited 0.001s {{(pid=94427) inner /opt/stack/data/venv/lib/python3.12/site-packages/oslo_concurrency/lockutils.py:525}}
Aug 18 07:31:20 devstack cinder-volume[94427]: DEBUG cinder.volume.drivers.quobyte [None req-1a9a1ff3-a197-4d44-b884-6592f765625c tempest-TaggedAttachmentsTest-1919207690 None] Quobyte Volume URL set to: {'osci02.corp.quobyte.com/cinder-vol-3e6e766d-1d8b-4c76-a375-b6493fe476e0': None} {{(pid=94427) _load_shares_config /opt/stack/cinder/cinder/volume/drivers/quobyte.py:665}}
Aug 18 07:31:20 devstack cinder-volume[94427]: DEBUG cinder.volume.drivers.quobyte [None req-1a9a1ff3-a197-4d44-b884-6592f765625c tempest-TaggedAttachmentsTest-1919207690 None] Available shares ['osci02.corp.quobyte.com/cinder-vol-3e6e766d-1d8b-4c76-a375-b6493fe476e0'] {{(pid=94427) _ensure_shares_mounted /opt/stack/cinder/cinder/volume/drivers/quobyte.py:695}}
Aug 18 07:31:20 devstack cinder-volume[94427]: DEBUG oslo_concurrency.lockutils [None req-1a9a1ff3-a197-4d44-b884-6592f765625c tempest-TaggedAttachmentsTest-1919207690 None] Lock "quobyte_ensure" "released" by "cinder.volume.drivers.quobyte.QuobyteDriver._ensure_shares_mounted" :: held 0.008s {{(pid=94427) inner /opt/stack/data/venv/lib/python3.12/site-packages/oslo_concurrency/lockutils.py:544}}
Aug 18 07:31:20 devstack cinder-volume[94427]: DEBUG oslo_concurrency.processutils [None req-1a9a1ff3-a197-4d44-b884-6592f765625c tempest-TaggedAttachmentsTest-1919207690 None] Running cmd (subprocess): sudo cinder-rootwrap /etc/cinder/rootwrap.conf df --portability --block-size 1 /opt/stack/data/cinder/mnt/6a670cc290951f0779693d517dec7eb3 {{(pid=94427) execute /opt/stack/data/venv/lib/python3.12/site-packages/oslo_concurrency/processutils.py:440}}
Aug 18 07:31:20 devstack sudo[98084]: quobyte : PWD=/ ; USER=root ; COMMAND=/opt/stack/data/venv/bin/cinder-rootwrap /etc/cinder/rootwrap.conf df --portability --block-size 1 /opt/stack/data/cinder/mnt/6a670cc290951f0779693d517dec7eb3
Aug 18 07:31:20 devstack sudo[98084]: pam_unix(sudo:session): session opened for user root(uid=0) by (uid=1000)
Aug 18 07:31:21 devstack sudo[98084]: pam_unix(sudo:session): session closed for user root
Aug 18 07:31:21 devstack cinder-volume[94427]: DEBUG oslo_concurrency.processutils [None req-1a9a1ff3-a197-4d44-b884-6592f765625c tempest-TaggedAttachmentsTest-1919207690 None] CMD "sudo cinder-rootwrap /etc/cinder/rootwrap.conf df --portability --block-size 1 /opt/stack/data/cinder/mnt/6a670cc290951f0779693d517dec7eb3" returned: 0 in 0.409s {{(pid=94427) execute /opt/stack/data/venv/lib/python3.12/site-packages/oslo_concurrency/processutils.py:468}}
Aug 18 07:31:21 devstack cinder-volume[94427]: DEBUG cinder.manager [None req-1a9a1ff3-a197-4d44-b884-6592f765625c tempest-TaggedAttachmentsTest-1919207690 None] Notifying Schedulers of capabilities ... {{(pid=94427) _publish_service_capabilities /opt/stack/cinder/cinder/manager.py:219}}
Aug 18 07:31:21 devstack cinder-volume[94427]: INFO cinder.volume.manager [None req-1a9a1ff3-a197-4d44-b884-6592f765625c tempest-TaggedAttachmentsTest-1919207690 None] Deleted volume successfully.
Aug 18 07:31:21 devstack cinder-volume[94427]: DEBUG cinder.coordination [None req-1a9a1ff3-a197-4d44-b884-6592f765625c tempest-TaggedAttachmentsTest-1919207690 None] Lock "cinder-03f719cc-d22f-47a4-b78e-aa29d1ec9c28-delete_volume" released by "delete_volume" :: held 1.670s {{(pid=94427) __release /opt/stack/cinder/cinder/coordination.py:152}}
Aug 18 07:31:22 devstack cinder-volume[94427]: DEBUG oslo_concurrency.lockutils [None req-9ba3044c-81e3-4470-b836-2b09c16073a8 tempest-SnapshotsActionsTest-1709551033 None] Acquiring lock "quobyte" by "cinder.volume.drivers.quobyte.QuobyteDriver.create_snapshot" {{(pid=94427) inner /opt/stack/data/venv/lib/python3.12/site-packages/oslo_concurrency/lockutils.py:512}}
Aug 18 07:31:22 devstack cinder-volume[94427]: DEBUG oslo_concurrency.lockutils [None req-9ba3044c-81e3-4470-b836-2b09c16073a8 tempest-SnapshotsActionsTest-1709551033 None] Lock "quobyte" acquired by "cinder.volume.drivers.quobyte.QuobyteDriver.create_snapshot" :: waited 0.001s {{(pid=94427) inner /opt/stack/data/venv/lib/python3.12/site-packages/oslo_concurrency/lockutils.py:525}}
Aug 18 07:31:22 devstack cinder-volume[94427]: DEBUG cinder.volume.drivers.remotefs [None req-9ba3044c-81e3-4470-b836-2b09c16073a8 tempest-SnapshotsActionsTest-1709551033 None] Creating offline snapshot 0e000860-ff18-4ca0-acfc-cfb69f7d8236 of volume 0ad0d4ba-c099-47ac-ba51-e1754012e5aa {{(pid=94427) _create_snapshot /opt/stack/cinder/cinder/volume/drivers/remotefs.py:1816}}
Aug 18 07:31:22 devstack cinder-volume[94427]: DEBUG oslo.privsep.daemon [-] privsep: reply[695d0bc0-45ad-4a62-9bf2-41ccbf45a422]: (4, 'qcow2') {{(pid=96302) _call_back /opt/stack/data/venv/lib/python3.12/site-packages/oslo_privsep/daemon.py:580}}
Aug 18 07:31:22 devstack cinder-volume[94427]: DEBUG oslo_concurrency.processutils [None req-9ba3044c-81e3-4470-b836-2b09c16073a8 tempest-SnapshotsActionsTest-1709551033 None] Running cmd (subprocess): /opt/stack/data/venv/bin/python3.12 -m oslo_concurrency.prlimit --as=1073741824 --cpu=60 -- sudo cinder-rootwrap /etc/cinder/rootwrap.conf env LC_ALL=C qemu-img info -f qcow2 --output=json --force-share /opt/stack/data/cinder/mnt/6a670cc290951f0779693d517dec7eb3/volume-0ad0d4ba-c099-47ac-ba51-e1754012e5aa.f2e126d2-86be-466b-96c1-7c52a89ce07e {{(pid=94427) execute /opt/stack/data/venv/lib/python3.12/site-packages/oslo_concurrency/processutils.py:440}}
Aug 18 07:31:22 devstack sudo[98103]: quobyte : PWD=/ ; USER=root ; COMMAND=/opt/stack/data/venv/bin/cinder-rootwrap /etc/cinder/rootwrap.conf env LC_ALL=C qemu-img info -f qcow2 --output=json --force-share /opt/stack/data/cinder/mnt/6a670cc290951f0779693d517dec7eb3/volume-0ad0d4ba-c099-47ac-ba51-e1754012e5aa.f2e126d2-86be-466b-96c1-7c52a89ce07e
Aug 18 07:31:22 devstack sudo[98103]: pam_unix(sudo:session): session opened for user root(uid=0) by (uid=1000)
Aug 18 07:31:22 devstack sudo[98103]: pam_unix(sudo:session): session closed for user root
Aug 18 07:31:22 devstack cinder-volume[94427]: DEBUG oslo_concurrency.processutils [None req-9ba3044c-81e3-4470-b836-2b09c16073a8 tempest-SnapshotsActionsTest-1709551033 None] CMD "/opt/stack/data/venv/bin/python3.12 -m oslo_concurrency.prlimit --as=1073741824 --cpu=60 -- sudo cinder-rootwrap /etc/cinder/rootwrap.conf env LC_ALL=C qemu-img info -f qcow2 --output=json --force-share /opt/stack/data/cinder/mnt/6a670cc290951f0779693d517dec7eb3/volume-0ad0d4ba-c099-47ac-ba51-e1754012e5aa.f2e126d2-86be-466b-96c1-7c52a89ce07e" returned: 0 in 0.442s {{(pid=94427) execute /opt/stack/data/venv/lib/python3.12/site-packages/oslo_concurrency/processutils.py:468}}
Aug 18 07:31:22 devstack cinder-volume[94427]: DEBUG cinder.volume.drivers.remotefs [None req-9ba3044c-81e3-4470-b836-2b09c16073a8 tempest-SnapshotsActionsTest-1709551033 None] Fetching qemu-img info with special backing_file_template: (/opt/stack/data/cinder/mnt/[0-9a-f]+/)?(volume-0ad0d4ba-c099-47ac-ba51-e1754012e5aa(.(tmp-snap-)?[0-9a-f-]+)?|volume_from_snapshot_cache/(tmp-snap-)?[0-9a-f-]+(.(child-|parent-)[0-9a-f-]+)?)$ {{(pid=94427) _qemu_img_info_base /opt/stack/cinder/cinder/volume/drivers/remotefs.py:896}}
Aug 18 07:31:22 devstack cinder-volume[94427]: DEBUG oslo_concurrency.processutils [None req-9ba3044c-81e3-4470-b836-2b09c16073a8 tempest-SnapshotsActionsTest-1709551033 None] Running cmd (subprocess): sudo cinder-rootwrap /etc/cinder/rootwrap.conf qemu-img create -f qcow2 -o backing_file=/opt/stack/data/cinder/mnt/6a670cc290951f0779693d517dec7eb3/volume-0ad0d4ba-c099-47ac-ba51-e1754012e5aa.f2e126d2-86be-466b-96c1-7c52a89ce07e,backing_fmt=qcow2 /opt/stack/data/cinder/mnt/6a670cc290951f0779693d517dec7eb3/volume-0ad0d4ba-c099-47ac-ba51-e1754012e5aa.0e000860-ff18-4ca0-acfc-cfb69f7d8236 1G {{(pid=94427) execute /opt/stack/data/venv/lib/python3.12/site-packages/oslo_concurrency/processutils.py:440}}
Aug 18 07:31:22 devstack sudo[98109]: quobyte : PWD=/ ; USER=root ; COMMAND=/opt/stack/data/venv/bin/cinder-rootwrap /etc/cinder/rootwrap.conf qemu-img create -f qcow2 -o backing_file=/opt/stack/data/cinder/mnt/6a670cc290951f0779693d517dec7eb3/volume-0ad0d4ba-c099-47ac-ba51-e1754012e5aa.f2e126d2-86be-466b-96c1-7c52a89ce07e,backing_fmt=qcow2 /opt/stack/data/cinder/mnt/6a670cc290951f0779693d517dec7eb3/volume-0ad0d4ba-c099-47ac-ba51-e1754012e5aa.0e000860-ff18-4ca0-acfc-cfb69f7d8236 1G
Aug 18 07:31:22 devstack sudo[98109]: pam_unix(sudo:session): session opened for user root(uid=0) by (uid=1000)
Aug 18 07:31:23 devstack sudo[98109]: pam_unix(sudo:session): session closed for user root
Aug 18 07:31:23 devstack cinder-volume[94427]: DEBUG oslo_concurrency.processutils [None req-9ba3044c-81e3-4470-b836-2b09c16073a8 tempest-SnapshotsActionsTest-1709551033 None] CMD "sudo cinder-rootwrap /etc/cinder/rootwrap.conf qemu-img create -f qcow2 -o backing_file=/opt/stack/data/cinder/mnt/6a670cc290951f0779693d517dec7eb3/volume-0ad0d4ba-c099-47ac-ba51-e1754012e5aa.f2e126d2-86be-466b-96c1-7c52a89ce07e,backing_fmt=qcow2 /opt/stack/data/cinder/mnt/6a670cc290951f0779693d517dec7eb3/volume-0ad0d4ba-c099-47ac-ba51-e1754012e5aa.0e000860-ff18-4ca0-acfc-cfb69f7d8236 1G" returned: 0 in 0.648s {{(pid=94427) execute /opt/stack/data/venv/lib/python3.12/site-packages/oslo_concurrency/processutils.py:468}}
Aug 18 07:31:23 devstack cinder-volume[94427]: DEBUG oslo_concurrency.processutils [None req-9ba3044c-81e3-4470-b836-2b09c16073a8 tempest-SnapshotsActionsTest-1709551033 None] Running cmd (subprocess): sudo cinder-rootwrap /etc/cinder/rootwrap.conf qemu-img rebase -u -b volume-0ad0d4ba-c099-47ac-ba51-e1754012e5aa.f2e126d2-86be-466b-96c1-7c52a89ce07e -F qcow2 /opt/stack/data/cinder/mnt/6a670cc290951f0779693d517dec7eb3/volume-0ad0d4ba-c099-47ac-ba51-e1754012e5aa.0e000860-ff18-4ca0-acfc-cfb69f7d8236 {{(pid=94427) execute /opt/stack/data/venv/lib/python3.12/site-packages/oslo_concurrency/processutils.py:440}}
Aug 18 07:31:23 devstack sudo[98118]: quobyte : PWD=/ ; USER=root ; COMMAND=/opt/stack/data/venv/bin/cinder-rootwrap /etc/cinder/rootwrap.conf qemu-img rebase -u -b volume-0ad0d4ba-c099-47ac-ba51-e1754012e5aa.f2e126d2-86be-466b-96c1-7c52a89ce07e -F qcow2 /opt/stack/data/cinder/mnt/6a670cc290951f0779693d517dec7eb3/volume-0ad0d4ba-c099-47ac-ba51-e1754012e5aa.0e000860-ff18-4ca0-acfc-cfb69f7d8236
Aug 18 07:31:23 devstack sudo[98118]: pam_unix(sudo:session): session opened for user root(uid=0) by (uid=1000)
Aug 18 07:31:23 devstack sudo[98118]: pam_unix(sudo:session): session closed for user root
Aug 18 07:31:23 devstack cinder-volume[94427]: DEBUG oslo_concurrency.processutils [None req-9ba3044c-81e3-4470-b836-2b09c16073a8 tempest-SnapshotsActionsTest-1709551033 None] CMD "sudo cinder-rootwrap /etc/cinder/rootwrap.conf qemu-img rebase -u -b volume-0ad0d4ba-c099-47ac-ba51-e1754012e5aa.f2e126d2-86be-466b-96c1-7c52a89ce07e -F qcow2 /opt/stack/data/cinder/mnt/6a670cc290951f0779693d517dec7eb3/volume-0ad0d4ba-c099-47ac-ba51-e1754012e5aa.0e000860-ff18-4ca0-acfc-cfb69f7d8236" returned: 0 in 0.353s {{(pid=94427) execute /opt/stack/data/venv/lib/python3.12/site-packages/oslo_concurrency/processutils.py:468}}
Aug 18 07:31:23 devstack cinder-volume[94427]: WARNING cinder.volume.drivers.remotefs [None req-9ba3044c-81e3-4470-b836-2b09c16073a8 tempest-SnapshotsActionsTest-1709551033 None] /opt/stack/data/cinder/mnt/6a670cc290951f0779693d517dec7eb3/volume-0ad0d4ba-c099-47ac-ba51-e1754012e5aa.0e000860-ff18-4ca0-acfc-cfb69f7d8236 is being set with open permissions: ugo+rw
Aug 18 07:31:23 devstack cinder-volume[94427]: DEBUG oslo_concurrency.processutils [None req-9ba3044c-81e3-4470-b836-2b09c16073a8 tempest-SnapshotsActionsTest-1709551033 None] Running cmd (subprocess): sudo cinder-rootwrap /etc/cinder/rootwrap.conf chmod ugo+rw /opt/stack/data/cinder/mnt/6a670cc290951f0779693d517dec7eb3/volume-0ad0d4ba-c099-47ac-ba51-e1754012e5aa.0e000860-ff18-4ca0-acfc-cfb69f7d8236 {{(pid=94427) execute /opt/stack/data/venv/lib/python3.12/site-packages/oslo_concurrency/processutils.py:440}}
Aug 18 07:31:23 devstack sudo[98125]: quobyte : PWD=/ ; USER=root ; COMMAND=/opt/stack/data/venv/bin/cinder-rootwrap /etc/cinder/rootwrap.conf chmod ugo+rw /opt/stack/data/cinder/mnt/6a670cc290951f0779693d517dec7eb3/volume-0ad0d4ba-c099-47ac-ba51-e1754012e5aa.0e000860-ff18-4ca0-acfc-cfb69f7d8236
Aug 18 07:31:23 devstack sudo[98125]: pam_unix(sudo:session): session opened for user root(uid=0) by (uid=1000)
Aug 18 07:31:23 devstack sudo[98125]: pam_unix(sudo:session): session closed for user root
Aug 18 07:31:23 devstack cinder-volume[94427]: DEBUG oslo_concurrency.processutils [None req-9ba3044c-81e3-4470-b836-2b09c16073a8 tempest-SnapshotsActionsTest-1709551033 None] CMD "sudo cinder-rootwrap /etc/cinder/rootwrap.conf chmod ugo+rw /opt/stack/data/cinder/mnt/6a670cc290951f0779693d517dec7eb3/volume-0ad0d4ba-c099-47ac-ba51-e1754012e5aa.0e000860-ff18-4ca0-acfc-cfb69f7d8236" returned: 0 in 0.319s {{(pid=94427) execute /opt/stack/data/venv/lib/python3.12/site-packages/oslo_concurrency/processutils.py:468}}
Aug 18 07:31:23 devstack cinder-volume[94427]: DEBUG oslo_concurrency.lockutils [None req-9ba3044c-81e3-4470-b836-2b09c16073a8 tempest-SnapshotsActionsTest-1709551033 None] Lock "quobyte" "released" by "cinder.volume.drivers.quobyte.QuobyteDriver.create_snapshot" :: held 1.920s {{(pid=94427) inner /opt/stack/data/venv/lib/python3.12/site-packages/oslo_concurrency/lockutils.py:544}}
Aug 18 07:31:23 devstack cinder-volume[94427]: INFO cinder.volume.manager [None req-9ba3044c-81e3-4470-b836-2b09c16073a8 tempest-SnapshotsActionsTest-1709551033 None] Create snapshot completed successfully
Aug 18 07:31:24 devstack cinder-volume[94427]: DEBUG cinder.coordination [None req-a3fc9af6-3d01-4c5e-9bc1-8ceec403b487 tempest-SnapshotsActionsTest-1253725586 None] Acquiring lock "cinder-0e000860-ff18-4ca0-acfc-cfb69f7d8236-delete_snapshot" by "delete_snapshot" {{(pid=94427) __acquire /opt/stack/cinder/cinder/coordination.py:138}}
Aug 18 07:31:24 devstack cinder-volume[94427]: DEBUG cinder.coordination [None req-a3fc9af6-3d01-4c5e-9bc1-8ceec403b487 tempest-SnapshotsActionsTest-1253725586 None] Lock "cinder-0e000860-ff18-4ca0-acfc-cfb69f7d8236-delete_snapshot" acquired by "delete_snapshot" :: waited 0.037s {{(pid=94427) __acquire /opt/stack/cinder/cinder/coordination.py:141}}
Aug 18 07:31:24 devstack cinder-volume[94427]: DEBUG cinder.coordination [None req-a3fc9af6-3d01-4c5e-9bc1-8ceec403b487 tempest-SnapshotsActionsTest-1253725586 None] Acquiring lock "cinder-quobyte-0ad0d4ba-c099-47ac-ba51-e1754012e5aa" by "delete_snapshot" {{(pid=94427) __acquire /opt/stack/cinder/cinder/coordination.py:138}}
Aug 18 07:31:24 devstack cinder-volume[94427]: DEBUG cinder.coordination [None req-a3fc9af6-3d01-4c5e-9bc1-8ceec403b487 tempest-SnapshotsActionsTest-1253725586 None] Lock "cinder-quobyte-0ad0d4ba-c099-47ac-ba51-e1754012e5aa" acquired by "delete_snapshot" :: waited 0.030s {{(pid=94427) __acquire /opt/stack/cinder/cinder/coordination.py:141}}
Aug 18 07:31:24 devstack cinder-volume[94427]: DEBUG cinder.coordination [None req-a3fc9af6-3d01-4c5e-9bc1-8ceec403b487 tempest-SnapshotsActionsTest-1253725586 None] Acquiring lock "cinder-quobyte-0e000860-ff18-4ca0-acfc-cfb69f7d8236" by "_delete_snapshot" {{(pid=94427) __acquire /opt/stack/cinder/cinder/coordination.py:138}}
Aug 18 07:31:24 devstack cinder-volume[94427]: DEBUG cinder.coordination [None req-a3fc9af6-3d01-4c5e-9bc1-8ceec403b487 tempest-SnapshotsActionsTest-1253725586 None] Lock "cinder-quobyte-0e000860-ff18-4ca0-acfc-cfb69f7d8236" acquired by "_delete_snapshot" :: waited 0.022s {{(pid=94427) __acquire /opt/stack/cinder/cinder/coordination.py:141}}
Aug 18 07:31:24 devstack cinder-volume[94427]: DEBUG cinder.volume.drivers.remotefs [None req-a3fc9af6-3d01-4c5e-9bc1-8ceec403b487 tempest-SnapshotsActionsTest-1253725586 None] Deleting offline snapshot 0e000860-ff18-4ca0-acfc-cfb69f7d8236 of volume 0ad0d4ba-c099-47ac-ba51-e1754012e5aa {{(pid=94427) _delete_snapshot /opt/stack/cinder/cinder/volume/drivers/remotefs.py:1288}}
Aug 18 07:31:24 devstack cinder-volume[94427]: DEBUG cinder.volume.drivers.remotefs [None req-a3fc9af6-3d01-4c5e-9bc1-8ceec403b487 tempest-SnapshotsActionsTest-1253725586 None] snapshot_file for this snap is: volume-0ad0d4ba-c099-47ac-ba51-e1754012e5aa.0e000860-ff18-4ca0-acfc-cfb69f7d8236 {{(pid=94427) _delete_snapshot /opt/stack/cinder/cinder/volume/drivers/remotefs.py:1317}}
Aug 18 07:31:24 devstack cinder-volume[94427]: DEBUG oslo.privsep.daemon [-] privsep: reply[43afcb8b-5731-4955-9751-94a2d756a0c4]: (4, 'qcow2') {{(pid=96302) _call_back /opt/stack/data/venv/lib/python3.12/site-packages/oslo_privsep/daemon.py:580}}
Aug 18 07:31:24 devstack cinder-volume[94427]: DEBUG oslo_concurrency.processutils [None req-a3fc9af6-3d01-4c5e-9bc1-8ceec403b487 tempest-SnapshotsActionsTest-1253725586 None] Running cmd (subprocess): /opt/stack/data/venv/bin/python3.12 -m oslo_concurrency.prlimit --as=1073741824 --cpu=60 -- sudo cinder-rootwrap /etc/cinder/rootwrap.conf env LC_ALL=C qemu-img info -f qcow2 --output=json --force-share /opt/stack/data/cinder/mnt/6a670cc290951f0779693d517dec7eb3/volume-0ad0d4ba-c099-47ac-ba51-e1754012e5aa.0e000860-ff18-4ca0-acfc-cfb69f7d8236 {{(pid=94427) execute /opt/stack/data/venv/lib/python3.12/site-packages/oslo_concurrency/processutils.py:440}}
Aug 18 07:31:24 devstack sudo[98131]: quobyte : PWD=/ ; USER=root ; COMMAND=/opt/stack/data/venv/bin/cinder-rootwrap /etc/cinder/rootwrap.conf env LC_ALL=C qemu-img info -f qcow2 --output=json --force-share /opt/stack/data/cinder/mnt/6a670cc290951f0779693d517dec7eb3/volume-0ad0d4ba-c099-47ac-ba51-e1754012e5aa.0e000860-ff18-4ca0-acfc-cfb69f7d8236
Aug 18 07:31:24 devstack sudo[98131]: pam_unix(sudo:session): session opened for user root(uid=0) by (uid=1000)
Aug 18 07:31:24 devstack sudo[98131]: pam_unix(sudo:session): session closed for user root
Aug 18 07:31:24 devstack cinder-volume[94427]: DEBUG oslo_concurrency.processutils [None req-a3fc9af6-3d01-4c5e-9bc1-8ceec403b487 tempest-SnapshotsActionsTest-1253725586 None] CMD "/opt/stack/data/venv/bin/python3.12 -m oslo_concurrency.prlimit --as=1073741824 --cpu=60 -- sudo cinder-rootwrap /etc/cinder/rootwrap.conf env LC_ALL=C qemu-img info -f qcow2 --output=json --force-share /opt/stack/data/cinder/mnt/6a670cc290951f0779693d517dec7eb3/volume-0ad0d4ba-c099-47ac-ba51-e1754012e5aa.0e000860-ff18-4ca0-acfc-cfb69f7d8236" returned: 0 in 0.523s {{(pid=94427) execute /opt/stack/data/venv/lib/python3.12/site-packages/oslo_concurrency/processutils.py:468}}
Aug 18 07:31:24 devstack cinder-volume[94427]: DEBUG cinder.volume.drivers.remotefs [None req-a3fc9af6-3d01-4c5e-9bc1-8ceec403b487 tempest-SnapshotsActionsTest-1253725586 None] Fetching qemu-img info with special backing_file_template: (/opt/stack/data/cinder/mnt/[0-9a-f]+/)?(volume-0ad0d4ba-c099-47ac-ba51-e1754012e5aa(.(tmp-snap-)?[0-9a-f-]+)?|volume_from_snapshot_cache/(tmp-snap-)?[0-9a-f-]+(.(child-|parent-)[0-9a-f-]+)?)$ {{(pid=94427) _qemu_img_info_base /opt/stack/cinder/cinder/volume/drivers/remotefs.py:896}}
Aug 18 07:31:25 devstack cinder-volume[94427]: DEBUG oslo.privsep.daemon [-] privsep: reply[4ebe00b9-872a-4646-b6fb-57316bbb1819]: (4, 'qcow2') {{(pid=96302) _call_back /opt/stack/data/venv/lib/python3.12/site-packages/oslo_privsep/daemon.py:580}}
Aug 18 07:31:25 devstack cinder-volume[94427]: DEBUG oslo_concurrency.processutils [None req-a3fc9af6-3d01-4c5e-9bc1-8ceec403b487 tempest-SnapshotsActionsTest-1253725586 None] Running cmd (subprocess): /opt/stack/data/venv/bin/python3.12 -m oslo_concurrency.prlimit --as=1073741824 --cpu=60 -- sudo cinder-rootwrap /etc/cinder/rootwrap.conf env LC_ALL=C qemu-img info -f qcow2 --output=json --force-share /opt/stack/data/cinder/mnt/6a670cc290951f0779693d517dec7eb3/volume-0ad0d4ba-c099-47ac-ba51-e1754012e5aa.f2e126d2-86be-466b-96c1-7c52a89ce07e {{(pid=94427) execute /opt/stack/data/venv/lib/python3.12/site-packages/oslo_concurrency/processutils.py:440}}
Aug 18 07:31:25 devstack sudo[98150]: quobyte : PWD=/ ; USER=root ; COMMAND=/opt/stack/data/venv/bin/cinder-rootwrap /etc/cinder/rootwrap.conf env LC_ALL=C qemu-img info -f qcow2 --output=json --force-share /opt/stack/data/cinder/mnt/6a670cc290951f0779693d517dec7eb3/volume-0ad0d4ba-c099-47ac-ba51-e1754012e5aa.f2e126d2-86be-466b-96c1-7c52a89ce07e
Aug 18 07:31:25 devstack sudo[98150]: pam_unix(sudo:session): session opened for user root(uid=0) by (uid=1000)
Aug 18 07:31:25 devstack sudo[98150]: pam_unix(sudo:session): session closed for user root
Aug 18 07:31:25 devstack cinder-volume[94427]: DEBUG oslo_concurrency.processutils [None req-a3fc9af6-3d01-4c5e-9bc1-8ceec403b487 tempest-SnapshotsActionsTest-1253725586 None] CMD "/opt/stack/data/venv/bin/python3.12 -m oslo_concurrency.prlimit --as=1073741824 --cpu=60 -- sudo cinder-rootwrap /etc/cinder/rootwrap.conf env LC_ALL=C qemu-img info -f qcow2 --output=json --force-share /opt/stack/data/cinder/mnt/6a670cc290951f0779693d517dec7eb3/volume-0ad0d4ba-c099-47ac-ba51-e1754012e5aa.f2e126d2-86be-466b-96c1-7c52a89ce07e" returned: 0 in 0.635s {{(pid=94427) execute /opt/stack/data/venv/lib/python3.12/site-packages/oslo_concurrency/processutils.py:468}}
Aug 18 07:31:25 devstack cinder-volume[94427]: DEBUG cinder.volume.drivers.remotefs [None req-a3fc9af6-3d01-4c5e-9bc1-8ceec403b487 tempest-SnapshotsActionsTest-1253725586 None] Fetching qemu-img info with special backing_file_template: (/opt/stack/data/cinder/mnt/[0-9a-f]+/)?(volume-0ad0d4ba-c099-47ac-ba51-e1754012e5aa(.(tmp-snap-)?[0-9a-f-]+)?|volume_from_snapshot_cache/(tmp-snap-)?[0-9a-f-]+(.(child-|parent-)[0-9a-f-]+)?)$ {{(pid=94427) _qemu_img_info_base /opt/stack/cinder/cinder/volume/drivers/remotefs.py:896}}
Aug 18 07:31:25 devstack cinder-volume[94427]: DEBUG oslo_concurrency.processutils [None req-a3fc9af6-3d01-4c5e-9bc1-8ceec403b487 tempest-SnapshotsActionsTest-1253725586 None] Running cmd (subprocess): sudo cinder-rootwrap /etc/cinder/rootwrap.conf qemu-img commit -d /opt/stack/data/cinder/mnt/6a670cc290951f0779693d517dec7eb3/volume-0ad0d4ba-c099-47ac-ba51-e1754012e5aa.0e000860-ff18-4ca0-acfc-cfb69f7d8236 {{(pid=94427) execute /opt/stack/data/venv/lib/python3.12/site-packages/oslo_concurrency/processutils.py:440}}
Aug 18 07:31:25 devstack sudo[98191]: quobyte : PWD=/ ; USER=root ; COMMAND=/opt/stack/data/venv/bin/cinder-rootwrap /etc/cinder/rootwrap.conf qemu-img commit -d /opt/stack/data/cinder/mnt/6a670cc290951f0779693d517dec7eb3/volume-0ad0d4ba-c099-47ac-ba51-e1754012e5aa.0e000860-ff18-4ca0-acfc-cfb69f7d8236
Aug 18 07:31:25 devstack sudo[98191]: pam_unix(sudo:session): session opened for user root(uid=0) by (uid=1000)
Aug 18 07:31:26 devstack sudo[98191]: pam_unix(sudo:session): session closed for user root
Aug 18 07:31:26 devstack cinder-volume[94427]: DEBUG oslo_concurrency.processutils [None req-a3fc9af6-3d01-4c5e-9bc1-8ceec403b487 tempest-SnapshotsActionsTest-1253725586 None] CMD "sudo cinder-rootwrap /etc/cinder/rootwrap.conf qemu-img commit -d /opt/stack/data/cinder/mnt/6a670cc290951f0779693d517dec7eb3/volume-0ad0d4ba-c099-47ac-ba51-e1754012e5aa.0e000860-ff18-4ca0-acfc-cfb69f7d8236" returned: 0 in 0.572s {{(pid=94427) execute /opt/stack/data/venv/lib/python3.12/site-packages/oslo_concurrency/processutils.py:468}}
Aug 18 07:31:26 devstack cinder-volume[94427]: DEBUG oslo_concurrency.processutils [None req-a3fc9af6-3d01-4c5e-9bc1-8ceec403b487 tempest-SnapshotsActionsTest-1253725586 None] Running cmd (subprocess): sudo cinder-rootwrap /etc/cinder/rootwrap.conf rm -f /opt/stack/data/cinder/mnt/6a670cc290951f0779693d517dec7eb3/volume-0ad0d4ba-c099-47ac-ba51-e1754012e5aa.0e000860-ff18-4ca0-acfc-cfb69f7d8236 {{(pid=94427) execute /opt/stack/data/venv/lib/python3.12/site-packages/oslo_concurrency/processutils.py:440}}
Aug 18 07:31:26 devstack sudo[98215]: quobyte : PWD=/ ; USER=root ; COMMAND=/opt/stack/data/venv/bin/cinder-rootwrap /etc/cinder/rootwrap.conf rm -f /opt/stack/data/cinder/mnt/6a670cc290951f0779693d517dec7eb3/volume-0ad0d4ba-c099-47ac-ba51-e1754012e5aa.0e000860-ff18-4ca0-acfc-cfb69f7d8236
Aug 18 07:31:26 devstack sudo[98215]: pam_unix(sudo:session): session opened for user root(uid=0) by (uid=1000)
Aug 18 07:31:26 devstack sudo[98215]: pam_unix(sudo:session): session closed for user root
Aug 18 07:31:26 devstack cinder-volume[94427]: DEBUG oslo_concurrency.processutils [None req-a3fc9af6-3d01-4c5e-9bc1-8ceec403b487 tempest-SnapshotsActionsTest-1253725586 None] CMD "sudo cinder-rootwrap /etc/cinder/rootwrap.conf rm -f /opt/stack/data/cinder/mnt/6a670cc290951f0779693d517dec7eb3/volume-0ad0d4ba-c099-47ac-ba51-e1754012e5aa.0e000860-ff18-4ca0-acfc-cfb69f7d8236" returned: 0 in 0.551s {{(pid=94427) execute /opt/stack/data/venv/lib/python3.12/site-packages/oslo_concurrency/processutils.py:468}}
Aug 18 07:31:26 devstack cinder-volume[94427]: DEBUG cinder.coordination [None req-a3fc9af6-3d01-4c5e-9bc1-8ceec403b487 tempest-SnapshotsActionsTest-1253725586 None] Lock "cinder-quobyte-0e000860-ff18-4ca0-acfc-cfb69f7d8236" released by "_delete_snapshot" :: held 2.459s {{(pid=94427) __release /opt/stack/cinder/cinder/coordination.py:152}}
Aug 18 07:31:26 devstack cinder-volume[94427]: DEBUG cinder.coordination [None req-a3fc9af6-3d01-4c5e-9bc1-8ceec403b487 tempest-SnapshotsActionsTest-1253725586 None] Lock "cinder-quobyte-0ad0d4ba-c099-47ac-ba51-e1754012e5aa" released by "delete_snapshot" :: held 2.498s {{(pid=94427) __release /opt/stack/cinder/cinder/coordination.py:152}}
Aug 18 07:31:27 devstack cinder-volume[94427]: DEBUG cinder.quota [None req-a3fc9af6-3d01-4c5e-9bc1-8ceec403b487 tempest-SnapshotsActionsTest-1253725586 None] Created reservations ['1dcb1f8e-4cc0-4292-a448-5b66daad71e1', '4e8a0125-c83b-496e-8abb-5efa6b17ac7c', '052fe461-a339-4854-ba01-774e484183c4', '0c58dafa-fdcf-47ba-824d-c6f7be629cd2'] {{(pid=94427) reserve /opt/stack/cinder/cinder/quota.py:752}}
Aug 18 07:31:27 devstack cinder-volume[94427]: INFO cinder.volume.manager [None req-a3fc9af6-3d01-4c5e-9bc1-8ceec403b487 tempest-SnapshotsActionsTest-1253725586 None] Delete snapshot completed successfully.
Aug 18 07:31:27 devstack cinder-volume[94427]: DEBUG cinder.coordination [None req-a3fc9af6-3d01-4c5e-9bc1-8ceec403b487 tempest-SnapshotsActionsTest-1253725586 None] Lock "cinder-0e000860-ff18-4ca0-acfc-cfb69f7d8236-delete_snapshot" released by "delete_snapshot" :: held 2.780s {{(pid=94427) __release /opt/stack/cinder/cinder/coordination.py:152}}
Aug 18 07:31:27 devstack cinder-volume[94427]: DEBUG oslo_service.periodic_task [None req-2e7db819-50f0-4d85-864e-7147c5300d95 None None] Running periodic task VolumeManager.publish_service_capabilities {{(pid=94427) run_periodic_tasks /opt/stack/data/venv/lib/python3.12/site-packages/oslo_service/periodic_task.py:254}}
Aug 18 07:31:27 devstack cinder-volume[94427]: DEBUG oslo_concurrency.lockutils [None req-2e7db819-50f0-4d85-864e-7147c5300d95 None None] Acquiring lock "quobyte_ensure" by "cinder.volume.drivers.quobyte.QuobyteDriver._ensure_shares_mounted" {{(pid=94427) inner /opt/stack/data/venv/lib/python3.12/site-packages/oslo_concurrency/lockutils.py:512}}
Aug 18 07:31:27 devstack cinder-volume[94427]: DEBUG oslo_concurrency.lockutils [None req-2e7db819-50f0-4d85-864e-7147c5300d95 None None] Lock "quobyte_ensure" acquired by "cinder.volume.drivers.quobyte.QuobyteDriver._ensure_shares_mounted" :: waited 0.000s {{(pid=94427) inner /opt/stack/data/venv/lib/python3.12/site-packages/oslo_concurrency/lockutils.py:525}}
Aug 18 07:31:27 devstack cinder-volume[94427]: DEBUG cinder.volume.drivers.quobyte [None req-2e7db819-50f0-4d85-864e-7147c5300d95 None None] Quobyte Volume URL set to: {'osci02.corp.quobyte.com/cinder-vol-3e6e766d-1d8b-4c76-a375-b6493fe476e0': None} {{(pid=94427) _load_shares_config /opt/stack/cinder/cinder/volume/drivers/quobyte.py:665}}
Aug 18 07:31:27 devstack cinder-volume[94427]: DEBUG cinder.volume.drivers.quobyte [None req-2e7db819-50f0-4d85-864e-7147c5300d95 None None] Available shares ['osci02.corp.quobyte.com/cinder-vol-3e6e766d-1d8b-4c76-a375-b6493fe476e0'] {{(pid=94427) _ensure_shares_mounted /opt/stack/cinder/cinder/volume/drivers/quobyte.py:695}}
Aug 18 07:31:27 devstack cinder-volume[94427]: DEBUG oslo_concurrency.lockutils [None req-2e7db819-50f0-4d85-864e-7147c5300d95 None None] Lock "quobyte_ensure" "released" by "cinder.volume.drivers.quobyte.QuobyteDriver._ensure_shares_mounted" :: held 0.016s {{(pid=94427) inner /opt/stack/data/venv/lib/python3.12/site-packages/oslo_concurrency/lockutils.py:544}}
Aug 18 07:31:27 devstack cinder-volume[94427]: DEBUG oslo_concurrency.processutils [None req-2e7db819-50f0-4d85-864e-7147c5300d95 None None] Running cmd (subprocess): sudo cinder-rootwrap /etc/cinder/rootwrap.conf df --portability --block-size 1 /opt/stack/data/cinder/mnt/6a670cc290951f0779693d517dec7eb3 {{(pid=94427) execute /opt/stack/data/venv/lib/python3.12/site-packages/oslo_concurrency/processutils.py:440}}
Aug 18 07:31:27 devstack sudo[98250]: quobyte : PWD=/ ; USER=root ; COMMAND=/opt/stack/data/venv/bin/cinder-rootwrap /etc/cinder/rootwrap.conf df --portability --block-size 1 /opt/stack/data/cinder/mnt/6a670cc290951f0779693d517dec7eb3
Aug 18 07:31:27 devstack sudo[98250]: pam_unix(sudo:session): session opened for user root(uid=0) by (uid=1000)
Aug 18 07:31:27 devstack sudo[98250]: pam_unix(sudo:session): session closed for user root
Aug 18 07:31:27 devstack cinder-volume[94427]: DEBUG oslo_concurrency.processutils [None req-2e7db819-50f0-4d85-864e-7147c5300d95 None None] CMD "sudo cinder-rootwrap /etc/cinder/rootwrap.conf df --portability --block-size 1 /opt/stack/data/cinder/mnt/6a670cc290951f0779693d517dec7eb3" returned: 0 in 0.487s {{(pid=94427) execute /opt/stack/data/venv/lib/python3.12/site-packages/oslo_concurrency/processutils.py:468}}
Aug 18 07:31:27 devstack cinder-volume[94427]: DEBUG cinder.manager [None req-2e7db819-50f0-4d85-864e-7147c5300d95 None None] Notifying Schedulers of capabilities ... {{(pid=94427) _publish_service_capabilities /opt/stack/cinder/cinder/manager.py:219}}
Aug 18 07:31:27 devstack cinder-volume[94427]: DEBUG oslo_service.periodic_task [None req-2e7db819-50f0-4d85-864e-7147c5300d95 None None] Running periodic task VolumeManager._thread_info {{(pid=94427) run_periodic_tasks /opt/stack/data/venv/lib/python3.12/site-packages/oslo_service/periodic_task.py:254}}
Aug 18 07:31:27 devstack cinder-volume[94427]: DEBUG cinder.volume.manager [None req-2e7db819-50f0-4d85-864e-7147c5300d95 None None] thread count: 8 {{(pid=94427) _thread_info /opt/stack/cinder/cinder/volume/manager.py:5472}}
Aug 18 07:31:27 devstack cinder-volume[94427]: DEBUG cinder.volume.manager [None req-2e7db819-50f0-4d85-864e-7147c5300d95 None None] thread info: [<_MainThread(MainThread, started 135174692319360)>, , , , , , , ] {{(pid=94427) _thread_info /opt/stack/cinder/cinder/volume/manager.py:5473}}
Aug 18 07:31:28 devstack cinder-volume[94427]: DEBUG oslo_concurrency.lockutils [None req-721f0a4c-3caf-4721-bfe9-e55508812232 tempest-SnapshotsActionsTest-1709551033 None] Acquiring lock "quobyte" by "cinder.volume.drivers.quobyte.QuobyteDriver.create_snapshot" {{(pid=94427) inner /opt/stack/data/venv/lib/python3.12/site-packages/oslo_concurrency/lockutils.py:512}}
Aug 18 07:31:28 devstack cinder-volume[94427]: DEBUG oslo_concurrency.lockutils [None req-721f0a4c-3caf-4721-bfe9-e55508812232 tempest-SnapshotsActionsTest-1709551033 None] Lock "quobyte" acquired by "cinder.volume.drivers.quobyte.QuobyteDriver.create_snapshot" :: waited 0.003s {{(pid=94427) inner /opt/stack/data/venv/lib/python3.12/site-packages/oslo_concurrency/lockutils.py:525}}
Aug 18 07:31:28 devstack cinder-volume[94427]: DEBUG cinder.volume.drivers.remotefs [None req-721f0a4c-3caf-4721-bfe9-e55508812232 tempest-SnapshotsActionsTest-1709551033 None] Creating offline snapshot acdc4ee6-846c-4b97-b318-f46f4d054e43 of volume 0ad0d4ba-c099-47ac-ba51-e1754012e5aa {{(pid=94427) _create_snapshot /opt/stack/cinder/cinder/volume/drivers/remotefs.py:1816}}
Aug 18 07:31:28 devstack cinder-volume[94427]: DEBUG oslo.privsep.daemon [-] privsep: reply[daf741ae-59c0-4a60-af72-f4a9c07248c5]: (4, 'qcow2') {{(pid=96302) _call_back /opt/stack/data/venv/lib/python3.12/site-packages/oslo_privsep/daemon.py:580}}
Aug 18 07:31:28 devstack cinder-volume[94427]: DEBUG oslo_concurrency.processutils [None req-721f0a4c-3caf-4721-bfe9-e55508812232 tempest-SnapshotsActionsTest-1709551033 None] Running cmd (subprocess): /opt/stack/data/venv/bin/python3.12 -m oslo_concurrency.prlimit --as=1073741824 --cpu=60 -- sudo cinder-rootwrap /etc/cinder/rootwrap.conf env LC_ALL=C qemu-img info -f qcow2 --output=json --force-share /opt/stack/data/cinder/mnt/6a670cc290951f0779693d517dec7eb3/volume-0ad0d4ba-c099-47ac-ba51-e1754012e5aa.f2e126d2-86be-466b-96c1-7c52a89ce07e {{(pid=94427) execute /opt/stack/data/venv/lib/python3.12/site-packages/oslo_concurrency/processutils.py:440}}
Aug 18 07:31:28 devstack sudo[98255]: quobyte : PWD=/ ; USER=root ; COMMAND=/opt/stack/data/venv/bin/cinder-rootwrap /etc/cinder/rootwrap.conf env LC_ALL=C qemu-img info -f qcow2 --output=json --force-share /opt/stack/data/cinder/mnt/6a670cc290951f0779693d517dec7eb3/volume-0ad0d4ba-c099-47ac-ba51-e1754012e5aa.f2e126d2-86be-466b-96c1-7c52a89ce07e
Aug 18 07:31:28 devstack sudo[98255]: pam_unix(sudo:session): session opened for user root(uid=0) by (uid=1000)
Aug 18 07:31:29 devstack sudo[98255]: pam_unix(sudo:session): session closed for user root
Aug 18 07:31:29 devstack cinder-volume[94427]: DEBUG oslo_concurrency.processutils [None req-721f0a4c-3caf-4721-bfe9-e55508812232 tempest-SnapshotsActionsTest-1709551033 None] CMD "/opt/stack/data/venv/bin/python3.12 -m oslo_concurrency.prlimit --as=1073741824 --cpu=60 -- sudo cinder-rootwrap /etc/cinder/rootwrap.conf env LC_ALL=C qemu-img info -f qcow2 --output=json --force-share /opt/stack/data/cinder/mnt/6a670cc290951f0779693d517dec7eb3/volume-0ad0d4ba-c099-47ac-ba51-e1754012e5aa.f2e126d2-86be-466b-96c1-7c52a89ce07e" returned: 0 in 0.681s {{(pid=94427) execute /opt/stack/data/venv/lib/python3.12/site-packages/oslo_concurrency/processutils.py:468}}
Aug 18 07:31:29 devstack cinder-volume[94427]: DEBUG cinder.volume.drivers.remotefs [None req-721f0a4c-3caf-4721-bfe9-e55508812232 tempest-SnapshotsActionsTest-1709551033 None] Fetching qemu-img info with special backing_file_template: (/opt/stack/data/cinder/mnt/[0-9a-f]+/)?(volume-0ad0d4ba-c099-47ac-ba51-e1754012e5aa(.(tmp-snap-)?[0-9a-f-]+)?|volume_from_snapshot_cache/(tmp-snap-)?[0-9a-f-]+(.(child-|parent-)[0-9a-f-]+)?)$ {{(pid=94427) _qemu_img_info_base /opt/stack/cinder/cinder/volume/drivers/remotefs.py:896}}
Aug 18 07:31:29 devstack cinder-volume[94427]: DEBUG oslo_concurrency.processutils [None req-721f0a4c-3caf-4721-bfe9-e55508812232 tempest-SnapshotsActionsTest-1709551033 None] Running cmd (subprocess): sudo cinder-rootwrap /etc/cinder/rootwrap.conf qemu-img create -f qcow2 -o backing_file=/opt/stack/data/cinder/mnt/6a670cc290951f0779693d517dec7eb3/volume-0ad0d4ba-c099-47ac-ba51-e1754012e5aa.f2e126d2-86be-466b-96c1-7c52a89ce07e,backing_fmt=qcow2 /opt/stack/data/cinder/mnt/6a670cc290951f0779693d517dec7eb3/volume-0ad0d4ba-c099-47ac-ba51-e1754012e5aa.acdc4ee6-846c-4b97-b318-f46f4d054e43 1G {{(pid=94427) execute /opt/stack/data/venv/lib/python3.12/site-packages/oslo_concurrency/processutils.py:440}}
