Jun 25 17:06:35 devstack cinder-volume[93893]: DEBUG oslo_concurrency.processutils [None req-e2f51a0e-f5eb-4693-85ca-e396788c3dc3 tempest-VolumesDeleteCascade-1490306430 None] CMD "/opt/stack/data/venv/bin/python3.12 -m oslo_concurrency.prlimit --as=1073741824 --cpu=60 -- sudo cinder-rootwrap /etc/cinder/rootwrap.conf env LC_ALL=C qemu-img info -f qcow2 --output=json --force-share /opt/stack/data/cinder/mnt/a6086d0c41e634023d0f63642dee5c51/volume-29ede3a4-1092-4b1c-a4b0-c76d89b421a1.5a1413ea-b02a-4ca4-8296-fc87465f3321" returned: 0 in 1.225s {{(pid=93893) execute /opt/stack/data/venv/lib/python3.12/site-packages/oslo_concurrency/processutils.py:468}}
Jun 25 17:06:35 devstack cinder-volume[93893]: DEBUG cinder.volume.drivers.remotefs [None req-e2f51a0e-f5eb-4693-85ca-e396788c3dc3 tempest-VolumesDeleteCascade-1490306430 None] Fetching qemu-img info with special backing_file_template: (/opt/stack/data/cinder/mnt/[0-9a-f]+/)?(volume-29ede3a4-1092-4b1c-a4b0-c76d89b421a1(.(tmp-snap-)?[0-9a-f-]+)?|volume_from_snapshot_cache/(tmp-snap-)?[0-9a-f-]+(.(child-|parent-)[0-9a-f-]+)?)$ {{(pid=93893) _qemu_img_info_base /opt/stack/cinder/cinder/volume/drivers/remotefs.py:896}}
Jun 25 17:06:35 devstack cinder-volume[93893]: DEBUG oslo_concurrency.processutils [None req-e2f51a0e-f5eb-4693-85ca-e396788c3dc3 tempest-VolumesDeleteCascade-1490306430 None] Running cmd (subprocess): sudo cinder-rootwrap /etc/cinder/rootwrap.conf qemu-img create -f qcow2 -o backing_file=/opt/stack/data/cinder/mnt/a6086d0c41e634023d0f63642dee5c51/volume-29ede3a4-1092-4b1c-a4b0-c76d89b421a1.5a1413ea-b02a-4ca4-8296-fc87465f3321,backing_fmt=qcow2 /opt/stack/data/cinder/mnt/a6086d0c41e634023d0f63642dee5c51/volume-29ede3a4-1092-4b1c-a4b0-c76d89b421a1.170d5c86-1dfe-41dc-8762-753d835946b3 1G {{(pid=93893) execute /opt/stack/data/venv/lib/python3.12/site-packages/oslo_concurrency/processutils.py:440}}
Jun 25 17:06:35 devstack sudo[99317]: quobyte : PWD=/ ; USER=root ; COMMAND=/opt/stack/data/venv/bin/cinder-rootwrap /etc/cinder/rootwrap.conf qemu-img create -f qcow2 -o backing_file=/opt/stack/data/cinder/mnt/a6086d0c41e634023d0f63642dee5c51/volume-29ede3a4-1092-4b1c-a4b0-c76d89b421a1.5a1413ea-b02a-4ca4-8296-fc87465f3321,backing_fmt=qcow2 /opt/stack/data/cinder/mnt/a6086d0c41e634023d0f63642dee5c51/volume-29ede3a4-1092-4b1c-a4b0-c76d89b421a1.170d5c86-1dfe-41dc-8762-753d835946b3 1G
Jun 25 17:06:35 devstack sudo[99317]: pam_unix(sudo:session): session opened for user root(uid=0) by (uid=1000)
Jun 25 17:06:37 devstack sudo[99317]: pam_unix(sudo:session): session closed for user root
Jun 25 17:06:37 devstack cinder-volume[93893]: DEBUG oslo_concurrency.processutils [None req-e2f51a0e-f5eb-4693-85ca-e396788c3dc3 tempest-VolumesDeleteCascade-1490306430 None] CMD "sudo cinder-rootwrap /etc/cinder/rootwrap.conf qemu-img create -f qcow2 -o backing_file=/opt/stack/data/cinder/mnt/a6086d0c41e634023d0f63642dee5c51/volume-29ede3a4-1092-4b1c-a4b0-c76d89b421a1.5a1413ea-b02a-4ca4-8296-fc87465f3321,backing_fmt=qcow2 /opt/stack/data/cinder/mnt/a6086d0c41e634023d0f63642dee5c51/volume-29ede3a4-1092-4b1c-a4b0-c76d89b421a1.170d5c86-1dfe-41dc-8762-753d835946b3 1G" returned: 0 in 1.427s {{(pid=93893) execute /opt/stack/data/venv/lib/python3.12/site-packages/oslo_concurrency/processutils.py:468}}
Jun 25 17:06:37 devstack cinder-volume[93893]: DEBUG oslo_concurrency.processutils [None req-e2f51a0e-f5eb-4693-85ca-e396788c3dc3 tempest-VolumesDeleteCascade-1490306430 None] Running cmd (subprocess): sudo cinder-rootwrap /etc/cinder/rootwrap.conf qemu-img rebase -u -b volume-29ede3a4-1092-4b1c-a4b0-c76d89b421a1.5a1413ea-b02a-4ca4-8296-fc87465f3321 -F qcow2 /opt/stack/data/cinder/mnt/a6086d0c41e634023d0f63642dee5c51/volume-29ede3a4-1092-4b1c-a4b0-c76d89b421a1.170d5c86-1dfe-41dc-8762-753d835946b3 {{(pid=93893) execute /opt/stack/data/venv/lib/python3.12/site-packages/oslo_concurrency/processutils.py:440}}
Jun 25 17:06:37 devstack sudo[99401]: quobyte : PWD=/ ; USER=root ; COMMAND=/opt/stack/data/venv/bin/cinder-rootwrap /etc/cinder/rootwrap.conf qemu-img rebase -u -b volume-29ede3a4-1092-4b1c-a4b0-c76d89b421a1.5a1413ea-b02a-4ca4-8296-fc87465f3321 -F qcow2 /opt/stack/data/cinder/mnt/a6086d0c41e634023d0f63642dee5c51/volume-29ede3a4-1092-4b1c-a4b0-c76d89b421a1.170d5c86-1dfe-41dc-8762-753d835946b3
Jun 25 17:06:37 devstack sudo[99401]: pam_unix(sudo:session): session opened for user root(uid=0) by (uid=1000)
Jun 25 17:06:38 devstack sudo[99401]: pam_unix(sudo:session): session closed for user root
Jun 25 17:06:38 devstack cinder-volume[93893]: DEBUG oslo_concurrency.processutils [None req-e2f51a0e-f5eb-4693-85ca-e396788c3dc3 tempest-VolumesDeleteCascade-1490306430 None] CMD "sudo cinder-rootwrap /etc/cinder/rootwrap.conf qemu-img rebase -u -b volume-29ede3a4-1092-4b1c-a4b0-c76d89b421a1.5a1413ea-b02a-4ca4-8296-fc87465f3321 -F qcow2 /opt/stack/data/cinder/mnt/a6086d0c41e634023d0f63642dee5c51/volume-29ede3a4-1092-4b1c-a4b0-c76d89b421a1.170d5c86-1dfe-41dc-8762-753d835946b3" returned: 0 in 1.729s {{(pid=93893) execute /opt/stack/data/venv/lib/python3.12/site-packages/oslo_concurrency/processutils.py:468}}
Jun 25 17:06:38 devstack cinder-volume[93893]: WARNING cinder.volume.drivers.remotefs [None req-e2f51a0e-f5eb-4693-85ca-e396788c3dc3 tempest-VolumesDeleteCascade-1490306430 None] /opt/stack/data/cinder/mnt/a6086d0c41e634023d0f63642dee5c51/volume-29ede3a4-1092-4b1c-a4b0-c76d89b421a1.170d5c86-1dfe-41dc-8762-753d835946b3 is being set with open permissions: ugo+rw
Jun 25 17:06:38 devstack cinder-volume[93893]: DEBUG oslo_concurrency.processutils [None req-e2f51a0e-f5eb-4693-85ca-e396788c3dc3 tempest-VolumesDeleteCascade-1490306430 None] Running cmd (subprocess): sudo cinder-rootwrap /etc/cinder/rootwrap.conf chmod ugo+rw /opt/stack/data/cinder/mnt/a6086d0c41e634023d0f63642dee5c51/volume-29ede3a4-1092-4b1c-a4b0-c76d89b421a1.170d5c86-1dfe-41dc-8762-753d835946b3 {{(pid=93893) execute /opt/stack/data/venv/lib/python3.12/site-packages/oslo_concurrency/processutils.py:440}}
Jun 25 17:06:38 devstack sudo[99462]: quobyte : PWD=/ ; USER=root ; COMMAND=/opt/stack/data/venv/bin/cinder-rootwrap /etc/cinder/rootwrap.conf chmod ugo+rw /opt/stack/data/cinder/mnt/a6086d0c41e634023d0f63642dee5c51/volume-29ede3a4-1092-4b1c-a4b0-c76d89b421a1.170d5c86-1dfe-41dc-8762-753d835946b3
Jun 25 17:06:38 devstack sudo[99462]: pam_unix(sudo:session): session opened for user root(uid=0) by (uid=1000)
Jun 25 17:06:40 devstack sudo[99462]: pam_unix(sudo:session): session closed for user root
Jun 25 17:06:40 devstack cinder-volume[93893]: DEBUG oslo_concurrency.processutils [None req-e2f51a0e-f5eb-4693-85ca-e396788c3dc3 tempest-VolumesDeleteCascade-1490306430 None] CMD "sudo cinder-rootwrap /etc/cinder/rootwrap.conf chmod ugo+rw /opt/stack/data/cinder/mnt/a6086d0c41e634023d0f63642dee5c51/volume-29ede3a4-1092-4b1c-a4b0-c76d89b421a1.170d5c86-1dfe-41dc-8762-753d835946b3" returned: 0 in 1.245s {{(pid=93893) execute /opt/stack/data/venv/lib/python3.12/site-packages/oslo_concurrency/processutils.py:468}}
Jun 25 17:06:40 devstack cinder-volume[93893]: DEBUG oslo_concurrency.lockutils [None req-e2f51a0e-f5eb-4693-85ca-e396788c3dc3 tempest-VolumesDeleteCascade-1490306430 None] Lock "quobyte" "released" by "cinder.volume.drivers.quobyte.QuobyteDriver.create_snapshot" :: held 5.793s {{(pid=93893) inner /opt/stack/data/venv/lib/python3.12/site-packages/oslo_concurrency/lockutils.py:543}}
Jun 25 17:06:40 devstack cinder-volume[93893]: DEBUG oslo_concurrency.lockutils [None req-51a3862f-fcf5-4b31-884c-61ade866cb1d tempest-AttachVolumeShelveTestJSON-928398303 None] Lock "quobyte" acquired by "cinder.volume.drivers.quobyte.QuobyteDriver.create_volume" :: waited 4.526s {{(pid=93893) inner /opt/stack/data/venv/lib/python3.12/site-packages/oslo_concurrency/lockutils.py:524}}
Jun 25 17:06:40 devstack cinder-volume[93893]: DEBUG cinder.volume.drivers.quobyte [None req-51a3862f-fcf5-4b31-884c-61ade866cb1d tempest-AttachVolumeShelveTestJSON-928398303 None] ==> create_volume: call "{'self': , 'volume': Volume(_name_id=None,admin_metadata=,attach_status='detached',availability_zone='nova',bootable=False,cluster=,cluster_name=None,consistencygroup=,consistencygroup_id=None,created_at=2026-06-25T15:06:35Z,deleted=False,deleted_at=None,display_description=None,display_name='tempest-AttachVolumeShelveTestJSON-volume-2070998317',ec2_id=None,encryption_key_id=None,glance_metadata=,group=,group_id=None,host='devstack@QuobyteHD#QuobyteHD',id=31bccc3a-113b-4ed2-986d-35c5da5e6846,launched_at=None,metadata={},migration_status=None,multiattach=False,previous_status=None,project_id='41f0f9c128d6471c8413a8f64d7a902b',provider_auth=None,provider_geometry=None,provider_id=None,provider_location=None,replication_driver_data=None,replication_extended_status=None,replication_status=None,scheduled_at=2026-06-25T15:06:35Z,service_uuid=None,shared_targets=True,size=1,snapshot_id=None,snapshots=,source_volid=None,status='creating',terminated_at=None,updated_at=2026-06-25T15:06:35Z,use_quota=True,user_id='7c5f76719bfb48309971889c092d8f49',volume_attachment=VolumeAttachmentList,volume_type=VolumeType(3f35277f-94cf-47a1-b0d6-e032cb11d938),volume_type_id=3f35277f-94cf-47a1-b0d6-e032cb11d938)}" {{(pid=93893) trace_logging_wrapper /opt/stack/cinder/cinder/volume/volume_utils.py:1497}}
Jun 25 17:06:40 devstack cinder-volume[93893]: DEBUG cinder.volume.drivers.remotefs [None req-51a3862f-fcf5-4b31-884c-61ade866cb1d tempest-AttachVolumeShelveTestJSON-928398303 None] Creating volume 31bccc3a-113b-4ed2-986d-35c5da5e6846 {{(pid=93893) create_volume /opt/stack/cinder/cinder/volume/drivers/remotefs.py:292}}
Jun 25 17:06:40 devstack cinder-volume[93893]: DEBUG oslo_concurrency.lockutils [None req-51a3862f-fcf5-4b31-884c-61ade866cb1d tempest-AttachVolumeShelveTestJSON-928398303 None] Acquiring lock "quobyte_ensure" by "cinder.volume.drivers.quobyte.QuobyteDriver._ensure_shares_mounted" {{(pid=93893) inner /opt/stack/data/venv/lib/python3.12/site-packages/oslo_concurrency/lockutils.py:511}}
Jun 25 17:06:40 devstack cinder-volume[93893]: DEBUG oslo_concurrency.lockutils [None req-51a3862f-fcf5-4b31-884c-61ade866cb1d tempest-AttachVolumeShelveTestJSON-928398303 None] Lock "quobyte_ensure" acquired by "cinder.volume.drivers.quobyte.QuobyteDriver._ensure_shares_mounted" :: waited 0.001s {{(pid=93893) inner /opt/stack/data/venv/lib/python3.12/site-packages/oslo_concurrency/lockutils.py:524}}
Jun 25 17:06:40 devstack cinder-volume[93893]: DEBUG cinder.volume.drivers.quobyte [None req-51a3862f-fcf5-4b31-884c-61ade866cb1d tempest-AttachVolumeShelveTestJSON-928398303 None] Quobyte Volume URL set to: {'osci02.corp.quobyte.com/cinder-vol-9708f56f-f2d8-49a9-982c-cd5aeb29db31': None} {{(pid=93893) _load_shares_config /opt/stack/cinder/cinder/volume/drivers/quobyte.py:617}}
Jun 25 17:06:40 devstack cinder-volume[93893]: DEBUG cinder.volume.drivers.quobyte [None req-51a3862f-fcf5-4b31-884c-61ade866cb1d tempest-AttachVolumeShelveTestJSON-928398303 None] Available shares ['osci02.corp.quobyte.com/cinder-vol-9708f56f-f2d8-49a9-982c-cd5aeb29db31'] {{(pid=93893) _ensure_shares_mounted /opt/stack/cinder/cinder/volume/drivers/quobyte.py:647}}
Jun 25 17:06:40 devstack cinder-volume[93893]: DEBUG oslo_concurrency.lockutils [None req-51a3862f-fcf5-4b31-884c-61ade866cb1d tempest-AttachVolumeShelveTestJSON-928398303 None] Lock "quobyte_ensure" "released" by "cinder.volume.drivers.quobyte.QuobyteDriver._ensure_shares_mounted" :: held 0.023s {{(pid=93893) inner /opt/stack/data/venv/lib/python3.12/site-packages/oslo_concurrency/lockutils.py:543}}
Jun 25 17:06:40 devstack cinder-volume[93893]: DEBUG cinder.volume.drivers.quobyte [None req-51a3862f-fcf5-4b31-884c-61ade866cb1d tempest-AttachVolumeShelveTestJSON-928398303 None] Selected osci02.corp.quobyte.com/cinder-vol-9708f56f-f2d8-49a9-982c-cd5aeb29db31 as target Quobyte volume. {{(pid=93893) _find_share /opt/stack/cinder/cinder/volume/drivers/quobyte.py:668}}
Jun 25 17:06:40 devstack cinder-volume[93893]: INFO cinder.volume.drivers.remotefs [None req-51a3862f-fcf5-4b31-884c-61ade866cb1d tempest-AttachVolumeShelveTestJSON-928398303 None] casted to osci02.corp.quobyte.com/cinder-vol-9708f56f-f2d8-49a9-982c-cd5aeb29db31
Jun 25 17:06:40 devstack cinder-volume[93893]: DEBUG oslo_concurrency.processutils [None req-51a3862f-fcf5-4b31-884c-61ade866cb1d tempest-AttachVolumeShelveTestJSON-928398303 None] Running cmd (subprocess): sudo cinder-rootwrap /etc/cinder/rootwrap.conf qemu-img create -f qcow2 -o preallocation=metadata /opt/stack/data/cinder/mnt/a6086d0c41e634023d0f63642dee5c51/volume-31bccc3a-113b-4ed2-986d-35c5da5e6846 1073741824 {{(pid=93893) execute /opt/stack/data/venv/lib/python3.12/site-packages/oslo_concurrency/processutils.py:440}}
Jun 25 17:06:40 devstack sudo[99471]: quobyte : PWD=/ ; USER=root ; COMMAND=/opt/stack/data/venv/bin/cinder-rootwrap /etc/cinder/rootwrap.conf qemu-img create -f qcow2 -o preallocation=metadata /opt/stack/data/cinder/mnt/a6086d0c41e634023d0f63642dee5c51/volume-31bccc3a-113b-4ed2-986d-35c5da5e6846 1073741824
Jun 25 17:06:40 devstack sudo[99471]: pam_unix(sudo:session): session opened for user root(uid=0) by (uid=1000)
Jun 25 17:06:40 devstack cinder-volume[93893]: INFO cinder.volume.manager [None req-e2f51a0e-f5eb-4693-85ca-e396788c3dc3 tempest-VolumesDeleteCascade-1490306430 None] Create snapshot completed successfully
Jun 25 17:06:41 devstack cinder-volume[93893]: DEBUG cinder.coordination [None req-e55b98dd-34ea-4740-a893-3cf29880768b tempest-VolumesDeleteCascade-1490306430 None] Acquiring lock "cinder-29ede3a4-1092-4b1c-a4b0-c76d89b421a1-delete_volume" by "delete_volume" {{(pid=93893) __acquire /opt/stack/cinder/cinder/coordination.py:138}}
Jun 25 17:06:41 devstack cinder-volume[93893]: DEBUG cinder.coordination [None req-e55b98dd-34ea-4740-a893-3cf29880768b tempest-VolumesDeleteCascade-1490306430 None] Lock "cinder-29ede3a4-1092-4b1c-a4b0-c76d89b421a1-delete_volume" acquired by "delete_volume" :: waited 0.026s {{(pid=93893) __acquire /opt/stack/cinder/cinder/coordination.py:141}}
Jun 25 17:06:41 devstack cinder-volume[93893]: DEBUG cinder.volume.manager [None req-e55b98dd-34ea-4740-a893-3cf29880768b tempest-VolumesDeleteCascade-1490306430 None] Performing cascade delete. {{(pid=93893) delete_volume /opt/stack/cinder/cinder/volume/manager.py:995}}
Jun 25 17:06:41 devstack cinder-volume[93893]: DEBUG cinder.coordination [None req-e55b98dd-34ea-4740-a893-3cf29880768b tempest-VolumesDeleteCascade-1490306430 None] Acquiring lock "cinder-170d5c86-1dfe-41dc-8762-753d835946b3-delete_snapshot" by "delete_snapshot" {{(pid=93893) __acquire /opt/stack/cinder/cinder/coordination.py:138}}
Jun 25 17:06:41 devstack cinder-volume[93893]: DEBUG cinder.coordination [None req-e55b98dd-34ea-4740-a893-3cf29880768b tempest-VolumesDeleteCascade-1490306430 None] Lock "cinder-170d5c86-1dfe-41dc-8762-753d835946b3-delete_snapshot" acquired by "delete_snapshot" :: waited 0.035s {{(pid=93893) __acquire /opt/stack/cinder/cinder/coordination.py:141}}
Jun 25 17:06:41 devstack cinder-volume[93893]: DEBUG cinder.coordination [None req-e55b98dd-34ea-4740-a893-3cf29880768b tempest-VolumesDeleteCascade-1490306430 None] Acquiring lock "cinder-quobyte-29ede3a4-1092-4b1c-a4b0-c76d89b421a1" by "delete_snapshot" {{(pid=93893) __acquire /opt/stack/cinder/cinder/coordination.py:138}}
Jun 25 17:06:41 devstack cinder-volume[93893]: DEBUG cinder.coordination [None req-e55b98dd-34ea-4740-a893-3cf29880768b tempest-VolumesDeleteCascade-1490306430 None] Lock "cinder-quobyte-29ede3a4-1092-4b1c-a4b0-c76d89b421a1" acquired by "delete_snapshot" :: waited 0.030s {{(pid=93893) __acquire /opt/stack/cinder/cinder/coordination.py:141}}
Jun 25 17:06:41 devstack cinder-volume[93893]: DEBUG cinder.coordination [None req-e55b98dd-34ea-4740-a893-3cf29880768b tempest-VolumesDeleteCascade-1490306430 None] Acquiring lock "cinder-quobyte-170d5c86-1dfe-41dc-8762-753d835946b3" by "_delete_snapshot" {{(pid=93893) __acquire /opt/stack/cinder/cinder/coordination.py:138}}
Jun 25 17:06:41 devstack cinder-volume[93893]: DEBUG cinder.coordination [None req-e55b98dd-34ea-4740-a893-3cf29880768b tempest-VolumesDeleteCascade-1490306430 None] Lock "cinder-quobyte-170d5c86-1dfe-41dc-8762-753d835946b3" acquired by "_delete_snapshot" :: waited 0.035s {{(pid=93893) __acquire /opt/stack/cinder/cinder/coordination.py:141}}
Jun 25 17:06:41 devstack cinder-volume[93893]: DEBUG cinder.volume.drivers.remotefs [None req-e55b98dd-34ea-4740-a893-3cf29880768b tempest-VolumesDeleteCascade-1490306430 None] Deleting offline snapshot 170d5c86-1dfe-41dc-8762-753d835946b3 of volume 29ede3a4-1092-4b1c-a4b0-c76d89b421a1 {{(pid=93893) _delete_snapshot /opt/stack/cinder/cinder/volume/drivers/remotefs.py:1288}}
Jun 25 17:06:41 devstack cinder-volume[93893]: DEBUG cinder.volume.drivers.remotefs [None req-e55b98dd-34ea-4740-a893-3cf29880768b tempest-VolumesDeleteCascade-1490306430 None] snapshot_file for this snap is: volume-29ede3a4-1092-4b1c-a4b0-c76d89b421a1.170d5c86-1dfe-41dc-8762-753d835946b3 {{(pid=93893) _delete_snapshot /opt/stack/cinder/cinder/volume/drivers/remotefs.py:1317}}
Jun 25 17:06:41 devstack cinder-volume[93893]: DEBUG oslo.privsep.daemon [-] privsep: reply[70d50008-6d05-424e-a4c5-06d2e4b87890]: (4, 'qcow2') {{(pid=95165) _call_back /opt/stack/data/venv/lib/python3.12/site-packages/oslo_privsep/daemon.py:580}}
Jun 25 17:06:41 devstack cinder-volume[93893]: DEBUG oslo_concurrency.processutils [None req-e55b98dd-34ea-4740-a893-3cf29880768b tempest-VolumesDeleteCascade-1490306430 None] Running cmd (subprocess): /opt/stack/data/venv/bin/python3.12 -m oslo_concurrency.prlimit --as=1073741824 --cpu=60 -- sudo cinder-rootwrap /etc/cinder/rootwrap.conf env LC_ALL=C qemu-img info -f qcow2 --output=json --force-share /opt/stack/data/cinder/mnt/a6086d0c41e634023d0f63642dee5c51/volume-29ede3a4-1092-4b1c-a4b0-c76d89b421a1.170d5c86-1dfe-41dc-8762-753d835946b3 {{(pid=93893) execute /opt/stack/data/venv/lib/python3.12/site-packages/oslo_concurrency/processutils.py:440}}
Jun 25 17:06:41 devstack sudo[99471]: pam_unix(sudo:session): session closed for user root
Jun 25 17:06:41 devstack cinder-volume[93893]: DEBUG oslo_concurrency.processutils [None req-51a3862f-fcf5-4b31-884c-61ade866cb1d tempest-AttachVolumeShelveTestJSON-928398303 None] CMD "sudo cinder-rootwrap /etc/cinder/rootwrap.conf qemu-img create -f qcow2 -o preallocation=metadata /opt/stack/data/cinder/mnt/a6086d0c41e634023d0f63642dee5c51/volume-31bccc3a-113b-4ed2-986d-35c5da5e6846 1073741824" returned: 0 in 1.323s {{(pid=93893) execute /opt/stack/data/venv/lib/python3.12/site-packages/oslo_concurrency/processutils.py:468}}
Jun 25 17:06:41 devstack sudo[99479]: quobyte : PWD=/ ; USER=root ; COMMAND=/opt/stack/data/venv/bin/cinder-rootwrap /etc/cinder/rootwrap.conf env LC_ALL=C qemu-img info -f qcow2 --output=json --force-share /opt/stack/data/cinder/mnt/a6086d0c41e634023d0f63642dee5c51/volume-29ede3a4-1092-4b1c-a4b0-c76d89b421a1.170d5c86-1dfe-41dc-8762-753d835946b3
Jun 25 17:06:41 devstack sudo[99479]: pam_unix(sudo:session): session opened for user root(uid=0) by (uid=1000)
Jun 25 17:06:41 devstack cinder-volume[93893]: DEBUG oslo_concurrency.processutils [None req-51a3862f-fcf5-4b31-884c-61ade866cb1d tempest-AttachVolumeShelveTestJSON-928398303 None] Running cmd (subprocess): sudo cinder-rootwrap /etc/cinder/rootwrap.conf chmod ugo+rw /opt/stack/data/cinder/mnt/a6086d0c41e634023d0f63642dee5c51/volume-31bccc3a-113b-4ed2-986d-35c5da5e6846 {{(pid=93893) execute /opt/stack/data/venv/lib/python3.12/site-packages/oslo_concurrency/processutils.py:440}}
Jun 25 17:06:41 devstack sudo[99481]: quobyte : PWD=/ ; USER=root ; COMMAND=/opt/stack/data/venv/bin/cinder-rootwrap /etc/cinder/rootwrap.conf chmod ugo+rw /opt/stack/data/cinder/mnt/a6086d0c41e634023d0f63642dee5c51/volume-31bccc3a-113b-4ed2-986d-35c5da5e6846
Jun 25 17:06:41 devstack sudo[99481]: pam_unix(sudo:session): session opened for user root(uid=0) by (uid=1000)
Jun 25 17:06:42 devstack sudo[99479]: pam_unix(sudo:session): session closed for user root
Jun 25 17:06:42 devstack cinder-volume[93893]: DEBUG oslo_concurrency.processutils [None req-e55b98dd-34ea-4740-a893-3cf29880768b tempest-VolumesDeleteCascade-1490306430 None] CMD "/opt/stack/data/venv/bin/python3.12 -m oslo_concurrency.prlimit --as=1073741824 --cpu=60 -- sudo cinder-rootwrap /etc/cinder/rootwrap.conf env LC_ALL=C qemu-img info -f qcow2 --output=json --force-share /opt/stack/data/cinder/mnt/a6086d0c41e634023d0f63642dee5c51/volume-29ede3a4-1092-4b1c-a4b0-c76d89b421a1.170d5c86-1dfe-41dc-8762-753d835946b3" returned: 0 in 1.096s {{(pid=93893) execute /opt/stack/data/venv/lib/python3.12/site-packages/oslo_concurrency/processutils.py:468}}
Jun 25 17:06:42 devstack cinder-volume[93893]: DEBUG cinder.volume.drivers.remotefs [None req-e55b98dd-34ea-4740-a893-3cf29880768b tempest-VolumesDeleteCascade-1490306430 None] Fetching qemu-img info with special backing_file_template: (/opt/stack/data/cinder/mnt/[0-9a-f]+/)?(volume-29ede3a4-1092-4b1c-a4b0-c76d89b421a1(.(tmp-snap-)?[0-9a-f-]+)?|volume_from_snapshot_cache/(tmp-snap-)?[0-9a-f-]+(.(child-|parent-)[0-9a-f-]+)?)$ {{(pid=93893) _qemu_img_info_base /opt/stack/cinder/cinder/volume/drivers/remotefs.py:896}}
Jun 25 17:06:42 devstack cinder-volume[93893]: DEBUG oslo.privsep.daemon [-] privsep: reply[f0e528c9-01a5-4743-8eb4-1c657fd66c46]: (4, 'qcow2') {{(pid=95165) _call_back /opt/stack/data/venv/lib/python3.12/site-packages/oslo_privsep/daemon.py:580}}
Jun 25 17:06:42 devstack cinder-volume[93893]: DEBUG oslo_concurrency.processutils [None req-e55b98dd-34ea-4740-a893-3cf29880768b tempest-VolumesDeleteCascade-1490306430 None] Running cmd (subprocess): /opt/stack/data/venv/bin/python3.12 -m oslo_concurrency.prlimit --as=1073741824 --cpu=60 -- sudo cinder-rootwrap /etc/cinder/rootwrap.conf env LC_ALL=C qemu-img info -f qcow2 --output=json --force-share /opt/stack/data/cinder/mnt/a6086d0c41e634023d0f63642dee5c51/volume-29ede3a4-1092-4b1c-a4b0-c76d89b421a1.5a1413ea-b02a-4ca4-8296-fc87465f3321 {{(pid=93893) execute /opt/stack/data/venv/lib/python3.12/site-packages/oslo_concurrency/processutils.py:440}}
Jun 25 17:06:42 devstack sudo[99481]: pam_unix(sudo:session): session closed for user root
Jun 25 17:06:42 devstack cinder-volume[93893]: DEBUG oslo_concurrency.processutils [None req-51a3862f-fcf5-4b31-884c-61ade866cb1d tempest-AttachVolumeShelveTestJSON-928398303 None] CMD "sudo cinder-rootwrap /etc/cinder/rootwrap.conf chmod ugo+rw /opt/stack/data/cinder/mnt/a6086d0c41e634023d0f63642dee5c51/volume-31bccc3a-113b-4ed2-986d-35c5da5e6846" returned: 0 in 1.002s {{(pid=93893) execute /opt/stack/data/venv/lib/python3.12/site-packages/oslo_concurrency/processutils.py:468}}
Jun 25 17:06:42 devstack cinder-volume[93893]: DEBUG cinder.volume.drivers.quobyte [None req-51a3862f-fcf5-4b31-884c-61ade866cb1d tempest-AttachVolumeShelveTestJSON-928398303 None] <== create_volume: return (2459ms) {'provider_location': 'osci02.corp.quobyte.com/cinder-vol-9708f56f-f2d8-49a9-982c-cd5aeb29db31'} {{(pid=93893) trace_logging_wrapper /opt/stack/cinder/cinder/volume/volume_utils.py:1522}}
Jun 25 17:06:42 devstack cinder-volume[93893]: DEBUG oslo_concurrency.lockutils [None req-51a3862f-fcf5-4b31-884c-61ade866cb1d tempest-AttachVolumeShelveTestJSON-928398303 None] Lock "quobyte" "released" by "cinder.volume.drivers.quobyte.QuobyteDriver.create_volume" :: held 2.465s {{(pid=93893) inner /opt/stack/data/venv/lib/python3.12/site-packages/oslo_concurrency/lockutils.py:543}}
Jun 25 17:06:42 devstack cinder-volume[93893]: DEBUG cinder.volume.manager [None req-51a3862f-fcf5-4b31-884c-61ade866cb1d tempest-AttachVolumeShelveTestJSON-928398303 None] Task 'cinder.volume.flows.manager.create_volume.CreateVolumeFromSpecTask;volume:create' (b40c4ab1-815a-4b0b-a3d5-9e2ed6288e9c) transitioned into state 'SUCCESS' from state 'RUNNING' with result '{'status': 'creating', 'volume_name': 'volume-31bccc3a-113b-4ed2-986d-35c5da5e6846', 'volume_size': 1}' {{(pid=93893) _task_receiver /opt/stack/data/venv/lib/python3.12/site-packages/taskflow/listeners/logging.py:218}}
Jun 25 17:06:42 devstack cinder-volume[93893]: DEBUG cinder.volume.manager [None req-51a3862f-fcf5-4b31-884c-61ade866cb1d tempest-AttachVolumeShelveTestJSON-928398303 None] Task 'cinder.volume.flows.manager.create_volume.CreateVolumeOnFinishTask;volume:create, create.end' (75297cc3-f469-48e6-babf-37bcdac462a4) transitioned into state 'RUNNING' from state 'PENDING' {{(pid=93893) _task_receiver /opt/stack/data/venv/lib/python3.12/site-packages/taskflow/listeners/logging.py:242}}
Jun 25 17:06:42 devstack cinder-volume[93893]: INFO cinder.volume.flows.manager.create_volume [None req-51a3862f-fcf5-4b31-884c-61ade866cb1d tempest-AttachVolumeShelveTestJSON-928398303 None] Volume volume-31bccc3a-113b-4ed2-986d-35c5da5e6846 (31bccc3a-113b-4ed2-986d-35c5da5e6846): created successfully
Jun 25 17:06:42 devstack cinder-volume[93893]: DEBUG cinder.volume.manager [None req-51a3862f-fcf5-4b31-884c-61ade866cb1d tempest-AttachVolumeShelveTestJSON-928398303 None] Task 'cinder.volume.flows.manager.create_volume.CreateVolumeOnFinishTask;volume:create, create.end' (75297cc3-f469-48e6-babf-37bcdac462a4) transitioned into state 'SUCCESS' from state 'RUNNING' with result 'None' {{(pid=93893) _task_receiver /opt/stack/data/venv/lib/python3.12/site-packages/taskflow/listeners/logging.py:218}}
Jun 25 17:06:42 devstack sudo[99488]: quobyte : PWD=/ ; USER=root ; COMMAND=/opt/stack/data/venv/bin/cinder-rootwrap /etc/cinder/rootwrap.conf env LC_ALL=C qemu-img info -f qcow2 --output=json --force-share /opt/stack/data/cinder/mnt/a6086d0c41e634023d0f63642dee5c51/volume-29ede3a4-1092-4b1c-a4b0-c76d89b421a1.5a1413ea-b02a-4ca4-8296-fc87465f3321
Jun 25 17:06:42 devstack sudo[99488]: pam_unix(sudo:session): session opened for user root(uid=0) by (uid=1000)
Jun 25 17:06:42 devstack cinder-volume[93893]: DEBUG cinder.volume.manager [None req-51a3862f-fcf5-4b31-884c-61ade866cb1d tempest-AttachVolumeShelveTestJSON-928398303 None] Flow 'volume_create_manager' (c8eb2189-be12-4b2f-b841-45928cfefead) transitioned into state 'SUCCESS' from state 'RUNNING' {{(pid=93893) _flow_receiver /opt/stack/data/venv/lib/python3.12/site-packages/taskflow/listeners/logging.py:160}}
Jun 25 17:06:42 devstack cinder-volume[93893]: INFO cinder.volume.manager [None req-51a3862f-fcf5-4b31-884c-61ade866cb1d tempest-AttachVolumeShelveTestJSON-928398303 None] Created volume successfully.
Jun 25 17:06:43 devstack sudo[99488]: pam_unix(sudo:session): session closed for user root
Jun 25 17:06:43 devstack cinder-volume[93893]: DEBUG oslo_concurrency.processutils [None req-e55b98dd-34ea-4740-a893-3cf29880768b tempest-VolumesDeleteCascade-1490306430 None] CMD "/opt/stack/data/venv/bin/python3.12 -m oslo_concurrency.prlimit --as=1073741824 --cpu=60 -- sudo cinder-rootwrap /etc/cinder/rootwrap.conf env LC_ALL=C qemu-img info -f qcow2 --output=json --force-share /opt/stack/data/cinder/mnt/a6086d0c41e634023d0f63642dee5c51/volume-29ede3a4-1092-4b1c-a4b0-c76d89b421a1.5a1413ea-b02a-4ca4-8296-fc87465f3321" returned: 0 in 0.961s {{(pid=93893) execute /opt/stack/data/venv/lib/python3.12/site-packages/oslo_concurrency/processutils.py:468}}
Jun 25 17:06:43 devstack cinder-volume[93893]: DEBUG cinder.volume.drivers.remotefs [None req-e55b98dd-34ea-4740-a893-3cf29880768b tempest-VolumesDeleteCascade-1490306430 None] Fetching qemu-img info with special backing_file_template: (/opt/stack/data/cinder/mnt/[0-9a-f]+/)?(volume-29ede3a4-1092-4b1c-a4b0-c76d89b421a1(.(tmp-snap-)?[0-9a-f-]+)?|volume_from_snapshot_cache/(tmp-snap-)?[0-9a-f-]+(.(child-|parent-)[0-9a-f-]+)?)$ {{(pid=93893) _qemu_img_info_base /opt/stack/cinder/cinder/volume/drivers/remotefs.py:896}}
Jun 25 17:06:43 devstack cinder-volume[93893]: DEBUG oslo_concurrency.processutils [None req-e55b98dd-34ea-4740-a893-3cf29880768b tempest-VolumesDeleteCascade-1490306430 None] Running cmd (subprocess): sudo cinder-rootwrap /etc/cinder/rootwrap.conf qemu-img commit -d /opt/stack/data/cinder/mnt/a6086d0c41e634023d0f63642dee5c51/volume-29ede3a4-1092-4b1c-a4b0-c76d89b421a1.170d5c86-1dfe-41dc-8762-753d835946b3 {{(pid=93893) execute /opt/stack/data/venv/lib/python3.12/site-packages/oslo_concurrency/processutils.py:440}}
Jun 25 17:06:43 devstack sudo[99497]: quobyte : PWD=/ ; USER=root ; COMMAND=/opt/stack/data/venv/bin/cinder-rootwrap /etc/cinder/rootwrap.conf qemu-img commit -d /opt/stack/data/cinder/mnt/a6086d0c41e634023d0f63642dee5c51/volume-29ede3a4-1092-4b1c-a4b0-c76d89b421a1.170d5c86-1dfe-41dc-8762-753d835946b3
Jun 25 17:06:43 devstack sudo[99497]: pam_unix(sudo:session): session opened for user root(uid=0) by (uid=1000)
Jun 25 17:06:44 devstack sudo[99497]: pam_unix(sudo:session): session closed for user root
Jun 25 17:06:44 devstack cinder-volume[93893]: DEBUG oslo_concurrency.processutils [None req-e55b98dd-34ea-4740-a893-3cf29880768b tempest-VolumesDeleteCascade-1490306430 None] CMD "sudo cinder-rootwrap /etc/cinder/rootwrap.conf qemu-img commit -d /opt/stack/data/cinder/mnt/a6086d0c41e634023d0f63642dee5c51/volume-29ede3a4-1092-4b1c-a4b0-c76d89b421a1.170d5c86-1dfe-41dc-8762-753d835946b3" returned: 0 in 1.052s {{(pid=93893) execute /opt/stack/data/venv/lib/python3.12/site-packages/oslo_concurrency/processutils.py:468}}
Jun 25 17:06:44 devstack cinder-volume[93893]: DEBUG oslo_concurrency.processutils [None req-e55b98dd-34ea-4740-a893-3cf29880768b tempest-VolumesDeleteCascade-1490306430 None] Running cmd (subprocess): sudo cinder-rootwrap /etc/cinder/rootwrap.conf rm -f /opt/stack/data/cinder/mnt/a6086d0c41e634023d0f63642dee5c51/volume-29ede3a4-1092-4b1c-a4b0-c76d89b421a1.170d5c86-1dfe-41dc-8762-753d835946b3 {{(pid=93893) execute /opt/stack/data/venv/lib/python3.12/site-packages/oslo_concurrency/processutils.py:440}}
Jun 25 17:06:44 devstack sudo[99502]: quobyte : PWD=/ ; USER=root ; COMMAND=/opt/stack/data/venv/bin/cinder-rootwrap /etc/cinder/rootwrap.conf rm -f /opt/stack/data/cinder/mnt/a6086d0c41e634023d0f63642dee5c51/volume-29ede3a4-1092-4b1c-a4b0-c76d89b421a1.170d5c86-1dfe-41dc-8762-753d835946b3
Jun 25 17:06:44 devstack sudo[99502]: pam_unix(sudo:session): session opened for user root(uid=0) by (uid=1000)
Jun 25 17:06:45 devstack sudo[99502]: pam_unix(sudo:session): session closed for user root
Jun 25 17:06:45 devstack cinder-volume[93893]: DEBUG oslo_concurrency.processutils [None req-e55b98dd-34ea-4740-a893-3cf29880768b tempest-VolumesDeleteCascade-1490306430 None] CMD "sudo cinder-rootwrap /etc/cinder/rootwrap.conf rm -f /opt/stack/data/cinder/mnt/a6086d0c41e634023d0f63642dee5c51/volume-29ede3a4-1092-4b1c-a4b0-c76d89b421a1.170d5c86-1dfe-41dc-8762-753d835946b3" returned: 0 in 1.039s {{(pid=93893) execute /opt/stack/data/venv/lib/python3.12/site-packages/oslo_concurrency/processutils.py:468}}
Jun 25 17:06:45 devstack cinder-volume[93893]: DEBUG cinder.coordination [None req-e55b98dd-34ea-4740-a893-3cf29880768b tempest-VolumesDeleteCascade-1490306430 None] Lock "cinder-quobyte-170d5c86-1dfe-41dc-8762-753d835946b3" released by "_delete_snapshot" :: held 4.331s {{(pid=93893) __release /opt/stack/cinder/cinder/coordination.py:152}}
Jun 25 17:06:45 devstack cinder-volume[93893]: DEBUG cinder.coordination [None req-e55b98dd-34ea-4740-a893-3cf29880768b tempest-VolumesDeleteCascade-1490306430 None] Lock "cinder-quobyte-29ede3a4-1092-4b1c-a4b0-c76d89b421a1" released by "delete_snapshot" :: held 4.378s {{(pid=93893) __release /opt/stack/cinder/cinder/coordination.py:152}}
Jun 25 17:06:45 devstack cinder-volume[93893]: WARNING cinder.quota [None req-e55b98dd-34ea-4740-a893-3cf29880768b tempest-VolumesDeleteCascade-1490306430 None] Deprecated: Default quota for resource: snapshots_QuobyteHD is set by the default quota flag: quota_snapshots_QuobyteHD, it is now deprecated. Please use the default quota class for default quota.
Jun 25 17:06:45 devstack cinder-volume[93893]: DEBUG cinder.quota [None req-e55b98dd-34ea-4740-a893-3cf29880768b tempest-VolumesDeleteCascade-1490306430 None] Created reservations ['c27be485-9628-4236-ade1-13f814241898', '5b1e1aa2-b951-4ec9-80cc-0c0574ccb665', 'b1fb67fb-a663-4301-9701-4b23f9080862', 'b0f52797-c9f9-4814-8d3d-ec88a56ad7b3'] {{(pid=93893) reserve /opt/stack/cinder/cinder/quota.py:752}}
Jun 25 17:06:45 devstack cinder-volume[93893]: INFO cinder.volume.manager [None req-e55b98dd-34ea-4740-a893-3cf29880768b tempest-VolumesDeleteCascade-1490306430 None] Delete snapshot completed successfully.
Jun 25 17:06:45 devstack cinder-volume[93893]: DEBUG cinder.coordination [None req-e55b98dd-34ea-4740-a893-3cf29880768b tempest-VolumesDeleteCascade-1490306430 None] Lock "cinder-170d5c86-1dfe-41dc-8762-753d835946b3-delete_snapshot" released by "delete_snapshot" :: held 4.677s {{(pid=93893) __release /opt/stack/cinder/cinder/coordination.py:152}}
Jun 25 17:06:45 devstack cinder-volume[93893]: DEBUG cinder.coordination [None req-e55b98dd-34ea-4740-a893-3cf29880768b tempest-VolumesDeleteCascade-1490306430 None] Acquiring lock "cinder-5a1413ea-b02a-4ca4-8296-fc87465f3321-delete_snapshot" by "delete_snapshot" {{(pid=93893) __acquire /opt/stack/cinder/cinder/coordination.py:138}}
Jun 25 17:06:45 devstack cinder-volume[93893]: DEBUG cinder.coordination [None req-e55b98dd-34ea-4740-a893-3cf29880768b tempest-VolumesDeleteCascade-1490306430 None] Lock "cinder-5a1413ea-b02a-4ca4-8296-fc87465f3321-delete_snapshot" acquired by "delete_snapshot" :: waited 0.030s {{(pid=93893) __acquire /opt/stack/cinder/cinder/coordination.py:141}}
Jun 25 17:06:46 devstack cinder-volume[93893]: DEBUG cinder.coordination [None req-e55b98dd-34ea-4740-a893-3cf29880768b tempest-VolumesDeleteCascade-1490306430 None] Acquiring lock "cinder-quobyte-29ede3a4-1092-4b1c-a4b0-c76d89b421a1" by "delete_snapshot" {{(pid=93893) __acquire /opt/stack/cinder/cinder/coordination.py:138}}
Jun 25 17:06:46 devstack cinder-volume[93893]: DEBUG cinder.coordination [None req-e55b98dd-34ea-4740-a893-3cf29880768b tempest-VolumesDeleteCascade-1490306430 None] Lock "cinder-quobyte-29ede3a4-1092-4b1c-a4b0-c76d89b421a1" acquired by "delete_snapshot" :: waited 0.036s {{(pid=93893) __acquire /opt/stack/cinder/cinder/coordination.py:141}}
Jun 25 17:06:46 devstack cinder-volume[93893]: DEBUG cinder.coordination [None req-e55b98dd-34ea-4740-a893-3cf29880768b tempest-VolumesDeleteCascade-1490306430 None] Acquiring lock "cinder-quobyte-5a1413ea-b02a-4ca4-8296-fc87465f3321" by "_delete_snapshot" {{(pid=93893) __acquire /opt/stack/cinder/cinder/coordination.py:138}}
Jun 25 17:06:46 devstack cinder-volume[93893]: DEBUG cinder.coordination [None req-e55b98dd-34ea-4740-a893-3cf29880768b tempest-VolumesDeleteCascade-1490306430 None] Lock "cinder-quobyte-5a1413ea-b02a-4ca4-8296-fc87465f3321" acquired by "_delete_snapshot" :: waited 0.023s {{(pid=93893) __acquire /opt/stack/cinder/cinder/coordination.py:141}}
Jun 25 17:06:46 devstack cinder-volume[93893]: DEBUG cinder.volume.drivers.remotefs [None req-e55b98dd-34ea-4740-a893-3cf29880768b tempest-VolumesDeleteCascade-1490306430 None] Deleting offline snapshot 5a1413ea-b02a-4ca4-8296-fc87465f3321 of volume 29ede3a4-1092-4b1c-a4b0-c76d89b421a1 {{(pid=93893) _delete_snapshot /opt/stack/cinder/cinder/volume/drivers/remotefs.py:1288}}
Jun 25 17:06:46 devstack cinder-volume[93893]: DEBUG cinder.volume.drivers.remotefs [None req-e55b98dd-34ea-4740-a893-3cf29880768b tempest-VolumesDeleteCascade-1490306430 None] snapshot_file for this snap is: volume-29ede3a4-1092-4b1c-a4b0-c76d89b421a1.5a1413ea-b02a-4ca4-8296-fc87465f3321 {{(pid=93893) _delete_snapshot /opt/stack/cinder/cinder/volume/drivers/remotefs.py:1317}}
Jun 25 17:06:46 devstack cinder-volume[93893]: DEBUG oslo.privsep.daemon [-] privsep: reply[977d7385-02c1-4556-9af0-9aefffb88dc6]: (4, 'qcow2') {{(pid=95165) _call_back /opt/stack/data/venv/lib/python3.12/site-packages/oslo_privsep/daemon.py:580}}
Jun 25 17:06:46 devstack cinder-volume[93893]: DEBUG oslo_concurrency.processutils [None req-e55b98dd-34ea-4740-a893-3cf29880768b tempest-VolumesDeleteCascade-1490306430 None] Running cmd (subprocess): /opt/stack/data/venv/bin/python3.12 -m oslo_concurrency.prlimit --as=1073741824 --cpu=60 -- sudo cinder-rootwrap /etc/cinder/rootwrap.conf env LC_ALL=C qemu-img info -f qcow2 --output=json --force-share /opt/stack/data/cinder/mnt/a6086d0c41e634023d0f63642dee5c51/volume-29ede3a4-1092-4b1c-a4b0-c76d89b421a1.5a1413ea-b02a-4ca4-8296-fc87465f3321 {{(pid=93893) execute /opt/stack/data/venv/lib/python3.12/site-packages/oslo_concurrency/processutils.py:440}}
Jun 25 17:06:46 devstack sudo[99507]: quobyte : PWD=/ ; USER=root ; COMMAND=/opt/stack/data/venv/bin/cinder-rootwrap /etc/cinder/rootwrap.conf env LC_ALL=C qemu-img info -f qcow2 --output=json --force-share /opt/stack/data/cinder/mnt/a6086d0c41e634023d0f63642dee5c51/volume-29ede3a4-1092-4b1c-a4b0-c76d89b421a1.5a1413ea-b02a-4ca4-8296-fc87465f3321
Jun 25 17:06:46 devstack sudo[99507]: pam_unix(sudo:session): session opened for user root(uid=0) by (uid=1000)
Jun 25 17:06:47 devstack sudo[99507]: pam_unix(sudo:session): session closed for user root
Jun 25 17:06:47 devstack cinder-volume[93893]: DEBUG oslo_concurrency.processutils [None req-e55b98dd-34ea-4740-a893-3cf29880768b tempest-VolumesDeleteCascade-1490306430 None] CMD "/opt/stack/data/venv/bin/python3.12 -m oslo_concurrency.prlimit --as=1073741824 --cpu=60 -- sudo cinder-rootwrap /etc/cinder/rootwrap.conf env LC_ALL=C qemu-img info -f qcow2 --output=json --force-share /opt/stack/data/cinder/mnt/a6086d0c41e634023d0f63642dee5c51/volume-29ede3a4-1092-4b1c-a4b0-c76d89b421a1.5a1413ea-b02a-4ca4-8296-fc87465f3321" returned: 0 in 1.419s {{(pid=93893) execute /opt/stack/data/venv/lib/python3.12/site-packages/oslo_concurrency/processutils.py:468}}
Jun 25 17:06:47 devstack cinder-volume[93893]: DEBUG cinder.volume.drivers.remotefs [None req-e55b98dd-34ea-4740-a893-3cf29880768b tempest-VolumesDeleteCascade-1490306430 None] Fetching qemu-img info with special backing_file_template: (/opt/stack/data/cinder/mnt/[0-9a-f]+/)?(volume-29ede3a4-1092-4b1c-a4b0-c76d89b421a1(.(tmp-snap-)?[0-9a-f-]+)?|volume_from_snapshot_cache/(tmp-snap-)?[0-9a-f-]+(.(child-|parent-)[0-9a-f-]+)?)$ {{(pid=93893) _qemu_img_info_base /opt/stack/cinder/cinder/volume/drivers/remotefs.py:896}}
Jun 25 17:06:47 devstack cinder-volume[93893]: DEBUG oslo.privsep.daemon [-] privsep: reply[53b32729-17f5-4cc2-a028-2f76595bc46b]: (4, 'qcow2') {{(pid=95165) _call_back /opt/stack/data/venv/lib/python3.12/site-packages/oslo_privsep/daemon.py:580}}
Jun 25 17:06:47 devstack cinder-volume[93893]: DEBUG oslo_concurrency.processutils [None req-e55b98dd-34ea-4740-a893-3cf29880768b tempest-VolumesDeleteCascade-1490306430 None] Running cmd (subprocess): /opt/stack/data/venv/bin/python3.12 -m oslo_concurrency.prlimit --as=1073741824 --cpu=60 -- sudo cinder-rootwrap /etc/cinder/rootwrap.conf env LC_ALL=C qemu-img info -f qcow2 --output=json --force-share /opt/stack/data/cinder/mnt/a6086d0c41e634023d0f63642dee5c51/volume-29ede3a4-1092-4b1c-a4b0-c76d89b421a1 {{(pid=93893) execute /opt/stack/data/venv/lib/python3.12/site-packages/oslo_concurrency/processutils.py:440}}
Jun 25 17:06:47 devstack sudo[99554]: quobyte : PWD=/ ; USER=root ; COMMAND=/opt/stack/data/venv/bin/cinder-rootwrap /etc/cinder/rootwrap.conf env LC_ALL=C qemu-img info -f qcow2 --output=json --force-share /opt/stack/data/cinder/mnt/a6086d0c41e634023d0f63642dee5c51/volume-29ede3a4-1092-4b1c-a4b0-c76d89b421a1
Jun 25 17:06:47 devstack sudo[99554]: pam_unix(sudo:session): session opened for user root(uid=0) by (uid=1000)
Jun 25 17:06:48 devstack sudo[99554]: pam_unix(sudo:session): session closed for user root
Jun 25 17:06:48 devstack cinder-volume[93893]: DEBUG oslo_concurrency.processutils [None req-e55b98dd-34ea-4740-a893-3cf29880768b tempest-VolumesDeleteCascade-1490306430 None] CMD "/opt/stack/data/venv/bin/python3.12 -m oslo_concurrency.prlimit --as=1073741824 --cpu=60 -- sudo cinder-rootwrap /etc/cinder/rootwrap.conf env LC_ALL=C qemu-img info -f qcow2 --output=json --force-share /opt/stack/data/cinder/mnt/a6086d0c41e634023d0f63642dee5c51/volume-29ede3a4-1092-4b1c-a4b0-c76d89b421a1" returned: 0 in 1.261s {{(pid=93893) execute /opt/stack/data/venv/lib/python3.12/site-packages/oslo_concurrency/processutils.py:468}}
Jun 25 17:06:48 devstack cinder-volume[93893]: DEBUG oslo_concurrency.processutils [None req-e55b98dd-34ea-4740-a893-3cf29880768b tempest-VolumesDeleteCascade-1490306430 None] Running cmd (subprocess): sudo cinder-rootwrap /etc/cinder/rootwrap.conf qemu-img commit -d /opt/stack/data/cinder/mnt/a6086d0c41e634023d0f63642dee5c51/volume-29ede3a4-1092-4b1c-a4b0-c76d89b421a1.5a1413ea-b02a-4ca4-8296-fc87465f3321 {{(pid=93893) execute /opt/stack/data/venv/lib/python3.12/site-packages/oslo_concurrency/processutils.py:440}}
Jun 25 17:06:48 devstack sudo[99560]: quobyte : PWD=/ ; USER=root ; COMMAND=/opt/stack/data/venv/bin/cinder-rootwrap /etc/cinder/rootwrap.conf qemu-img commit -d /opt/stack/data/cinder/mnt/a6086d0c41e634023d0f63642dee5c51/volume-29ede3a4-1092-4b1c-a4b0-c76d89b421a1.5a1413ea-b02a-4ca4-8296-fc87465f3321
Jun 25 17:06:48 devstack sudo[99560]: pam_unix(sudo:session): session opened for user root(uid=0) by (uid=1000)
Jun 25 17:06:50 devstack sudo[99560]: pam_unix(sudo:session): session closed for user root
Jun 25 17:06:50 devstack cinder-volume[93893]: DEBUG oslo_concurrency.processutils [None req-e55b98dd-34ea-4740-a893-3cf29880768b tempest-VolumesDeleteCascade-1490306430 None] CMD "sudo cinder-rootwrap /etc/cinder/rootwrap.conf qemu-img commit -d /opt/stack/data/cinder/mnt/a6086d0c41e634023d0f63642dee5c51/volume-29ede3a4-1092-4b1c-a4b0-c76d89b421a1.5a1413ea-b02a-4ca4-8296-fc87465f3321" returned: 0 in 1.287s {{(pid=93893) execute /opt/stack/data/venv/lib/python3.12/site-packages/oslo_concurrency/processutils.py:468}}
Jun 25 17:06:50 devstack cinder-volume[93893]: DEBUG oslo_concurrency.processutils [None req-e55b98dd-34ea-4740-a893-3cf29880768b tempest-VolumesDeleteCascade-1490306430 None] Running cmd (subprocess): sudo cinder-rootwrap /etc/cinder/rootwrap.conf rm -f /opt/stack/data/cinder/mnt/a6086d0c41e634023d0f63642dee5c51/volume-29ede3a4-1092-4b1c-a4b0-c76d89b421a1.5a1413ea-b02a-4ca4-8296-fc87465f3321 {{(pid=93893) execute /opt/stack/data/venv/lib/python3.12/site-packages/oslo_concurrency/processutils.py:440}}
Jun 25 17:06:50 devstack sudo[99575]: quobyte : PWD=/ ; USER=root ; COMMAND=/opt/stack/data/venv/bin/cinder-rootwrap /etc/cinder/rootwrap.conf rm -f /opt/stack/data/cinder/mnt/a6086d0c41e634023d0f63642dee5c51/volume-29ede3a4-1092-4b1c-a4b0-c76d89b421a1.5a1413ea-b02a-4ca4-8296-fc87465f3321
Jun 25 17:06:50 devstack sudo[99575]: pam_unix(sudo:session): session opened for user root(uid=0) by (uid=1000)
Jun 25 17:06:51 devstack sudo[99575]: pam_unix(sudo:session): session closed for user root
Jun 25 17:06:51 devstack cinder-volume[93893]: DEBUG oslo_concurrency.processutils [None req-e55b98dd-34ea-4740-a893-3cf29880768b tempest-VolumesDeleteCascade-1490306430 None] CMD "sudo cinder-rootwrap /etc/cinder/rootwrap.conf rm -f /opt/stack/data/cinder/mnt/a6086d0c41e634023d0f63642dee5c51/volume-29ede3a4-1092-4b1c-a4b0-c76d89b421a1.5a1413ea-b02a-4ca4-8296-fc87465f3321" returned: 0 in 1.056s {{(pid=93893) execute /opt/stack/data/venv/lib/python3.12/site-packages/oslo_concurrency/processutils.py:468}}
Jun 25 17:06:51 devstack cinder-volume[93893]: DEBUG cinder.coordination [None req-e55b98dd-34ea-4740-a893-3cf29880768b tempest-VolumesDeleteCascade-1490306430 None] Lock "cinder-quobyte-5a1413ea-b02a-4ca4-8296-fc87465f3321" released by "_delete_snapshot" :: held 5.197s {{(pid=93893) __release /opt/stack/cinder/cinder/coordination.py:152}}
Jun 25 17:06:51 devstack cinder-volume[93893]: DEBUG cinder.coordination [None req-e55b98dd-34ea-4740-a893-3cf29880768b tempest-VolumesDeleteCascade-1490306430 None] Lock "cinder-quobyte-29ede3a4-1092-4b1c-a4b0-c76d89b421a1" released by "delete_snapshot" :: held 5.230s {{(pid=93893) __release /opt/stack/cinder/cinder/coordination.py:152}}
Jun 25 17:06:51 devstack cinder-volume[93893]: DEBUG cinder.quota [None req-e55b98dd-34ea-4740-a893-3cf29880768b tempest-VolumesDeleteCascade-1490306430 None] Created reservations ['4426d8d5-e28e-4b24-9b7d-28262fcb669b', '30a12657-45aa-499d-8c3c-7a0dfd933389', 'c37a3da8-b3dd-4037-b09c-adf570a15494', '276ee582-4056-48fa-bf06-783ed1c3fc0a'] {{(pid=93893) reserve /opt/stack/cinder/cinder/quota.py:752}}
Jun 25 17:06:51 devstack cinder-volume[93893]: INFO cinder.volume.manager [None req-e55b98dd-34ea-4740-a893-3cf29880768b tempest-VolumesDeleteCascade-1490306430 None] Delete snapshot completed successfully.
Jun 25 17:06:51 devstack cinder-volume[93893]: DEBUG cinder.coordination [None req-e55b98dd-34ea-4740-a893-3cf29880768b tempest-VolumesDeleteCascade-1490306430 None] Lock "cinder-5a1413ea-b02a-4ca4-8296-fc87465f3321-delete_snapshot" released by "delete_snapshot" :: held 5.521s {{(pid=93893) __release /opt/stack/cinder/cinder/coordination.py:152}}
Jun 25 17:06:51 devstack cinder-volume[93893]: DEBUG cinder.volume.manager [None req-e55b98dd-34ea-4740-a893-3cf29880768b tempest-VolumesDeleteCascade-1490306430 None] Snapshots deleted, issuing volume delete {{(pid=93893) delete_volume /opt/stack/cinder/cinder/volume/manager.py:1010}}
Jun 25 17:06:51 devstack cinder-volume[93893]: DEBUG cinder.coordination [None req-e55b98dd-34ea-4740-a893-3cf29880768b tempest-VolumesDeleteCascade-1490306430 None] Acquiring lock "cinder-quobyte-29ede3a4-1092-4b1c-a4b0-c76d89b421a1" by "delete_volume" {{(pid=93893) __acquire /opt/stack/cinder/cinder/coordination.py:138}}
Jun 25 17:06:51 devstack cinder-volume[93893]: DEBUG cinder.coordination [None req-e55b98dd-34ea-4740-a893-3cf29880768b tempest-VolumesDeleteCascade-1490306430 None] Lock "cinder-quobyte-29ede3a4-1092-4b1c-a4b0-c76d89b421a1" acquired by "delete_volume" :: waited 0.042s {{(pid=93893) __acquire /opt/stack/cinder/cinder/coordination.py:141}}
Jun 25 17:06:51 devstack cinder-volume[93893]: DEBUG oslo.privsep.daemon [-] privsep: reply[985cd0a3-8d32-4d17-b4a2-9e49506d236d]: (4, 'qcow2') {{(pid=95165) _call_back /opt/stack/data/venv/lib/python3.12/site-packages/oslo_privsep/daemon.py:580}}
Jun 25 17:06:51 devstack cinder-volume[93893]: DEBUG oslo_concurrency.processutils [None req-e55b98dd-34ea-4740-a893-3cf29880768b tempest-VolumesDeleteCascade-1490306430 None] Running cmd (subprocess): /opt/stack/data/venv/bin/python3.12 -m oslo_concurrency.prlimit --as=1073741824 --cpu=60 -- sudo cinder-rootwrap /etc/cinder/rootwrap.conf env LC_ALL=C qemu-img info -f qcow2 --output=json --force-share /opt/stack/data/cinder/mnt/a6086d0c41e634023d0f63642dee5c51/volume-29ede3a4-1092-4b1c-a4b0-c76d89b421a1 {{(pid=93893) execute /opt/stack/data/venv/lib/python3.12/site-packages/oslo_concurrency/processutils.py:440}}
Jun 25 17:06:51 devstack sudo[99579]: quobyte : PWD=/ ; USER=root ; COMMAND=/opt/stack/data/venv/bin/cinder-rootwrap /etc/cinder/rootwrap.conf env LC_ALL=C qemu-img info -f qcow2 --output=json --force-share /opt/stack/data/cinder/mnt/a6086d0c41e634023d0f63642dee5c51/volume-29ede3a4-1092-4b1c-a4b0-c76d89b421a1
Jun 25 17:06:51 devstack sudo[99579]: pam_unix(sudo:session): session opened for user root(uid=0) by (uid=1000)
Jun 25 17:06:53 devstack sudo[99579]: pam_unix(sudo:session): session closed for user root
Jun 25 17:06:53 devstack cinder-volume[93893]: DEBUG oslo_concurrency.processutils [None req-e55b98dd-34ea-4740-a893-3cf29880768b tempest-VolumesDeleteCascade-1490306430 None] CMD "/opt/stack/data/venv/bin/python3.12 -m oslo_concurrency.prlimit --as=1073741824 --cpu=60 -- sudo cinder-rootwrap /etc/cinder/rootwrap.conf env LC_ALL=C qemu-img info -f qcow2 --output=json --force-share /opt/stack/data/cinder/mnt/a6086d0c41e634023d0f63642dee5c51/volume-29ede3a4-1092-4b1c-a4b0-c76d89b421a1" returned: 0 in 1.678s {{(pid=93893) execute /opt/stack/data/venv/lib/python3.12/site-packages/oslo_concurrency/processutils.py:468}}
Jun 25 17:06:53 devstack cinder-volume[93893]: DEBUG oslo_concurrency.processutils [None req-e55b98dd-34ea-4740-a893-3cf29880768b tempest-VolumesDeleteCascade-1490306430 None] Running cmd (subprocess): sudo cinder-rootwrap /etc/cinder/rootwrap.conf rm -f /opt/stack/data/cinder/mnt/a6086d0c41e634023d0f63642dee5c51/volume-29ede3a4-1092-4b1c-a4b0-c76d89b421a1 {{(pid=93893) execute /opt/stack/data/venv/lib/python3.12/site-packages/oslo_concurrency/processutils.py:440}}
Jun 25 17:06:53 devstack sudo[99635]: quobyte : PWD=/ ; USER=root ; COMMAND=/opt/stack/data/venv/bin/cinder-rootwrap /etc/cinder/rootwrap.conf rm -f /opt/stack/data/cinder/mnt/a6086d0c41e634023d0f63642dee5c51/volume-29ede3a4-1092-4b1c-a4b0-c76d89b421a1
Jun 25 17:06:53 devstack sudo[99635]: pam_unix(sudo:session): session opened for user root(uid=0) by (uid=1000)
Jun 25 17:06:54 devstack sudo[99635]: pam_unix(sudo:session): session closed for user root
Jun 25 17:06:54 devstack cinder-volume[93893]: DEBUG oslo_concurrency.processutils [None req-e55b98dd-34ea-4740-a893-3cf29880768b tempest-VolumesDeleteCascade-1490306430 None] CMD "sudo cinder-rootwrap /etc/cinder/rootwrap.conf rm -f /opt/stack/data/cinder/mnt/a6086d0c41e634023d0f63642dee5c51/volume-29ede3a4-1092-4b1c-a4b0-c76d89b421a1" returned: 0 in 1.053s {{(pid=93893) execute /opt/stack/data/venv/lib/python3.12/site-packages/oslo_concurrency/processutils.py:468}}
Jun 25 17:06:54 devstack cinder-volume[93893]: DEBUG cinder.coordination [None req-e55b98dd-34ea-4740-a893-3cf29880768b tempest-VolumesDeleteCascade-1490306430 None] Lock "cinder-quobyte-29ede3a4-1092-4b1c-a4b0-c76d89b421a1" released by "delete_volume" :: held 2.862s {{(pid=93893) __release /opt/stack/cinder/cinder/coordination.py:152}}
Jun 25 17:06:54 devstack cinder-volume[93893]: DEBUG cinder.quota [None req-e55b98dd-34ea-4740-a893-3cf29880768b tempest-VolumesDeleteCascade-1490306430 None] Created reservations ['4f8b5216-84ed-4a8e-aa27-68f2631ab92d', 'aec9c2a3-dd36-45ac-ba8f-4716de8cb758', '053faf9e-81b5-405c-8321-c7bea68c3b32', '25b70c34-88b9-45df-8d66-6e3cb3a92505'] {{(pid=93893) reserve /opt/stack/cinder/cinder/quota.py:752}}
