Nov 12 21:04:46 devstack cinder-volume[80395]: DEBUG oslo_concurrency.processutils [None req-c92750b0-9a55-4ee3-a39b-9bade9c83906 tempest-SnapshotsActionsTest-446763817 None] Running cmd (subprocess): /opt/stack/data/venv/bin/python3.10 -m oslo_concurrency.prlimit --as=1073741824 --cpu=60 -- sudo cinder-rootwrap /etc/cinder/rootwrap.conf env LC_ALL=C qemu-img info -f qcow2 --output=json --force-share /opt/stack/data/cinder/mnt/6c77bd253ea5eb52564d8c29854eb707/volume-1dda1a80-d4ca-4325-8f94-bd634c6d02d2 {{(pid=80395) execute /opt/stack/data/venv/lib/python3.10/site-packages/oslo_concurrency/processutils.py:349}}
Nov 12 21:04:46 devstack sudo[91226]: quobyte : PWD=/ ; USER=root ; COMMAND=/opt/stack/data/venv/bin/cinder-rootwrap /etc/cinder/rootwrap.conf env LC_ALL=C qemu-img info -f qcow2 --output=json --force-share /opt/stack/data/cinder/mnt/6c77bd253ea5eb52564d8c29854eb707/volume-1dda1a80-d4ca-4325-8f94-bd634c6d02d2
Nov 12 21:04:46 devstack sudo[91226]: pam_unix(sudo:session): session opened for user root(uid=0) by (uid=1000)
Nov 12 21:04:47 devstack sudo[91226]: pam_unix(sudo:session): session closed for user root
Nov 12 21:04:47 devstack cinder-volume[80395]: DEBUG oslo_concurrency.processutils [None req-c92750b0-9a55-4ee3-a39b-9bade9c83906 tempest-SnapshotsActionsTest-446763817 None] CMD "/opt/stack/data/venv/bin/python3.10 -m oslo_concurrency.prlimit --as=1073741824 --cpu=60 -- sudo cinder-rootwrap /etc/cinder/rootwrap.conf env LC_ALL=C qemu-img info -f qcow2 --output=json --force-share /opt/stack/data/cinder/mnt/6c77bd253ea5eb52564d8c29854eb707/volume-1dda1a80-d4ca-4325-8f94-bd634c6d02d2" returned: 0 in 0.655s {{(pid=80395) execute /opt/stack/data/venv/lib/python3.10/site-packages/oslo_concurrency/processutils.py:372}}
Nov 12 21:04:47 devstack cinder-volume[80395]: DEBUG oslo_concurrency.processutils [None req-c92750b0-9a55-4ee3-a39b-9bade9c83906 tempest-SnapshotsActionsTest-446763817 None] Running cmd (subprocess): sudo cinder-rootwrap /etc/cinder/rootwrap.conf qemu-img create -f qcow2 -o backing_file=/opt/stack/data/cinder/mnt/6c77bd253ea5eb52564d8c29854eb707/volume-1dda1a80-d4ca-4325-8f94-bd634c6d02d2,backing_fmt=qcow2 /opt/stack/data/cinder/mnt/6c77bd253ea5eb52564d8c29854eb707/volume-1dda1a80-d4ca-4325-8f94-bd634c6d02d2.81faef84-af60-49a4-a2d2-cef3c7fe96ea 1G {{(pid=80395) execute /opt/stack/data/venv/lib/python3.10/site-packages/oslo_concurrency/processutils.py:349}}
Nov 12 21:04:47 devstack sudo[91233]: quobyte : PWD=/ ; USER=root ; COMMAND=/opt/stack/data/venv/bin/cinder-rootwrap /etc/cinder/rootwrap.conf qemu-img create -f qcow2 -o backing_file=/opt/stack/data/cinder/mnt/6c77bd253ea5eb52564d8c29854eb707/volume-1dda1a80-d4ca-4325-8f94-bd634c6d02d2,backing_fmt=qcow2 /opt/stack/data/cinder/mnt/6c77bd253ea5eb52564d8c29854eb707/volume-1dda1a80-d4ca-4325-8f94-bd634c6d02d2.81faef84-af60-49a4-a2d2-cef3c7fe96ea 1G
Nov 12 21:04:47 devstack sudo[91233]: pam_unix(sudo:session): session opened for user root(uid=0) by (uid=1000)
Nov 12 21:04:47 devstack sudo[91233]: pam_unix(sudo:session): session closed for user root
Nov 12 21:04:47 devstack cinder-volume[80395]: DEBUG oslo_concurrency.processutils [None req-c92750b0-9a55-4ee3-a39b-9bade9c83906 tempest-SnapshotsActionsTest-446763817 None] CMD "sudo cinder-rootwrap /etc/cinder/rootwrap.conf qemu-img create -f qcow2 -o backing_file=/opt/stack/data/cinder/mnt/6c77bd253ea5eb52564d8c29854eb707/volume-1dda1a80-d4ca-4325-8f94-bd634c6d02d2,backing_fmt=qcow2 /opt/stack/data/cinder/mnt/6c77bd253ea5eb52564d8c29854eb707/volume-1dda1a80-d4ca-4325-8f94-bd634c6d02d2.81faef84-af60-49a4-a2d2-cef3c7fe96ea 1G" returned: 0 in 0.619s {{(pid=80395) execute /opt/stack/data/venv/lib/python3.10/site-packages/oslo_concurrency/processutils.py:372}}
Nov 12 21:04:47 devstack cinder-volume[80395]: DEBUG oslo_concurrency.processutils [None req-c92750b0-9a55-4ee3-a39b-9bade9c83906 tempest-SnapshotsActionsTest-446763817 None] Running cmd (subprocess): sudo cinder-rootwrap /etc/cinder/rootwrap.conf qemu-img rebase -u -b volume-1dda1a80-d4ca-4325-8f94-bd634c6d02d2 -F qcow2 /opt/stack/data/cinder/mnt/6c77bd253ea5eb52564d8c29854eb707/volume-1dda1a80-d4ca-4325-8f94-bd634c6d02d2.81faef84-af60-49a4-a2d2-cef3c7fe96ea {{(pid=80395) execute /opt/stack/data/venv/lib/python3.10/site-packages/oslo_concurrency/processutils.py:349}}
Nov 12 21:04:47 devstack sudo[91239]: quobyte : PWD=/ ; USER=root ; COMMAND=/opt/stack/data/venv/bin/cinder-rootwrap /etc/cinder/rootwrap.conf qemu-img rebase -u -b volume-1dda1a80-d4ca-4325-8f94-bd634c6d02d2 -F qcow2 /opt/stack/data/cinder/mnt/6c77bd253ea5eb52564d8c29854eb707/volume-1dda1a80-d4ca-4325-8f94-bd634c6d02d2.81faef84-af60-49a4-a2d2-cef3c7fe96ea
Nov 12 21:04:47 devstack sudo[91239]: pam_unix(sudo:session): session opened for user root(uid=0) by (uid=1000)
Nov 12 21:04:48 devstack sudo[91239]: pam_unix(sudo:session): session closed for user root
Nov 12 21:04:48 devstack cinder-volume[80395]: DEBUG oslo_concurrency.processutils [None req-c92750b0-9a55-4ee3-a39b-9bade9c83906 tempest-SnapshotsActionsTest-446763817 None] CMD "sudo cinder-rootwrap /etc/cinder/rootwrap.conf qemu-img rebase -u -b volume-1dda1a80-d4ca-4325-8f94-bd634c6d02d2 -F qcow2 /opt/stack/data/cinder/mnt/6c77bd253ea5eb52564d8c29854eb707/volume-1dda1a80-d4ca-4325-8f94-bd634c6d02d2.81faef84-af60-49a4-a2d2-cef3c7fe96ea" returned: 0 in 0.563s {{(pid=80395) execute /opt/stack/data/venv/lib/python3.10/site-packages/oslo_concurrency/processutils.py:372}}
Nov 12 21:04:48 devstack cinder-volume[80395]: WARNING cinder.volume.drivers.remotefs [None req-c92750b0-9a55-4ee3-a39b-9bade9c83906 tempest-SnapshotsActionsTest-446763817 None] /opt/stack/data/cinder/mnt/6c77bd253ea5eb52564d8c29854eb707/volume-1dda1a80-d4ca-4325-8f94-bd634c6d02d2.81faef84-af60-49a4-a2d2-cef3c7fe96ea is being set with open permissions: ugo+rw
Nov 12 21:04:48 devstack cinder-volume[80395]: DEBUG oslo_concurrency.processutils [None req-c92750b0-9a55-4ee3-a39b-9bade9c83906 tempest-SnapshotsActionsTest-446763817 None] Running cmd (subprocess): sudo cinder-rootwrap /etc/cinder/rootwrap.conf chmod ugo+rw /opt/stack/data/cinder/mnt/6c77bd253ea5eb52564d8c29854eb707/volume-1dda1a80-d4ca-4325-8f94-bd634c6d02d2.81faef84-af60-49a4-a2d2-cef3c7fe96ea {{(pid=80395) execute /opt/stack/data/venv/lib/python3.10/site-packages/oslo_concurrency/processutils.py:349}}
Nov 12 21:04:48 devstack sudo[91244]: quobyte : PWD=/ ; USER=root ; COMMAND=/opt/stack/data/venv/bin/cinder-rootwrap /etc/cinder/rootwrap.conf chmod ugo+rw /opt/stack/data/cinder/mnt/6c77bd253ea5eb52564d8c29854eb707/volume-1dda1a80-d4ca-4325-8f94-bd634c6d02d2.81faef84-af60-49a4-a2d2-cef3c7fe96ea
Nov 12 21:04:48 devstack sudo[91244]: pam_unix(sudo:session): session opened for user root(uid=0) by (uid=1000)
Nov 12 21:04:48 devstack sudo[91244]: pam_unix(sudo:session): session closed for user root
Nov 12 21:04:48 devstack cinder-volume[80395]: DEBUG oslo_concurrency.processutils [None req-c92750b0-9a55-4ee3-a39b-9bade9c83906 tempest-SnapshotsActionsTest-446763817 None] CMD "sudo cinder-rootwrap /etc/cinder/rootwrap.conf chmod ugo+rw /opt/stack/data/cinder/mnt/6c77bd253ea5eb52564d8c29854eb707/volume-1dda1a80-d4ca-4325-8f94-bd634c6d02d2.81faef84-af60-49a4-a2d2-cef3c7fe96ea" returned: 0 in 0.517s {{(pid=80395) execute /opt/stack/data/venv/lib/python3.10/site-packages/oslo_concurrency/processutils.py:372}}
Nov 12 21:04:48 devstack cinder-volume[80395]: DEBUG oslo_concurrency.processutils [None req-c92750b0-9a55-4ee3-a39b-9bade9c83906 tempest-SnapshotsActionsTest-446763817 None] Running cmd (subprocess): sudo cinder-rootwrap /etc/cinder/rootwrap.conf truncate -s0 /opt/stack/data/cinder/mnt/6c77bd253ea5eb52564d8c29854eb707/volume-1dda1a80-d4ca-4325-8f94-bd634c6d02d2.info {{(pid=80395) execute /opt/stack/data/venv/lib/python3.10/site-packages/oslo_concurrency/processutils.py:349}}
Nov 12 21:04:48 devstack sudo[91247]: quobyte : PWD=/ ; USER=root ; COMMAND=/opt/stack/data/venv/bin/cinder-rootwrap /etc/cinder/rootwrap.conf truncate -s0 /opt/stack/data/cinder/mnt/6c77bd253ea5eb52564d8c29854eb707/volume-1dda1a80-d4ca-4325-8f94-bd634c6d02d2.info
Nov 12 21:04:48 devstack sudo[91247]: pam_unix(sudo:session): session opened for user root(uid=0) by (uid=1000)
Nov 12 21:04:49 devstack sudo[91247]: pam_unix(sudo:session): session closed for user root
Nov 12 21:04:49 devstack cinder-volume[80395]: DEBUG oslo_concurrency.processutils [None req-c92750b0-9a55-4ee3-a39b-9bade9c83906 tempest-SnapshotsActionsTest-446763817 None] CMD "sudo cinder-rootwrap /etc/cinder/rootwrap.conf truncate -s0 /opt/stack/data/cinder/mnt/6c77bd253ea5eb52564d8c29854eb707/volume-1dda1a80-d4ca-4325-8f94-bd634c6d02d2.info" returned: 0 in 0.509s {{(pid=80395) execute /opt/stack/data/venv/lib/python3.10/site-packages/oslo_concurrency/processutils.py:372}}
Nov 12 21:04:49 devstack cinder-volume[80395]: WARNING cinder.volume.drivers.remotefs [None req-c92750b0-9a55-4ee3-a39b-9bade9c83906 tempest-SnapshotsActionsTest-446763817 None] /opt/stack/data/cinder/mnt/6c77bd253ea5eb52564d8c29854eb707/volume-1dda1a80-d4ca-4325-8f94-bd634c6d02d2.info is being set with open permissions: ugo+rw
Nov 12 21:04:49 devstack cinder-volume[80395]: DEBUG oslo_concurrency.processutils [None req-c92750b0-9a55-4ee3-a39b-9bade9c83906 tempest-SnapshotsActionsTest-446763817 None] Running cmd (subprocess): sudo cinder-rootwrap /etc/cinder/rootwrap.conf chmod ugo+rw /opt/stack/data/cinder/mnt/6c77bd253ea5eb52564d8c29854eb707/volume-1dda1a80-d4ca-4325-8f94-bd634c6d02d2.info {{(pid=80395) execute /opt/stack/data/venv/lib/python3.10/site-packages/oslo_concurrency/processutils.py:349}}
Nov 12 21:04:49 devstack sudo[91250]: quobyte : PWD=/ ; USER=root ; COMMAND=/opt/stack/data/venv/bin/cinder-rootwrap /etc/cinder/rootwrap.conf chmod ugo+rw /opt/stack/data/cinder/mnt/6c77bd253ea5eb52564d8c29854eb707/volume-1dda1a80-d4ca-4325-8f94-bd634c6d02d2.info
Nov 12 21:04:49 devstack sudo[91250]: pam_unix(sudo:session): session opened for user root(uid=0) by (uid=1000)
Nov 12 21:04:49 devstack sudo[91250]: pam_unix(sudo:session): session closed for user root
Nov 12 21:04:49 devstack cinder-volume[80395]: DEBUG oslo_concurrency.processutils [None req-c92750b0-9a55-4ee3-a39b-9bade9c83906 tempest-SnapshotsActionsTest-446763817 None] CMD "sudo cinder-rootwrap /etc/cinder/rootwrap.conf chmod ugo+rw /opt/stack/data/cinder/mnt/6c77bd253ea5eb52564d8c29854eb707/volume-1dda1a80-d4ca-4325-8f94-bd634c6d02d2.info" returned: 0 in 0.519s {{(pid=80395) execute /opt/stack/data/venv/lib/python3.10/site-packages/oslo_concurrency/processutils.py:372}}
Nov 12 21:04:49 devstack cinder-volume[80395]: DEBUG oslo_concurrency.lockutils [None req-c92750b0-9a55-4ee3-a39b-9bade9c83906 tempest-SnapshotsActionsTest-446763817 None] Lock "quobyte" "released" by "cinder.volume.drivers.quobyte.QuobyteDriver.create_snapshot" :: held 3.454s {{(pid=80395) inner /opt/stack/data/venv/lib/python3.10/site-packages/oslo_concurrency/lockutils.py:424}}
Nov 12 21:04:49 devstack cinder-volume[80395]: INFO cinder.volume.manager [None req-c92750b0-9a55-4ee3-a39b-9bade9c83906 tempest-SnapshotsActionsTest-446763817 None] Create snapshot completed successfully
Nov 12 21:04:50 devstack cinder-volume[80395]: WARNING cinder.volume.volume_utils [None req-5c8cafd8-6ff3-42bb-b007-a01839e02ba8 tempest-SnapshotsActionsTest-446763817 None] Volume driver (QuobyteDriver 1.1.13) is currently unsupported and may be removed in the next release of OpenStack. Use at your own risk.
Nov 12 21:04:50 devstack cinder-volume[80395]: DEBUG oslo_concurrency.lockutils [None req-5c8cafd8-6ff3-42bb-b007-a01839e02ba8 tempest-SnapshotsActionsTest-446763817 None] Acquiring lock "quobyte" by "cinder.volume.drivers.quobyte.QuobyteDriver.create_snapshot" {{(pid=80395) inner /opt/stack/data/venv/lib/python3.10/site-packages/oslo_concurrency/lockutils.py:405}}
Nov 12 21:04:50 devstack cinder-volume[80395]: DEBUG oslo_concurrency.lockutils [None req-5c8cafd8-6ff3-42bb-b007-a01839e02ba8 tempest-SnapshotsActionsTest-446763817 None] Lock "quobyte" acquired by "cinder.volume.drivers.quobyte.QuobyteDriver.create_snapshot" :: waited 0.001s {{(pid=80395) inner /opt/stack/data/venv/lib/python3.10/site-packages/oslo_concurrency/lockutils.py:410}}
Nov 12 21:04:50 devstack cinder-volume[80395]: DEBUG cinder.volume.drivers.remotefs [None req-5c8cafd8-6ff3-42bb-b007-a01839e02ba8 tempest-SnapshotsActionsTest-446763817 None] Creating offline snapshot afbe6bbe-54be-4ffd-b148-d95c7c004a94 of volume 1dda1a80-d4ca-4325-8f94-bd634c6d02d2 {{(pid=80395) _create_snapshot /opt/stack/cinder/cinder/volume/drivers/remotefs.py:1694}}
Nov 12 21:04:51 devstack cinder-volume[80395]: DEBUG oslo.privsep.daemon [-] privsep: reply[9dd0a5c0-3f37-4a01-a251-ae8fee7eb20c]: (4, 'qcow2') {{(pid=81822) _call_back /opt/stack/data/venv/lib/python3.10/site-packages/oslo_privsep/daemon.py:515}}
Nov 12 21:04:51 devstack cinder-volume[80395]: DEBUG oslo_concurrency.processutils [None req-5c8cafd8-6ff3-42bb-b007-a01839e02ba8 tempest-SnapshotsActionsTest-446763817 None] Running cmd (subprocess): /opt/stack/data/venv/bin/python3.10 -m oslo_concurrency.prlimit --as=1073741824 --cpu=60 -- sudo cinder-rootwrap /etc/cinder/rootwrap.conf env LC_ALL=C qemu-img info -f qcow2 --output=json --force-share /opt/stack/data/cinder/mnt/6c77bd253ea5eb52564d8c29854eb707/volume-1dda1a80-d4ca-4325-8f94-bd634c6d02d2.81faef84-af60-49a4-a2d2-cef3c7fe96ea {{(pid=80395) execute /opt/stack/data/venv/lib/python3.10/site-packages/oslo_concurrency/processutils.py:349}}
Nov 12 21:04:51 devstack sudo[91253]: quobyte : PWD=/ ; USER=root ; COMMAND=/opt/stack/data/venv/bin/cinder-rootwrap /etc/cinder/rootwrap.conf env LC_ALL=C qemu-img info -f qcow2 --output=json --force-share /opt/stack/data/cinder/mnt/6c77bd253ea5eb52564d8c29854eb707/volume-1dda1a80-d4ca-4325-8f94-bd634c6d02d2.81faef84-af60-49a4-a2d2-cef3c7fe96ea
Nov 12 21:04:51 devstack sudo[91253]: pam_unix(sudo:session): session opened for user root(uid=0) by (uid=1000)
Nov 12 21:04:51 devstack sudo[91253]: pam_unix(sudo:session): session closed for user root
Nov 12 21:04:51 devstack cinder-volume[80395]: DEBUG oslo_concurrency.processutils [None req-5c8cafd8-6ff3-42bb-b007-a01839e02ba8 tempest-SnapshotsActionsTest-446763817 None] CMD "/opt/stack/data/venv/bin/python3.10 -m oslo_concurrency.prlimit --as=1073741824 --cpu=60 -- sudo cinder-rootwrap /etc/cinder/rootwrap.conf env LC_ALL=C qemu-img info -f qcow2 --output=json --force-share /opt/stack/data/cinder/mnt/6c77bd253ea5eb52564d8c29854eb707/volume-1dda1a80-d4ca-4325-8f94-bd634c6d02d2.81faef84-af60-49a4-a2d2-cef3c7fe96ea" returned: 0 in 0.606s {{(pid=80395) execute /opt/stack/data/venv/lib/python3.10/site-packages/oslo_concurrency/processutils.py:372}}
Nov 12 21:04:51 devstack cinder-volume[80395]: DEBUG cinder.volume.drivers.remotefs [None req-5c8cafd8-6ff3-42bb-b007-a01839e02ba8 tempest-SnapshotsActionsTest-446763817 None] Fetching qemu-img info with special backing_file_template: (/opt/stack/data/cinder/mnt/[0-9a-f]+/)?(volume-1dda1a80-d4ca-4325-8f94-bd634c6d02d2(.(tmp-snap-)?[0-9a-f-]+)?|volume_from_snapshot_cache/(tmp-snap-)?[0-9a-f-]+(.(child-|parent-)[0-9a-f-]+)?)$ {{(pid=80395) _qemu_img_info_base /opt/stack/cinder/cinder/volume/drivers/remotefs.py:886}}
Nov 12 21:04:51 devstack cinder-volume[80395]: DEBUG oslo_concurrency.processutils [None req-5c8cafd8-6ff3-42bb-b007-a01839e02ba8 tempest-SnapshotsActionsTest-446763817 None] Running cmd (subprocess): sudo cinder-rootwrap /etc/cinder/rootwrap.conf qemu-img create -f qcow2 -o backing_file=/opt/stack/data/cinder/mnt/6c77bd253ea5eb52564d8c29854eb707/volume-1dda1a80-d4ca-4325-8f94-bd634c6d02d2.81faef84-af60-49a4-a2d2-cef3c7fe96ea,backing_fmt=qcow2 /opt/stack/data/cinder/mnt/6c77bd253ea5eb52564d8c29854eb707/volume-1dda1a80-d4ca-4325-8f94-bd634c6d02d2.afbe6bbe-54be-4ffd-b148-d95c7c004a94 1G {{(pid=80395) execute /opt/stack/data/venv/lib/python3.10/site-packages/oslo_concurrency/processutils.py:349}}
Nov 12 21:04:51 devstack sudo[91258]: quobyte : PWD=/ ; USER=root ; COMMAND=/opt/stack/data/venv/bin/cinder-rootwrap /etc/cinder/rootwrap.conf qemu-img create -f qcow2 -o backing_file=/opt/stack/data/cinder/mnt/6c77bd253ea5eb52564d8c29854eb707/volume-1dda1a80-d4ca-4325-8f94-bd634c6d02d2.81faef84-af60-49a4-a2d2-cef3c7fe96ea,backing_fmt=qcow2 /opt/stack/data/cinder/mnt/6c77bd253ea5eb52564d8c29854eb707/volume-1dda1a80-d4ca-4325-8f94-bd634c6d02d2.afbe6bbe-54be-4ffd-b148-d95c7c004a94 1G
Nov 12 21:04:51 devstack sudo[91258]: pam_unix(sudo:session): session opened for user root(uid=0) by (uid=1000)
Nov 12 21:04:52 devstack sudo[91258]: pam_unix(sudo:session): session closed for user root
Nov 12 21:04:52 devstack cinder-volume[80395]: DEBUG oslo_concurrency.processutils [None req-5c8cafd8-6ff3-42bb-b007-a01839e02ba8 tempest-SnapshotsActionsTest-446763817 None] CMD "sudo cinder-rootwrap /etc/cinder/rootwrap.conf qemu-img create -f qcow2 -o backing_file=/opt/stack/data/cinder/mnt/6c77bd253ea5eb52564d8c29854eb707/volume-1dda1a80-d4ca-4325-8f94-bd634c6d02d2.81faef84-af60-49a4-a2d2-cef3c7fe96ea,backing_fmt=qcow2 /opt/stack/data/cinder/mnt/6c77bd253ea5eb52564d8c29854eb707/volume-1dda1a80-d4ca-4325-8f94-bd634c6d02d2.afbe6bbe-54be-4ffd-b148-d95c7c004a94 1G" returned: 0 in 0.572s {{(pid=80395) execute /opt/stack/data/venv/lib/python3.10/site-packages/oslo_concurrency/processutils.py:372}}
Nov 12 21:04:52 devstack cinder-volume[80395]: DEBUG oslo_concurrency.processutils [None req-5c8cafd8-6ff3-42bb-b007-a01839e02ba8 tempest-SnapshotsActionsTest-446763817 None] Running cmd (subprocess): sudo cinder-rootwrap /etc/cinder/rootwrap.conf qemu-img rebase -u -b volume-1dda1a80-d4ca-4325-8f94-bd634c6d02d2.81faef84-af60-49a4-a2d2-cef3c7fe96ea -F qcow2 /opt/stack/data/cinder/mnt/6c77bd253ea5eb52564d8c29854eb707/volume-1dda1a80-d4ca-4325-8f94-bd634c6d02d2.afbe6bbe-54be-4ffd-b148-d95c7c004a94 {{(pid=80395) execute /opt/stack/data/venv/lib/python3.10/site-packages/oslo_concurrency/processutils.py:349}}
Nov 12 21:04:52 devstack sudo[91263]: quobyte : PWD=/ ; USER=root ; COMMAND=/opt/stack/data/venv/bin/cinder-rootwrap /etc/cinder/rootwrap.conf qemu-img rebase -u -b volume-1dda1a80-d4ca-4325-8f94-bd634c6d02d2.81faef84-af60-49a4-a2d2-cef3c7fe96ea -F qcow2 /opt/stack/data/cinder/mnt/6c77bd253ea5eb52564d8c29854eb707/volume-1dda1a80-d4ca-4325-8f94-bd634c6d02d2.afbe6bbe-54be-4ffd-b148-d95c7c004a94
Nov 12 21:04:52 devstack sudo[91263]: pam_unix(sudo:session): session opened for user root(uid=0) by (uid=1000)
Nov 12 21:04:52 devstack sudo[91263]: pam_unix(sudo:session): session closed for user root
Nov 12 21:04:52 devstack cinder-volume[80395]: DEBUG oslo_concurrency.processutils [None req-5c8cafd8-6ff3-42bb-b007-a01839e02ba8 tempest-SnapshotsActionsTest-446763817 None] CMD "sudo cinder-rootwrap /etc/cinder/rootwrap.conf qemu-img rebase -u -b volume-1dda1a80-d4ca-4325-8f94-bd634c6d02d2.81faef84-af60-49a4-a2d2-cef3c7fe96ea -F qcow2 /opt/stack/data/cinder/mnt/6c77bd253ea5eb52564d8c29854eb707/volume-1dda1a80-d4ca-4325-8f94-bd634c6d02d2.afbe6bbe-54be-4ffd-b148-d95c7c004a94" returned: 0 in 0.495s {{(pid=80395) execute /opt/stack/data/venv/lib/python3.10/site-packages/oslo_concurrency/processutils.py:372}}
Nov 12 21:04:52 devstack cinder-volume[80395]: WARNING cinder.volume.drivers.remotefs [None req-5c8cafd8-6ff3-42bb-b007-a01839e02ba8 tempest-SnapshotsActionsTest-446763817 None] /opt/stack/data/cinder/mnt/6c77bd253ea5eb52564d8c29854eb707/volume-1dda1a80-d4ca-4325-8f94-bd634c6d02d2.afbe6bbe-54be-4ffd-b148-d95c7c004a94 is being set with open permissions: ugo+rw
Nov 12 21:04:52 devstack cinder-volume[80395]: DEBUG oslo_concurrency.processutils [None req-5c8cafd8-6ff3-42bb-b007-a01839e02ba8 tempest-SnapshotsActionsTest-446763817 None] Running cmd (subprocess): sudo cinder-rootwrap /etc/cinder/rootwrap.conf chmod ugo+rw /opt/stack/data/cinder/mnt/6c77bd253ea5eb52564d8c29854eb707/volume-1dda1a80-d4ca-4325-8f94-bd634c6d02d2.afbe6bbe-54be-4ffd-b148-d95c7c004a94 {{(pid=80395) execute /opt/stack/data/venv/lib/python3.10/site-packages/oslo_concurrency/processutils.py:349}}
Nov 12 21:04:52 devstack sudo[91270]: quobyte : PWD=/ ; USER=root ; COMMAND=/opt/stack/data/venv/bin/cinder-rootwrap /etc/cinder/rootwrap.conf chmod ugo+rw /opt/stack/data/cinder/mnt/6c77bd253ea5eb52564d8c29854eb707/volume-1dda1a80-d4ca-4325-8f94-bd634c6d02d2.afbe6bbe-54be-4ffd-b148-d95c7c004a94
Nov 12 21:04:52 devstack sudo[91270]: pam_unix(sudo:session): session opened for user root(uid=0) by (uid=1000)
Nov 12 21:04:53 devstack cinder-volume[80395]: WARNING cinder.volume.volume_utils [None req-96f6d71a-6040-4170-8103-486ee380ac54 tempest-AttachVolumeNegativeTest-114381806 None] Volume driver (QuobyteDriver 1.1.13) is currently unsupported and may be removed in the next release of OpenStack. Use at your own risk.
Nov 12 21:04:53 devstack cinder-volume[80395]: DEBUG cinder.volume.flows.manager.create_volume [None req-96f6d71a-6040-4170-8103-486ee380ac54 tempest-AttachVolumeNegativeTest-114381806 None] Volume reschedule parameters: True retry: {'num_attempts': 1, 'backends': ['devstack@QuobyteHD#QuobyteHD'], 'hosts': ['devstack@QuobyteHD#QuobyteHD']} {{(pid=80395) get_flow /opt/stack/cinder/cinder/volume/flows/manager/create_volume.py:1384}}
Nov 12 21:04:53 devstack cinder-volume[80395]: DEBUG cinder.volume.manager [None req-96f6d71a-6040-4170-8103-486ee380ac54 tempest-AttachVolumeNegativeTest-114381806 None] Flow 'volume_create_manager' (becf6217-1981-4144-9e1b-c5d3b749bedd) transitioned into state 'RUNNING' from state 'PENDING' {{(pid=80395) _flow_receiver /opt/stack/data/venv/lib/python3.10/site-packages/taskflow/listeners/logging.py:145}}
Nov 12 21:04:53 devstack cinder-volume[80395]: DEBUG cinder.volume.manager [None req-96f6d71a-6040-4170-8103-486ee380ac54 tempest-AttachVolumeNegativeTest-114381806 None] Task 'cinder.volume.flows.manager.create_volume.ExtractVolumeRefTask;volume:create' (12e9f1fe-4efe-4a44-ae90-88dcec1b9b04) transitioned into state 'RUNNING' from state 'PENDING' {{(pid=80395) _task_receiver /opt/stack/data/venv/lib/python3.10/site-packages/taskflow/listeners/logging.py:194}}
Nov 12 21:04:53 devstack cinder-volume[80395]: DEBUG cinder.volume.manager [None req-96f6d71a-6040-4170-8103-486ee380ac54 tempest-AttachVolumeNegativeTest-114381806 None] Task 'cinder.volume.flows.manager.create_volume.ExtractVolumeRefTask;volume:create' (12e9f1fe-4efe-4a44-ae90-88dcec1b9b04) transitioned into state 'SUCCESS' from state 'RUNNING' with result 'Volume(_name_id=None,admin_metadata=,attach_status='detached',availability_zone='nova',bootable=False,cluster=,cluster_name=None,consistencygroup=,consistencygroup_id=None,created_at=2025-11-12T20:04:53Z,deleted=False,deleted_at=None,display_description=None,display_name='tempest-AttachVolumeNegativeTest-volume-2024316783',ec2_id=None,encryption_key_id=None,glance_metadata=,group=,group_id=None,host='devstack@QuobyteHD#QuobyteHD',id=22714065-9215-4ea4-8efc-da823297e03b,launched_at=None,metadata={},migration_status=None,multiattach=False,previous_status=None,project_id='d37c2624a67f46a28e6a48f1f6bdbfb1',provider_auth=None,provider_geometry=None,provider_id=None,provider_location=None,replication_driver_data=None,replication_extended_status=None,replication_status=None,scheduled_at=2025-11-12T20:04:53Z,service_uuid=None,shared_targets=True,size=1,snapshot_id=None,snapshots=,source_volid=None,status='creating',terminated_at=None,updated_at=2025-11-12T20:04:53Z,use_quota=True,user_id='d9a6fcf898514bf09fa1d82a622066a7',volume_attachment=VolumeAttachmentList,volume_type=VolumeType(327df940-8140-49b2-9687-e47e709916c3),volume_type_id=327df940-8140-49b2-9687-e47e709916c3)' {{(pid=80395) _task_receiver /opt/stack/data/venv/lib/python3.10/site-packages/taskflow/listeners/logging.py:182}}
Nov 12 21:04:53 devstack cinder-volume[80395]: DEBUG cinder.volume.manager [None req-96f6d71a-6040-4170-8103-486ee380ac54 tempest-AttachVolumeNegativeTest-114381806 None] Task 'cinder.volume.flows.manager.create_volume.OnFailureRescheduleTask;volume:create' (a727e383-3ca5-4920-a72f-047aba4d3466) transitioned into state 'RUNNING' from state 'PENDING' {{(pid=80395) _task_receiver /opt/stack/data/venv/lib/python3.10/site-packages/taskflow/listeners/logging.py:194}}
Nov 12 21:04:53 devstack cinder-volume[80395]: DEBUG cinder.volume.manager [None req-96f6d71a-6040-4170-8103-486ee380ac54 tempest-AttachVolumeNegativeTest-114381806 None] Task 'cinder.volume.flows.manager.create_volume.OnFailureRescheduleTask;volume:create' (a727e383-3ca5-4920-a72f-047aba4d3466) transitioned into state 'SUCCESS' from state 'RUNNING' with result 'None' {{(pid=80395) _task_receiver /opt/stack/data/venv/lib/python3.10/site-packages/taskflow/listeners/logging.py:182}}
Nov 12 21:04:53 devstack cinder-volume[80395]: DEBUG cinder.volume.manager [None req-96f6d71a-6040-4170-8103-486ee380ac54 tempest-AttachVolumeNegativeTest-114381806 None] Task 'cinder.volume.flows.manager.create_volume.ExtractVolumeSpecTask;volume:create' (92915f34-1a47-4941-8550-54756595f897) transitioned into state 'RUNNING' from state 'PENDING' {{(pid=80395) _task_receiver /opt/stack/data/venv/lib/python3.10/site-packages/taskflow/listeners/logging.py:194}}
Nov 12 21:04:53 devstack cinder-volume[80395]: DEBUG cinder.volume.manager [None req-96f6d71a-6040-4170-8103-486ee380ac54 tempest-AttachVolumeNegativeTest-114381806 None] Task 'cinder.volume.flows.manager.create_volume.ExtractVolumeSpecTask;volume:create' (92915f34-1a47-4941-8550-54756595f897) transitioned into state 'SUCCESS' from state 'RUNNING' with result '{'status': 'creating', 'type': 'raw', 'volume_id': '22714065-9215-4ea4-8efc-da823297e03b', 'volume_name': 'volume-22714065-9215-4ea4-8efc-da823297e03b', 'volume_size': 1}' {{(pid=80395) _task_receiver /opt/stack/data/venv/lib/python3.10/site-packages/taskflow/listeners/logging.py:182}}
Nov 12 21:04:53 devstack cinder-volume[80395]: DEBUG cinder.volume.manager [None req-96f6d71a-6040-4170-8103-486ee380ac54 tempest-AttachVolumeNegativeTest-114381806 None] Task 'cinder.volume.flows.manager.create_volume.NotifyVolumeActionTask;volume:create, create.start' (ebecb48b-4814-42aa-87df-3c53ad375352) transitioned into state 'RUNNING' from state 'PENDING' {{(pid=80395) _task_receiver /opt/stack/data/venv/lib/python3.10/site-packages/taskflow/listeners/logging.py:194}}
Nov 12 21:04:53 devstack cinder-volume[80395]: DEBUG cinder.volume.manager [None req-96f6d71a-6040-4170-8103-486ee380ac54 tempest-AttachVolumeNegativeTest-114381806 None] Task 'cinder.volume.flows.manager.create_volume.NotifyVolumeActionTask;volume:create, create.start' (ebecb48b-4814-42aa-87df-3c53ad375352) transitioned into state 'SUCCESS' from state 'RUNNING' with result 'None' {{(pid=80395) _task_receiver /opt/stack/data/venv/lib/python3.10/site-packages/taskflow/listeners/logging.py:182}}
Nov 12 21:04:53 devstack cinder-volume[80395]: DEBUG cinder.volume.manager [None req-96f6d71a-6040-4170-8103-486ee380ac54 tempest-AttachVolumeNegativeTest-114381806 None] Task 'cinder.volume.flows.manager.create_volume.CreateVolumeFromSpecTask;volume:create' (852600b8-3589-4a25-aee7-787a1a989d26) transitioned into state 'RUNNING' from state 'PENDING' {{(pid=80395) _task_receiver /opt/stack/data/venv/lib/python3.10/site-packages/taskflow/listeners/logging.py:194}}
Nov 12 21:04:53 devstack cinder-volume[80395]: INFO cinder.volume.flows.manager.create_volume [None req-96f6d71a-6040-4170-8103-486ee380ac54 tempest-AttachVolumeNegativeTest-114381806 None] Volume 22714065-9215-4ea4-8efc-da823297e03b: being created as raw with specification: {'status': 'creating', 'volume_name': 'volume-22714065-9215-4ea4-8efc-da823297e03b', 'volume_size': 1}
Nov 12 21:04:53 devstack cinder-volume[80395]: DEBUG oslo_concurrency.lockutils [None req-96f6d71a-6040-4170-8103-486ee380ac54 tempest-AttachVolumeNegativeTest-114381806 None] Acquiring lock "quobyte" by "cinder.volume.drivers.quobyte.QuobyteDriver.create_volume" {{(pid=80395) inner /opt/stack/data/venv/lib/python3.10/site-packages/oslo_concurrency/lockutils.py:405}}
Nov 12 21:04:53 devstack sudo[91270]: pam_unix(sudo:session): session closed for user root
Nov 12 21:04:53 devstack cinder-volume[80395]: DEBUG oslo_concurrency.processutils [None req-5c8cafd8-6ff3-42bb-b007-a01839e02ba8 tempest-SnapshotsActionsTest-446763817 None] CMD "sudo cinder-rootwrap /etc/cinder/rootwrap.conf chmod ugo+rw /opt/stack/data/cinder/mnt/6c77bd253ea5eb52564d8c29854eb707/volume-1dda1a80-d4ca-4325-8f94-bd634c6d02d2.afbe6bbe-54be-4ffd-b148-d95c7c004a94" returned: 0 in 0.488s {{(pid=80395) execute /opt/stack/data/venv/lib/python3.10/site-packages/oslo_concurrency/processutils.py:372}}
Nov 12 21:04:53 devstack cinder-volume[80395]: DEBUG oslo_concurrency.lockutils [None req-5c8cafd8-6ff3-42bb-b007-a01839e02ba8 tempest-SnapshotsActionsTest-446763817 None] Lock "quobyte" "released" by "cinder.volume.drivers.quobyte.QuobyteDriver.create_snapshot" :: held 2.228s {{(pid=80395) inner /opt/stack/data/venv/lib/python3.10/site-packages/oslo_concurrency/lockutils.py:424}}
Nov 12 21:04:53 devstack cinder-volume[80395]: DEBUG oslo_concurrency.lockutils [None req-96f6d71a-6040-4170-8103-486ee380ac54 tempest-AttachVolumeNegativeTest-114381806 None] Lock "quobyte" acquired by "cinder.volume.drivers.quobyte.QuobyteDriver.create_volume" :: waited 0.037s {{(pid=80395) inner /opt/stack/data/venv/lib/python3.10/site-packages/oslo_concurrency/lockutils.py:410}}
Nov 12 21:04:53 devstack cinder-volume[80395]: DEBUG cinder.volume.drivers.quobyte [None req-96f6d71a-6040-4170-8103-486ee380ac54 tempest-AttachVolumeNegativeTest-114381806 None] ==> create_volume: call "{'self': , 'volume': Volume(_name_id=None,admin_metadata=,attach_status='detached',availability_zone='nova',bootable=False,cluster=,cluster_name=None,consistencygroup=,consistencygroup_id=None,created_at=2025-11-12T20:04:53Z,deleted=False,deleted_at=None,display_description=None,display_name='tempest-AttachVolumeNegativeTest-volume-2024316783',ec2_id=None,encryption_key_id=None,glance_metadata=,group=,group_id=None,host='devstack@QuobyteHD#QuobyteHD',id=22714065-9215-4ea4-8efc-da823297e03b,launched_at=None,metadata={},migration_status=None,multiattach=False,previous_status=None,project_id='d37c2624a67f46a28e6a48f1f6bdbfb1',provider_auth=None,provider_geometry=None,provider_id=None,provider_location=None,replication_driver_data=None,replication_extended_status=None,replication_status=None,scheduled_at=2025-11-12T20:04:53Z,service_uuid=None,shared_targets=True,size=1,snapshot_id=None,snapshots=,source_volid=None,status='creating',terminated_at=None,updated_at=2025-11-12T20:04:53Z,use_quota=True,user_id='d9a6fcf898514bf09fa1d82a622066a7',volume_attachment=VolumeAttachmentList,volume_type=VolumeType(327df940-8140-49b2-9687-e47e709916c3),volume_type_id=327df940-8140-49b2-9687-e47e709916c3)}" {{(pid=80395) trace_logging_wrapper /opt/stack/cinder/cinder/volume/volume_utils.py:1498}}
Nov 12 21:04:53 devstack cinder-volume[80395]: DEBUG cinder.volume.drivers.remotefs [None req-96f6d71a-6040-4170-8103-486ee380ac54 tempest-AttachVolumeNegativeTest-114381806 None] Creating volume 22714065-9215-4ea4-8efc-da823297e03b {{(pid=80395) create_volume /opt/stack/cinder/cinder/volume/drivers/remotefs.py:290}}
Nov 12 21:04:53 devstack cinder-volume[80395]: DEBUG oslo_concurrency.lockutils [None req-96f6d71a-6040-4170-8103-486ee380ac54 tempest-AttachVolumeNegativeTest-114381806 None] Acquiring lock "quobyte_ensure" by "cinder.volume.drivers.quobyte.QuobyteDriver._ensure_shares_mounted" {{(pid=80395) inner /opt/stack/data/venv/lib/python3.10/site-packages/oslo_concurrency/lockutils.py:405}}
Nov 12 21:04:53 devstack cinder-volume[80395]: DEBUG oslo_concurrency.lockutils [None req-96f6d71a-6040-4170-8103-486ee380ac54 tempest-AttachVolumeNegativeTest-114381806 None] Lock "quobyte_ensure" acquired by "cinder.volume.drivers.quobyte.QuobyteDriver._ensure_shares_mounted" :: waited 0.000s {{(pid=80395) inner /opt/stack/data/venv/lib/python3.10/site-packages/oslo_concurrency/lockutils.py:410}}
Nov 12 21:04:53 devstack cinder-volume[80395]: DEBUG cinder.volume.drivers.quobyte [None req-96f6d71a-6040-4170-8103-486ee380ac54 tempest-AttachVolumeNegativeTest-114381806 None] Quobyte Volume URL set to: {'osci02.corp.quobyte.com/cinder-vol-bce29942-68c8-4d0e-9847-31fb16e32472': None} {{(pid=80395) _load_shares_config /opt/stack/cinder/cinder/volume/drivers/quobyte.py:604}}
Nov 12 21:04:53 devstack cinder-volume[80395]: DEBUG cinder.volume.drivers.quobyte [None req-96f6d71a-6040-4170-8103-486ee380ac54 tempest-AttachVolumeNegativeTest-114381806 None] Available shares ['osci02.corp.quobyte.com/cinder-vol-bce29942-68c8-4d0e-9847-31fb16e32472'] {{(pid=80395) _ensure_shares_mounted /opt/stack/cinder/cinder/volume/drivers/quobyte.py:634}}
Nov 12 21:04:53 devstack cinder-volume[80395]: DEBUG oslo_concurrency.lockutils [None req-96f6d71a-6040-4170-8103-486ee380ac54 tempest-AttachVolumeNegativeTest-114381806 None] Lock "quobyte_ensure" "released" by "cinder.volume.drivers.quobyte.QuobyteDriver._ensure_shares_mounted" :: held 0.004s {{(pid=80395) inner /opt/stack/data/venv/lib/python3.10/site-packages/oslo_concurrency/lockutils.py:424}}
Nov 12 21:04:53 devstack cinder-volume[80395]: DEBUG cinder.volume.drivers.quobyte [None req-96f6d71a-6040-4170-8103-486ee380ac54 tempest-AttachVolumeNegativeTest-114381806 None] Selected osci02.corp.quobyte.com/cinder-vol-bce29942-68c8-4d0e-9847-31fb16e32472 as target Quobyte volume. {{(pid=80395) _find_share /opt/stack/cinder/cinder/volume/drivers/quobyte.py:655}}
Nov 12 21:04:53 devstack cinder-volume[80395]: INFO cinder.volume.drivers.remotefs [None req-96f6d71a-6040-4170-8103-486ee380ac54 tempest-AttachVolumeNegativeTest-114381806 None] casted to osci02.corp.quobyte.com/cinder-vol-bce29942-68c8-4d0e-9847-31fb16e32472
Nov 12 21:04:53 devstack cinder-volume[80395]: DEBUG oslo_concurrency.processutils [None req-96f6d71a-6040-4170-8103-486ee380ac54 tempest-AttachVolumeNegativeTest-114381806 None] Running cmd (subprocess): sudo cinder-rootwrap /etc/cinder/rootwrap.conf qemu-img create -f qcow2 -o preallocation=metadata /opt/stack/data/cinder/mnt/6c77bd253ea5eb52564d8c29854eb707/volume-22714065-9215-4ea4-8efc-da823297e03b 1073741824 {{(pid=80395) execute /opt/stack/data/venv/lib/python3.10/site-packages/oslo_concurrency/processutils.py:349}}
Nov 12 21:04:53 devstack sudo[91273]: quobyte : PWD=/ ; USER=root ; COMMAND=/opt/stack/data/venv/bin/cinder-rootwrap /etc/cinder/rootwrap.conf qemu-img create -f qcow2 -o preallocation=metadata /opt/stack/data/cinder/mnt/6c77bd253ea5eb52564d8c29854eb707/volume-22714065-9215-4ea4-8efc-da823297e03b 1073741824
Nov 12 21:04:53 devstack sudo[91273]: pam_unix(sudo:session): session opened for user root(uid=0) by (uid=1000)
Nov 12 21:04:53 devstack cinder-volume[80395]: INFO cinder.volume.manager [None req-5c8cafd8-6ff3-42bb-b007-a01839e02ba8 tempest-SnapshotsActionsTest-446763817 None] Create snapshot completed successfully
Nov 12 21:04:53 devstack sudo[91273]: pam_unix(sudo:session): session closed for user root
Nov 12 21:04:53 devstack cinder-volume[80395]: DEBUG oslo_concurrency.processutils [None req-96f6d71a-6040-4170-8103-486ee380ac54 tempest-AttachVolumeNegativeTest-114381806 None] CMD "sudo cinder-rootwrap /etc/cinder/rootwrap.conf qemu-img create -f qcow2 -o preallocation=metadata /opt/stack/data/cinder/mnt/6c77bd253ea5eb52564d8c29854eb707/volume-22714065-9215-4ea4-8efc-da823297e03b 1073741824" returned: 0 in 0.558s {{(pid=80395) execute /opt/stack/data/venv/lib/python3.10/site-packages/oslo_concurrency/processutils.py:372}}
Nov 12 21:04:53 devstack cinder-volume[80395]: DEBUG oslo_concurrency.processutils [None req-96f6d71a-6040-4170-8103-486ee380ac54 tempest-AttachVolumeNegativeTest-114381806 None] Running cmd (subprocess): sudo cinder-rootwrap /etc/cinder/rootwrap.conf chmod ugo+rw /opt/stack/data/cinder/mnt/6c77bd253ea5eb52564d8c29854eb707/volume-22714065-9215-4ea4-8efc-da823297e03b {{(pid=80395) execute /opt/stack/data/venv/lib/python3.10/site-packages/oslo_concurrency/processutils.py:349}}
Nov 12 21:04:53 devstack sudo[91285]: quobyte : PWD=/ ; USER=root ; COMMAND=/opt/stack/data/venv/bin/cinder-rootwrap /etc/cinder/rootwrap.conf chmod ugo+rw /opt/stack/data/cinder/mnt/6c77bd253ea5eb52564d8c29854eb707/volume-22714065-9215-4ea4-8efc-da823297e03b
Nov 12 21:04:53 devstack sudo[91285]: pam_unix(sudo:session): session opened for user root(uid=0) by (uid=1000)
Nov 12 21:04:54 devstack cinder-volume[80395]: DEBUG cinder.coordination [None req-49144006-e3fc-4e7a-8d18-afe4addebc98 tempest-SnapshotsActionsTest-737806839 None] Acquiring lock "cinder-afbe6bbe-54be-4ffd-b148-d95c7c004a94-delete_snapshot" by "delete_snapshot" {{(pid=80395) __acquire /opt/stack/cinder/cinder/coordination.py:143}}
Nov 12 21:04:54 devstack cinder-volume[80395]: DEBUG cinder.coordination [None req-49144006-e3fc-4e7a-8d18-afe4addebc98 tempest-SnapshotsActionsTest-737806839 None] Lock "cinder-afbe6bbe-54be-4ffd-b148-d95c7c004a94-delete_snapshot" acquired by "delete_snapshot" :: waited 0.016s {{(pid=80395) __acquire /opt/stack/cinder/cinder/coordination.py:146}}
Nov 12 21:04:54 devstack cinder-volume[80395]: WARNING cinder.volume.volume_utils [None req-49144006-e3fc-4e7a-8d18-afe4addebc98 tempest-SnapshotsActionsTest-737806839 None] Volume driver (QuobyteDriver 1.1.13) is currently unsupported and may be removed in the next release of OpenStack. Use at your own risk.
Nov 12 21:04:54 devstack cinder-volume[80395]: DEBUG cinder.coordination [None req-49144006-e3fc-4e7a-8d18-afe4addebc98 tempest-SnapshotsActionsTest-737806839 None] Acquiring lock "cinder-quobyte-1dda1a80-d4ca-4325-8f94-bd634c6d02d2" by "delete_snapshot" {{(pid=80395) __acquire /opt/stack/cinder/cinder/coordination.py:143}}
Nov 12 21:04:54 devstack cinder-volume[80395]: DEBUG cinder.coordination [None req-49144006-e3fc-4e7a-8d18-afe4addebc98 tempest-SnapshotsActionsTest-737806839 None] Lock "cinder-quobyte-1dda1a80-d4ca-4325-8f94-bd634c6d02d2" acquired by "delete_snapshot" :: waited 0.011s {{(pid=80395) __acquire /opt/stack/cinder/cinder/coordination.py:146}}
Nov 12 21:04:54 devstack cinder-volume[80395]: DEBUG cinder.coordination [None req-49144006-e3fc-4e7a-8d18-afe4addebc98 tempest-SnapshotsActionsTest-737806839 None] Acquiring lock "cinder-quobyte-afbe6bbe-54be-4ffd-b148-d95c7c004a94" by "_delete_snapshot" {{(pid=80395) __acquire /opt/stack/cinder/cinder/coordination.py:143}}
Nov 12 21:04:54 devstack cinder-volume[80395]: DEBUG cinder.coordination [None req-49144006-e3fc-4e7a-8d18-afe4addebc98 tempest-SnapshotsActionsTest-737806839 None] Lock "cinder-quobyte-afbe6bbe-54be-4ffd-b148-d95c7c004a94" acquired by "_delete_snapshot" :: waited 0.009s {{(pid=80395) __acquire /opt/stack/cinder/cinder/coordination.py:146}}
Nov 12 21:04:54 devstack cinder-volume[80395]: DEBUG cinder.volume.drivers.remotefs [None req-49144006-e3fc-4e7a-8d18-afe4addebc98 tempest-SnapshotsActionsTest-737806839 None] Deleting offline snapshot afbe6bbe-54be-4ffd-b148-d95c7c004a94 of volume 1dda1a80-d4ca-4325-8f94-bd634c6d02d2 {{(pid=80395) _delete_snapshot /opt/stack/cinder/cinder/volume/drivers/remotefs.py:1278}}
Nov 12 21:04:54 devstack cinder-volume[80395]: DEBUG cinder.volume.drivers.remotefs [None req-49144006-e3fc-4e7a-8d18-afe4addebc98 tempest-SnapshotsActionsTest-737806839 None] snapshot_file for this snap is: volume-1dda1a80-d4ca-4325-8f94-bd634c6d02d2.afbe6bbe-54be-4ffd-b148-d95c7c004a94 {{(pid=80395) _delete_snapshot /opt/stack/cinder/cinder/volume/drivers/remotefs.py:1307}}
Nov 12 21:04:54 devstack cinder-volume[80395]: DEBUG oslo.privsep.daemon [-] privsep: reply[1863cfd5-fda8-41de-86bf-1870b905780a]: (4, 'qcow2') {{(pid=81822) _call_back /opt/stack/data/venv/lib/python3.10/site-packages/oslo_privsep/daemon.py:515}}
Nov 12 21:04:54 devstack cinder-volume[80395]: DEBUG oslo_concurrency.processutils [None req-49144006-e3fc-4e7a-8d18-afe4addebc98 tempest-SnapshotsActionsTest-737806839 None] Running cmd (subprocess): /opt/stack/data/venv/bin/python3.10 -m oslo_concurrency.prlimit --as=1073741824 --cpu=60 -- sudo cinder-rootwrap /etc/cinder/rootwrap.conf env LC_ALL=C qemu-img info -f qcow2 --output=json --force-share /opt/stack/data/cinder/mnt/6c77bd253ea5eb52564d8c29854eb707/volume-1dda1a80-d4ca-4325-8f94-bd634c6d02d2.afbe6bbe-54be-4ffd-b148-d95c7c004a94 {{(pid=80395) execute /opt/stack/data/venv/lib/python3.10/site-packages/oslo_concurrency/processutils.py:349}}
Nov 12 21:04:54 devstack sudo[91285]: pam_unix(sudo:session): session closed for user root
Nov 12 21:04:54 devstack cinder-volume[80395]: DEBUG oslo_concurrency.processutils [None req-96f6d71a-6040-4170-8103-486ee380ac54 tempest-AttachVolumeNegativeTest-114381806 None] CMD "sudo cinder-rootwrap /etc/cinder/rootwrap.conf chmod ugo+rw /opt/stack/data/cinder/mnt/6c77bd253ea5eb52564d8c29854eb707/volume-22714065-9215-4ea4-8efc-da823297e03b" returned: 0 in 0.530s {{(pid=80395) execute /opt/stack/data/venv/lib/python3.10/site-packages/oslo_concurrency/processutils.py:372}}
Nov 12 21:04:54 devstack cinder-volume[80395]: DEBUG cinder.volume.drivers.quobyte [None req-96f6d71a-6040-4170-8103-486ee380ac54 tempest-AttachVolumeNegativeTest-114381806 None] <== create_volume: return (1096ms) {'provider_location': 'osci02.corp.quobyte.com/cinder-vol-bce29942-68c8-4d0e-9847-31fb16e32472'} {{(pid=80395) trace_logging_wrapper /opt/stack/cinder/cinder/volume/volume_utils.py:1523}}
Nov 12 21:04:54 devstack cinder-volume[80395]: DEBUG oslo_concurrency.lockutils [None req-96f6d71a-6040-4170-8103-486ee380ac54 tempest-AttachVolumeNegativeTest-114381806 None] Lock "quobyte" "released" by "cinder.volume.drivers.quobyte.QuobyteDriver.create_volume" :: held 1.099s {{(pid=80395) inner /opt/stack/data/venv/lib/python3.10/site-packages/oslo_concurrency/lockutils.py:424}}
Nov 12 21:04:54 devstack cinder-volume[80395]: DEBUG cinder.volume.manager [None req-96f6d71a-6040-4170-8103-486ee380ac54 tempest-AttachVolumeNegativeTest-114381806 None] Task 'cinder.volume.flows.manager.create_volume.CreateVolumeFromSpecTask;volume:create' (852600b8-3589-4a25-aee7-787a1a989d26) transitioned into state 'SUCCESS' from state 'RUNNING' with result '{'status': 'creating', 'volume_name': 'volume-22714065-9215-4ea4-8efc-da823297e03b', 'volume_size': 1}' {{(pid=80395) _task_receiver /opt/stack/data/venv/lib/python3.10/site-packages/taskflow/listeners/logging.py:182}}
Nov 12 21:04:54 devstack cinder-volume[80395]: DEBUG cinder.volume.manager [None req-96f6d71a-6040-4170-8103-486ee380ac54 tempest-AttachVolumeNegativeTest-114381806 None] Task 'cinder.volume.flows.manager.create_volume.CreateVolumeOnFinishTask;volume:create, create.end' (51524dfb-5acf-4b97-ad1a-7da6af2d2455) transitioned into state 'RUNNING' from state 'PENDING' {{(pid=80395) _task_receiver /opt/stack/data/venv/lib/python3.10/site-packages/taskflow/listeners/logging.py:194}}
Nov 12 21:04:54 devstack cinder-volume[80395]: INFO cinder.volume.flows.manager.create_volume [None req-96f6d71a-6040-4170-8103-486ee380ac54 tempest-AttachVolumeNegativeTest-114381806 None] Volume volume-22714065-9215-4ea4-8efc-da823297e03b (22714065-9215-4ea4-8efc-da823297e03b): created successfully
Nov 12 21:04:54 devstack cinder-volume[80395]: DEBUG cinder.volume.manager [None req-96f6d71a-6040-4170-8103-486ee380ac54 tempest-AttachVolumeNegativeTest-114381806 None] Task 'cinder.volume.flows.manager.create_volume.CreateVolumeOnFinishTask;volume:create, create.end' (51524dfb-5acf-4b97-ad1a-7da6af2d2455) transitioned into state 'SUCCESS' from state 'RUNNING' with result 'None' {{(pid=80395) _task_receiver /opt/stack/data/venv/lib/python3.10/site-packages/taskflow/listeners/logging.py:182}}
Nov 12 21:04:54 devstack cinder-volume[80395]: DEBUG cinder.volume.manager [None req-96f6d71a-6040-4170-8103-486ee380ac54 tempest-AttachVolumeNegativeTest-114381806 None] Flow 'volume_create_manager' (becf6217-1981-4144-9e1b-c5d3b749bedd) transitioned into state 'SUCCESS' from state 'RUNNING' {{(pid=80395) _flow_receiver /opt/stack/data/venv/lib/python3.10/site-packages/taskflow/listeners/logging.py:145}}
Nov 12 21:04:54 devstack cinder-volume[80395]: INFO cinder.volume.manager [None req-96f6d71a-6040-4170-8103-486ee380ac54 tempest-AttachVolumeNegativeTest-114381806 None] Created volume successfully.
Nov 12 21:04:54 devstack sudo[91288]: quobyte : PWD=/ ; USER=root ; COMMAND=/opt/stack/data/venv/bin/cinder-rootwrap /etc/cinder/rootwrap.conf env LC_ALL=C qemu-img info -f qcow2 --output=json --force-share /opt/stack/data/cinder/mnt/6c77bd253ea5eb52564d8c29854eb707/volume-1dda1a80-d4ca-4325-8f94-bd634c6d02d2.afbe6bbe-54be-4ffd-b148-d95c7c004a94
Nov 12 21:04:54 devstack sudo[91288]: pam_unix(sudo:session): session opened for user root(uid=0) by (uid=1000)
Nov 12 21:04:54 devstack sudo[91288]: pam_unix(sudo:session): session closed for user root
Nov 12 21:04:54 devstack cinder-volume[80395]: DEBUG oslo_concurrency.processutils [None req-49144006-e3fc-4e7a-8d18-afe4addebc98 tempest-SnapshotsActionsTest-737806839 None] CMD "/opt/stack/data/venv/bin/python3.10 -m oslo_concurrency.prlimit --as=1073741824 --cpu=60 -- sudo cinder-rootwrap /etc/cinder/rootwrap.conf env LC_ALL=C qemu-img info -f qcow2 --output=json --force-share /opt/stack/data/cinder/mnt/6c77bd253ea5eb52564d8c29854eb707/volume-1dda1a80-d4ca-4325-8f94-bd634c6d02d2.afbe6bbe-54be-4ffd-b148-d95c7c004a94" returned: 0 in 0.565s {{(pid=80395) execute /opt/stack/data/venv/lib/python3.10/site-packages/oslo_concurrency/processutils.py:372}}
Nov 12 21:04:54 devstack cinder-volume[80395]: DEBUG cinder.volume.drivers.remotefs [None req-49144006-e3fc-4e7a-8d18-afe4addebc98 tempest-SnapshotsActionsTest-737806839 None] Fetching qemu-img info with special backing_file_template: (/opt/stack/data/cinder/mnt/[0-9a-f]+/)?(volume-1dda1a80-d4ca-4325-8f94-bd634c6d02d2(.(tmp-snap-)?[0-9a-f-]+)?|volume_from_snapshot_cache/(tmp-snap-)?[0-9a-f-]+(.(child-|parent-)[0-9a-f-]+)?)$ {{(pid=80395) _qemu_img_info_base /opt/stack/cinder/cinder/volume/drivers/remotefs.py:886}}
Nov 12 21:04:54 devstack cinder-volume[80395]: DEBUG oslo.privsep.daemon [-] privsep: reply[206c541d-b98a-47c8-aa4a-e1ffaec19f5c]: (4, 'qcow2') {{(pid=81822) _call_back /opt/stack/data/venv/lib/python3.10/site-packages/oslo_privsep/daemon.py:515}}
Nov 12 21:04:54 devstack cinder-volume[80395]: DEBUG oslo_concurrency.processutils [None req-49144006-e3fc-4e7a-8d18-afe4addebc98 tempest-SnapshotsActionsTest-737806839 None] Running cmd (subprocess): /opt/stack/data/venv/bin/python3.10 -m oslo_concurrency.prlimit --as=1073741824 --cpu=60 -- sudo cinder-rootwrap /etc/cinder/rootwrap.conf env LC_ALL=C qemu-img info -f qcow2 --output=json --force-share /opt/stack/data/cinder/mnt/6c77bd253ea5eb52564d8c29854eb707/volume-1dda1a80-d4ca-4325-8f94-bd634c6d02d2.81faef84-af60-49a4-a2d2-cef3c7fe96ea {{(pid=80395) execute /opt/stack/data/venv/lib/python3.10/site-packages/oslo_concurrency/processutils.py:349}}
Nov 12 21:04:54 devstack sudo[91293]: quobyte : PWD=/ ; USER=root ; COMMAND=/opt/stack/data/venv/bin/cinder-rootwrap /etc/cinder/rootwrap.conf env LC_ALL=C qemu-img info -f qcow2 --output=json --force-share /opt/stack/data/cinder/mnt/6c77bd253ea5eb52564d8c29854eb707/volume-1dda1a80-d4ca-4325-8f94-bd634c6d02d2.81faef84-af60-49a4-a2d2-cef3c7fe96ea
Nov 12 21:04:54 devstack sudo[91293]: pam_unix(sudo:session): session opened for user root(uid=0) by (uid=1000)
Nov 12 21:04:55 devstack sudo[91293]: pam_unix(sudo:session): session closed for user root
Nov 12 21:04:55 devstack cinder-volume[80395]: DEBUG oslo_concurrency.processutils [None req-49144006-e3fc-4e7a-8d18-afe4addebc98 tempest-SnapshotsActionsTest-737806839 None] CMD "/opt/stack/data/venv/bin/python3.10 -m oslo_concurrency.prlimit --as=1073741824 --cpu=60 -- sudo cinder-rootwrap /etc/cinder/rootwrap.conf env LC_ALL=C qemu-img info -f qcow2 --output=json --force-share /opt/stack/data/cinder/mnt/6c77bd253ea5eb52564d8c29854eb707/volume-1dda1a80-d4ca-4325-8f94-bd634c6d02d2.81faef84-af60-49a4-a2d2-cef3c7fe96ea" returned: 0 in 0.584s {{(pid=80395) execute /opt/stack/data/venv/lib/python3.10/site-packages/oslo_concurrency/processutils.py:372}}
Nov 12 21:04:55 devstack cinder-volume[80395]: DEBUG cinder.volume.drivers.remotefs [None req-49144006-e3fc-4e7a-8d18-afe4addebc98 tempest-SnapshotsActionsTest-737806839 None] Fetching qemu-img info with special backing_file_template: (/opt/stack/data/cinder/mnt/[0-9a-f]+/)?(volume-1dda1a80-d4ca-4325-8f94-bd634c6d02d2(.(tmp-snap-)?[0-9a-f-]+)?|volume_from_snapshot_cache/(tmp-snap-)?[0-9a-f-]+(.(child-|parent-)[0-9a-f-]+)?)$ {{(pid=80395) _qemu_img_info_base /opt/stack/cinder/cinder/volume/drivers/remotefs.py:886}}
Nov 12 21:04:55 devstack cinder-volume[80395]: DEBUG oslo_concurrency.processutils [None req-49144006-e3fc-4e7a-8d18-afe4addebc98 tempest-SnapshotsActionsTest-737806839 None] Running cmd (subprocess): sudo cinder-rootwrap /etc/cinder/rootwrap.conf qemu-img commit -d /opt/stack/data/cinder/mnt/6c77bd253ea5eb52564d8c29854eb707/volume-1dda1a80-d4ca-4325-8f94-bd634c6d02d2.afbe6bbe-54be-4ffd-b148-d95c7c004a94 {{(pid=80395) execute /opt/stack/data/venv/lib/python3.10/site-packages/oslo_concurrency/processutils.py:349}}
Nov 12 21:04:55 devstack sudo[91298]: quobyte : PWD=/ ; USER=root ; COMMAND=/opt/stack/data/venv/bin/cinder-rootwrap /etc/cinder/rootwrap.conf qemu-img commit -d /opt/stack/data/cinder/mnt/6c77bd253ea5eb52564d8c29854eb707/volume-1dda1a80-d4ca-4325-8f94-bd634c6d02d2.afbe6bbe-54be-4ffd-b148-d95c7c004a94
Nov 12 21:04:55 devstack sudo[91298]: pam_unix(sudo:session): session opened for user root(uid=0) by (uid=1000)
Nov 12 21:04:55 devstack sudo[91298]: pam_unix(sudo:session): session closed for user root
