Nov 12 21:05:08 devstack cinder-volume[80395]: DEBUG oslo_concurrency.processutils [None req-8b17845d-0d4e-4d39-9a44-e84f1488abbe tempest-SnapshotsActionsTest-737806839 None] Running cmd (subprocess): /opt/stack/data/venv/bin/python3.10 -m oslo_concurrency.prlimit --as=1073741824 --cpu=60 -- sudo cinder-rootwrap /etc/cinder/rootwrap.conf env LC_ALL=C qemu-img info -f qcow2 --output=json --force-share /opt/stack/data/cinder/mnt/6c77bd253ea5eb52564d8c29854eb707/volume-1dda1a80-d4ca-4325-8f94-bd634c6d02d2.81faef84-af60-49a4-a2d2-cef3c7fe96ea {{(pid=80395) execute /opt/stack/data/venv/lib/python3.10/site-packages/oslo_concurrency/processutils.py:349}}
Nov 12 21:05:08 devstack sudo[91427]: quobyte : PWD=/ ; USER=root ; COMMAND=/opt/stack/data/venv/bin/cinder-rootwrap /etc/cinder/rootwrap.conf env LC_ALL=C qemu-img info -f qcow2 --output=json --force-share /opt/stack/data/cinder/mnt/6c77bd253ea5eb52564d8c29854eb707/volume-1dda1a80-d4ca-4325-8f94-bd634c6d02d2.81faef84-af60-49a4-a2d2-cef3c7fe96ea
Nov 12 21:05:08 devstack sudo[91427]: pam_unix(sudo:session): session opened for user root(uid=0) by (uid=1000)
Nov 12 21:05:08 devstack sudo[91427]: pam_unix(sudo:session): session closed for user root
Nov 12 21:05:08 devstack cinder-volume[80395]: DEBUG oslo_concurrency.processutils [None req-8b17845d-0d4e-4d39-9a44-e84f1488abbe tempest-SnapshotsActionsTest-737806839 None] CMD "/opt/stack/data/venv/bin/python3.10 -m oslo_concurrency.prlimit --as=1073741824 --cpu=60 -- sudo cinder-rootwrap /etc/cinder/rootwrap.conf env LC_ALL=C qemu-img info -f qcow2 --output=json --force-share /opt/stack/data/cinder/mnt/6c77bd253ea5eb52564d8c29854eb707/volume-1dda1a80-d4ca-4325-8f94-bd634c6d02d2.81faef84-af60-49a4-a2d2-cef3c7fe96ea" returned: 0 in 0.617s {{(pid=80395) execute /opt/stack/data/venv/lib/python3.10/site-packages/oslo_concurrency/processutils.py:372}}
Nov 12 21:05:08 devstack cinder-volume[80395]: DEBUG cinder.volume.drivers.remotefs [None req-8b17845d-0d4e-4d39-9a44-e84f1488abbe tempest-SnapshotsActionsTest-737806839 None] Fetching qemu-img info with special backing_file_template: (/opt/stack/data/cinder/mnt/[0-9a-f]+/)?(volume-1dda1a80-d4ca-4325-8f94-bd634c6d02d2(.(tmp-snap-)?[0-9a-f-]+)?|volume_from_snapshot_cache/(tmp-snap-)?[0-9a-f-]+(.(child-|parent-)[0-9a-f-]+)?)$ {{(pid=80395) _qemu_img_info_base /opt/stack/cinder/cinder/volume/drivers/remotefs.py:886}}
Nov 12 21:05:08 devstack cinder-volume[80395]: DEBUG oslo_concurrency.processutils [None req-8b17845d-0d4e-4d39-9a44-e84f1488abbe tempest-SnapshotsActionsTest-737806839 None] Running cmd (subprocess): sudo cinder-rootwrap /etc/cinder/rootwrap.conf qemu-img commit -d /opt/stack/data/cinder/mnt/6c77bd253ea5eb52564d8c29854eb707/volume-1dda1a80-d4ca-4325-8f94-bd634c6d02d2.e0665912-ab12-4172-b58b-a25e3fc42c9a {{(pid=80395) execute /opt/stack/data/venv/lib/python3.10/site-packages/oslo_concurrency/processutils.py:349}}
Nov 12 21:05:08 devstack sudo[91442]: quobyte : PWD=/ ; USER=root ; COMMAND=/opt/stack/data/venv/bin/cinder-rootwrap /etc/cinder/rootwrap.conf qemu-img commit -d /opt/stack/data/cinder/mnt/6c77bd253ea5eb52564d8c29854eb707/volume-1dda1a80-d4ca-4325-8f94-bd634c6d02d2.e0665912-ab12-4172-b58b-a25e3fc42c9a
Nov 12 21:05:08 devstack sudo[91442]: pam_unix(sudo:session): session opened for user root(uid=0) by (uid=1000)
Nov 12 21:05:09 devstack cinder-volume[80395]: WARNING cinder.volume.volume_utils [req-ef76df17-dc76-4c9b-8a42-61a6aac631d5 req-7fc59b07-6b7f-4097-a1e6-32af3d4339f1 tempest-ServerRescueNegativeTestJSON-1961344439 None] Volume driver (QuobyteDriver 1.1.13) is currently unsupported and may be removed in the next release of OpenStack. Use at your own risk.
Nov 12 21:05:09 devstack cinder-volume[80395]: WARNING cinder.volume.volume_utils [req-ef76df17-dc76-4c9b-8a42-61a6aac631d5 req-7fc59b07-6b7f-4097-a1e6-32af3d4339f1 tempest-ServerRescueNegativeTestJSON-1961344439 None] Volume driver (QuobyteDriver 1.1.13) is currently unsupported and may be removed in the next release of OpenStack. Use at your own risk.
Nov 12 21:05:09 devstack cinder-volume[80395]: INFO cinder.volume.manager [req-ef76df17-dc76-4c9b-8a42-61a6aac631d5 req-7fc59b07-6b7f-4097-a1e6-32af3d4339f1 tempest-ServerRescueNegativeTestJSON-1961344439 None] Terminate volume connection completed successfully.
Nov 12 21:05:09 devstack cinder-volume[80395]: DEBUG cinder.volume.manager [req-ef76df17-dc76-4c9b-8a42-61a6aac631d5 req-7fc59b07-6b7f-4097-a1e6-32af3d4339f1 tempest-ServerRescueNegativeTestJSON-1961344439 None] Deleting attachment c4fd3e1f-74c1-428c-8a91-e94a4c40e521. {{(pid=80395) attachment_delete /opt/stack/cinder/cinder/volume/manager.py:5023}}
Nov 12 21:05:09 devstack sudo[91442]: pam_unix(sudo:session): session closed for user root
Nov 12 21:05:09 devstack cinder-volume[80395]: DEBUG oslo_concurrency.processutils [None req-8b17845d-0d4e-4d39-9a44-e84f1488abbe tempest-SnapshotsActionsTest-737806839 None] CMD "sudo cinder-rootwrap /etc/cinder/rootwrap.conf qemu-img commit -d /opt/stack/data/cinder/mnt/6c77bd253ea5eb52564d8c29854eb707/volume-1dda1a80-d4ca-4325-8f94-bd634c6d02d2.e0665912-ab12-4172-b58b-a25e3fc42c9a" returned: 0 in 0.671s {{(pid=80395) execute /opt/stack/data/venv/lib/python3.10/site-packages/oslo_concurrency/processutils.py:372}}
Nov 12 21:05:09 devstack cinder-volume[80395]: DEBUG oslo_concurrency.processutils [None req-8b17845d-0d4e-4d39-9a44-e84f1488abbe tempest-SnapshotsActionsTest-737806839 None] Running cmd (subprocess): sudo cinder-rootwrap /etc/cinder/rootwrap.conf rm -f /opt/stack/data/cinder/mnt/6c77bd253ea5eb52564d8c29854eb707/volume-1dda1a80-d4ca-4325-8f94-bd634c6d02d2.e0665912-ab12-4172-b58b-a25e3fc42c9a {{(pid=80395) execute /opt/stack/data/venv/lib/python3.10/site-packages/oslo_concurrency/processutils.py:349}}
Nov 12 21:05:09 devstack sudo[91459]: quobyte : PWD=/ ; USER=root ; COMMAND=/opt/stack/data/venv/bin/cinder-rootwrap /etc/cinder/rootwrap.conf rm -f /opt/stack/data/cinder/mnt/6c77bd253ea5eb52564d8c29854eb707/volume-1dda1a80-d4ca-4325-8f94-bd634c6d02d2.e0665912-ab12-4172-b58b-a25e3fc42c9a
Nov 12 21:05:09 devstack sudo[91459]: pam_unix(sudo:session): session opened for user root(uid=0) by (uid=1000)
Nov 12 21:05:10 devstack sudo[91459]: pam_unix(sudo:session): session closed for user root
Nov 12 21:05:10 devstack cinder-volume[80395]: DEBUG oslo_concurrency.processutils [None req-8b17845d-0d4e-4d39-9a44-e84f1488abbe tempest-SnapshotsActionsTest-737806839 None] CMD "sudo cinder-rootwrap /etc/cinder/rootwrap.conf rm -f /opt/stack/data/cinder/mnt/6c77bd253ea5eb52564d8c29854eb707/volume-1dda1a80-d4ca-4325-8f94-bd634c6d02d2.e0665912-ab12-4172-b58b-a25e3fc42c9a" returned: 0 in 0.595s {{(pid=80395) execute /opt/stack/data/venv/lib/python3.10/site-packages/oslo_concurrency/processutils.py:372}}
Nov 12 21:05:10 devstack cinder-volume[80395]: DEBUG cinder.coordination [None req-8b17845d-0d4e-4d39-9a44-e84f1488abbe tempest-SnapshotsActionsTest-737806839 None] Lock "cinder-quobyte-e0665912-ab12-4172-b58b-a25e3fc42c9a" released by "_delete_snapshot" :: held 2.721s {{(pid=80395) __release /opt/stack/cinder/cinder/coordination.py:157}}
Nov 12 21:05:10 devstack cinder-volume[80395]: DEBUG cinder.coordination [None req-8b17845d-0d4e-4d39-9a44-e84f1488abbe tempest-SnapshotsActionsTest-737806839 None] Lock "cinder-quobyte-1dda1a80-d4ca-4325-8f94-bd634c6d02d2" released by "delete_snapshot" :: held 2.737s {{(pid=80395) __release /opt/stack/cinder/cinder/coordination.py:157}}
Nov 12 21:05:10 devstack cinder-volume[80395]: DEBUG cinder.quota [None req-8b17845d-0d4e-4d39-9a44-e84f1488abbe tempest-SnapshotsActionsTest-737806839 None] Created reservations ['e7262052-b4f3-4c80-a3ec-3bcd068ea13d', '8a301104-7168-4e96-9147-f0a9446015f8', 'd92ee7c3-5ac1-4a4b-a815-0e769335f9ca', '4d867d89-01a0-45e8-ac3b-1dc89f0e4136'] {{(pid=80395) reserve /opt/stack/cinder/cinder/quota.py:752}}
Nov 12 21:05:10 devstack cinder-volume[80395]: INFO cinder.volume.manager [None req-8b17845d-0d4e-4d39-9a44-e84f1488abbe tempest-SnapshotsActionsTest-737806839 None] Delete snapshot completed successfully.
Nov 12 21:05:10 devstack cinder-volume[80395]: DEBUG cinder.coordination [None req-8b17845d-0d4e-4d39-9a44-e84f1488abbe tempest-SnapshotsActionsTest-737806839 None] Lock "cinder-e0665912-ab12-4172-b58b-a25e3fc42c9a-delete_snapshot" released by "delete_snapshot" :: held 2.865s {{(pid=80395) __release /opt/stack/cinder/cinder/coordination.py:157}}
Nov 12 21:05:11 devstack cinder-volume[80395]: WARNING cinder.volume.volume_utils [None req-a8ee69d5-ba90-476c-82ec-c296982c93a9 tempest-SnapshotsActionsTest-446763817 None] Volume driver (QuobyteDriver 1.1.13) is currently unsupported and may be removed in the next release of OpenStack. Use at your own risk.
Nov 12 21:05:11 devstack cinder-volume[80395]: DEBUG oslo_concurrency.lockutils [None req-a8ee69d5-ba90-476c-82ec-c296982c93a9 tempest-SnapshotsActionsTest-446763817 None] Acquiring lock "quobyte" by "cinder.volume.drivers.quobyte.QuobyteDriver.create_snapshot" {{(pid=80395) inner /opt/stack/data/venv/lib/python3.10/site-packages/oslo_concurrency/lockutils.py:405}}
Nov 12 21:05:11 devstack cinder-volume[80395]: DEBUG oslo_concurrency.lockutils [None req-a8ee69d5-ba90-476c-82ec-c296982c93a9 tempest-SnapshotsActionsTest-446763817 None] Lock "quobyte" acquired by "cinder.volume.drivers.quobyte.QuobyteDriver.create_snapshot" :: waited 0.000s {{(pid=80395) inner /opt/stack/data/venv/lib/python3.10/site-packages/oslo_concurrency/lockutils.py:410}}
Nov 12 21:05:11 devstack cinder-volume[80395]: DEBUG cinder.volume.drivers.remotefs [None req-a8ee69d5-ba90-476c-82ec-c296982c93a9 tempest-SnapshotsActionsTest-446763817 None] Creating offline snapshot 67647603-f4c8-46fe-a9a8-92b267b9e85c of volume 1dda1a80-d4ca-4325-8f94-bd634c6d02d2 {{(pid=80395) _create_snapshot /opt/stack/cinder/cinder/volume/drivers/remotefs.py:1694}}
Nov 12 21:05:11 devstack cinder-volume[80395]: DEBUG oslo.privsep.daemon [-] privsep: reply[1ab60a1c-e2f7-4e5c-9e6e-10a022ed57c6]: (4, 'qcow2') {{(pid=81822) _call_back /opt/stack/data/venv/lib/python3.10/site-packages/oslo_privsep/daemon.py:515}}
Nov 12 21:05:11 devstack cinder-volume[80395]: DEBUG oslo_concurrency.processutils [None req-a8ee69d5-ba90-476c-82ec-c296982c93a9 tempest-SnapshotsActionsTest-446763817 None] Running cmd (subprocess): /opt/stack/data/venv/bin/python3.10 -m oslo_concurrency.prlimit --as=1073741824 --cpu=60 -- sudo cinder-rootwrap /etc/cinder/rootwrap.conf env LC_ALL=C qemu-img info -f qcow2 --output=json --force-share /opt/stack/data/cinder/mnt/6c77bd253ea5eb52564d8c29854eb707/volume-1dda1a80-d4ca-4325-8f94-bd634c6d02d2.81faef84-af60-49a4-a2d2-cef3c7fe96ea {{(pid=80395) execute /opt/stack/data/venv/lib/python3.10/site-packages/oslo_concurrency/processutils.py:349}}
Nov 12 21:05:11 devstack sudo[91475]: quobyte : PWD=/ ; USER=root ; COMMAND=/opt/stack/data/venv/bin/cinder-rootwrap /etc/cinder/rootwrap.conf env LC_ALL=C qemu-img info -f qcow2 --output=json --force-share /opt/stack/data/cinder/mnt/6c77bd253ea5eb52564d8c29854eb707/volume-1dda1a80-d4ca-4325-8f94-bd634c6d02d2.81faef84-af60-49a4-a2d2-cef3c7fe96ea
Nov 12 21:05:11 devstack sudo[91475]: pam_unix(sudo:session): session opened for user root(uid=0) by (uid=1000)
Nov 12 21:05:11 devstack sudo[91475]: pam_unix(sudo:session): session closed for user root
Nov 12 21:05:11 devstack cinder-volume[80395]: DEBUG oslo_concurrency.processutils [None req-a8ee69d5-ba90-476c-82ec-c296982c93a9 tempest-SnapshotsActionsTest-446763817 None] CMD "/opt/stack/data/venv/bin/python3.10 -m oslo_concurrency.prlimit --as=1073741824 --cpu=60 -- sudo cinder-rootwrap /etc/cinder/rootwrap.conf env LC_ALL=C qemu-img info -f qcow2 --output=json --force-share /opt/stack/data/cinder/mnt/6c77bd253ea5eb52564d8c29854eb707/volume-1dda1a80-d4ca-4325-8f94-bd634c6d02d2.81faef84-af60-49a4-a2d2-cef3c7fe96ea" returned: 0 in 0.823s {{(pid=80395) execute /opt/stack/data/venv/lib/python3.10/site-packages/oslo_concurrency/processutils.py:372}}
Nov 12 21:05:11 devstack cinder-volume[80395]: DEBUG cinder.volume.drivers.remotefs [None req-a8ee69d5-ba90-476c-82ec-c296982c93a9 tempest-SnapshotsActionsTest-446763817 None] Fetching qemu-img info with special backing_file_template: (/opt/stack/data/cinder/mnt/[0-9a-f]+/)?(volume-1dda1a80-d4ca-4325-8f94-bd634c6d02d2(.(tmp-snap-)?[0-9a-f-]+)?|volume_from_snapshot_cache/(tmp-snap-)?[0-9a-f-]+(.(child-|parent-)[0-9a-f-]+)?)$ {{(pid=80395) _qemu_img_info_base /opt/stack/cinder/cinder/volume/drivers/remotefs.py:886}}
Nov 12 21:05:11 devstack cinder-volume[80395]: DEBUG oslo_concurrency.processutils [None req-a8ee69d5-ba90-476c-82ec-c296982c93a9 tempest-SnapshotsActionsTest-446763817 None] Running cmd (subprocess): sudo cinder-rootwrap /etc/cinder/rootwrap.conf qemu-img create -f qcow2 -o backing_file=/opt/stack/data/cinder/mnt/6c77bd253ea5eb52564d8c29854eb707/volume-1dda1a80-d4ca-4325-8f94-bd634c6d02d2.81faef84-af60-49a4-a2d2-cef3c7fe96ea,backing_fmt=qcow2 /opt/stack/data/cinder/mnt/6c77bd253ea5eb52564d8c29854eb707/volume-1dda1a80-d4ca-4325-8f94-bd634c6d02d2.67647603-f4c8-46fe-a9a8-92b267b9e85c 1G {{(pid=80395) execute /opt/stack/data/venv/lib/python3.10/site-packages/oslo_concurrency/processutils.py:349}}
Nov 12 21:05:11 devstack sudo[91488]: quobyte : PWD=/ ; USER=root ; COMMAND=/opt/stack/data/venv/bin/cinder-rootwrap /etc/cinder/rootwrap.conf qemu-img create -f qcow2 -o backing_file=/opt/stack/data/cinder/mnt/6c77bd253ea5eb52564d8c29854eb707/volume-1dda1a80-d4ca-4325-8f94-bd634c6d02d2.81faef84-af60-49a4-a2d2-cef3c7fe96ea,backing_fmt=qcow2 /opt/stack/data/cinder/mnt/6c77bd253ea5eb52564d8c29854eb707/volume-1dda1a80-d4ca-4325-8f94-bd634c6d02d2.67647603-f4c8-46fe-a9a8-92b267b9e85c 1G
Nov 12 21:05:11 devstack sudo[91488]: pam_unix(sudo:session): session opened for user root(uid=0) by (uid=1000)
Nov 12 21:05:12 devstack sudo[91488]: pam_unix(sudo:session): session closed for user root
Nov 12 21:05:12 devstack cinder-volume[80395]: DEBUG oslo_concurrency.processutils [None req-a8ee69d5-ba90-476c-82ec-c296982c93a9 tempest-SnapshotsActionsTest-446763817 None] CMD "sudo cinder-rootwrap /etc/cinder/rootwrap.conf qemu-img create -f qcow2 -o backing_file=/opt/stack/data/cinder/mnt/6c77bd253ea5eb52564d8c29854eb707/volume-1dda1a80-d4ca-4325-8f94-bd634c6d02d2.81faef84-af60-49a4-a2d2-cef3c7fe96ea,backing_fmt=qcow2 /opt/stack/data/cinder/mnt/6c77bd253ea5eb52564d8c29854eb707/volume-1dda1a80-d4ca-4325-8f94-bd634c6d02d2.67647603-f4c8-46fe-a9a8-92b267b9e85c 1G" returned: 0 in 0.851s {{(pid=80395) execute /opt/stack/data/venv/lib/python3.10/site-packages/oslo_concurrency/processutils.py:372}}
Nov 12 21:05:12 devstack cinder-volume[80395]: DEBUG oslo_concurrency.processutils [None req-a8ee69d5-ba90-476c-82ec-c296982c93a9 tempest-SnapshotsActionsTest-446763817 None] Running cmd (subprocess): sudo cinder-rootwrap /etc/cinder/rootwrap.conf qemu-img rebase -u -b volume-1dda1a80-d4ca-4325-8f94-bd634c6d02d2.81faef84-af60-49a4-a2d2-cef3c7fe96ea -F qcow2 /opt/stack/data/cinder/mnt/6c77bd253ea5eb52564d8c29854eb707/volume-1dda1a80-d4ca-4325-8f94-bd634c6d02d2.67647603-f4c8-46fe-a9a8-92b267b9e85c {{(pid=80395) execute /opt/stack/data/venv/lib/python3.10/site-packages/oslo_concurrency/processutils.py:349}}
Nov 12 21:05:12 devstack sudo[91517]: quobyte : PWD=/ ; USER=root ; COMMAND=/opt/stack/data/venv/bin/cinder-rootwrap /etc/cinder/rootwrap.conf qemu-img rebase -u -b volume-1dda1a80-d4ca-4325-8f94-bd634c6d02d2.81faef84-af60-49a4-a2d2-cef3c7fe96ea -F qcow2 /opt/stack/data/cinder/mnt/6c77bd253ea5eb52564d8c29854eb707/volume-1dda1a80-d4ca-4325-8f94-bd634c6d02d2.67647603-f4c8-46fe-a9a8-92b267b9e85c
Nov 12 21:05:12 devstack sudo[91517]: pam_unix(sudo:session): session opened for user root(uid=0) by (uid=1000)
Nov 12 21:05:13 devstack sudo[91517]: pam_unix(sudo:session): session closed for user root
Nov 12 21:05:13 devstack cinder-volume[80395]: DEBUG oslo_concurrency.processutils [None req-a8ee69d5-ba90-476c-82ec-c296982c93a9 tempest-SnapshotsActionsTest-446763817 None] CMD "sudo cinder-rootwrap /etc/cinder/rootwrap.conf qemu-img rebase -u -b volume-1dda1a80-d4ca-4325-8f94-bd634c6d02d2.81faef84-af60-49a4-a2d2-cef3c7fe96ea -F qcow2 /opt/stack/data/cinder/mnt/6c77bd253ea5eb52564d8c29854eb707/volume-1dda1a80-d4ca-4325-8f94-bd634c6d02d2.67647603-f4c8-46fe-a9a8-92b267b9e85c" returned: 0 in 0.609s {{(pid=80395) execute /opt/stack/data/venv/lib/python3.10/site-packages/oslo_concurrency/processutils.py:372}}
Nov 12 21:05:13 devstack cinder-volume[80395]: WARNING cinder.volume.drivers.remotefs [None req-a8ee69d5-ba90-476c-82ec-c296982c93a9 tempest-SnapshotsActionsTest-446763817 None] /opt/stack/data/cinder/mnt/6c77bd253ea5eb52564d8c29854eb707/volume-1dda1a80-d4ca-4325-8f94-bd634c6d02d2.67647603-f4c8-46fe-a9a8-92b267b9e85c is being set with open permissions: ugo+rw
Nov 12 21:05:13 devstack cinder-volume[80395]: DEBUG oslo_concurrency.processutils [None req-a8ee69d5-ba90-476c-82ec-c296982c93a9 tempest-SnapshotsActionsTest-446763817 None] Running cmd (subprocess): sudo cinder-rootwrap /etc/cinder/rootwrap.conf chmod ugo+rw /opt/stack/data/cinder/mnt/6c77bd253ea5eb52564d8c29854eb707/volume-1dda1a80-d4ca-4325-8f94-bd634c6d02d2.67647603-f4c8-46fe-a9a8-92b267b9e85c {{(pid=80395) execute /opt/stack/data/venv/lib/python3.10/site-packages/oslo_concurrency/processutils.py:349}}
Nov 12 21:05:13 devstack sudo[91527]: quobyte : PWD=/ ; USER=root ; COMMAND=/opt/stack/data/venv/bin/cinder-rootwrap /etc/cinder/rootwrap.conf chmod ugo+rw /opt/stack/data/cinder/mnt/6c77bd253ea5eb52564d8c29854eb707/volume-1dda1a80-d4ca-4325-8f94-bd634c6d02d2.67647603-f4c8-46fe-a9a8-92b267b9e85c
Nov 12 21:05:13 devstack sudo[91527]: pam_unix(sudo:session): session opened for user root(uid=0) by (uid=1000)
Nov 12 21:05:13 devstack sudo[91527]: pam_unix(sudo:session): session closed for user root
Nov 12 21:05:13 devstack cinder-volume[80395]: DEBUG oslo_concurrency.processutils [None req-a8ee69d5-ba90-476c-82ec-c296982c93a9 tempest-SnapshotsActionsTest-446763817 None] CMD "sudo cinder-rootwrap /etc/cinder/rootwrap.conf chmod ugo+rw /opt/stack/data/cinder/mnt/6c77bd253ea5eb52564d8c29854eb707/volume-1dda1a80-d4ca-4325-8f94-bd634c6d02d2.67647603-f4c8-46fe-a9a8-92b267b9e85c" returned: 0 in 0.555s {{(pid=80395) execute /opt/stack/data/venv/lib/python3.10/site-packages/oslo_concurrency/processutils.py:372}}
Nov 12 21:05:13 devstack cinder-volume[80395]: DEBUG oslo_concurrency.lockutils [None req-a8ee69d5-ba90-476c-82ec-c296982c93a9 tempest-SnapshotsActionsTest-446763817 None] Lock "quobyte" "released" by "cinder.volume.drivers.quobyte.QuobyteDriver.create_snapshot" :: held 2.927s {{(pid=80395) inner /opt/stack/data/venv/lib/python3.10/site-packages/oslo_concurrency/lockutils.py:424}}
Nov 12 21:05:13 devstack cinder-volume[80395]: INFO cinder.volume.manager [None req-a8ee69d5-ba90-476c-82ec-c296982c93a9 tempest-SnapshotsActionsTest-446763817 None] Create snapshot completed successfully
Nov 12 21:05:14 devstack cinder-volume[80395]: DEBUG cinder.coordination [None req-03ac3e16-9101-418d-ab2b-a3257b90bce3 tempest-SnapshotsActionsTest-737806839 None] Acquiring lock "cinder-67647603-f4c8-46fe-a9a8-92b267b9e85c-delete_snapshot" by "delete_snapshot" {{(pid=80395) __acquire /opt/stack/cinder/cinder/coordination.py:143}}
Nov 12 21:05:14 devstack cinder-volume[80395]: DEBUG cinder.coordination [None req-03ac3e16-9101-418d-ab2b-a3257b90bce3 tempest-SnapshotsActionsTest-737806839 None] Lock "cinder-67647603-f4c8-46fe-a9a8-92b267b9e85c-delete_snapshot" acquired by "delete_snapshot" :: waited 0.009s {{(pid=80395) __acquire /opt/stack/cinder/cinder/coordination.py:146}}
Nov 12 21:05:14 devstack cinder-volume[80395]: WARNING cinder.volume.volume_utils [None req-03ac3e16-9101-418d-ab2b-a3257b90bce3 tempest-SnapshotsActionsTest-737806839 None] Volume driver (QuobyteDriver 1.1.13) is currently unsupported and may be removed in the next release of OpenStack. Use at your own risk.
Nov 12 21:05:14 devstack cinder-volume[80395]: DEBUG cinder.coordination [None req-03ac3e16-9101-418d-ab2b-a3257b90bce3 tempest-SnapshotsActionsTest-737806839 None] Acquiring lock "cinder-quobyte-1dda1a80-d4ca-4325-8f94-bd634c6d02d2" by "delete_snapshot" {{(pid=80395) __acquire /opt/stack/cinder/cinder/coordination.py:143}}
Nov 12 21:05:14 devstack cinder-volume[80395]: DEBUG cinder.coordination [None req-03ac3e16-9101-418d-ab2b-a3257b90bce3 tempest-SnapshotsActionsTest-737806839 None] Lock "cinder-quobyte-1dda1a80-d4ca-4325-8f94-bd634c6d02d2" acquired by "delete_snapshot" :: waited 0.010s {{(pid=80395) __acquire /opt/stack/cinder/cinder/coordination.py:146}}
Nov 12 21:05:14 devstack cinder-volume[80395]: DEBUG cinder.coordination [None req-03ac3e16-9101-418d-ab2b-a3257b90bce3 tempest-SnapshotsActionsTest-737806839 None] Acquiring lock "cinder-quobyte-67647603-f4c8-46fe-a9a8-92b267b9e85c" by "_delete_snapshot" {{(pid=80395) __acquire /opt/stack/cinder/cinder/coordination.py:143}}
Nov 12 21:05:14 devstack cinder-volume[80395]: DEBUG cinder.coordination [None req-03ac3e16-9101-418d-ab2b-a3257b90bce3 tempest-SnapshotsActionsTest-737806839 None] Lock "cinder-quobyte-67647603-f4c8-46fe-a9a8-92b267b9e85c" acquired by "_delete_snapshot" :: waited 0.009s {{(pid=80395) __acquire /opt/stack/cinder/cinder/coordination.py:146}}
Nov 12 21:05:14 devstack cinder-volume[80395]: DEBUG cinder.volume.drivers.remotefs [None req-03ac3e16-9101-418d-ab2b-a3257b90bce3 tempest-SnapshotsActionsTest-737806839 None] Deleting offline snapshot 67647603-f4c8-46fe-a9a8-92b267b9e85c of volume 1dda1a80-d4ca-4325-8f94-bd634c6d02d2 {{(pid=80395) _delete_snapshot /opt/stack/cinder/cinder/volume/drivers/remotefs.py:1278}}
Nov 12 21:05:14 devstack cinder-volume[80395]: DEBUG cinder.volume.drivers.remotefs [None req-03ac3e16-9101-418d-ab2b-a3257b90bce3 tempest-SnapshotsActionsTest-737806839 None] snapshot_file for this snap is: volume-1dda1a80-d4ca-4325-8f94-bd634c6d02d2.67647603-f4c8-46fe-a9a8-92b267b9e85c {{(pid=80395) _delete_snapshot /opt/stack/cinder/cinder/volume/drivers/remotefs.py:1307}}
Nov 12 21:05:14 devstack cinder-volume[80395]: DEBUG oslo.privsep.daemon [-] privsep: reply[cd04feb6-e2d2-4cf9-be74-7b09be2bd5e0]: (4, 'qcow2') {{(pid=81822) _call_back /opt/stack/data/venv/lib/python3.10/site-packages/oslo_privsep/daemon.py:515}}
Nov 12 21:05:14 devstack cinder-volume[80395]: DEBUG oslo_concurrency.processutils [None req-03ac3e16-9101-418d-ab2b-a3257b90bce3 tempest-SnapshotsActionsTest-737806839 None] Running cmd (subprocess): /opt/stack/data/venv/bin/python3.10 -m oslo_concurrency.prlimit --as=1073741824 --cpu=60 -- sudo cinder-rootwrap /etc/cinder/rootwrap.conf env LC_ALL=C qemu-img info -f qcow2 --output=json --force-share /opt/stack/data/cinder/mnt/6c77bd253ea5eb52564d8c29854eb707/volume-1dda1a80-d4ca-4325-8f94-bd634c6d02d2.67647603-f4c8-46fe-a9a8-92b267b9e85c {{(pid=80395) execute /opt/stack/data/venv/lib/python3.10/site-packages/oslo_concurrency/processutils.py:349}}
Nov 12 21:05:14 devstack sudo[91543]: quobyte : PWD=/ ; USER=root ; COMMAND=/opt/stack/data/venv/bin/cinder-rootwrap /etc/cinder/rootwrap.conf env LC_ALL=C qemu-img info -f qcow2 --output=json --force-share /opt/stack/data/cinder/mnt/6c77bd253ea5eb52564d8c29854eb707/volume-1dda1a80-d4ca-4325-8f94-bd634c6d02d2.67647603-f4c8-46fe-a9a8-92b267b9e85c
Nov 12 21:05:14 devstack sudo[91543]: pam_unix(sudo:session): session opened for user root(uid=0) by (uid=1000)
Nov 12 21:05:15 devstack sudo[91543]: pam_unix(sudo:session): session closed for user root
Nov 12 21:05:15 devstack cinder-volume[80395]: DEBUG oslo_concurrency.processutils [None req-03ac3e16-9101-418d-ab2b-a3257b90bce3 tempest-SnapshotsActionsTest-737806839 None] CMD "/opt/stack/data/venv/bin/python3.10 -m oslo_concurrency.prlimit --as=1073741824 --cpu=60 -- sudo cinder-rootwrap /etc/cinder/rootwrap.conf env LC_ALL=C qemu-img info -f qcow2 --output=json --force-share /opt/stack/data/cinder/mnt/6c77bd253ea5eb52564d8c29854eb707/volume-1dda1a80-d4ca-4325-8f94-bd634c6d02d2.67647603-f4c8-46fe-a9a8-92b267b9e85c" returned: 0 in 0.736s {{(pid=80395) execute /opt/stack/data/venv/lib/python3.10/site-packages/oslo_concurrency/processutils.py:372}}
Nov 12 21:05:15 devstack cinder-volume[80395]: DEBUG cinder.volume.drivers.remotefs [None req-03ac3e16-9101-418d-ab2b-a3257b90bce3 tempest-SnapshotsActionsTest-737806839 None] Fetching qemu-img info with special backing_file_template: (/opt/stack/data/cinder/mnt/[0-9a-f]+/)?(volume-1dda1a80-d4ca-4325-8f94-bd634c6d02d2(.(tmp-snap-)?[0-9a-f-]+)?|volume_from_snapshot_cache/(tmp-snap-)?[0-9a-f-]+(.(child-|parent-)[0-9a-f-]+)?)$ {{(pid=80395) _qemu_img_info_base /opt/stack/cinder/cinder/volume/drivers/remotefs.py:886}}
Nov 12 21:05:15 devstack cinder-volume[80395]: DEBUG oslo.privsep.daemon [-] privsep: reply[e1c30087-7988-4efc-b9f4-dcbccee4b81b]: (4, 'qcow2') {{(pid=81822) _call_back /opt/stack/data/venv/lib/python3.10/site-packages/oslo_privsep/daemon.py:515}}
Nov 12 21:05:15 devstack cinder-volume[80395]: DEBUG oslo_concurrency.processutils [None req-03ac3e16-9101-418d-ab2b-a3257b90bce3 tempest-SnapshotsActionsTest-737806839 None] Running cmd (subprocess): /opt/stack/data/venv/bin/python3.10 -m oslo_concurrency.prlimit --as=1073741824 --cpu=60 -- sudo cinder-rootwrap /etc/cinder/rootwrap.conf env LC_ALL=C qemu-img info -f qcow2 --output=json --force-share /opt/stack/data/cinder/mnt/6c77bd253ea5eb52564d8c29854eb707/volume-1dda1a80-d4ca-4325-8f94-bd634c6d02d2.81faef84-af60-49a4-a2d2-cef3c7fe96ea {{(pid=80395) execute /opt/stack/data/venv/lib/python3.10/site-packages/oslo_concurrency/processutils.py:349}}
Nov 12 21:05:15 devstack sudo[91551]: quobyte : PWD=/ ; USER=root ; COMMAND=/opt/stack/data/venv/bin/cinder-rootwrap /etc/cinder/rootwrap.conf env LC_ALL=C qemu-img info -f qcow2 --output=json --force-share /opt/stack/data/cinder/mnt/6c77bd253ea5eb52564d8c29854eb707/volume-1dda1a80-d4ca-4325-8f94-bd634c6d02d2.81faef84-af60-49a4-a2d2-cef3c7fe96ea
Nov 12 21:05:15 devstack sudo[91551]: pam_unix(sudo:session): session opened for user root(uid=0) by (uid=1000)
Nov 12 21:05:15 devstack sudo[91551]: pam_unix(sudo:session): session closed for user root
Nov 12 21:05:15 devstack cinder-volume[80395]: DEBUG oslo_concurrency.processutils [None req-03ac3e16-9101-418d-ab2b-a3257b90bce3 tempest-SnapshotsActionsTest-737806839 None] CMD "/opt/stack/data/venv/bin/python3.10 -m oslo_concurrency.prlimit --as=1073741824 --cpu=60 -- sudo cinder-rootwrap /etc/cinder/rootwrap.conf env LC_ALL=C qemu-img info -f qcow2 --output=json --force-share /opt/stack/data/cinder/mnt/6c77bd253ea5eb52564d8c29854eb707/volume-1dda1a80-d4ca-4325-8f94-bd634c6d02d2.81faef84-af60-49a4-a2d2-cef3c7fe96ea" returned: 0 in 0.680s {{(pid=80395) execute /opt/stack/data/venv/lib/python3.10/site-packages/oslo_concurrency/processutils.py:372}}
Nov 12 21:05:15 devstack cinder-volume[80395]: DEBUG cinder.volume.drivers.remotefs [None req-03ac3e16-9101-418d-ab2b-a3257b90bce3 tempest-SnapshotsActionsTest-737806839 None] Fetching qemu-img info with special backing_file_template: (/opt/stack/data/cinder/mnt/[0-9a-f]+/)?(volume-1dda1a80-d4ca-4325-8f94-bd634c6d02d2(.(tmp-snap-)?[0-9a-f-]+)?|volume_from_snapshot_cache/(tmp-snap-)?[0-9a-f-]+(.(child-|parent-)[0-9a-f-]+)?)$ {{(pid=80395) _qemu_img_info_base /opt/stack/cinder/cinder/volume/drivers/remotefs.py:886}}
Nov 12 21:05:15 devstack cinder-volume[80395]: DEBUG oslo_concurrency.processutils [None req-03ac3e16-9101-418d-ab2b-a3257b90bce3 tempest-SnapshotsActionsTest-737806839 None] Running cmd (subprocess): sudo cinder-rootwrap /etc/cinder/rootwrap.conf qemu-img commit -d /opt/stack/data/cinder/mnt/6c77bd253ea5eb52564d8c29854eb707/volume-1dda1a80-d4ca-4325-8f94-bd634c6d02d2.67647603-f4c8-46fe-a9a8-92b267b9e85c {{(pid=80395) execute /opt/stack/data/venv/lib/python3.10/site-packages/oslo_concurrency/processutils.py:349}}
Nov 12 21:05:15 devstack sudo[91557]: quobyte : PWD=/ ; USER=root ; COMMAND=/opt/stack/data/venv/bin/cinder-rootwrap /etc/cinder/rootwrap.conf qemu-img commit -d /opt/stack/data/cinder/mnt/6c77bd253ea5eb52564d8c29854eb707/volume-1dda1a80-d4ca-4325-8f94-bd634c6d02d2.67647603-f4c8-46fe-a9a8-92b267b9e85c
Nov 12 21:05:15 devstack sudo[91557]: pam_unix(sudo:session): session opened for user root(uid=0) by (uid=1000)
Nov 12 21:05:16 devstack sudo[91557]: pam_unix(sudo:session): session closed for user root
Nov 12 21:05:16 devstack cinder-volume[80395]: DEBUG oslo_concurrency.processutils [None req-03ac3e16-9101-418d-ab2b-a3257b90bce3 tempest-SnapshotsActionsTest-737806839 None] CMD "sudo cinder-rootwrap /etc/cinder/rootwrap.conf qemu-img commit -d /opt/stack/data/cinder/mnt/6c77bd253ea5eb52564d8c29854eb707/volume-1dda1a80-d4ca-4325-8f94-bd634c6d02d2.67647603-f4c8-46fe-a9a8-92b267b9e85c" returned: 0 in 0.564s {{(pid=80395) execute /opt/stack/data/venv/lib/python3.10/site-packages/oslo_concurrency/processutils.py:372}}
Nov 12 21:05:16 devstack cinder-volume[80395]: DEBUG oslo_concurrency.processutils [None req-03ac3e16-9101-418d-ab2b-a3257b90bce3 tempest-SnapshotsActionsTest-737806839 None] Running cmd (subprocess): sudo cinder-rootwrap /etc/cinder/rootwrap.conf rm -f /opt/stack/data/cinder/mnt/6c77bd253ea5eb52564d8c29854eb707/volume-1dda1a80-d4ca-4325-8f94-bd634c6d02d2.67647603-f4c8-46fe-a9a8-92b267b9e85c {{(pid=80395) execute /opt/stack/data/venv/lib/python3.10/site-packages/oslo_concurrency/processutils.py:349}}
Nov 12 21:05:16 devstack sudo[91563]: quobyte : PWD=/ ; USER=root ; COMMAND=/opt/stack/data/venv/bin/cinder-rootwrap /etc/cinder/rootwrap.conf rm -f /opt/stack/data/cinder/mnt/6c77bd253ea5eb52564d8c29854eb707/volume-1dda1a80-d4ca-4325-8f94-bd634c6d02d2.67647603-f4c8-46fe-a9a8-92b267b9e85c
Nov 12 21:05:16 devstack sudo[91563]: pam_unix(sudo:session): session opened for user root(uid=0) by (uid=1000)
Nov 12 21:05:17 devstack sudo[91563]: pam_unix(sudo:session): session closed for user root
Nov 12 21:05:17 devstack cinder-volume[80395]: DEBUG oslo_concurrency.processutils [None req-03ac3e16-9101-418d-ab2b-a3257b90bce3 tempest-SnapshotsActionsTest-737806839 None] CMD "sudo cinder-rootwrap /etc/cinder/rootwrap.conf rm -f /opt/stack/data/cinder/mnt/6c77bd253ea5eb52564d8c29854eb707/volume-1dda1a80-d4ca-4325-8f94-bd634c6d02d2.67647603-f4c8-46fe-a9a8-92b267b9e85c" returned: 0 in 0.831s {{(pid=80395) execute /opt/stack/data/venv/lib/python3.10/site-packages/oslo_concurrency/processutils.py:372}}
Nov 12 21:05:17 devstack cinder-volume[80395]: DEBUG cinder.coordination [None req-03ac3e16-9101-418d-ab2b-a3257b90bce3 tempest-SnapshotsActionsTest-737806839 None] Lock "cinder-quobyte-67647603-f4c8-46fe-a9a8-92b267b9e85c" released by "_delete_snapshot" :: held 2.899s {{(pid=80395) __release /opt/stack/cinder/cinder/coordination.py:157}}
Nov 12 21:05:17 devstack cinder-volume[80395]: DEBUG cinder.coordination [None req-03ac3e16-9101-418d-ab2b-a3257b90bce3 tempest-SnapshotsActionsTest-737806839 None] Lock "cinder-quobyte-1dda1a80-d4ca-4325-8f94-bd634c6d02d2" released by "delete_snapshot" :: held 2.915s {{(pid=80395) __release /opt/stack/cinder/cinder/coordination.py:157}}
Nov 12 21:05:17 devstack cinder-volume[80395]: DEBUG dbcounter [-] [80395] Writing DB stats cinder:UPDATE=69,cinder:SELECT=65,cinder:INSERT=19,cinder:DELETE=7 {{(pid=80395) stat_writer /opt/stack/data/venv/lib/python3.10/site-packages/dbcounter.py:115}}
Nov 12 21:05:17 devstack cinder-volume[80395]: DEBUG cinder.quota [None req-03ac3e16-9101-418d-ab2b-a3257b90bce3 tempest-SnapshotsActionsTest-737806839 None] Created reservations ['d8582071-2547-4535-984d-41f78713c26a', '363dfe33-cd6b-48af-81f9-1fefcfb2ad20', '7eed1bf9-3bb5-41e3-a238-0a46781b2549', 'a331b18e-9a1a-4702-be77-2934497263d2'] {{(pid=80395) reserve /opt/stack/cinder/cinder/quota.py:752}}
Nov 12 21:05:17 devstack cinder-volume[80395]: INFO cinder.volume.manager [None req-03ac3e16-9101-418d-ab2b-a3257b90bce3 tempest-SnapshotsActionsTest-737806839 None] Delete snapshot completed successfully.
Nov 12 21:05:17 devstack cinder-volume[80395]: DEBUG cinder.coordination [None req-03ac3e16-9101-418d-ab2b-a3257b90bce3 tempest-SnapshotsActionsTest-737806839 None] Lock "cinder-67647603-f4c8-46fe-a9a8-92b267b9e85c-delete_snapshot" released by "delete_snapshot" :: held 3.146s {{(pid=80395) __release /opt/stack/cinder/cinder/coordination.py:157}}
Nov 12 21:05:18 devstack cinder-volume[80395]: DEBUG cinder.coordination [None req-2e06916d-0103-4fb2-9c8e-52c69461a36f tempest-SnapshotsActionsTest-446763817 None] Acquiring lock "cinder-81faef84-af60-49a4-a2d2-cef3c7fe96ea-delete_snapshot" by "delete_snapshot" {{(pid=80395) __acquire /opt/stack/cinder/cinder/coordination.py:143}}
Nov 12 21:05:18 devstack cinder-volume[80395]: DEBUG cinder.coordination [None req-2e06916d-0103-4fb2-9c8e-52c69461a36f tempest-SnapshotsActionsTest-446763817 None] Lock "cinder-81faef84-af60-49a4-a2d2-cef3c7fe96ea-delete_snapshot" acquired by "delete_snapshot" :: waited 0.009s {{(pid=80395) __acquire /opt/stack/cinder/cinder/coordination.py:146}}
Nov 12 21:05:18 devstack cinder-volume[80395]: WARNING cinder.volume.volume_utils [None req-2e06916d-0103-4fb2-9c8e-52c69461a36f tempest-SnapshotsActionsTest-446763817 None] Volume driver (QuobyteDriver 1.1.13) is currently unsupported and may be removed in the next release of OpenStack. Use at your own risk.
Nov 12 21:05:18 devstack cinder-volume[80395]: DEBUG cinder.coordination [None req-2e06916d-0103-4fb2-9c8e-52c69461a36f tempest-SnapshotsActionsTest-446763817 None] Acquiring lock "cinder-quobyte-1dda1a80-d4ca-4325-8f94-bd634c6d02d2" by "delete_snapshot" {{(pid=80395) __acquire /opt/stack/cinder/cinder/coordination.py:143}}
Nov 12 21:05:18 devstack cinder-volume[80395]: DEBUG cinder.coordination [None req-2e06916d-0103-4fb2-9c8e-52c69461a36f tempest-SnapshotsActionsTest-446763817 None] Lock "cinder-quobyte-1dda1a80-d4ca-4325-8f94-bd634c6d02d2" acquired by "delete_snapshot" :: waited 0.010s {{(pid=80395) __acquire /opt/stack/cinder/cinder/coordination.py:146}}
Nov 12 21:05:18 devstack cinder-volume[80395]: DEBUG cinder.coordination [None req-2e06916d-0103-4fb2-9c8e-52c69461a36f tempest-SnapshotsActionsTest-446763817 None] Acquiring lock "cinder-quobyte-81faef84-af60-49a4-a2d2-cef3c7fe96ea" by "_delete_snapshot" {{(pid=80395) __acquire /opt/stack/cinder/cinder/coordination.py:143}}
Nov 12 21:05:18 devstack cinder-volume[80395]: DEBUG cinder.coordination [None req-2e06916d-0103-4fb2-9c8e-52c69461a36f tempest-SnapshotsActionsTest-446763817 None] Lock "cinder-quobyte-81faef84-af60-49a4-a2d2-cef3c7fe96ea" acquired by "_delete_snapshot" :: waited 0.010s {{(pid=80395) __acquire /opt/stack/cinder/cinder/coordination.py:146}}
Nov 12 21:05:18 devstack cinder-volume[80395]: DEBUG cinder.volume.drivers.remotefs [None req-2e06916d-0103-4fb2-9c8e-52c69461a36f tempest-SnapshotsActionsTest-446763817 None] Deleting offline snapshot 81faef84-af60-49a4-a2d2-cef3c7fe96ea of volume 1dda1a80-d4ca-4325-8f94-bd634c6d02d2 {{(pid=80395) _delete_snapshot /opt/stack/cinder/cinder/volume/drivers/remotefs.py:1278}}
Nov 12 21:05:18 devstack cinder-volume[80395]: DEBUG cinder.volume.drivers.remotefs [None req-2e06916d-0103-4fb2-9c8e-52c69461a36f tempest-SnapshotsActionsTest-446763817 None] snapshot_file for this snap is: volume-1dda1a80-d4ca-4325-8f94-bd634c6d02d2.81faef84-af60-49a4-a2d2-cef3c7fe96ea {{(pid=80395) _delete_snapshot /opt/stack/cinder/cinder/volume/drivers/remotefs.py:1307}}
Nov 12 21:05:18 devstack cinder-volume[80395]: DEBUG oslo.privsep.daemon [-] privsep: reply[40e34539-fabb-44dc-9392-8faef9c3579a]: (4, 'qcow2') {{(pid=81822) _call_back /opt/stack/data/venv/lib/python3.10/site-packages/oslo_privsep/daemon.py:515}}
Nov 12 21:05:18 devstack cinder-volume[80395]: DEBUG oslo_concurrency.processutils [None req-2e06916d-0103-4fb2-9c8e-52c69461a36f tempest-SnapshotsActionsTest-446763817 None] Running cmd (subprocess): /opt/stack/data/venv/bin/python3.10 -m oslo_concurrency.prlimit --as=1073741824 --cpu=60 -- sudo cinder-rootwrap /etc/cinder/rootwrap.conf env LC_ALL=C qemu-img info -f qcow2 --output=json --force-share /opt/stack/data/cinder/mnt/6c77bd253ea5eb52564d8c29854eb707/volume-1dda1a80-d4ca-4325-8f94-bd634c6d02d2.81faef84-af60-49a4-a2d2-cef3c7fe96ea {{(pid=80395) execute /opt/stack/data/venv/lib/python3.10/site-packages/oslo_concurrency/processutils.py:349}}
Nov 12 21:05:18 devstack sudo[91603]: quobyte : PWD=/ ; USER=root ; COMMAND=/opt/stack/data/venv/bin/cinder-rootwrap /etc/cinder/rootwrap.conf env LC_ALL=C qemu-img info -f qcow2 --output=json --force-share /opt/stack/data/cinder/mnt/6c77bd253ea5eb52564d8c29854eb707/volume-1dda1a80-d4ca-4325-8f94-bd634c6d02d2.81faef84-af60-49a4-a2d2-cef3c7fe96ea
Nov 12 21:05:18 devstack sudo[91603]: pam_unix(sudo:session): session opened for user root(uid=0) by (uid=1000)
Nov 12 21:05:19 devstack sudo[91603]: pam_unix(sudo:session): session closed for user root
Nov 12 21:05:19 devstack cinder-volume[80395]: DEBUG oslo_concurrency.processutils [None req-2e06916d-0103-4fb2-9c8e-52c69461a36f tempest-SnapshotsActionsTest-446763817 None] CMD "/opt/stack/data/venv/bin/python3.10 -m oslo_concurrency.prlimit --as=1073741824 --cpu=60 -- sudo cinder-rootwrap /etc/cinder/rootwrap.conf env LC_ALL=C qemu-img info -f qcow2 --output=json --force-share /opt/stack/data/cinder/mnt/6c77bd253ea5eb52564d8c29854eb707/volume-1dda1a80-d4ca-4325-8f94-bd634c6d02d2.81faef84-af60-49a4-a2d2-cef3c7fe96ea" returned: 0 in 0.889s {{(pid=80395) execute /opt/stack/data/venv/lib/python3.10/site-packages/oslo_concurrency/processutils.py:372}}
Nov 12 21:05:19 devstack cinder-volume[80395]: DEBUG cinder.volume.drivers.remotefs [None req-2e06916d-0103-4fb2-9c8e-52c69461a36f tempest-SnapshotsActionsTest-446763817 None] Fetching qemu-img info with special backing_file_template: (/opt/stack/data/cinder/mnt/[0-9a-f]+/)?(volume-1dda1a80-d4ca-4325-8f94-bd634c6d02d2(.(tmp-snap-)?[0-9a-f-]+)?|volume_from_snapshot_cache/(tmp-snap-)?[0-9a-f-]+(.(child-|parent-)[0-9a-f-]+)?)$ {{(pid=80395) _qemu_img_info_base /opt/stack/cinder/cinder/volume/drivers/remotefs.py:886}}
Nov 12 21:05:19 devstack cinder-volume[80395]: DEBUG oslo.privsep.daemon [-] privsep: reply[519898ef-83fe-45e8-af10-6bfdc4e4c84d]: (4, 'qcow2') {{(pid=81822) _call_back /opt/stack/data/venv/lib/python3.10/site-packages/oslo_privsep/daemon.py:515}}
Nov 12 21:05:19 devstack cinder-volume[80395]: DEBUG oslo_concurrency.processutils [None req-2e06916d-0103-4fb2-9c8e-52c69461a36f tempest-SnapshotsActionsTest-446763817 None] Running cmd (subprocess): /opt/stack/data/venv/bin/python3.10 -m oslo_concurrency.prlimit --as=1073741824 --cpu=60 -- sudo cinder-rootwrap /etc/cinder/rootwrap.conf env LC_ALL=C qemu-img info -f qcow2 --output=json --force-share /opt/stack/data/cinder/mnt/6c77bd253ea5eb52564d8c29854eb707/volume-1dda1a80-d4ca-4325-8f94-bd634c6d02d2 {{(pid=80395) execute /opt/stack/data/venv/lib/python3.10/site-packages/oslo_concurrency/processutils.py:349}}
Nov 12 21:05:19 devstack cinder-volume[80395]: DEBUG cinder.coordination [None req-e86d13ec-b178-4231-a6a6-1f972b6d769c tempest-ServerRescueNegativeTestJSON-1961344439 None] Acquiring lock "cinder-1e914c6a-9d4c-44f6-8971-cb39b2170cc8-delete_volume" by "delete_volume" {{(pid=80395) __acquire /opt/stack/cinder/cinder/coordination.py:143}}
Nov 12 21:05:19 devstack cinder-volume[80395]: DEBUG cinder.coordination [None req-e86d13ec-b178-4231-a6a6-1f972b6d769c tempest-ServerRescueNegativeTestJSON-1961344439 None] Lock "cinder-1e914c6a-9d4c-44f6-8971-cb39b2170cc8-delete_volume" acquired by "delete_volume" :: waited 0.022s {{(pid=80395) __acquire /opt/stack/cinder/cinder/coordination.py:146}}
Nov 12 21:05:19 devstack cinder-volume[80395]: DEBUG dbcounter [-] [80395] Writing DB stats cinder:SELECT=59,cinder:INSERT=16,cinder:UPDATE=70,cinder:DELETE=6 {{(pid=80395) stat_writer /opt/stack/data/venv/lib/python3.10/site-packages/dbcounter.py:115}}
Nov 12 21:05:19 devstack sudo[91610]: quobyte : PWD=/ ; USER=root ; COMMAND=/opt/stack/data/venv/bin/cinder-rootwrap /etc/cinder/rootwrap.conf env LC_ALL=C qemu-img info -f qcow2 --output=json --force-share /opt/stack/data/cinder/mnt/6c77bd253ea5eb52564d8c29854eb707/volume-1dda1a80-d4ca-4325-8f94-bd634c6d02d2
Nov 12 21:05:19 devstack sudo[91610]: pam_unix(sudo:session): session opened for user root(uid=0) by (uid=1000)
Nov 12 21:05:19 devstack cinder-volume[80395]: WARNING cinder.volume.volume_utils [None req-e86d13ec-b178-4231-a6a6-1f972b6d769c tempest-ServerRescueNegativeTestJSON-1961344439 None] Volume driver (QuobyteDriver 1.1.13) is currently unsupported and may be removed in the next release of OpenStack. Use at your own risk.
Nov 12 21:05:19 devstack cinder-volume[80395]: DEBUG cinder.coordination [None req-e86d13ec-b178-4231-a6a6-1f972b6d769c tempest-ServerRescueNegativeTestJSON-1961344439 None] Acquiring lock "cinder-quobyte-1e914c6a-9d4c-44f6-8971-cb39b2170cc8" by "delete_volume" {{(pid=80395) __acquire /opt/stack/cinder/cinder/coordination.py:143}}
Nov 12 21:05:19 devstack cinder-volume[80395]: DEBUG cinder.coordination [None req-e86d13ec-b178-4231-a6a6-1f972b6d769c tempest-ServerRescueNegativeTestJSON-1961344439 None] Lock "cinder-quobyte-1e914c6a-9d4c-44f6-8971-cb39b2170cc8" acquired by "delete_volume" :: waited 0.021s {{(pid=80395) __acquire /opt/stack/cinder/cinder/coordination.py:146}}
Nov 12 21:05:19 devstack cinder-volume[80395]: DEBUG oslo.privsep.daemon [-] privsep: reply[dab5779e-5bcc-4679-8f7b-4a7e8c9d1607]: (4, 'qcow2') {{(pid=81822) _call_back /opt/stack/data/venv/lib/python3.10/site-packages/oslo_privsep/daemon.py:515}}
Nov 12 21:05:19 devstack cinder-volume[80395]: DEBUG oslo_concurrency.processutils [None req-e86d13ec-b178-4231-a6a6-1f972b6d769c tempest-ServerRescueNegativeTestJSON-1961344439 None] Running cmd (subprocess): /opt/stack/data/venv/bin/python3.10 -m oslo_concurrency.prlimit --as=1073741824 --cpu=60 -- sudo cinder-rootwrap /etc/cinder/rootwrap.conf env LC_ALL=C qemu-img info -f qcow2 --output=json --force-share /opt/stack/data/cinder/mnt/6c77bd253ea5eb52564d8c29854eb707/volume-1e914c6a-9d4c-44f6-8971-cb39b2170cc8 {{(pid=80395) execute /opt/stack/data/venv/lib/python3.10/site-packages/oslo_concurrency/processutils.py:349}}
Nov 12 21:05:19 devstack sudo[91612]: quobyte : PWD=/ ; USER=root ; COMMAND=/opt/stack/data/venv/bin/cinder-rootwrap /etc/cinder/rootwrap.conf env LC_ALL=C qemu-img info -f qcow2 --output=json --force-share /opt/stack/data/cinder/mnt/6c77bd253ea5eb52564d8c29854eb707/volume-1e914c6a-9d4c-44f6-8971-cb39b2170cc8
Nov 12 21:05:19 devstack sudo[91612]: pam_unix(sudo:session): session opened for user root(uid=0) by (uid=1000)
Nov 12 21:05:19 devstack sudo[91610]: pam_unix(sudo:session): session closed for user root
Nov 12 21:05:19 devstack cinder-volume[80395]: DEBUG oslo_concurrency.processutils [None req-2e06916d-0103-4fb2-9c8e-52c69461a36f tempest-SnapshotsActionsTest-446763817 None] CMD "/opt/stack/data/venv/bin/python3.10 -m oslo_concurrency.prlimit --as=1073741824 --cpu=60 -- sudo cinder-rootwrap /etc/cinder/rootwrap.conf env LC_ALL=C qemu-img info -f qcow2 --output=json --force-share /opt/stack/data/cinder/mnt/6c77bd253ea5eb52564d8c29854eb707/volume-1dda1a80-d4ca-4325-8f94-bd634c6d02d2" returned: 0 in 0.753s {{(pid=80395) execute /opt/stack/data/venv/lib/python3.10/site-packages/oslo_concurrency/processutils.py:372}}
Nov 12 21:05:19 devstack cinder-volume[80395]: DEBUG oslo_concurrency.processutils [None req-2e06916d-0103-4fb2-9c8e-52c69461a36f tempest-SnapshotsActionsTest-446763817 None] Running cmd (subprocess): sudo cinder-rootwrap /etc/cinder/rootwrap.conf qemu-img commit -d /opt/stack/data/cinder/mnt/6c77bd253ea5eb52564d8c29854eb707/volume-1dda1a80-d4ca-4325-8f94-bd634c6d02d2.81faef84-af60-49a4-a2d2-cef3c7fe96ea {{(pid=80395) execute /opt/stack/data/venv/lib/python3.10/site-packages/oslo_concurrency/processutils.py:349}}
Nov 12 21:05:19 devstack sudo[91617]: quobyte : PWD=/ ; USER=root ; COMMAND=/opt/stack/data/venv/bin/cinder-rootwrap /etc/cinder/rootwrap.conf qemu-img commit -d /opt/stack/data/cinder/mnt/6c77bd253ea5eb52564d8c29854eb707/volume-1dda1a80-d4ca-4325-8f94-bd634c6d02d2.81faef84-af60-49a4-a2d2-cef3c7fe96ea
Nov 12 21:05:19 devstack sudo[91617]: pam_unix(sudo:session): session opened for user root(uid=0) by (uid=1000)
Nov 12 21:05:20 devstack sudo[91612]: pam_unix(sudo:session): session closed for user root
Nov 12 21:05:20 devstack cinder-volume[80395]: DEBUG oslo_concurrency.processutils [None req-e86d13ec-b178-4231-a6a6-1f972b6d769c tempest-ServerRescueNegativeTestJSON-1961344439 None] CMD "/opt/stack/data/venv/bin/python3.10 -m oslo_concurrency.prlimit --as=1073741824 --cpu=60 -- sudo cinder-rootwrap /etc/cinder/rootwrap.conf env LC_ALL=C qemu-img info -f qcow2 --output=json --force-share /opt/stack/data/cinder/mnt/6c77bd253ea5eb52564d8c29854eb707/volume-1e914c6a-9d4c-44f6-8971-cb39b2170cc8" returned: 0 in 0.810s {{(pid=80395) execute /opt/stack/data/venv/lib/python3.10/site-packages/oslo_concurrency/processutils.py:372}}
Nov 12 21:05:20 devstack cinder-volume[80395]: DEBUG oslo_concurrency.processutils [None req-e86d13ec-b178-4231-a6a6-1f972b6d769c tempest-ServerRescueNegativeTestJSON-1961344439 None] Running cmd (subprocess): sudo cinder-rootwrap /etc/cinder/rootwrap.conf rm -f /opt/stack/data/cinder/mnt/6c77bd253ea5eb52564d8c29854eb707/volume-1e914c6a-9d4c-44f6-8971-cb39b2170cc8 {{(pid=80395) execute /opt/stack/data/venv/lib/python3.10/site-packages/oslo_concurrency/processutils.py:349}}
Nov 12 21:05:20 devstack sudo[91623]: quobyte : PWD=/ ; USER=root ; COMMAND=/opt/stack/data/venv/bin/cinder-rootwrap /etc/cinder/rootwrap.conf rm -f /opt/stack/data/cinder/mnt/6c77bd253ea5eb52564d8c29854eb707/volume-1e914c6a-9d4c-44f6-8971-cb39b2170cc8
Nov 12 21:05:20 devstack sudo[91623]: pam_unix(sudo:session): session opened for user root(uid=0) by (uid=1000)
Nov 12 21:05:20 devstack sudo[91617]: pam_unix(sudo:session): session closed for user root
Nov 12 21:05:20 devstack cinder-volume[80395]: DEBUG oslo_concurrency.processutils [None req-2e06916d-0103-4fb2-9c8e-52c69461a36f tempest-SnapshotsActionsTest-446763817 None] CMD "sudo cinder-rootwrap /etc/cinder/rootwrap.conf qemu-img commit -d /opt/stack/data/cinder/mnt/6c77bd253ea5eb52564d8c29854eb707/volume-1dda1a80-d4ca-4325-8f94-bd634c6d02d2.81faef84-af60-49a4-a2d2-cef3c7fe96ea" returned: 0 in 0.756s {{(pid=80395) execute /opt/stack/data/venv/lib/python3.10/site-packages/oslo_concurrency/processutils.py:372}}
Nov 12 21:05:20 devstack cinder-volume[80395]: DEBUG oslo_concurrency.processutils [None req-2e06916d-0103-4fb2-9c8e-52c69461a36f tempest-SnapshotsActionsTest-446763817 None] Running cmd (subprocess): sudo cinder-rootwrap /etc/cinder/rootwrap.conf rm -f /opt/stack/data/cinder/mnt/6c77bd253ea5eb52564d8c29854eb707/volume-1dda1a80-d4ca-4325-8f94-bd634c6d02d2.81faef84-af60-49a4-a2d2-cef3c7fe96ea {{(pid=80395) execute /opt/stack/data/venv/lib/python3.10/site-packages/oslo_concurrency/processutils.py:349}}
Nov 12 21:05:20 devstack sudo[91630]: quobyte : PWD=/ ; USER=root ; COMMAND=/opt/stack/data/venv/bin/cinder-rootwrap /etc/cinder/rootwrap.conf rm -f /opt/stack/data/cinder/mnt/6c77bd253ea5eb52564d8c29854eb707/volume-1dda1a80-d4ca-4325-8f94-bd634c6d02d2.81faef84-af60-49a4-a2d2-cef3c7fe96ea
Nov 12 21:05:20 devstack sudo[91630]: pam_unix(sudo:session): session opened for user root(uid=0) by (uid=1000)
Nov 12 21:05:20 devstack sudo[91623]: pam_unix(sudo:session): session closed for user root
Nov 12 21:05:20 devstack cinder-volume[80395]: DEBUG oslo_concurrency.processutils [None req-e86d13ec-b178-4231-a6a6-1f972b6d769c tempest-ServerRescueNegativeTestJSON-1961344439 None] CMD "sudo cinder-rootwrap /etc/cinder/rootwrap.conf rm -f /opt/stack/data/cinder/mnt/6c77bd253ea5eb52564d8c29854eb707/volume-1e914c6a-9d4c-44f6-8971-cb39b2170cc8" returned: 0 in 0.596s {{(pid=80395) execute /opt/stack/data/venv/lib/python3.10/site-packages/oslo_concurrency/processutils.py:372}}
Nov 12 21:05:20 devstack cinder-volume[80395]: DEBUG cinder.coordination [None req-e86d13ec-b178-4231-a6a6-1f972b6d769c tempest-ServerRescueNegativeTestJSON-1961344439 None] Lock "cinder-quobyte-1e914c6a-9d4c-44f6-8971-cb39b2170cc8" released by "delete_volume" :: held 1.435s {{(pid=80395) __release /opt/stack/cinder/cinder/coordination.py:157}}
Nov 12 21:05:20 devstack cinder-volume[80395]: DEBUG cinder.quota [None req-e86d13ec-b178-4231-a6a6-1f972b6d769c tempest-ServerRescueNegativeTestJSON-1961344439 None] Created reservations ['f983526b-8287-49ed-95ac-2bec678266bc', '089cb1d2-122d-4a3a-a91b-8368abfe9d27', 'f7b086b9-9039-4ea7-8706-426818e747f8', '3f256ded-a354-4655-8317-1cfc1d6e71c1'] {{(pid=80395) reserve /opt/stack/cinder/cinder/quota.py:752}}
Nov 12 21:05:20 devstack cinder-volume[80395]: DEBUG oslo_service.periodic_task [None req-f06f0036-3444-4eca-ac28-121be479c3b4 None None] Running periodic task VolumeManager.publish_service_capabilities {{(pid=80395) run_periodic_tasks /opt/stack/data/venv/lib/python3.10/site-packages/oslo_service/periodic_task.py:210}}
Nov 12 21:05:20 devstack cinder-volume[80395]: DEBUG oslo_concurrency.lockutils [None req-f06f0036-3444-4eca-ac28-121be479c3b4 None None] Acquiring lock "quobyte_ensure" by "cinder.volume.drivers.quobyte.QuobyteDriver._ensure_shares_mounted" {{(pid=80395) inner /opt/stack/data/venv/lib/python3.10/site-packages/oslo_concurrency/lockutils.py:405}}
Nov 12 21:05:20 devstack cinder-volume[80395]: DEBUG oslo_concurrency.lockutils [None req-f06f0036-3444-4eca-ac28-121be479c3b4 None None] Lock "quobyte_ensure" acquired by "cinder.volume.drivers.quobyte.QuobyteDriver._ensure_shares_mounted" :: waited 0.000s {{(pid=80395) inner /opt/stack/data/venv/lib/python3.10/site-packages/oslo_concurrency/lockutils.py:410}}
Nov 12 21:05:20 devstack cinder-volume[80395]: DEBUG cinder.volume.drivers.quobyte [None req-f06f0036-3444-4eca-ac28-121be479c3b4 None None] Quobyte Volume URL set to: {'osci02.corp.quobyte.com/cinder-vol-bce29942-68c8-4d0e-9847-31fb16e32472': None} {{(pid=80395) _load_shares_config /opt/stack/cinder/cinder/volume/drivers/quobyte.py:604}}
