Sep 07 16:59:10 devstack cinder-volume[86783]: DEBUG cinder.manager [req-ca440c9e-8040-4184-9a55-4ec38aabe840 req-d85f9a0d-7e0f-44cd-98ca-f9adebe3fa32 tempest-ServerActionsTestOtherA-345339788 None] Notifying Schedulers of capabilities ... {{(pid=86783) _publish_service_capabilities /opt/stack/cinder/cinder/manager.py:219}}
Sep 07 16:59:10 devstack cinder-volume[86783]: INFO cinder.volume.manager [req-ca440c9e-8040-4184-9a55-4ec38aabe840 req-d85f9a0d-7e0f-44cd-98ca-f9adebe3fa32 tempest-ServerActionsTestOtherA-345339788 None] Deleted volume successfully.
Sep 07 16:59:10 devstack sudo[92464]: pam_unix(sudo:session): session closed for user root
Sep 07 16:59:10 devstack cinder-volume[86783]: DEBUG oslo_concurrency.processutils [None req-957a10e3-42e7-4ec2-bb25-9c3cf28b6d73 tempest-ServerActionsTestOtherA-345339788 None] CMD "/opt/stack/data/venv/bin/python3.12 -m oslo_concurrency.prlimit --as=1073741824 --cpu=60 -- sudo cinder-rootwrap /etc/cinder/rootwrap.conf env LC_ALL=C qemu-img info -f qcow2 --output=json --force-share /opt/stack/data/cinder/mnt/210b09a00482fc7ed1329c371b73002c/volume-13fd08ac-0635-495a-a29c-35f3fe81c6f5" returned: 0 in 0.620s {{(pid=86783) execute /opt/stack/data/venv/lib/python3.12/site-packages/oslo_concurrency/processutils.py:468}}
Sep 07 16:59:10 devstack cinder-volume[86783]: DEBUG oslo_concurrency.processutils [None req-957a10e3-42e7-4ec2-bb25-9c3cf28b6d73 tempest-ServerActionsTestOtherA-345339788 None] Running cmd (subprocess): sudo cinder-rootwrap /etc/cinder/rootwrap.conf rm -f /opt/stack/data/cinder/mnt/210b09a00482fc7ed1329c371b73002c/volume-13fd08ac-0635-495a-a29c-35f3fe81c6f5 {{(pid=86783) execute /opt/stack/data/venv/lib/python3.12/site-packages/oslo_concurrency/processutils.py:440}}
Sep 07 16:59:10 devstack sudo[92477]: quobyte : PWD=/ ; USER=root ; COMMAND=/opt/stack/data/venv/bin/cinder-rootwrap /etc/cinder/rootwrap.conf rm -f /opt/stack/data/cinder/mnt/210b09a00482fc7ed1329c371b73002c/volume-13fd08ac-0635-495a-a29c-35f3fe81c6f5
Sep 07 16:59:10 devstack sudo[92477]: pam_unix(sudo:session): session opened for user root(uid=0) by (uid=1000)
Sep 07 16:59:10 devstack cinder-volume[86783]: DEBUG cinder.coordination [req-ca440c9e-8040-4184-9a55-4ec38aabe840 req-d85f9a0d-7e0f-44cd-98ca-f9adebe3fa32 tempest-ServerActionsTestOtherA-345339788 None] Lock "cinder-5f0056fa-30fe-442d-80ad-0933e62a501f-delete_volume" released by "delete_volume" :: held 2.300s {{(pid=86783) __release /opt/stack/cinder/cinder/coordination.py:152}}
Sep 07 16:59:10 devstack sudo[92477]: pam_unix(sudo:session): session closed for user root
Sep 07 16:59:10 devstack cinder-volume[86783]: DEBUG oslo_concurrency.processutils [None req-957a10e3-42e7-4ec2-bb25-9c3cf28b6d73 tempest-ServerActionsTestOtherA-345339788 None] CMD "sudo cinder-rootwrap /etc/cinder/rootwrap.conf rm -f /opt/stack/data/cinder/mnt/210b09a00482fc7ed1329c371b73002c/volume-13fd08ac-0635-495a-a29c-35f3fe81c6f5" returned: 0 in 0.388s {{(pid=86783) execute /opt/stack/data/venv/lib/python3.12/site-packages/oslo_concurrency/processutils.py:468}}
Sep 07 16:59:11 devstack cinder-volume[86783]: DEBUG cinder.coordination [None req-957a10e3-42e7-4ec2-bb25-9c3cf28b6d73 tempest-ServerActionsTestOtherA-345339788 None] Lock "cinder-quobyte-13fd08ac-0635-495a-a29c-35f3fe81c6f5" released by "delete_volume" :: held 1.071s {{(pid=86783) __release /opt/stack/cinder/cinder/coordination.py:152}}
Sep 07 16:59:11 devstack cinder-volume[86783]: DEBUG cinder.quota [None req-957a10e3-42e7-4ec2-bb25-9c3cf28b6d73 tempest-ServerActionsTestOtherA-345339788 None] Created reservations ['8b420ead-f756-4d4c-94c1-b5522ff6e10a', '99c6b95b-42bb-4366-8d37-17caa6f8df2d', 'bd1a15d4-c3df-4d84-ba0d-0e6c54630300', '232f621c-6330-47b8-b26b-f4331a75c0ff'] {{(pid=86783) reserve /opt/stack/cinder/cinder/quota.py:752}}
Sep 07 16:59:11 devstack cinder-volume[86783]: DEBUG oslo_concurrency.lockutils [None req-957a10e3-42e7-4ec2-bb25-9c3cf28b6d73 tempest-ServerActionsTestOtherA-345339788 None] Acquiring lock "quobyte_ensure" by "cinder.volume.drivers.quobyte.QuobyteDriver._ensure_shares_mounted" {{(pid=86783) inner /opt/stack/data/venv/lib/python3.12/site-packages/oslo_concurrency/lockutils.py:512}}
Sep 07 16:59:11 devstack cinder-volume[86783]: DEBUG oslo_concurrency.lockutils [None req-957a10e3-42e7-4ec2-bb25-9c3cf28b6d73 tempest-ServerActionsTestOtherA-345339788 None] Lock "quobyte_ensure" acquired by "cinder.volume.drivers.quobyte.QuobyteDriver._ensure_shares_mounted" :: waited 0.001s {{(pid=86783) inner /opt/stack/data/venv/lib/python3.12/site-packages/oslo_concurrency/lockutils.py:525}}
Sep 07 16:59:11 devstack cinder-volume[86783]: DEBUG cinder.volume.drivers.quobyte [None req-957a10e3-42e7-4ec2-bb25-9c3cf28b6d73 tempest-ServerActionsTestOtherA-345339788 None] Quobyte Volume URL set to: {'osci02.corp.quobyte.com/cinder-vol-569789b8-6f73-4d81-8177-1ce86a6897c7': None} {{(pid=86783) _load_shares_config /opt/stack/cinder/cinder/volume/drivers/quobyte.py:662}}
Sep 07 16:59:11 devstack cinder-volume[86783]: DEBUG cinder.volume.drivers.quobyte [None req-957a10e3-42e7-4ec2-bb25-9c3cf28b6d73 tempest-ServerActionsTestOtherA-345339788 None] Available shares ['osci02.corp.quobyte.com/cinder-vol-569789b8-6f73-4d81-8177-1ce86a6897c7'] {{(pid=86783) _ensure_shares_mounted /opt/stack/cinder/cinder/volume/drivers/quobyte.py:692}}
Sep 07 16:59:11 devstack cinder-volume[86783]: DEBUG oslo_concurrency.lockutils [None req-957a10e3-42e7-4ec2-bb25-9c3cf28b6d73 tempest-ServerActionsTestOtherA-345339788 None] Lock "quobyte_ensure" "released" by "cinder.volume.drivers.quobyte.QuobyteDriver._ensure_shares_mounted" :: held 0.010s {{(pid=86783) inner /opt/stack/data/venv/lib/python3.12/site-packages/oslo_concurrency/lockutils.py:544}}
Sep 07 16:59:11 devstack cinder-volume[86783]: DEBUG oslo_concurrency.processutils [None req-957a10e3-42e7-4ec2-bb25-9c3cf28b6d73 tempest-ServerActionsTestOtherA-345339788 None] Running cmd (subprocess): sudo cinder-rootwrap /etc/cinder/rootwrap.conf df --portability --block-size 1 /opt/stack/data/cinder/mnt/210b09a00482fc7ed1329c371b73002c {{(pid=86783) execute /opt/stack/data/venv/lib/python3.12/site-packages/oslo_concurrency/processutils.py:440}}
Sep 07 16:59:11 devstack sudo[92480]: quobyte : PWD=/ ; USER=root ; COMMAND=/opt/stack/data/venv/bin/cinder-rootwrap /etc/cinder/rootwrap.conf df --portability --block-size 1 /opt/stack/data/cinder/mnt/210b09a00482fc7ed1329c371b73002c
Sep 07 16:59:11 devstack sudo[92480]: pam_unix(sudo:session): session opened for user root(uid=0) by (uid=1000)
Sep 07 16:59:11 devstack sudo[92480]: pam_unix(sudo:session): session closed for user root
Sep 07 16:59:11 devstack cinder-volume[86783]: DEBUG oslo_concurrency.processutils [None req-957a10e3-42e7-4ec2-bb25-9c3cf28b6d73 tempest-ServerActionsTestOtherA-345339788 None] CMD "sudo cinder-rootwrap /etc/cinder/rootwrap.conf df --portability --block-size 1 /opt/stack/data/cinder/mnt/210b09a00482fc7ed1329c371b73002c" returned: 0 in 0.298s {{(pid=86783) execute /opt/stack/data/venv/lib/python3.12/site-packages/oslo_concurrency/processutils.py:468}}
Sep 07 16:59:11 devstack cinder-volume[86783]: DEBUG cinder.manager [None req-957a10e3-42e7-4ec2-bb25-9c3cf28b6d73 tempest-ServerActionsTestOtherA-345339788 None] Notifying Schedulers of capabilities ... {{(pid=86783) _publish_service_capabilities /opt/stack/cinder/cinder/manager.py:219}}
Sep 07 16:59:11 devstack cinder-volume[86783]: INFO cinder.volume.manager [None req-957a10e3-42e7-4ec2-bb25-9c3cf28b6d73 tempest-ServerActionsTestOtherA-345339788 None] Deleted volume successfully.
Sep 07 16:59:11 devstack cinder-volume[86783]: DEBUG cinder.coordination [None req-957a10e3-42e7-4ec2-bb25-9c3cf28b6d73 tempest-ServerActionsTestOtherA-345339788 None] Lock "cinder-13fd08ac-0635-495a-a29c-35f3fe81c6f5-delete_volume" released by "delete_volume" :: held 1.663s {{(pid=86783) __release /opt/stack/cinder/cinder/coordination.py:152}}
Sep 07 16:59:11 devstack cinder-volume[86783]: INFO cinder.volume.manager [req-888c4de4-8087-47d6-bdac-c5c71eb378ff req-8998d832-7e1b-4bdf-af40-1ce0944c68cb tempest-TaggedAttachmentsTest-1737014531 None] Terminate volume connection completed successfully.
Sep 07 16:59:11 devstack cinder-volume[86783]: DEBUG cinder.volume.manager [req-888c4de4-8087-47d6-bdac-c5c71eb378ff req-8998d832-7e1b-4bdf-af40-1ce0944c68cb tempest-TaggedAttachmentsTest-1737014531 None] Deleting attachment 66f66331-8bf7-44e2-9288-e23697b01682. {{(pid=86783) attachment_delete /opt/stack/cinder/cinder/volume/manager.py:5055}}
Sep 07 16:59:13 devstack cinder-volume[86783]: DEBUG oslo_concurrency.lockutils [None req-472f49c3-1020-4758-95b0-69e895bfae79 tempest-VolumesActionsTest-1873897202 None] Acquiring lock "quobyte" by "cinder.volume.drivers.quobyte.QuobyteDriver.copy_volume_to_image" {{(pid=86783) inner /opt/stack/data/venv/lib/python3.12/site-packages/oslo_concurrency/lockutils.py:512}}
Sep 07 16:59:13 devstack cinder-volume[86783]: DEBUG oslo_concurrency.lockutils [None req-472f49c3-1020-4758-95b0-69e895bfae79 tempest-VolumesActionsTest-1873897202 None] Lock "quobyte" acquired by "cinder.volume.drivers.quobyte.QuobyteDriver.copy_volume_to_image" :: waited 0.001s {{(pid=86783) inner /opt/stack/data/venv/lib/python3.12/site-packages/oslo_concurrency/lockutils.py:525}}
Sep 07 16:59:13 devstack cinder-volume[86783]: DEBUG oslo.privsep.daemon [-] privsep: reply[4c6ba2b3-7d47-48a2-af40-00bd320d2faf]: (4, 'qcow2') {{(pid=89052) _call_back /opt/stack/data/venv/lib/python3.12/site-packages/oslo_privsep/daemon.py:580}}
Sep 07 16:59:13 devstack cinder-volume[86783]: DEBUG oslo_concurrency.processutils [None req-472f49c3-1020-4758-95b0-69e895bfae79 tempest-VolumesActionsTest-1873897202 None] Running cmd (subprocess): /opt/stack/data/venv/bin/python3.12 -m oslo_concurrency.prlimit --as=1073741824 --cpu=60 -- sudo cinder-rootwrap /etc/cinder/rootwrap.conf env LC_ALL=C qemu-img info -f qcow2 --output=json --force-share /opt/stack/data/cinder/mnt/210b09a00482fc7ed1329c371b73002c/volume-6cd594c9-5669-4916-bd93-fb85c8f43704 {{(pid=86783) execute /opt/stack/data/venv/lib/python3.12/site-packages/oslo_concurrency/processutils.py:440}}
Sep 07 16:59:14 devstack sudo[92552]: quobyte : PWD=/ ; USER=root ; COMMAND=/opt/stack/data/venv/bin/cinder-rootwrap /etc/cinder/rootwrap.conf env LC_ALL=C qemu-img info -f qcow2 --output=json --force-share /opt/stack/data/cinder/mnt/210b09a00482fc7ed1329c371b73002c/volume-6cd594c9-5669-4916-bd93-fb85c8f43704
Sep 07 16:59:14 devstack sudo[92552]: pam_unix(sudo:session): session opened for user root(uid=0) by (uid=1000)
Sep 07 16:59:14 devstack sudo[92552]: pam_unix(sudo:session): session closed for user root
Sep 07 16:59:14 devstack cinder-volume[86783]: DEBUG oslo_concurrency.processutils [None req-472f49c3-1020-4758-95b0-69e895bfae79 tempest-VolumesActionsTest-1873897202 None] CMD "/opt/stack/data/venv/bin/python3.12 -m oslo_concurrency.prlimit --as=1073741824 --cpu=60 -- sudo cinder-rootwrap /etc/cinder/rootwrap.conf env LC_ALL=C qemu-img info -f qcow2 --output=json --force-share /opt/stack/data/cinder/mnt/210b09a00482fc7ed1329c371b73002c/volume-6cd594c9-5669-4916-bd93-fb85c8f43704" returned: 0 in 0.481s {{(pid=86783) execute /opt/stack/data/venv/lib/python3.12/site-packages/oslo_concurrency/processutils.py:468}}
Sep 07 16:59:14 devstack cinder-volume[86783]: DEBUG oslo.privsep.daemon [-] privsep: reply[44ad3747-a55c-4ae6-9d97-0356704b2559]: (4, 'qcow2') {{(pid=89052) _call_back /opt/stack/data/venv/lib/python3.12/site-packages/oslo_privsep/daemon.py:580}}
Sep 07 16:59:14 devstack cinder-volume[86783]: DEBUG oslo_concurrency.processutils [None req-472f49c3-1020-4758-95b0-69e895bfae79 tempest-VolumesActionsTest-1873897202 None] Running cmd (subprocess): /opt/stack/data/venv/bin/python3.12 -m oslo_concurrency.prlimit --as=1073741824 --cpu=60 -- sudo cinder-rootwrap /etc/cinder/rootwrap.conf env LC_ALL=C qemu-img info -f qcow2 --output=json /opt/stack/data/cinder/mnt/210b09a00482fc7ed1329c371b73002c/volume-6cd594c9-5669-4916-bd93-fb85c8f43704 {{(pid=86783) execute /opt/stack/data/venv/lib/python3.12/site-packages/oslo_concurrency/processutils.py:440}}
Sep 07 16:59:14 devstack sudo[92559]: quobyte : PWD=/ ; USER=root ; COMMAND=/opt/stack/data/venv/bin/cinder-rootwrap /etc/cinder/rootwrap.conf env LC_ALL=C qemu-img info -f qcow2 --output=json /opt/stack/data/cinder/mnt/210b09a00482fc7ed1329c371b73002c/volume-6cd594c9-5669-4916-bd93-fb85c8f43704
Sep 07 16:59:14 devstack sudo[92559]: pam_unix(sudo:session): session opened for user root(uid=0) by (uid=1000)
Sep 07 16:59:14 devstack cinder-volume[86783]: INFO cinder.volume.manager [req-585ae352-16ab-4436-963a-91ffe2d490c5 req-e2291777-5d3d-458f-aa1a-ca988d2253f9 tempest-AttachVolumeNegativeTest-704001503 None] Terminate volume connection completed successfully.
Sep 07 16:59:14 devstack cinder-volume[86783]: DEBUG cinder.volume.manager [req-585ae352-16ab-4436-963a-91ffe2d490c5 req-e2291777-5d3d-458f-aa1a-ca988d2253f9 tempest-AttachVolumeNegativeTest-704001503 None] Deleting attachment 30258fd4-ca51-49e1-8264-963c7bd84c04. {{(pid=86783) attachment_delete /opt/stack/cinder/cinder/volume/manager.py:5055}}
Sep 07 16:59:15 devstack sudo[92559]: pam_unix(sudo:session): session closed for user root
Sep 07 16:59:15 devstack cinder-volume[86783]: DEBUG oslo_concurrency.processutils [None req-472f49c3-1020-4758-95b0-69e895bfae79 tempest-VolumesActionsTest-1873897202 None] CMD "/opt/stack/data/venv/bin/python3.12 -m oslo_concurrency.prlimit --as=1073741824 --cpu=60 -- sudo cinder-rootwrap /etc/cinder/rootwrap.conf env LC_ALL=C qemu-img info -f qcow2 --output=json /opt/stack/data/cinder/mnt/210b09a00482fc7ed1329c371b73002c/volume-6cd594c9-5669-4916-bd93-fb85c8f43704" returned: 0 in 0.642s {{(pid=86783) execute /opt/stack/data/venv/lib/python3.12/site-packages/oslo_concurrency/processutils.py:468}}
Sep 07 16:59:15 devstack cinder-volume[86783]: DEBUG oslo_concurrency.processutils [None req-472f49c3-1020-4758-95b0-69e895bfae79 tempest-VolumesActionsTest-1873897202 None] Running cmd (subprocess): sudo cinder-rootwrap /etc/cinder/rootwrap.conf qemu-img convert -O raw /opt/stack/data/cinder/mnt/210b09a00482fc7ed1329c371b73002c/volume-6cd594c9-5669-4916-bd93-fb85c8f43704 /opt/stack/data/cinder/conversion/6cd594c9-5669-4916-bd93-fb85c8f43704.temp_image.fbfb4bb4-fee7-4941-adaf-8217b0bbbf92cgmd8ndy.img {{(pid=86783) execute /opt/stack/data/venv/lib/python3.12/site-packages/oslo_concurrency/processutils.py:440}}
Sep 07 16:59:15 devstack sudo[92569]: quobyte : PWD=/ ; USER=root ; COMMAND=/opt/stack/data/venv/bin/cinder-rootwrap /etc/cinder/rootwrap.conf qemu-img convert -O raw /opt/stack/data/cinder/mnt/210b09a00482fc7ed1329c371b73002c/volume-6cd594c9-5669-4916-bd93-fb85c8f43704 /opt/stack/data/cinder/conversion/6cd594c9-5669-4916-bd93-fb85c8f43704.temp_image.fbfb4bb4-fee7-4941-adaf-8217b0bbbf92cgmd8ndy.img
Sep 07 16:59:15 devstack sudo[92569]: pam_unix(sudo:session): session opened for user root(uid=0) by (uid=1000)
Sep 07 16:59:21 devstack sudo[92569]: pam_unix(sudo:session): session closed for user root
Sep 07 16:59:21 devstack cinder-volume[86783]: DEBUG oslo_concurrency.processutils [None req-472f49c3-1020-4758-95b0-69e895bfae79 tempest-VolumesActionsTest-1873897202 None] CMD "sudo cinder-rootwrap /etc/cinder/rootwrap.conf qemu-img convert -O raw /opt/stack/data/cinder/mnt/210b09a00482fc7ed1329c371b73002c/volume-6cd594c9-5669-4916-bd93-fb85c8f43704 /opt/stack/data/cinder/conversion/6cd594c9-5669-4916-bd93-fb85c8f43704.temp_image.fbfb4bb4-fee7-4941-adaf-8217b0bbbf92cgmd8ndy.img" returned: 0 in 6.175s {{(pid=86783) execute /opt/stack/data/venv/lib/python3.12/site-packages/oslo_concurrency/processutils.py:468}}
Sep 07 16:59:21 devstack cinder-volume[86783]: DEBUG oslo.privsep.daemon [-] privsep: reply[cee17a58-08ad-40a6-ade4-2f3b9b37ca51]: (4, 'qcow2') {{(pid=89052) _call_back /opt/stack/data/venv/lib/python3.12/site-packages/oslo_privsep/daemon.py:580}}
Sep 07 16:59:21 devstack cinder-volume[86783]: DEBUG oslo_concurrency.processutils [None req-472f49c3-1020-4758-95b0-69e895bfae79 tempest-VolumesActionsTest-1873897202 None] Running cmd (subprocess): /opt/stack/data/venv/bin/python3.12 -m oslo_concurrency.prlimit --as=1073741824 --cpu=60 -- sudo cinder-rootwrap /etc/cinder/rootwrap.conf env LC_ALL=C qemu-img info -f qcow2 --output=json /opt/stack/data/cinder/mnt/210b09a00482fc7ed1329c371b73002c/volume-6cd594c9-5669-4916-bd93-fb85c8f43704 {{(pid=86783) execute /opt/stack/data/venv/lib/python3.12/site-packages/oslo_concurrency/processutils.py:440}}
Sep 07 16:59:21 devstack sudo[92640]: quobyte : PWD=/ ; USER=root ; COMMAND=/opt/stack/data/venv/bin/cinder-rootwrap /etc/cinder/rootwrap.conf env LC_ALL=C qemu-img info -f qcow2 --output=json /opt/stack/data/cinder/mnt/210b09a00482fc7ed1329c371b73002c/volume-6cd594c9-5669-4916-bd93-fb85c8f43704
Sep 07 16:59:21 devstack sudo[92640]: pam_unix(sudo:session): session opened for user root(uid=0) by (uid=1000)
Sep 07 16:59:21 devstack sudo[92640]: pam_unix(sudo:session): session closed for user root
Sep 07 16:59:21 devstack cinder-volume[86783]: DEBUG oslo_concurrency.processutils [None req-472f49c3-1020-4758-95b0-69e895bfae79 tempest-VolumesActionsTest-1873897202 None] CMD "/opt/stack/data/venv/bin/python3.12 -m oslo_concurrency.prlimit --as=1073741824 --cpu=60 -- sudo cinder-rootwrap /etc/cinder/rootwrap.conf env LC_ALL=C qemu-img info -f qcow2 --output=json /opt/stack/data/cinder/mnt/210b09a00482fc7ed1329c371b73002c/volume-6cd594c9-5669-4916-bd93-fb85c8f43704" returned: 0 in 0.673s {{(pid=86783) execute /opt/stack/data/venv/lib/python3.12/site-packages/oslo_concurrency/processutils.py:468}}
Sep 07 16:59:21 devstack cinder-volume[86783]: DEBUG cinder.image.image_utils [None req-472f49c3-1020-4758-95b0-69e895bfae79 tempest-VolumesActionsTest-1873897202 None] Image conversion details: src /opt/stack/data/cinder/mnt/210b09a00482fc7ed1329c371b73002c/volume-6cd594c9-5669-4916-bd93-fb85c8f43704, size 1024.00 MB, duration 6.18 sec, destination /opt/stack/data/cinder/conversion/6cd594c9-5669-4916-bd93-fb85c8f43704.temp_image.fbfb4bb4-fee7-4941-adaf-8217b0bbbf92cgmd8ndy.img {{(pid=86783) _convert_image /opt/stack/cinder/cinder/image/image_utils.py:536}}
Sep 07 16:59:21 devstack cinder-volume[86783]: INFO cinder.image.image_utils [None req-472f49c3-1020-4758-95b0-69e895bfae79 tempest-VolumesActionsTest-1873897202 None] Converted 1024.00 MB image at 165.79 MB/s
Sep 07 16:59:21 devstack cinder-volume[86783]: DEBUG cinder.image.image_utils [None req-472f49c3-1020-4758-95b0-69e895bfae79 tempest-VolumesActionsTest-1873897202 None] fbfb4bb4-fee7-4941-adaf-8217b0bbbf92 was raw, no need to convert to raw {{(pid=86783) upload_volume /opt/stack/cinder/cinder/image/image_utils.py:1162}}
Sep 07 16:59:24 devstack cinder-volume[86783]: DEBUG dbcounter [-] [86783] Writing DB stats cinder:SELECT=25,cinder:UPDATE=21,cinder:INSERT=6,cinder:DELETE=1 {{(pid=86783) stat_writer /opt/stack/data/venv/lib/python3.12/site-packages/dbcounter.py:115}}
Sep 07 16:59:28 devstack cinder-volume[86783]: DEBUG cinder.coordination [None req-6ed762a7-c6a3-4900-bdb9-8909bbad46f6 tempest-TaggedAttachmentsTest-1737014531 None] Acquiring lock "cinder-75e5e285-605d-43a1-adc7-43f5aa38762a-delete_volume" by "delete_volume" {{(pid=86783) __acquire /opt/stack/cinder/cinder/coordination.py:138}}
Sep 07 16:59:28 devstack cinder-volume[86783]: DEBUG cinder.coordination [None req-6ed762a7-c6a3-4900-bdb9-8909bbad46f6 tempest-TaggedAttachmentsTest-1737014531 None] Lock "cinder-75e5e285-605d-43a1-adc7-43f5aa38762a-delete_volume" acquired by "delete_volume" :: waited 0.029s {{(pid=86783) __acquire /opt/stack/cinder/cinder/coordination.py:141}}
Sep 07 16:59:28 devstack cinder-volume[86783]: DEBUG cinder.coordination [None req-6ed762a7-c6a3-4900-bdb9-8909bbad46f6 tempest-TaggedAttachmentsTest-1737014531 None] Acquiring lock "cinder-quobyte-75e5e285-605d-43a1-adc7-43f5aa38762a" by "delete_volume" {{(pid=86783) __acquire /opt/stack/cinder/cinder/coordination.py:138}}
Sep 07 16:59:28 devstack cinder-volume[86783]: DEBUG cinder.coordination [None req-6ed762a7-c6a3-4900-bdb9-8909bbad46f6 tempest-TaggedAttachmentsTest-1737014531 None] Lock "cinder-quobyte-75e5e285-605d-43a1-adc7-43f5aa38762a" acquired by "delete_volume" :: waited 0.022s {{(pid=86783) __acquire /opt/stack/cinder/cinder/coordination.py:141}}
Sep 07 16:59:28 devstack cinder-volume[86783]: DEBUG oslo.privsep.daemon [-] privsep: reply[bbc049d1-7667-4990-90d3-1542a1d922c2]: (4, 'qcow2') {{(pid=89052) _call_back /opt/stack/data/venv/lib/python3.12/site-packages/oslo_privsep/daemon.py:580}}
Sep 07 16:59:28 devstack cinder-volume[86783]: DEBUG oslo_concurrency.processutils [None req-6ed762a7-c6a3-4900-bdb9-8909bbad46f6 tempest-TaggedAttachmentsTest-1737014531 None] Running cmd (subprocess): /opt/stack/data/venv/bin/python3.12 -m oslo_concurrency.prlimit --as=1073741824 --cpu=60 -- sudo cinder-rootwrap /etc/cinder/rootwrap.conf env LC_ALL=C qemu-img info -f qcow2 --output=json --force-share /opt/stack/data/cinder/mnt/210b09a00482fc7ed1329c371b73002c/volume-75e5e285-605d-43a1-adc7-43f5aa38762a {{(pid=86783) execute /opt/stack/data/venv/lib/python3.12/site-packages/oslo_concurrency/processutils.py:440}}
Sep 07 16:59:28 devstack sudo[92657]: quobyte : PWD=/ ; USER=root ; COMMAND=/opt/stack/data/venv/bin/cinder-rootwrap /etc/cinder/rootwrap.conf env LC_ALL=C qemu-img info -f qcow2 --output=json --force-share /opt/stack/data/cinder/mnt/210b09a00482fc7ed1329c371b73002c/volume-75e5e285-605d-43a1-adc7-43f5aa38762a
Sep 07 16:59:28 devstack sudo[92657]: pam_unix(sudo:session): session opened for user root(uid=0) by (uid=1000)
Sep 07 16:59:29 devstack sudo[92657]: pam_unix(sudo:session): session closed for user root
Sep 07 16:59:29 devstack cinder-volume[86783]: DEBUG oslo_concurrency.processutils [None req-6ed762a7-c6a3-4900-bdb9-8909bbad46f6 tempest-TaggedAttachmentsTest-1737014531 None] CMD "/opt/stack/data/venv/bin/python3.12 -m oslo_concurrency.prlimit --as=1073741824 --cpu=60 -- sudo cinder-rootwrap /etc/cinder/rootwrap.conf env LC_ALL=C qemu-img info -f qcow2 --output=json --force-share /opt/stack/data/cinder/mnt/210b09a00482fc7ed1329c371b73002c/volume-75e5e285-605d-43a1-adc7-43f5aa38762a" returned: 0 in 0.489s {{(pid=86783) execute /opt/stack/data/venv/lib/python3.12/site-packages/oslo_concurrency/processutils.py:468}}
Sep 07 16:59:29 devstack cinder-volume[86783]: DEBUG oslo_concurrency.processutils [None req-6ed762a7-c6a3-4900-bdb9-8909bbad46f6 tempest-TaggedAttachmentsTest-1737014531 None] Running cmd (subprocess): sudo cinder-rootwrap /etc/cinder/rootwrap.conf rm -f /opt/stack/data/cinder/mnt/210b09a00482fc7ed1329c371b73002c/volume-75e5e285-605d-43a1-adc7-43f5aa38762a {{(pid=86783) execute /opt/stack/data/venv/lib/python3.12/site-packages/oslo_concurrency/processutils.py:440}}
Sep 07 16:59:29 devstack sudo[92664]: quobyte : PWD=/ ; USER=root ; COMMAND=/opt/stack/data/venv/bin/cinder-rootwrap /etc/cinder/rootwrap.conf rm -f /opt/stack/data/cinder/mnt/210b09a00482fc7ed1329c371b73002c/volume-75e5e285-605d-43a1-adc7-43f5aa38762a
Sep 07 16:59:29 devstack sudo[92664]: pam_unix(sudo:session): session opened for user root(uid=0) by (uid=1000)
Sep 07 16:59:29 devstack sudo[92664]: pam_unix(sudo:session): session closed for user root
Sep 07 16:59:29 devstack cinder-volume[86783]: DEBUG oslo_concurrency.processutils [None req-6ed762a7-c6a3-4900-bdb9-8909bbad46f6 tempest-TaggedAttachmentsTest-1737014531 None] CMD "sudo cinder-rootwrap /etc/cinder/rootwrap.conf rm -f /opt/stack/data/cinder/mnt/210b09a00482fc7ed1329c371b73002c/volume-75e5e285-605d-43a1-adc7-43f5aa38762a" returned: 0 in 0.342s {{(pid=86783) execute /opt/stack/data/venv/lib/python3.12/site-packages/oslo_concurrency/processutils.py:468}}
Sep 07 16:59:29 devstack cinder-volume[86783]: DEBUG cinder.coordination [None req-6ed762a7-c6a3-4900-bdb9-8909bbad46f6 tempest-TaggedAttachmentsTest-1737014531 None] Lock "cinder-quobyte-75e5e285-605d-43a1-adc7-43f5aa38762a" released by "delete_volume" :: held 0.907s {{(pid=86783) __release /opt/stack/cinder/cinder/coordination.py:152}}
Sep 07 16:59:29 devstack cinder-volume[86783]: DEBUG cinder.quota [None req-6ed762a7-c6a3-4900-bdb9-8909bbad46f6 tempest-TaggedAttachmentsTest-1737014531 None] Created reservations ['788e5476-f6b3-434b-95ae-e1e99bd3372b', 'aa5569b6-f5e4-40d2-85a5-6d62baae50da', 'd79d928f-b6d0-429b-b0ba-5acb705dc851', 'e98c63e9-8841-434f-8a5a-0be19537d5bc'] {{(pid=86783) reserve /opt/stack/cinder/cinder/quota.py:752}}
Sep 07 16:59:29 devstack cinder-volume[86783]: DEBUG oslo_concurrency.lockutils [None req-6ed762a7-c6a3-4900-bdb9-8909bbad46f6 tempest-TaggedAttachmentsTest-1737014531 None] Acquiring lock "quobyte_ensure" by "cinder.volume.drivers.quobyte.QuobyteDriver._ensure_shares_mounted" {{(pid=86783) inner /opt/stack/data/venv/lib/python3.12/site-packages/oslo_concurrency/lockutils.py:512}}
Sep 07 16:59:29 devstack cinder-volume[86783]: DEBUG oslo_concurrency.lockutils [None req-6ed762a7-c6a3-4900-bdb9-8909bbad46f6 tempest-TaggedAttachmentsTest-1737014531 None] Lock "quobyte_ensure" acquired by "cinder.volume.drivers.quobyte.QuobyteDriver._ensure_shares_mounted" :: waited 0.001s {{(pid=86783) inner /opt/stack/data/venv/lib/python3.12/site-packages/oslo_concurrency/lockutils.py:525}}
Sep 07 16:59:29 devstack cinder-volume[86783]: DEBUG cinder.volume.drivers.quobyte [None req-6ed762a7-c6a3-4900-bdb9-8909bbad46f6 tempest-TaggedAttachmentsTest-1737014531 None] Quobyte Volume URL set to: {'osci02.corp.quobyte.com/cinder-vol-569789b8-6f73-4d81-8177-1ce86a6897c7': None} {{(pid=86783) _load_shares_config /opt/stack/cinder/cinder/volume/drivers/quobyte.py:662}}
Sep 07 16:59:29 devstack cinder-volume[86783]: DEBUG cinder.volume.drivers.quobyte [None req-6ed762a7-c6a3-4900-bdb9-8909bbad46f6 tempest-TaggedAttachmentsTest-1737014531 None] Available shares ['osci02.corp.quobyte.com/cinder-vol-569789b8-6f73-4d81-8177-1ce86a6897c7'] {{(pid=86783) _ensure_shares_mounted /opt/stack/cinder/cinder/volume/drivers/quobyte.py:692}}
Sep 07 16:59:29 devstack cinder-volume[86783]: DEBUG oslo_concurrency.lockutils [None req-6ed762a7-c6a3-4900-bdb9-8909bbad46f6 tempest-TaggedAttachmentsTest-1737014531 None] Lock "quobyte_ensure" "released" by "cinder.volume.drivers.quobyte.QuobyteDriver._ensure_shares_mounted" :: held 0.016s {{(pid=86783) inner /opt/stack/data/venv/lib/python3.12/site-packages/oslo_concurrency/lockutils.py:544}}
Sep 07 16:59:29 devstack cinder-volume[86783]: DEBUG oslo_concurrency.processutils [None req-6ed762a7-c6a3-4900-bdb9-8909bbad46f6 tempest-TaggedAttachmentsTest-1737014531 None] Running cmd (subprocess): sudo cinder-rootwrap /etc/cinder/rootwrap.conf df --portability --block-size 1 /opt/stack/data/cinder/mnt/210b09a00482fc7ed1329c371b73002c {{(pid=86783) execute /opt/stack/data/venv/lib/python3.12/site-packages/oslo_concurrency/processutils.py:440}}
Sep 07 16:59:29 devstack sudo[92667]: quobyte : PWD=/ ; USER=root ; COMMAND=/opt/stack/data/venv/bin/cinder-rootwrap /etc/cinder/rootwrap.conf df --portability --block-size 1 /opt/stack/data/cinder/mnt/210b09a00482fc7ed1329c371b73002c
Sep 07 16:59:29 devstack sudo[92667]: pam_unix(sudo:session): session opened for user root(uid=0) by (uid=1000)
Sep 07 16:59:30 devstack sudo[92667]: pam_unix(sudo:session): session closed for user root
Sep 07 16:59:30 devstack cinder-volume[86783]: DEBUG oslo_concurrency.processutils [None req-6ed762a7-c6a3-4900-bdb9-8909bbad46f6 tempest-TaggedAttachmentsTest-1737014531 None] CMD "sudo cinder-rootwrap /etc/cinder/rootwrap.conf df --portability --block-size 1 /opt/stack/data/cinder/mnt/210b09a00482fc7ed1329c371b73002c" returned: 0 in 0.372s {{(pid=86783) execute /opt/stack/data/venv/lib/python3.12/site-packages/oslo_concurrency/processutils.py:468}}
Sep 07 16:59:30 devstack cinder-volume[86783]: DEBUG cinder.manager [None req-6ed762a7-c6a3-4900-bdb9-8909bbad46f6 tempest-TaggedAttachmentsTest-1737014531 None] Notifying Schedulers of capabilities ... {{(pid=86783) _publish_service_capabilities /opt/stack/cinder/cinder/manager.py:219}}
Sep 07 16:59:30 devstack cinder-volume[86783]: INFO cinder.volume.manager [None req-6ed762a7-c6a3-4900-bdb9-8909bbad46f6 tempest-TaggedAttachmentsTest-1737014531 None] Deleted volume successfully.
Sep 07 16:59:30 devstack cinder-volume[86783]: DEBUG cinder.coordination [None req-6ed762a7-c6a3-4900-bdb9-8909bbad46f6 tempest-TaggedAttachmentsTest-1737014531 None] Lock "cinder-75e5e285-605d-43a1-adc7-43f5aa38762a-delete_volume" released by "delete_volume" :: held 1.623s {{(pid=86783) __release /opt/stack/cinder/cinder/coordination.py:152}}
Sep 07 16:59:39 devstack cinder-volume[86783]: DEBUG dbcounter [-] [86783] Writing DB stats cinder:SELECT=2,cinder:INSERT=2,cinder:UPDATE=8 {{(pid=86783) stat_writer /opt/stack/data/venv/lib/python3.12/site-packages/dbcounter.py:115}}
Sep 07 16:59:40 devstack cinder-volume[86783]: DEBUG dbcounter [-] [86783] Writing DB stats cinder:INSERT=6,cinder:SELECT=38,cinder:UPDATE=28,cinder:DELETE=2 {{(pid=86783) stat_writer /opt/stack/data/venv/lib/python3.12/site-packages/dbcounter.py:115}}
Sep 07 16:59:49 devstack cinder-volume[86783]: DEBUG oslo_concurrency.lockutils [None req-472f49c3-1020-4758-95b0-69e895bfae79 tempest-VolumesActionsTest-1873897202 None] Lock "quobyte" "released" by "cinder.volume.drivers.quobyte.QuobyteDriver.copy_volume_to_image" :: held 36.061s {{(pid=86783) inner /opt/stack/data/venv/lib/python3.12/site-packages/oslo_concurrency/lockutils.py:544}}
Sep 07 16:59:49 devstack cinder-volume[86783]: DEBUG cinder.volume.manager [None req-472f49c3-1020-4758-95b0-69e895bfae79 tempest-VolumesActionsTest-1873897202 None] Uploaded volume to glance image-id: fbfb4bb4-fee7-4941-adaf-8217b0bbbf92. {{(pid=86783) copy_volume_to_image /opt/stack/cinder/cinder/volume/manager.py:1781}}
Sep 07 16:59:50 devstack cinder-volume[86783]: INFO cinder.volume.manager [None req-472f49c3-1020-4758-95b0-69e895bfae79 tempest-VolumesActionsTest-1873897202 None] Copy volume to image completed successfully.
Sep 07 16:59:52 devstack cinder-volume[86783]: DEBUG oslo_concurrency.lockutils [None req-a6084a4c-294a-48ff-adc5-b6395e429bf0 tempest-VolumesActionsTest-1873897202 None] Acquiring lock "quobyte" by "cinder.volume.drivers.quobyte.QuobyteDriver.copy_volume_to_image" {{(pid=86783) inner /opt/stack/data/venv/lib/python3.12/site-packages/oslo_concurrency/lockutils.py:512}}
Sep 07 16:59:52 devstack cinder-volume[86783]: DEBUG oslo_concurrency.lockutils [None req-a6084a4c-294a-48ff-adc5-b6395e429bf0 tempest-VolumesActionsTest-1873897202 None] Lock "quobyte" acquired by "cinder.volume.drivers.quobyte.QuobyteDriver.copy_volume_to_image" :: waited 0.002s {{(pid=86783) inner /opt/stack/data/venv/lib/python3.12/site-packages/oslo_concurrency/lockutils.py:525}}
Sep 07 16:59:53 devstack cinder-volume[86783]: DEBUG oslo.privsep.daemon [-] privsep: reply[893c11f2-5967-4f5e-8014-2107937e2dee]: (4, 'qcow2') {{(pid=89052) _call_back /opt/stack/data/venv/lib/python3.12/site-packages/oslo_privsep/daemon.py:580}}
Sep 07 16:59:53 devstack cinder-volume[86783]: DEBUG oslo_concurrency.processutils [None req-a6084a4c-294a-48ff-adc5-b6395e429bf0 tempest-VolumesActionsTest-1873897202 None] Running cmd (subprocess): /opt/stack/data/venv/bin/python3.12 -m oslo_concurrency.prlimit --as=1073741824 --cpu=60 -- sudo cinder-rootwrap /etc/cinder/rootwrap.conf env LC_ALL=C qemu-img info -f qcow2 --output=json --force-share /opt/stack/data/cinder/mnt/210b09a00482fc7ed1329c371b73002c/volume-6cd594c9-5669-4916-bd93-fb85c8f43704 {{(pid=86783) execute /opt/stack/data/venv/lib/python3.12/site-packages/oslo_concurrency/processutils.py:440}}
Sep 07 16:59:53 devstack sudo[92809]: quobyte : PWD=/ ; USER=root ; COMMAND=/opt/stack/data/venv/bin/cinder-rootwrap /etc/cinder/rootwrap.conf env LC_ALL=C qemu-img info -f qcow2 --output=json --force-share /opt/stack/data/cinder/mnt/210b09a00482fc7ed1329c371b73002c/volume-6cd594c9-5669-4916-bd93-fb85c8f43704
Sep 07 16:59:53 devstack sudo[92809]: pam_unix(sudo:session): session opened for user root(uid=0) by (uid=1000)
Sep 07 16:59:53 devstack sudo[92809]: pam_unix(sudo:session): session closed for user root
Sep 07 16:59:53 devstack cinder-volume[86783]: DEBUG oslo_concurrency.processutils [None req-a6084a4c-294a-48ff-adc5-b6395e429bf0 tempest-VolumesActionsTest-1873897202 None] CMD "/opt/stack/data/venv/bin/python3.12 -m oslo_concurrency.prlimit --as=1073741824 --cpu=60 -- sudo cinder-rootwrap /etc/cinder/rootwrap.conf env LC_ALL=C qemu-img info -f qcow2 --output=json --force-share /opt/stack/data/cinder/mnt/210b09a00482fc7ed1329c371b73002c/volume-6cd594c9-5669-4916-bd93-fb85c8f43704" returned: 0 in 0.489s {{(pid=86783) execute /opt/stack/data/venv/lib/python3.12/site-packages/oslo_concurrency/processutils.py:468}}
Sep 07 16:59:53 devstack cinder-volume[86783]: DEBUG oslo.privsep.daemon [-] privsep: reply[9b8ad4f0-2e11-4fb5-8057-a9408ba5f34c]: (4, 'qcow2') {{(pid=89052) _call_back /opt/stack/data/venv/lib/python3.12/site-packages/oslo_privsep/daemon.py:580}}
Sep 07 16:59:53 devstack cinder-volume[86783]: DEBUG oslo_concurrency.processutils [None req-a6084a4c-294a-48ff-adc5-b6395e429bf0 tempest-VolumesActionsTest-1873897202 None] Running cmd (subprocess): /opt/stack/data/venv/bin/python3.12 -m oslo_concurrency.prlimit --as=1073741824 --cpu=60 -- sudo cinder-rootwrap /etc/cinder/rootwrap.conf env LC_ALL=C qemu-img info -f qcow2 --output=json /opt/stack/data/cinder/mnt/210b09a00482fc7ed1329c371b73002c/volume-6cd594c9-5669-4916-bd93-fb85c8f43704 {{(pid=86783) execute /opt/stack/data/venv/lib/python3.12/site-packages/oslo_concurrency/processutils.py:440}}
Sep 07 16:59:53 devstack sudo[92814]: quobyte : PWD=/ ; USER=root ; COMMAND=/opt/stack/data/venv/bin/cinder-rootwrap /etc/cinder/rootwrap.conf env LC_ALL=C qemu-img info -f qcow2 --output=json /opt/stack/data/cinder/mnt/210b09a00482fc7ed1329c371b73002c/volume-6cd594c9-5669-4916-bd93-fb85c8f43704
Sep 07 16:59:53 devstack sudo[92814]: pam_unix(sudo:session): session opened for user root(uid=0) by (uid=1000)
Sep 07 16:59:54 devstack sudo[92814]: pam_unix(sudo:session): session closed for user root
Sep 07 16:59:54 devstack cinder-volume[86783]: DEBUG oslo_concurrency.processutils [None req-a6084a4c-294a-48ff-adc5-b6395e429bf0 tempest-VolumesActionsTest-1873897202 None] CMD "/opt/stack/data/venv/bin/python3.12 -m oslo_concurrency.prlimit --as=1073741824 --cpu=60 -- sudo cinder-rootwrap /etc/cinder/rootwrap.conf env LC_ALL=C qemu-img info -f qcow2 --output=json /opt/stack/data/cinder/mnt/210b09a00482fc7ed1329c371b73002c/volume-6cd594c9-5669-4916-bd93-fb85c8f43704" returned: 0 in 0.584s {{(pid=86783) execute /opt/stack/data/venv/lib/python3.12/site-packages/oslo_concurrency/processutils.py:468}}
Sep 07 16:59:54 devstack cinder-volume[86783]: DEBUG oslo_concurrency.processutils [None req-a6084a4c-294a-48ff-adc5-b6395e429bf0 tempest-VolumesActionsTest-1873897202 None] Running cmd (subprocess): sudo cinder-rootwrap /etc/cinder/rootwrap.conf qemu-img convert -O raw /opt/stack/data/cinder/mnt/210b09a00482fc7ed1329c371b73002c/volume-6cd594c9-5669-4916-bd93-fb85c8f43704 /opt/stack/data/cinder/conversion/6cd594c9-5669-4916-bd93-fb85c8f43704.temp_image.6c0b1941-e4e1-4330-a9e2-01666971fbcbhme6f2fy.img {{(pid=86783) execute /opt/stack/data/venv/lib/python3.12/site-packages/oslo_concurrency/processutils.py:440}}
Sep 07 16:59:54 devstack sudo[92821]: quobyte : PWD=/ ; USER=root ; COMMAND=/opt/stack/data/venv/bin/cinder-rootwrap /etc/cinder/rootwrap.conf qemu-img convert -O raw /opt/stack/data/cinder/mnt/210b09a00482fc7ed1329c371b73002c/volume-6cd594c9-5669-4916-bd93-fb85c8f43704 /opt/stack/data/cinder/conversion/6cd594c9-5669-4916-bd93-fb85c8f43704.temp_image.6c0b1941-e4e1-4330-a9e2-01666971fbcbhme6f2fy.img
Sep 07 16:59:54 devstack sudo[92821]: pam_unix(sudo:session): session opened for user root(uid=0) by (uid=1000)
Sep 07 17:00:00 devstack cinder-volume[86783]: DEBUG dbcounter [-] [86783] Writing DB stats cinder:UPDATE=1 {{(pid=86783) stat_writer /opt/stack/data/venv/lib/python3.12/site-packages/dbcounter.py:115}}
Sep 07 17:00:00 devstack cinder-volume[86783]: DEBUG oslo_concurrency.processutils [None req-a6084a4c-294a-48ff-adc5-b6395e429bf0 tempest-VolumesActionsTest-1873897202 None] CMD "sudo cinder-rootwrap /etc/cinder/rootwrap.conf qemu-img convert -O raw /opt/stack/data/cinder/mnt/210b09a00482fc7ed1329c371b73002c/volume-6cd594c9-5669-4916-bd93-fb85c8f43704 /opt/stack/data/cinder/conversion/6cd594c9-5669-4916-bd93-fb85c8f43704.temp_image.6c0b1941-e4e1-4330-a9e2-01666971fbcbhme6f2fy.img" returned: 0 in 5.965s {{(pid=86783) execute /opt/stack/data/venv/lib/python3.12/site-packages/oslo_concurrency/processutils.py:468}}
Sep 07 17:00:00 devstack cinder-volume[86783]: DEBUG oslo.privsep.daemon [-] privsep: reply[c31a2ecc-b51b-4948-996c-915782494c69]: (4, 'qcow2') {{(pid=89052) _call_back /opt/stack/data/venv/lib/python3.12/site-packages/oslo_privsep/daemon.py:580}}
Sep 07 17:00:00 devstack cinder-volume[86783]: DEBUG oslo_concurrency.processutils [None req-a6084a4c-294a-48ff-adc5-b6395e429bf0 tempest-VolumesActionsTest-1873897202 None] Running cmd (subprocess): /opt/stack/data/venv/bin/python3.12 -m oslo_concurrency.prlimit --as=1073741824 --cpu=60 -- sudo cinder-rootwrap /etc/cinder/rootwrap.conf env LC_ALL=C qemu-img info -f qcow2 --output=json /opt/stack/data/cinder/mnt/210b09a00482fc7ed1329c371b73002c/volume-6cd594c9-5669-4916-bd93-fb85c8f43704 {{(pid=86783) execute /opt/stack/data/venv/lib/python3.12/site-packages/oslo_concurrency/processutils.py:440}}
Sep 07 17:00:00 devstack sudo[92885]: quobyte : PWD=/ ; USER=root ; COMMAND=/opt/stack/data/venv/bin/cinder-rootwrap /etc/cinder/rootwrap.conf env LC_ALL=C qemu-img info -f qcow2 --output=json /opt/stack/data/cinder/mnt/210b09a00482fc7ed1329c371b73002c/volume-6cd594c9-5669-4916-bd93-fb85c8f43704
Sep 07 17:00:00 devstack sudo[92885]: pam_unix(sudo:session): session opened for user root(uid=0) by (uid=1000)
Sep 07 17:00:00 devstack sudo[92885]: pam_unix(sudo:session): session closed for user root
Sep 07 17:00:00 devstack cinder-volume[86783]: DEBUG oslo_concurrency.processutils [None req-a6084a4c-294a-48ff-adc5-b6395e429bf0 tempest-VolumesActionsTest-1873897202 None] CMD "/opt/stack/data/venv/bin/python3.12 -m oslo_concurrency.prlimit --as=1073741824 --cpu=60 -- sudo cinder-rootwrap /etc/cinder/rootwrap.conf env LC_ALL=C qemu-img info -f qcow2 --output=json /opt/stack/data/cinder/mnt/210b09a00482fc7ed1329c371b73002c/volume-6cd594c9-5669-4916-bd93-fb85c8f43704" returned: 0 in 0.599s {{(pid=86783) execute /opt/stack/data/venv/lib/python3.12/site-packages/oslo_concurrency/processutils.py:468}}
Sep 07 17:00:00 devstack cinder-volume[86783]: DEBUG cinder.image.image_utils [None req-a6084a4c-294a-48ff-adc5-b6395e429bf0 tempest-VolumesActionsTest-1873897202 None] Image conversion details: src /opt/stack/data/cinder/mnt/210b09a00482fc7ed1329c371b73002c/volume-6cd594c9-5669-4916-bd93-fb85c8f43704, size 1024.00 MB, duration 5.97 sec, destination /opt/stack/data/cinder/conversion/6cd594c9-5669-4916-bd93-fb85c8f43704.temp_image.6c0b1941-e4e1-4330-a9e2-01666971fbcbhme6f2fy.img {{(pid=86783) _convert_image /opt/stack/cinder/cinder/image/image_utils.py:536}}
Sep 07 17:00:00 devstack cinder-volume[86783]: INFO cinder.image.image_utils [None req-a6084a4c-294a-48ff-adc5-b6395e429bf0 tempest-VolumesActionsTest-1873897202 None] Converted 1024.00 MB image at 171.64 MB/s
Sep 07 17:00:00 devstack cinder-volume[86783]: DEBUG cinder.image.image_utils [None req-a6084a4c-294a-48ff-adc5-b6395e429bf0 tempest-VolumesActionsTest-1873897202 None] 6c0b1941-e4e1-4330-a9e2-01666971fbcb was raw, converting to qcow2 {{(pid=86783) upload_volume /opt/stack/cinder/cinder/image/image_utils.py:1179}}
Sep 07 17:00:00 devstack cinder-volume[86783]: DEBUG oslo.privsep.daemon [-] privsep: reply[070727e5-cb6a-415f-95e7-3c04872d2185]: (4, 'raw') {{(pid=89052) _call_back /opt/stack/data/venv/lib/python3.12/site-packages/oslo_privsep/daemon.py:580}}
Sep 07 17:00:00 devstack cinder-volume[86783]: DEBUG oslo_concurrency.processutils [None req-a6084a4c-294a-48ff-adc5-b6395e429bf0 tempest-VolumesActionsTest-1873897202 None] Running cmd (subprocess): /opt/stack/data/venv/bin/python3.12 -m oslo_concurrency.prlimit --as=1073741824 --cpu=60 -- sudo cinder-rootwrap /etc/cinder/rootwrap.conf env LC_ALL=C qemu-img info -f raw --output=json /opt/stack/data/cinder/conversion/6cd594c9-5669-4916-bd93-fb85c8f43704.temp_image.6c0b1941-e4e1-4330-a9e2-01666971fbcbhme6f2fy.img {{(pid=86783) execute /opt/stack/data/venv/lib/python3.12/site-packages/oslo_concurrency/processutils.py:440}}
Sep 07 17:00:00 devstack sudo[92890]: quobyte : PWD=/ ; USER=root ; COMMAND=/opt/stack/data/venv/bin/cinder-rootwrap /etc/cinder/rootwrap.conf env LC_ALL=C qemu-img info -f raw --output=json /opt/stack/data/cinder/conversion/6cd594c9-5669-4916-bd93-fb85c8f43704.temp_image.6c0b1941-e4e1-4330-a9e2-01666971fbcbhme6f2fy.img
Sep 07 17:00:00 devstack sudo[92890]: pam_unix(sudo:session): session opened for user root(uid=0) by (uid=1000)
Sep 07 17:00:00 devstack cinder-volume[86783]: DEBUG cinder.volume.flows.manager.create_volume [req-c71b0b02-f925-4dcd-ac2d-169a913c7102 req-639cc0a0-11c7-4881-8f96-1458dc7ce828 tempest-VolumesSnapshotsTestJSON-307453910 None] Volume reschedule parameters: True retry: {'num_attempts': 1, 'backends': ['devstack@QuobyteHD#QuobyteHD'], 'hosts': ['devstack@QuobyteHD#QuobyteHD']} {{(pid=86783) get_flow /opt/stack/cinder/cinder/volume/flows/manager/create_volume.py:1397}}
Sep 07 17:00:00 devstack cinder-volume[86783]: DEBUG cinder.volume.manager [req-c71b0b02-f925-4dcd-ac2d-169a913c7102 req-639cc0a0-11c7-4881-8f96-1458dc7ce828 tempest-VolumesSnapshotsTestJSON-307453910 None] Flow 'volume_create_manager' (a93b6a09-5384-4e5e-b8bc-75aa0c0cb2a9) transitioned into state 'RUNNING' from state 'PENDING' {{(pid=86783) _flow_receiver /opt/stack/data/venv/lib/python3.12/site-packages/taskflow/listeners/logging.py:160}}
Sep 07 17:00:00 devstack cinder-volume[86783]: DEBUG cinder.volume.manager [req-c71b0b02-f925-4dcd-ac2d-169a913c7102 req-639cc0a0-11c7-4881-8f96-1458dc7ce828 tempest-VolumesSnapshotsTestJSON-307453910 None] Task 'cinder.volume.flows.manager.create_volume.ExtractVolumeRefTask;volume:create' (58a5640f-ebfd-4cc4-b0d9-f9bd95e38d9b) transitioned into state 'RUNNING' from state 'PENDING' {{(pid=86783) _task_receiver /opt/stack/data/venv/lib/python3.12/site-packages/taskflow/listeners/logging.py:242}}
Sep 07 17:00:00 devstack cinder-volume[86783]: DEBUG cinder.volume.manager [req-c71b0b02-f925-4dcd-ac2d-169a913c7102 req-639cc0a0-11c7-4881-8f96-1458dc7ce828 tempest-VolumesSnapshotsTestJSON-307453910 None] Task 'cinder.volume.flows.manager.create_volume.ExtractVolumeRefTask;volume:create' (58a5640f-ebfd-4cc4-b0d9-f9bd95e38d9b) transitioned into state 'SUCCESS' from state 'RUNNING' with result 'Volume(_name_id=None,admin_metadata=,attach_status='detached',availability_zone='nova',bootable=False,cluster=,cluster_name=None,consistencygroup=,consistencygroup_id=None,created_at=2026-09-07T15:00:01Z,deleted=False,deleted_at=None,display_description=None,display_name='tempest-VolumesSnapshotsTestJSON-volume-1944049134',ec2_id=None,encryption_key_id=None,glance_metadata=,group=,group_id=None,host='devstack@QuobyteHD#QuobyteHD',id=0d3b5c79-f966-4246-90f9-bf47d82adc51,launched_at=None,metadata={},migration_status=None,multiattach=False,previous_status=None,project_id='dd39292247d043b4b87115dee7b42c75',provider_auth=None,provider_geometry=None,provider_id=None,provider_location=None,replication_driver_data=None,replication_extended_status=None,replication_status=None,scheduled_at=2026-09-07T15:00:01Z,service_uuid=None,shared_targets=True,size=1,snapshot_id=None,snapshots=,source_volid=None,status='creating',terminated_at=None,updated_at=2026-09-07T15:00:01Z,use_quota=True,user_id='2ef4d0584cae42a0be34077b1e835e3f',volume_attachment=VolumeAttachmentList,volume_type=VolumeType(bd3e3e95-b820-492f-8ec6-a1167975b275),volume_type_id=bd3e3e95-b820-492f-8ec6-a1167975b275)' {{(pid=86783) _task_receiver /opt/stack/data/venv/lib/python3.12/site-packages/taskflow/listeners/logging.py:218}}
Sep 07 17:00:00 devstack cinder-volume[86783]: DEBUG cinder.volume.manager [req-c71b0b02-f925-4dcd-ac2d-169a913c7102 req-639cc0a0-11c7-4881-8f96-1458dc7ce828 tempest-VolumesSnapshotsTestJSON-307453910 None] Task 'cinder.volume.flows.manager.create_volume.OnFailureRescheduleTask;volume:create' (370241ba-5856-435a-81ca-97ad02e70911) transitioned into state 'RUNNING' from state 'PENDING' {{(pid=86783) _task_receiver /opt/stack/data/venv/lib/python3.12/site-packages/taskflow/listeners/logging.py:242}}
Sep 07 17:00:00 devstack cinder-volume[86783]: DEBUG cinder.volume.manager [req-c71b0b02-f925-4dcd-ac2d-169a913c7102 req-639cc0a0-11c7-4881-8f96-1458dc7ce828 tempest-VolumesSnapshotsTestJSON-307453910 None] Task 'cinder.volume.flows.manager.create_volume.OnFailureRescheduleTask;volume:create' (370241ba-5856-435a-81ca-97ad02e70911) transitioned into state 'SUCCESS' from state 'RUNNING' with result 'None' {{(pid=86783) _task_receiver /opt/stack/data/venv/lib/python3.12/site-packages/taskflow/listeners/logging.py:218}}
Sep 07 17:00:00 devstack cinder-volume[86783]: DEBUG cinder.volume.manager [req-c71b0b02-f925-4dcd-ac2d-169a913c7102 req-639cc0a0-11c7-4881-8f96-1458dc7ce828 tempest-VolumesSnapshotsTestJSON-307453910 None] Task 'cinder.volume.flows.manager.create_volume.ExtractVolumeSpecTask;volume:create' (63293acd-ec12-4628-aad2-a9f22cd2cf87) transitioned into state 'RUNNING' from state 'PENDING' {{(pid=86783) _task_receiver /opt/stack/data/venv/lib/python3.12/site-packages/taskflow/listeners/logging.py:242}}
Sep 07 17:00:01 devstack cinder-volume[86783]: DEBUG cinder.volume.manager [req-c71b0b02-f925-4dcd-ac2d-169a913c7102 req-639cc0a0-11c7-4881-8f96-1458dc7ce828 tempest-VolumesSnapshotsTestJSON-307453910 None] Task 'cinder.volume.flows.manager.create_volume.ExtractVolumeSpecTask;volume:create' (63293acd-ec12-4628-aad2-a9f22cd2cf87) transitioned into state 'SUCCESS' from state 'RUNNING' with result '{'status': 'creating', 'type': 'raw', 'volume_id': '0d3b5c79-f966-4246-90f9-bf47d82adc51', 'volume_name': 'volume-0d3b5c79-f966-4246-90f9-bf47d82adc51', 'volume_size': 1}' {{(pid=86783) _task_receiver /opt/stack/data/venv/lib/python3.12/site-packages/taskflow/listeners/logging.py:218}}
Sep 07 17:00:01 devstack cinder-volume[86783]: DEBUG cinder.volume.manager [req-c71b0b02-f925-4dcd-ac2d-169a913c7102 req-639cc0a0-11c7-4881-8f96-1458dc7ce828 tempest-VolumesSnapshotsTestJSON-307453910 None] Task 'cinder.volume.flows.manager.create_volume.NotifyVolumeActionTask;volume:create, create.start' (f5032b6e-196f-4aba-8ba4-36f110af7183) transitioned into state 'RUNNING' from state 'PENDING' {{(pid=86783) _task_receiver /opt/stack/data/venv/lib/python3.12/site-packages/taskflow/listeners/logging.py:242}}
Sep 07 17:00:01 devstack cinder-volume[86783]: DEBUG cinder.volume.manager [req-c71b0b02-f925-4dcd-ac2d-169a913c7102 req-639cc0a0-11c7-4881-8f96-1458dc7ce828 tempest-VolumesSnapshotsTestJSON-307453910 None] Task 'cinder.volume.flows.manager.create_volume.NotifyVolumeActionTask;volume:create, create.start' (f5032b6e-196f-4aba-8ba4-36f110af7183) transitioned into state 'SUCCESS' from state 'RUNNING' with result 'None' {{(pid=86783) _task_receiver /opt/stack/data/venv/lib/python3.12/site-packages/taskflow/listeners/logging.py:218}}
Sep 07 17:00:01 devstack cinder-volume[86783]: DEBUG cinder.volume.manager [req-c71b0b02-f925-4dcd-ac2d-169a913c7102 req-639cc0a0-11c7-4881-8f96-1458dc7ce828 tempest-VolumesSnapshotsTestJSON-307453910 None] Task 'cinder.volume.flows.manager.create_volume.CreateVolumeFromSpecTask;volume:create' (b93cd457-07d4-45be-99ab-687496d7a564) transitioned into state 'RUNNING' from state 'PENDING' {{(pid=86783) _task_receiver /opt/stack/data/venv/lib/python3.12/site-packages/taskflow/listeners/logging.py:242}}
Sep 07 17:00:01 devstack cinder-volume[86783]: INFO cinder.volume.flows.manager.create_volume [req-c71b0b02-f925-4dcd-ac2d-169a913c7102 req-639cc0a0-11c7-4881-8f96-1458dc7ce828 tempest-VolumesSnapshotsTestJSON-307453910 None] Volume 0d3b5c79-f966-4246-90f9-bf47d82adc51: being created as raw with specification: {'status': 'creating', 'volume_name': 'volume-0d3b5c79-f966-4246-90f9-bf47d82adc51', 'volume_size': 1}
Sep 07 17:00:01 devstack cinder-volume[86783]: DEBUG oslo_concurrency.lockutils [req-c71b0b02-f925-4dcd-ac2d-169a913c7102 req-639cc0a0-11c7-4881-8f96-1458dc7ce828 tempest-VolumesSnapshotsTestJSON-307453910 None] Acquiring lock "quobyte" by "cinder.volume.drivers.quobyte.QuobyteDriver.create_volume" {{(pid=86783) inner /opt/stack/data/venv/lib/python3.12/site-packages/oslo_concurrency/lockutils.py:512}}
Sep 07 17:00:01 devstack sudo[92890]: pam_unix(sudo:session): session closed for user root
Sep 07 17:00:01 devstack cinder-volume[86783]: DEBUG oslo_concurrency.processutils [None req-a6084a4c-294a-48ff-adc5-b6395e429bf0 tempest-VolumesActionsTest-1873897202 None] CMD "/opt/stack/data/venv/bin/python3.12 -m oslo_concurrency.prlimit --as=1073741824 --cpu=60 -- sudo cinder-rootwrap /etc/cinder/rootwrap.conf env LC_ALL=C qemu-img info -f raw --output=json /opt/stack/data/cinder/conversion/6cd594c9-5669-4916-bd93-fb85c8f43704.temp_image.6c0b1941-e4e1-4330-a9e2-01666971fbcbhme6f2fy.img" returned: 0 in 0.437s {{(pid=86783) execute /opt/stack/data/venv/lib/python3.12/site-packages/oslo_concurrency/processutils.py:468}}
