Jun 26 23:21:54 devstack cinder-volume[93436]: DEBUG cinder.volume.manager [None req-7d5c3d6d-564c-4558-81f5-bfae0670474e tempest-TestInstancesWithCinderVolumes-315563124 None] Flow 'volume_create_manager' (e89eef4f-709b-4e45-a9c7-a380e9485a27) transitioned into state 'SUCCESS' from state 'RUNNING' {{(pid=93436) _flow_receiver /opt/stack/data/venv/lib/python3.12/site-packages/taskflow/listeners/logging.py:160}}
Jun 26 23:21:54 devstack cinder-volume[93436]: INFO cinder.volume.manager [None req-7d5c3d6d-564c-4558-81f5-bfae0670474e tempest-TestInstancesWithCinderVolumes-315563124 None] Created volume successfully.
Jun 26 23:21:55 devstack sudo[102202]: pam_unix(sudo:session): session closed for user root
Jun 26 23:21:55 devstack cinder-volume[93436]: DEBUG oslo_concurrency.processutils [None req-da8fac25-d0b5-4925-be20-54a649956365 tempest-GroupsV314Test-1728782774 None] CMD "sudo cinder-rootwrap /etc/cinder/rootwrap.conf qemu-img rebase -u -b volume-6dc061e2-20e2-4b53-b0b3-3f841ce2c8ef -F qcow2 /opt/stack/data/cinder/mnt/cd05b5cbab0c62d4c5d1a9e489fd0f18/volume-6dc061e2-20e2-4b53-b0b3-3f841ce2c8ef.675d681f-109d-487e-8ba2-86b7fb4e7ca5" returned: 0 in 0.694s {{(pid=93436) execute /opt/stack/data/venv/lib/python3.12/site-packages/oslo_concurrency/processutils.py:468}}
Jun 26 23:21:55 devstack cinder-volume[93436]: WARNING cinder.volume.drivers.remotefs [None req-da8fac25-d0b5-4925-be20-54a649956365 tempest-GroupsV314Test-1728782774 None] /opt/stack/data/cinder/mnt/cd05b5cbab0c62d4c5d1a9e489fd0f18/volume-6dc061e2-20e2-4b53-b0b3-3f841ce2c8ef.675d681f-109d-487e-8ba2-86b7fb4e7ca5 is being set with open permissions: ugo+rw: NotImplementedError
Jun 26 23:21:55 devstack cinder-volume[93436]: DEBUG oslo_concurrency.processutils [None req-da8fac25-d0b5-4925-be20-54a649956365 tempest-GroupsV314Test-1728782774 None] Running cmd (subprocess): sudo cinder-rootwrap /etc/cinder/rootwrap.conf chmod ugo+rw /opt/stack/data/cinder/mnt/cd05b5cbab0c62d4c5d1a9e489fd0f18/volume-6dc061e2-20e2-4b53-b0b3-3f841ce2c8ef.675d681f-109d-487e-8ba2-86b7fb4e7ca5 {{(pid=93436) execute /opt/stack/data/venv/lib/python3.12/site-packages/oslo_concurrency/processutils.py:440}}
Jun 26 23:21:55 devstack sudo[102210]: quobyte : PWD=/ ; USER=root ; COMMAND=/opt/stack/data/venv/bin/cinder-rootwrap /etc/cinder/rootwrap.conf chmod ugo+rw /opt/stack/data/cinder/mnt/cd05b5cbab0c62d4c5d1a9e489fd0f18/volume-6dc061e2-20e2-4b53-b0b3-3f841ce2c8ef.675d681f-109d-487e-8ba2-86b7fb4e7ca5
Jun 26 23:21:55 devstack sudo[102210]: pam_unix(sudo:session): session opened for user root(uid=0) by (uid=1000)
Jun 26 23:21:55 devstack sudo[102210]: pam_unix(sudo:session): session closed for user root
Jun 26 23:21:55 devstack cinder-volume[93436]: DEBUG oslo_concurrency.processutils [None req-da8fac25-d0b5-4925-be20-54a649956365 tempest-GroupsV314Test-1728782774 None] CMD "sudo cinder-rootwrap /etc/cinder/rootwrap.conf chmod ugo+rw /opt/stack/data/cinder/mnt/cd05b5cbab0c62d4c5d1a9e489fd0f18/volume-6dc061e2-20e2-4b53-b0b3-3f841ce2c8ef.675d681f-109d-487e-8ba2-86b7fb4e7ca5" returned: 0 in 0.646s {{(pid=93436) execute /opt/stack/data/venv/lib/python3.12/site-packages/oslo_concurrency/processutils.py:468}}
Jun 26 23:21:55 devstack cinder-volume[93436]: DEBUG oslo_concurrency.processutils [None req-da8fac25-d0b5-4925-be20-54a649956365 tempest-GroupsV314Test-1728782774 None] Running cmd (subprocess): sudo cinder-rootwrap /etc/cinder/rootwrap.conf truncate -s0 /opt/stack/data/cinder/mnt/cd05b5cbab0c62d4c5d1a9e489fd0f18/volume-6dc061e2-20e2-4b53-b0b3-3f841ce2c8ef.info {{(pid=93436) execute /opt/stack/data/venv/lib/python3.12/site-packages/oslo_concurrency/processutils.py:440}}
Jun 26 23:21:55 devstack sudo[102214]: quobyte : PWD=/ ; USER=root ; COMMAND=/opt/stack/data/venv/bin/cinder-rootwrap /etc/cinder/rootwrap.conf truncate -s0 /opt/stack/data/cinder/mnt/cd05b5cbab0c62d4c5d1a9e489fd0f18/volume-6dc061e2-20e2-4b53-b0b3-3f841ce2c8ef.info
Jun 26 23:21:55 devstack sudo[102214]: pam_unix(sudo:session): session opened for user root(uid=0) by (uid=1000)
Jun 26 23:21:56 devstack cinder-volume[93436]: DEBUG oslo_concurrency.lockutils [req-9886988b-8040-421a-b2d2-293c530de71d req-8743bdd7-94ce-468d-b9c6-ccdf38330115 tempest-AttachVolumeTestJSON-399098876 None] Acquiring lock "quobyte" by "cinder.volume.drivers.quobyte.QuobyteDriver.initialize_connection" {{(pid=93436) inner /opt/stack/data/venv/lib/python3.12/site-packages/oslo_concurrency/lockutils.py:511}}
Jun 26 23:21:56 devstack sudo[102214]: pam_unix(sudo:session): session closed for user root
Jun 26 23:21:56 devstack cinder-volume[93436]: DEBUG oslo_concurrency.processutils [None req-da8fac25-d0b5-4925-be20-54a649956365 tempest-GroupsV314Test-1728782774 None] CMD "sudo cinder-rootwrap /etc/cinder/rootwrap.conf truncate -s0 /opt/stack/data/cinder/mnt/cd05b5cbab0c62d4c5d1a9e489fd0f18/volume-6dc061e2-20e2-4b53-b0b3-3f841ce2c8ef.info" returned: 0 in 0.668s {{(pid=93436) execute /opt/stack/data/venv/lib/python3.12/site-packages/oslo_concurrency/processutils.py:468}}
Jun 26 23:21:56 devstack cinder-volume[93436]: WARNING cinder.volume.drivers.remotefs [None req-da8fac25-d0b5-4925-be20-54a649956365 tempest-GroupsV314Test-1728782774 None] /opt/stack/data/cinder/mnt/cd05b5cbab0c62d4c5d1a9e489fd0f18/volume-6dc061e2-20e2-4b53-b0b3-3f841ce2c8ef.info is being set with open permissions: ugo+rw: NotImplementedError
Jun 26 23:21:56 devstack cinder-volume[93436]: DEBUG oslo_concurrency.processutils [None req-da8fac25-d0b5-4925-be20-54a649956365 tempest-GroupsV314Test-1728782774 None] Running cmd (subprocess): sudo cinder-rootwrap /etc/cinder/rootwrap.conf chmod ugo+rw /opt/stack/data/cinder/mnt/cd05b5cbab0c62d4c5d1a9e489fd0f18/volume-6dc061e2-20e2-4b53-b0b3-3f841ce2c8ef.info {{(pid=93436) execute /opt/stack/data/venv/lib/python3.12/site-packages/oslo_concurrency/processutils.py:440}}
Jun 26 23:21:56 devstack sudo[102229]: quobyte : PWD=/ ; USER=root ; COMMAND=/opt/stack/data/venv/bin/cinder-rootwrap /etc/cinder/rootwrap.conf chmod ugo+rw /opt/stack/data/cinder/mnt/cd05b5cbab0c62d4c5d1a9e489fd0f18/volume-6dc061e2-20e2-4b53-b0b3-3f841ce2c8ef.info
Jun 26 23:21:56 devstack sudo[102229]: pam_unix(sudo:session): session opened for user root(uid=0) by (uid=1000)
Jun 26 23:21:57 devstack sudo[102229]: pam_unix(sudo:session): session closed for user root
Jun 26 23:21:57 devstack cinder-volume[93436]: DEBUG oslo_concurrency.processutils [None req-da8fac25-d0b5-4925-be20-54a649956365 tempest-GroupsV314Test-1728782774 None] CMD "sudo cinder-rootwrap /etc/cinder/rootwrap.conf chmod ugo+rw /opt/stack/data/cinder/mnt/cd05b5cbab0c62d4c5d1a9e489fd0f18/volume-6dc061e2-20e2-4b53-b0b3-3f841ce2c8ef.info" returned: 0 in 0.647s {{(pid=93436) execute /opt/stack/data/venv/lib/python3.12/site-packages/oslo_concurrency/processutils.py:468}}
Jun 26 23:21:57 devstack cinder-volume[93436]: DEBUG cinder.coordination [None req-da8fac25-d0b5-4925-be20-54a649956365 tempest-GroupsV314Test-1728782774 None] Acquiring lock "cinder-quobyte-e27038b2-54a1-4903-b4ac-137f5f2dee2f" by "_copy_volume_from_snapshot" {{(pid=93436) __acquire /opt/stack/cinder/cinder/coordination.py:138}}
Jun 26 23:21:57 devstack cinder-volume[93436]: DEBUG cinder.coordination [None req-da8fac25-d0b5-4925-be20-54a649956365 tempest-GroupsV314Test-1728782774 None] Lock "cinder-quobyte-e27038b2-54a1-4903-b4ac-137f5f2dee2f" acquired by "_copy_volume_from_snapshot" :: waited 0.017s {{(pid=93436) __acquire /opt/stack/cinder/cinder/coordination.py:141}}
Jun 26 23:21:57 devstack cinder-volume[93436]: DEBUG cinder.volume.drivers.quobyte [None req-da8fac25-d0b5-4925-be20-54a649956365 tempest-GroupsV314Test-1728782774 None] snapshot: 675d681f-109d-487e-8ba2-86b7fb4e7ca5, volume: e27038b2-54a1-4903-b4ac-137f5f2dee2f, {{(pid=93436) _copy_volume_from_snapshot /opt/stack/cinder/cinder/volume/drivers/quobyte.py:401}}
Jun 26 23:21:57 devstack cinder-volume[93436]: DEBUG oslo_concurrency.lockutils [None req-da8fac25-d0b5-4925-be20-54a649956365 tempest-GroupsV314Test-1728782774 None] Acquiring lock "quobyte_ensure" by "cinder.volume.drivers.quobyte.QuobyteDriver._ensure_shares_mounted" {{(pid=93436) inner /opt/stack/data/venv/lib/python3.12/site-packages/oslo_concurrency/lockutils.py:511}}
Jun 26 23:21:57 devstack cinder-volume[93436]: DEBUG oslo_concurrency.lockutils [None req-da8fac25-d0b5-4925-be20-54a649956365 tempest-GroupsV314Test-1728782774 None] Lock "quobyte_ensure" acquired by "cinder.volume.drivers.quobyte.QuobyteDriver._ensure_shares_mounted" :: waited 0.001s {{(pid=93436) inner /opt/stack/data/venv/lib/python3.12/site-packages/oslo_concurrency/lockutils.py:524}}
Jun 26 23:21:57 devstack cinder-volume[93436]: DEBUG cinder.volume.drivers.quobyte [None req-da8fac25-d0b5-4925-be20-54a649956365 tempest-GroupsV314Test-1728782774 None] Quobyte Volume URL set to: {'osci02.corp.quobyte.com/cinder-vol-2adb07d2-3d9f-4879-b327-af4301d4339c': None} {{(pid=93436) _load_shares_config /opt/stack/cinder/cinder/volume/drivers/quobyte.py:617}}
Jun 26 23:21:57 devstack cinder-volume[93436]: DEBUG cinder.volume.drivers.quobyte [None req-da8fac25-d0b5-4925-be20-54a649956365 tempest-GroupsV314Test-1728782774 None] Available shares ['osci02.corp.quobyte.com/cinder-vol-2adb07d2-3d9f-4879-b327-af4301d4339c'] {{(pid=93436) _ensure_shares_mounted /opt/stack/cinder/cinder/volume/drivers/quobyte.py:647}}
Jun 26 23:21:57 devstack cinder-volume[93436]: DEBUG oslo_concurrency.lockutils [None req-da8fac25-d0b5-4925-be20-54a649956365 tempest-GroupsV314Test-1728782774 None] Lock "quobyte_ensure" "released" by "cinder.volume.drivers.quobyte.QuobyteDriver._ensure_shares_mounted" :: held 0.005s {{(pid=93436) inner /opt/stack/data/venv/lib/python3.12/site-packages/oslo_concurrency/lockutils.py:543}}
Jun 26 23:21:57 devstack cinder-volume[93436]: DEBUG oslo.privsep.daemon [-] privsep: reply[bd34ebed-3fdf-4957-bd3f-52bc4eb9b1ae]: (4, 'qcow2') {{(pid=94775) _call_back /opt/stack/data/venv/lib/python3.12/site-packages/oslo_privsep/daemon.py:580}}
Jun 26 23:21:57 devstack cinder-volume[93436]: DEBUG oslo_concurrency.processutils [None req-da8fac25-d0b5-4925-be20-54a649956365 tempest-GroupsV314Test-1728782774 None] Running cmd (subprocess): /opt/stack/data/venv/bin/python3.12 -m oslo_concurrency.prlimit --as=1073741824 --cpu=60 -- sudo cinder-rootwrap /etc/cinder/rootwrap.conf env LC_ALL=C qemu-img info -f qcow2 --output=json --force-share /opt/stack/data/cinder/mnt/cd05b5cbab0c62d4c5d1a9e489fd0f18/volume-6dc061e2-20e2-4b53-b0b3-3f841ce2c8ef.675d681f-109d-487e-8ba2-86b7fb4e7ca5 {{(pid=93436) execute /opt/stack/data/venv/lib/python3.12/site-packages/oslo_concurrency/processutils.py:440}}
Jun 26 23:21:57 devstack sudo[102233]: quobyte : PWD=/ ; USER=root ; COMMAND=/opt/stack/data/venv/bin/cinder-rootwrap /etc/cinder/rootwrap.conf env LC_ALL=C qemu-img info -f qcow2 --output=json --force-share /opt/stack/data/cinder/mnt/cd05b5cbab0c62d4c5d1a9e489fd0f18/volume-6dc061e2-20e2-4b53-b0b3-3f841ce2c8ef.675d681f-109d-487e-8ba2-86b7fb4e7ca5
Jun 26 23:21:57 devstack sudo[102233]: pam_unix(sudo:session): session opened for user root(uid=0) by (uid=1000)
Jun 26 23:21:57 devstack sudo[102233]: pam_unix(sudo:session): session closed for user root
Jun 26 23:21:57 devstack cinder-volume[93436]: DEBUG oslo_concurrency.processutils [None req-da8fac25-d0b5-4925-be20-54a649956365 tempest-GroupsV314Test-1728782774 None] CMD "/opt/stack/data/venv/bin/python3.12 -m oslo_concurrency.prlimit --as=1073741824 --cpu=60 -- sudo cinder-rootwrap /etc/cinder/rootwrap.conf env LC_ALL=C qemu-img info -f qcow2 --output=json --force-share /opt/stack/data/cinder/mnt/cd05b5cbab0c62d4c5d1a9e489fd0f18/volume-6dc061e2-20e2-4b53-b0b3-3f841ce2c8ef.675d681f-109d-487e-8ba2-86b7fb4e7ca5" returned: 0 in 0.749s {{(pid=93436) execute /opt/stack/data/venv/lib/python3.12/site-packages/oslo_concurrency/processutils.py:468}}
Jun 26 23:21:57 devstack cinder-volume[93436]: DEBUG cinder.volume.drivers.remotefs [None req-da8fac25-d0b5-4925-be20-54a649956365 tempest-GroupsV314Test-1728782774 None] Fetching qemu-img info with special backing_file_template: (/opt/stack/data/cinder/mnt/[0-9a-f]+/)?(volume-6dc061e2-20e2-4b53-b0b3-3f841ce2c8ef(.(tmp-snap-)?[0-9a-f-]+)?|volume_from_snapshot_cache/(tmp-snap-)?[0-9a-f-]+(.(child-|parent-)[0-9a-f-]+)?)$ {{(pid=93436) _qemu_img_info_base /opt/stack/cinder/cinder/volume/drivers/remotefs.py:896}}
Jun 26 23:21:57 devstack cinder-volume[93436]: DEBUG cinder.volume.drivers.quobyte [None req-da8fac25-d0b5-4925-be20-54a649956365 tempest-GroupsV314Test-1728782774 None] will copy from snapshot at /opt/stack/data/cinder/mnt/cd05b5cbab0c62d4c5d1a9e489fd0f18/volume-6dc061e2-20e2-4b53-b0b3-3f841ce2c8ef {{(pid=93436) _copy_volume_from_snapshot /opt/stack/cinder/cinder/volume/drivers/quobyte.py:420}}
Jun 26 23:21:57 devstack cinder-volume[93436]: DEBUG cinder.volume.drivers.quobyte [None req-da8fac25-d0b5-4925-be20-54a649956365 tempest-GroupsV314Test-1728782774 None] Creating direct copy from snapshot {{(pid=93436) _copy_volume_from_snapshot /opt/stack/cinder/cinder/volume/drivers/quobyte.py:428}}
Jun 26 23:21:57 devstack cinder-volume[93436]: DEBUG oslo.privsep.daemon [-] privsep: reply[7eb944ca-0b45-441d-85d0-063084ed75f7]: (4, 'qcow2') {{(pid=94775) _call_back /opt/stack/data/venv/lib/python3.12/site-packages/oslo_privsep/daemon.py:580}}
Jun 26 23:21:57 devstack cinder-volume[93436]: DEBUG oslo_concurrency.processutils [None req-da8fac25-d0b5-4925-be20-54a649956365 tempest-GroupsV314Test-1728782774 None] Running cmd (subprocess): /opt/stack/data/venv/bin/python3.12 -m oslo_concurrency.prlimit --as=1073741824 --cpu=60 -- sudo cinder-rootwrap /etc/cinder/rootwrap.conf env LC_ALL=C qemu-img info -f qcow2 --output=json /opt/stack/data/cinder/mnt/cd05b5cbab0c62d4c5d1a9e489fd0f18/volume-6dc061e2-20e2-4b53-b0b3-3f841ce2c8ef {{(pid=93436) execute /opt/stack/data/venv/lib/python3.12/site-packages/oslo_concurrency/processutils.py:440}}
Jun 26 23:21:57 devstack sudo[102238]: quobyte : PWD=/ ; USER=root ; COMMAND=/opt/stack/data/venv/bin/cinder-rootwrap /etc/cinder/rootwrap.conf env LC_ALL=C qemu-img info -f qcow2 --output=json /opt/stack/data/cinder/mnt/cd05b5cbab0c62d4c5d1a9e489fd0f18/volume-6dc061e2-20e2-4b53-b0b3-3f841ce2c8ef
Jun 26 23:21:57 devstack sudo[102238]: pam_unix(sudo:session): session opened for user root(uid=0) by (uid=1000)
Jun 26 23:21:58 devstack sudo[102238]: pam_unix(sudo:session): session closed for user root
Jun 26 23:21:58 devstack cinder-volume[93436]: DEBUG oslo_concurrency.processutils [None req-da8fac25-d0b5-4925-be20-54a649956365 tempest-GroupsV314Test-1728782774 None] CMD "/opt/stack/data/venv/bin/python3.12 -m oslo_concurrency.prlimit --as=1073741824 --cpu=60 -- sudo cinder-rootwrap /etc/cinder/rootwrap.conf env LC_ALL=C qemu-img info -f qcow2 --output=json /opt/stack/data/cinder/mnt/cd05b5cbab0c62d4c5d1a9e489fd0f18/volume-6dc061e2-20e2-4b53-b0b3-3f841ce2c8ef" returned: 0 in 0.770s {{(pid=93436) execute /opt/stack/data/venv/lib/python3.12/site-packages/oslo_concurrency/processutils.py:468}}
Jun 26 23:21:58 devstack cinder-volume[93436]: DEBUG cinder.utils [None req-da8fac25-d0b5-4925-be20-54a649956365 tempest-GroupsV314Test-1728782774 None] Path /opt/stack/data/cinder/mnt/cd05b5cbab0c62d4c5d1a9e489fd0f18/volume-e27038b2-54a1-4903-b4ac-137f5f2dee2f not found in is_blk_device check {{(pid=93436) is_blk_device /opt/stack/cinder/cinder/utils.py:615}}
Jun 26 23:21:58 devstack cinder-volume[93436]: DEBUG oslo_concurrency.processutils [None req-da8fac25-d0b5-4925-be20-54a649956365 tempest-GroupsV314Test-1728782774 None] Running cmd (subprocess): sudo cinder-rootwrap /etc/cinder/rootwrap.conf qemu-img convert -O qcow2 /opt/stack/data/cinder/mnt/cd05b5cbab0c62d4c5d1a9e489fd0f18/volume-6dc061e2-20e2-4b53-b0b3-3f841ce2c8ef /opt/stack/data/cinder/mnt/cd05b5cbab0c62d4c5d1a9e489fd0f18/volume-e27038b2-54a1-4903-b4ac-137f5f2dee2f {{(pid=93436) execute /opt/stack/data/venv/lib/python3.12/site-packages/oslo_concurrency/processutils.py:440}}
Jun 26 23:21:58 devstack sudo[102244]: quobyte : PWD=/ ; USER=root ; COMMAND=/opt/stack/data/venv/bin/cinder-rootwrap /etc/cinder/rootwrap.conf qemu-img convert -O qcow2 /opt/stack/data/cinder/mnt/cd05b5cbab0c62d4c5d1a9e489fd0f18/volume-6dc061e2-20e2-4b53-b0b3-3f841ce2c8ef /opt/stack/data/cinder/mnt/cd05b5cbab0c62d4c5d1a9e489fd0f18/volume-e27038b2-54a1-4903-b4ac-137f5f2dee2f
Jun 26 23:21:58 devstack sudo[102244]: pam_unix(sudo:session): session opened for user root(uid=0) by (uid=1000)
Jun 26 23:22:04 devstack sudo[102244]: pam_unix(sudo:session): session closed for user root
Jun 26 23:22:04 devstack cinder-volume[93436]: DEBUG oslo_concurrency.processutils [None req-da8fac25-d0b5-4925-be20-54a649956365 tempest-GroupsV314Test-1728782774 None] CMD "sudo cinder-rootwrap /etc/cinder/rootwrap.conf qemu-img convert -O qcow2 /opt/stack/data/cinder/mnt/cd05b5cbab0c62d4c5d1a9e489fd0f18/volume-6dc061e2-20e2-4b53-b0b3-3f841ce2c8ef /opt/stack/data/cinder/mnt/cd05b5cbab0c62d4c5d1a9e489fd0f18/volume-e27038b2-54a1-4903-b4ac-137f5f2dee2f" returned: 0 in 5.491s {{(pid=93436) execute /opt/stack/data/venv/lib/python3.12/site-packages/oslo_concurrency/processutils.py:468}}
Jun 26 23:22:04 devstack cinder-volume[93436]: DEBUG oslo.privsep.daemon [-] privsep: reply[368f50ac-e629-450f-a848-de4fd1a40785]: (4, 'qcow2') {{(pid=94775) _call_back /opt/stack/data/venv/lib/python3.12/site-packages/oslo_privsep/daemon.py:580}}
Jun 26 23:22:04 devstack cinder-volume[93436]: DEBUG oslo_concurrency.processutils [None req-da8fac25-d0b5-4925-be20-54a649956365 tempest-GroupsV314Test-1728782774 None] Running cmd (subprocess): /opt/stack/data/venv/bin/python3.12 -m oslo_concurrency.prlimit --as=1073741824 --cpu=60 -- sudo cinder-rootwrap /etc/cinder/rootwrap.conf env LC_ALL=C qemu-img info -f qcow2 --output=json /opt/stack/data/cinder/mnt/cd05b5cbab0c62d4c5d1a9e489fd0f18/volume-6dc061e2-20e2-4b53-b0b3-3f841ce2c8ef {{(pid=93436) execute /opt/stack/data/venv/lib/python3.12/site-packages/oslo_concurrency/processutils.py:440}}
Jun 26 23:22:04 devstack sudo[102311]: quobyte : PWD=/ ; USER=root ; COMMAND=/opt/stack/data/venv/bin/cinder-rootwrap /etc/cinder/rootwrap.conf env LC_ALL=C qemu-img info -f qcow2 --output=json /opt/stack/data/cinder/mnt/cd05b5cbab0c62d4c5d1a9e489fd0f18/volume-6dc061e2-20e2-4b53-b0b3-3f841ce2c8ef
Jun 26 23:22:04 devstack sudo[102311]: pam_unix(sudo:session): session opened for user root(uid=0) by (uid=1000)
Jun 26 23:22:05 devstack sudo[102311]: pam_unix(sudo:session): session closed for user root
Jun 26 23:22:05 devstack cinder-volume[93436]: DEBUG oslo_concurrency.processutils [None req-da8fac25-d0b5-4925-be20-54a649956365 tempest-GroupsV314Test-1728782774 None] CMD "/opt/stack/data/venv/bin/python3.12 -m oslo_concurrency.prlimit --as=1073741824 --cpu=60 -- sudo cinder-rootwrap /etc/cinder/rootwrap.conf env LC_ALL=C qemu-img info -f qcow2 --output=json /opt/stack/data/cinder/mnt/cd05b5cbab0c62d4c5d1a9e489fd0f18/volume-6dc061e2-20e2-4b53-b0b3-3f841ce2c8ef" returned: 0 in 0.956s {{(pid=93436) execute /opt/stack/data/venv/lib/python3.12/site-packages/oslo_concurrency/processutils.py:468}}
Jun 26 23:22:05 devstack cinder-volume[93436]: DEBUG cinder.image.image_utils [None req-da8fac25-d0b5-4925-be20-54a649956365 tempest-GroupsV314Test-1728782774 None] Image conversion details: src /opt/stack/data/cinder/mnt/cd05b5cbab0c62d4c5d1a9e489fd0f18/volume-6dc061e2-20e2-4b53-b0b3-3f841ce2c8ef, size 1024.00 MB, duration 5.49 sec, destination /opt/stack/data/cinder/mnt/cd05b5cbab0c62d4c5d1a9e489fd0f18/volume-e27038b2-54a1-4903-b4ac-137f5f2dee2f {{(pid=93436) _convert_image /opt/stack/cinder/cinder/image/image_utils.py:536}}
Jun 26 23:22:05 devstack cinder-volume[93436]: INFO cinder.image.image_utils [None req-da8fac25-d0b5-4925-be20-54a649956365 tempest-GroupsV314Test-1728782774 None] Converted 1024.00 MB image at 186.44 MB/s
Jun 26 23:22:05 devstack cinder-volume[93436]: WARNING cinder.volume.drivers.remotefs [None req-da8fac25-d0b5-4925-be20-54a649956365 tempest-GroupsV314Test-1728782774 None] /opt/stack/data/cinder/mnt/cd05b5cbab0c62d4c5d1a9e489fd0f18/volume-e27038b2-54a1-4903-b4ac-137f5f2dee2f is being set with open permissions: ugo+rw: NotImplementedError
Jun 26 23:22:05 devstack cinder-volume[93436]: DEBUG oslo_concurrency.processutils [None req-da8fac25-d0b5-4925-be20-54a649956365 tempest-GroupsV314Test-1728782774 None] Running cmd (subprocess): sudo cinder-rootwrap /etc/cinder/rootwrap.conf chmod ugo+rw /opt/stack/data/cinder/mnt/cd05b5cbab0c62d4c5d1a9e489fd0f18/volume-e27038b2-54a1-4903-b4ac-137f5f2dee2f {{(pid=93436) execute /opt/stack/data/venv/lib/python3.12/site-packages/oslo_concurrency/processutils.py:440}}
Jun 26 23:22:05 devstack sudo[102318]: quobyte : PWD=/ ; USER=root ; COMMAND=/opt/stack/data/venv/bin/cinder-rootwrap /etc/cinder/rootwrap.conf chmod ugo+rw /opt/stack/data/cinder/mnt/cd05b5cbab0c62d4c5d1a9e489fd0f18/volume-e27038b2-54a1-4903-b4ac-137f5f2dee2f
Jun 26 23:22:05 devstack sudo[102318]: pam_unix(sudo:session): session opened for user root(uid=0) by (uid=1000)
Jun 26 23:22:05 devstack sudo[102318]: pam_unix(sudo:session): session closed for user root
Jun 26 23:22:05 devstack cinder-volume[93436]: DEBUG oslo_concurrency.processutils [None req-da8fac25-d0b5-4925-be20-54a649956365 tempest-GroupsV314Test-1728782774 None] CMD "sudo cinder-rootwrap /etc/cinder/rootwrap.conf chmod ugo+rw /opt/stack/data/cinder/mnt/cd05b5cbab0c62d4c5d1a9e489fd0f18/volume-e27038b2-54a1-4903-b4ac-137f5f2dee2f" returned: 0 in 0.642s {{(pid=93436) execute /opt/stack/data/venv/lib/python3.12/site-packages/oslo_concurrency/processutils.py:468}}
Jun 26 23:22:05 devstack cinder-volume[93436]: DEBUG cinder.coordination [None req-da8fac25-d0b5-4925-be20-54a649956365 tempest-GroupsV314Test-1728782774 None] Lock "cinder-quobyte-e27038b2-54a1-4903-b4ac-137f5f2dee2f" released by "_copy_volume_from_snapshot" :: held 8.688s {{(pid=93436) __release /opt/stack/cinder/cinder/coordination.py:152}}
Jun 26 23:22:05 devstack cinder-volume[93436]: DEBUG cinder.coordination [None req-da8fac25-d0b5-4925-be20-54a649956365 tempest-GroupsV314Test-1728782774 None] Acquiring lock "cinder-quobyte-675d681f-109d-487e-8ba2-86b7fb4e7ca5" by "_delete_snapshot" {{(pid=93436) __acquire /opt/stack/cinder/cinder/coordination.py:138}}
Jun 26 23:22:05 devstack cinder-volume[93436]: DEBUG cinder.coordination [None req-da8fac25-d0b5-4925-be20-54a649956365 tempest-GroupsV314Test-1728782774 None] Lock "cinder-quobyte-675d681f-109d-487e-8ba2-86b7fb4e7ca5" acquired by "_delete_snapshot" :: waited 0.013s {{(pid=93436) __acquire /opt/stack/cinder/cinder/coordination.py:141}}
Jun 26 23:22:05 devstack cinder-volume[93436]: DEBUG cinder.volume.drivers.remotefs [None req-da8fac25-d0b5-4925-be20-54a649956365 tempest-GroupsV314Test-1728782774 None] Deleting offline snapshot 675d681f-109d-487e-8ba2-86b7fb4e7ca5 of volume 6dc061e2-20e2-4b53-b0b3-3f841ce2c8ef {{(pid=93436) _delete_snapshot /opt/stack/cinder/cinder/volume/drivers/remotefs.py:1288}}
Jun 26 23:22:05 devstack cinder-volume[93436]: DEBUG cinder.volume.drivers.remotefs [None req-da8fac25-d0b5-4925-be20-54a649956365 tempest-GroupsV314Test-1728782774 None] snapshot_file for this snap is: volume-6dc061e2-20e2-4b53-b0b3-3f841ce2c8ef.675d681f-109d-487e-8ba2-86b7fb4e7ca5 {{(pid=93436) _delete_snapshot /opt/stack/cinder/cinder/volume/drivers/remotefs.py:1317}}
Jun 26 23:22:05 devstack cinder-volume[93436]: DEBUG oslo.privsep.daemon [-] privsep: reply[934f1f02-bd62-42d5-bde7-9c94c8c9cee5]: (4, 'qcow2') {{(pid=94775) _call_back /opt/stack/data/venv/lib/python3.12/site-packages/oslo_privsep/daemon.py:580}}
Jun 26 23:22:05 devstack cinder-volume[93436]: DEBUG oslo_concurrency.processutils [None req-da8fac25-d0b5-4925-be20-54a649956365 tempest-GroupsV314Test-1728782774 None] Running cmd (subprocess): /opt/stack/data/venv/bin/python3.12 -m oslo_concurrency.prlimit --as=1073741824 --cpu=60 -- sudo cinder-rootwrap /etc/cinder/rootwrap.conf env LC_ALL=C qemu-img info -f qcow2 --output=json --force-share /opt/stack/data/cinder/mnt/cd05b5cbab0c62d4c5d1a9e489fd0f18/volume-6dc061e2-20e2-4b53-b0b3-3f841ce2c8ef.675d681f-109d-487e-8ba2-86b7fb4e7ca5 {{(pid=93436) execute /opt/stack/data/venv/lib/python3.12/site-packages/oslo_concurrency/processutils.py:440}}
Jun 26 23:22:05 devstack sudo[102321]: quobyte : PWD=/ ; USER=root ; COMMAND=/opt/stack/data/venv/bin/cinder-rootwrap /etc/cinder/rootwrap.conf env LC_ALL=C qemu-img info -f qcow2 --output=json --force-share /opt/stack/data/cinder/mnt/cd05b5cbab0c62d4c5d1a9e489fd0f18/volume-6dc061e2-20e2-4b53-b0b3-3f841ce2c8ef.675d681f-109d-487e-8ba2-86b7fb4e7ca5
Jun 26 23:22:05 devstack sudo[102321]: pam_unix(sudo:session): session opened for user root(uid=0) by (uid=1000)
Jun 26 23:22:06 devstack cinder-volume[93436]: DEBUG dbcounter [-] [93436] Writing DB stats cinder:SELECT=65,cinder:UPDATE=73,cinder:DELETE=4,cinder:INSERT=19 {{(pid=93436) stat_writer /opt/stack/data/venv/lib/python3.12/site-packages/dbcounter.py:115}}
Jun 26 23:22:06 devstack sudo[102321]: pam_unix(sudo:session): session closed for user root
Jun 26 23:22:06 devstack cinder-volume[93436]: DEBUG oslo_concurrency.processutils [None req-da8fac25-d0b5-4925-be20-54a649956365 tempest-GroupsV314Test-1728782774 None] CMD "/opt/stack/data/venv/bin/python3.12 -m oslo_concurrency.prlimit --as=1073741824 --cpu=60 -- sudo cinder-rootwrap /etc/cinder/rootwrap.conf env LC_ALL=C qemu-img info -f qcow2 --output=json --force-share /opt/stack/data/cinder/mnt/cd05b5cbab0c62d4c5d1a9e489fd0f18/volume-6dc061e2-20e2-4b53-b0b3-3f841ce2c8ef.675d681f-109d-487e-8ba2-86b7fb4e7ca5" returned: 0 in 0.746s {{(pid=93436) execute /opt/stack/data/venv/lib/python3.12/site-packages/oslo_concurrency/processutils.py:468}}
Jun 26 23:22:06 devstack cinder-volume[93436]: DEBUG cinder.volume.drivers.remotefs [None req-da8fac25-d0b5-4925-be20-54a649956365 tempest-GroupsV314Test-1728782774 None] Fetching qemu-img info with special backing_file_template: (/opt/stack/data/cinder/mnt/[0-9a-f]+/)?(volume-6dc061e2-20e2-4b53-b0b3-3f841ce2c8ef(.(tmp-snap-)?[0-9a-f-]+)?|volume_from_snapshot_cache/(tmp-snap-)?[0-9a-f-]+(.(child-|parent-)[0-9a-f-]+)?)$ {{(pid=93436) _qemu_img_info_base /opt/stack/cinder/cinder/volume/drivers/remotefs.py:896}}
Jun 26 23:22:06 devstack cinder-volume[93436]: DEBUG oslo.privsep.daemon [-] privsep: reply[421bf7c5-d894-4536-b7b9-973e593a80a8]: (4, 'qcow2') {{(pid=94775) _call_back /opt/stack/data/venv/lib/python3.12/site-packages/oslo_privsep/daemon.py:580}}
Jun 26 23:22:06 devstack cinder-volume[93436]: DEBUG oslo_concurrency.processutils [None req-da8fac25-d0b5-4925-be20-54a649956365 tempest-GroupsV314Test-1728782774 None] Running cmd (subprocess): /opt/stack/data/venv/bin/python3.12 -m oslo_concurrency.prlimit --as=1073741824 --cpu=60 -- sudo cinder-rootwrap /etc/cinder/rootwrap.conf env LC_ALL=C qemu-img info -f qcow2 --output=json --force-share /opt/stack/data/cinder/mnt/cd05b5cbab0c62d4c5d1a9e489fd0f18/volume-6dc061e2-20e2-4b53-b0b3-3f841ce2c8ef {{(pid=93436) execute /opt/stack/data/venv/lib/python3.12/site-packages/oslo_concurrency/processutils.py:440}}
Jun 26 23:22:06 devstack sudo[102327]: quobyte : PWD=/ ; USER=root ; COMMAND=/opt/stack/data/venv/bin/cinder-rootwrap /etc/cinder/rootwrap.conf env LC_ALL=C qemu-img info -f qcow2 --output=json --force-share /opt/stack/data/cinder/mnt/cd05b5cbab0c62d4c5d1a9e489fd0f18/volume-6dc061e2-20e2-4b53-b0b3-3f841ce2c8ef
Jun 26 23:22:06 devstack sudo[102327]: pam_unix(sudo:session): session opened for user root(uid=0) by (uid=1000)
Jun 26 23:22:07 devstack sudo[102327]: pam_unix(sudo:session): session closed for user root
Jun 26 23:22:07 devstack cinder-volume[93436]: DEBUG oslo_concurrency.processutils [None req-da8fac25-d0b5-4925-be20-54a649956365 tempest-GroupsV314Test-1728782774 None] CMD "/opt/stack/data/venv/bin/python3.12 -m oslo_concurrency.prlimit --as=1073741824 --cpu=60 -- sudo cinder-rootwrap /etc/cinder/rootwrap.conf env LC_ALL=C qemu-img info -f qcow2 --output=json --force-share /opt/stack/data/cinder/mnt/cd05b5cbab0c62d4c5d1a9e489fd0f18/volume-6dc061e2-20e2-4b53-b0b3-3f841ce2c8ef" returned: 0 in 0.734s {{(pid=93436) execute /opt/stack/data/venv/lib/python3.12/site-packages/oslo_concurrency/processutils.py:468}}
Jun 26 23:22:07 devstack cinder-volume[93436]: DEBUG oslo_concurrency.processutils [None req-da8fac25-d0b5-4925-be20-54a649956365 tempest-GroupsV314Test-1728782774 None] Running cmd (subprocess): sudo cinder-rootwrap /etc/cinder/rootwrap.conf qemu-img commit -d /opt/stack/data/cinder/mnt/cd05b5cbab0c62d4c5d1a9e489fd0f18/volume-6dc061e2-20e2-4b53-b0b3-3f841ce2c8ef.675d681f-109d-487e-8ba2-86b7fb4e7ca5 {{(pid=93436) execute /opt/stack/data/venv/lib/python3.12/site-packages/oslo_concurrency/processutils.py:440}}
Jun 26 23:22:07 devstack sudo[102332]: quobyte : PWD=/ ; USER=root ; COMMAND=/opt/stack/data/venv/bin/cinder-rootwrap /etc/cinder/rootwrap.conf qemu-img commit -d /opt/stack/data/cinder/mnt/cd05b5cbab0c62d4c5d1a9e489fd0f18/volume-6dc061e2-20e2-4b53-b0b3-3f841ce2c8ef.675d681f-109d-487e-8ba2-86b7fb4e7ca5
Jun 26 23:22:07 devstack sudo[102332]: pam_unix(sudo:session): session opened for user root(uid=0) by (uid=1000)
Jun 26 23:22:08 devstack sudo[102332]: pam_unix(sudo:session): session closed for user root
Jun 26 23:22:08 devstack cinder-volume[93436]: DEBUG oslo_concurrency.processutils [None req-da8fac25-d0b5-4925-be20-54a649956365 tempest-GroupsV314Test-1728782774 None] CMD "sudo cinder-rootwrap /etc/cinder/rootwrap.conf qemu-img commit -d /opt/stack/data/cinder/mnt/cd05b5cbab0c62d4c5d1a9e489fd0f18/volume-6dc061e2-20e2-4b53-b0b3-3f841ce2c8ef.675d681f-109d-487e-8ba2-86b7fb4e7ca5" returned: 0 in 0.699s {{(pid=93436) execute /opt/stack/data/venv/lib/python3.12/site-packages/oslo_concurrency/processutils.py:468}}
Jun 26 23:22:08 devstack cinder-volume[93436]: DEBUG oslo_concurrency.processutils [None req-da8fac25-d0b5-4925-be20-54a649956365 tempest-GroupsV314Test-1728782774 None] Running cmd (subprocess): sudo cinder-rootwrap /etc/cinder/rootwrap.conf rm -f /opt/stack/data/cinder/mnt/cd05b5cbab0c62d4c5d1a9e489fd0f18/volume-6dc061e2-20e2-4b53-b0b3-3f841ce2c8ef.675d681f-109d-487e-8ba2-86b7fb4e7ca5 {{(pid=93436) execute /opt/stack/data/venv/lib/python3.12/site-packages/oslo_concurrency/processutils.py:440}}
Jun 26 23:22:08 devstack sudo[102337]: quobyte : PWD=/ ; USER=root ; COMMAND=/opt/stack/data/venv/bin/cinder-rootwrap /etc/cinder/rootwrap.conf rm -f /opt/stack/data/cinder/mnt/cd05b5cbab0c62d4c5d1a9e489fd0f18/volume-6dc061e2-20e2-4b53-b0b3-3f841ce2c8ef.675d681f-109d-487e-8ba2-86b7fb4e7ca5
Jun 26 23:22:08 devstack sudo[102337]: pam_unix(sudo:session): session opened for user root(uid=0) by (uid=1000)
Jun 26 23:22:08 devstack sudo[102337]: pam_unix(sudo:session): session closed for user root
Jun 26 23:22:08 devstack cinder-volume[93436]: DEBUG oslo_concurrency.processutils [None req-da8fac25-d0b5-4925-be20-54a649956365 tempest-GroupsV314Test-1728782774 None] CMD "sudo cinder-rootwrap /etc/cinder/rootwrap.conf rm -f /opt/stack/data/cinder/mnt/cd05b5cbab0c62d4c5d1a9e489fd0f18/volume-6dc061e2-20e2-4b53-b0b3-3f841ce2c8ef.675d681f-109d-487e-8ba2-86b7fb4e7ca5" returned: 0 in 0.629s {{(pid=93436) execute /opt/stack/data/venv/lib/python3.12/site-packages/oslo_concurrency/processutils.py:468}}
Jun 26 23:22:08 devstack cinder-volume[93436]: DEBUG cinder.coordination [None req-da8fac25-d0b5-4925-be20-54a649956365 tempest-GroupsV314Test-1728782774 None] Lock "cinder-quobyte-675d681f-109d-487e-8ba2-86b7fb4e7ca5" released by "_delete_snapshot" :: held 2.894s {{(pid=93436) __release /opt/stack/cinder/cinder/coordination.py:152}}
Jun 26 23:22:08 devstack cinder-volume[93436]: DEBUG oslo_concurrency.lockutils [None req-da8fac25-d0b5-4925-be20-54a649956365 tempest-GroupsV314Test-1728782774 None] Lock "quobyte" "released" by "cinder.volume.drivers.quobyte.QuobyteDriver.create_cloned_volume" :: held 16.185s {{(pid=93436) inner /opt/stack/data/venv/lib/python3.12/site-packages/oslo_concurrency/lockutils.py:543}}
Jun 26 23:22:08 devstack cinder-volume[93436]: DEBUG oslo_concurrency.lockutils [req-faae16bc-1c17-4e8f-aa05-c2e104a44049 req-3c38ea0c-096b-4e0e-a5a7-e0e567eba0a7 tempest-AttachVolumeNegativeTest-1355498067 None] Lock "quobyte" acquired by "cinder.volume.drivers.quobyte.QuobyteDriver.initialize_connection" :: waited 15.900s {{(pid=93436) inner /opt/stack/data/venv/lib/python3.12/site-packages/oslo_concurrency/lockutils.py:524}}
Jun 26 23:22:08 devstack cinder-volume[93436]: DEBUG dbcounter [-] [93436] Writing DB stats cinder:UPDATE=62,cinder:SELECT=71,cinder:INSERT=16,cinder:DELETE=5 {{(pid=93436) stat_writer /opt/stack/data/venv/lib/python3.12/site-packages/dbcounter.py:115}}
Jun 26 23:22:08 devstack cinder-volume[93436]: DEBUG oslo.privsep.daemon [-] privsep: reply[20849149-9925-4cc8-a696-158e0562e1a4]: (4, 'qcow2') {{(pid=94775) _call_back /opt/stack/data/venv/lib/python3.12/site-packages/oslo_privsep/daemon.py:580}}
Jun 26 23:22:08 devstack cinder-volume[93436]: DEBUG oslo_concurrency.processutils [req-faae16bc-1c17-4e8f-aa05-c2e104a44049 req-3c38ea0c-096b-4e0e-a5a7-e0e567eba0a7 tempest-AttachVolumeNegativeTest-1355498067 None] Running cmd (subprocess): /opt/stack/data/venv/bin/python3.12 -m oslo_concurrency.prlimit --as=1073741824 --cpu=60 -- sudo cinder-rootwrap /etc/cinder/rootwrap.conf env LC_ALL=C qemu-img info -f qcow2 --output=json --force-share /opt/stack/data/cinder/mnt/cd05b5cbab0c62d4c5d1a9e489fd0f18/volume-c91cd65a-6f28-4b8e-8c33-3946651bded5 {{(pid=93436) execute /opt/stack/data/venv/lib/python3.12/site-packages/oslo_concurrency/processutils.py:440}}
Jun 26 23:22:08 devstack cinder-volume[93436]: INFO cinder.volume.manager [None req-da8fac25-d0b5-4925-be20-54a649956365 tempest-GroupsV314Test-1728782774 None] Create group from source-group-adc3a7bb-b9c9-4ae5-b2d3-2f3030a8e7a0 completed successfully.
Jun 26 23:22:08 devstack sudo[102340]: quobyte : PWD=/ ; USER=root ; COMMAND=/opt/stack/data/venv/bin/cinder-rootwrap /etc/cinder/rootwrap.conf env LC_ALL=C qemu-img info -f qcow2 --output=json --force-share /opt/stack/data/cinder/mnt/cd05b5cbab0c62d4c5d1a9e489fd0f18/volume-c91cd65a-6f28-4b8e-8c33-3946651bded5
Jun 26 23:22:08 devstack sudo[102340]: pam_unix(sudo:session): session opened for user root(uid=0) by (uid=1000)
Jun 26 23:22:09 devstack sudo[102340]: pam_unix(sudo:session): session closed for user root
Jun 26 23:22:09 devstack cinder-volume[93436]: DEBUG oslo_concurrency.processutils [req-faae16bc-1c17-4e8f-aa05-c2e104a44049 req-3c38ea0c-096b-4e0e-a5a7-e0e567eba0a7 tempest-AttachVolumeNegativeTest-1355498067 None] CMD "/opt/stack/data/venv/bin/python3.12 -m oslo_concurrency.prlimit --as=1073741824 --cpu=60 -- sudo cinder-rootwrap /etc/cinder/rootwrap.conf env LC_ALL=C qemu-img info -f qcow2 --output=json --force-share /opt/stack/data/cinder/mnt/cd05b5cbab0c62d4c5d1a9e489fd0f18/volume-c91cd65a-6f28-4b8e-8c33-3946651bded5" returned: 0 in 0.748s {{(pid=93436) execute /opt/stack/data/venv/lib/python3.12/site-packages/oslo_concurrency/processutils.py:468}}
Jun 26 23:22:09 devstack cinder-volume[93436]: DEBUG oslo_concurrency.lockutils [req-faae16bc-1c17-4e8f-aa05-c2e104a44049 req-3c38ea0c-096b-4e0e-a5a7-e0e567eba0a7 tempest-AttachVolumeNegativeTest-1355498067 None] Lock "quobyte" "released" by "cinder.volume.drivers.quobyte.QuobyteDriver.initialize_connection" :: held 0.768s {{(pid=93436) inner /opt/stack/data/venv/lib/python3.12/site-packages/oslo_concurrency/lockutils.py:543}}
Jun 26 23:22:09 devstack cinder-volume[93436]: DEBUG oslo_concurrency.lockutils [req-9886988b-8040-421a-b2d2-293c530de71d req-8743bdd7-94ce-468d-b9c6-ccdf38330115 tempest-AttachVolumeTestJSON-399098876 None] Lock "quobyte" acquired by "cinder.volume.drivers.quobyte.QuobyteDriver.initialize_connection" :: waited 13.141s {{(pid=93436) inner /opt/stack/data/venv/lib/python3.12/site-packages/oslo_concurrency/lockutils.py:524}}
Jun 26 23:22:09 devstack cinder-volume[93436]: DEBUG oslo.privsep.daemon [-] privsep: reply[e010193f-2dc9-42e6-a150-d5fd3cd815ef]: (4, 'qcow2') {{(pid=94775) _call_back /opt/stack/data/venv/lib/python3.12/site-packages/oslo_privsep/daemon.py:580}}
Jun 26 23:22:09 devstack cinder-volume[93436]: DEBUG oslo_concurrency.processutils [req-9886988b-8040-421a-b2d2-293c530de71d req-8743bdd7-94ce-468d-b9c6-ccdf38330115 tempest-AttachVolumeTestJSON-399098876 None] Running cmd (subprocess): /opt/stack/data/venv/bin/python3.12 -m oslo_concurrency.prlimit --as=1073741824 --cpu=60 -- sudo cinder-rootwrap /etc/cinder/rootwrap.conf env LC_ALL=C qemu-img info -f qcow2 --output=json --force-share /opt/stack/data/cinder/mnt/cd05b5cbab0c62d4c5d1a9e489fd0f18/volume-f804dced-ba86-413f-98e4-539d8885a82f {{(pid=93436) execute /opt/stack/data/venv/lib/python3.12/site-packages/oslo_concurrency/processutils.py:440}}
Jun 26 23:22:09 devstack cinder-volume[93436]: DEBUG cinder.volume.manager [req-faae16bc-1c17-4e8f-aa05-c2e104a44049 req-3c38ea0c-096b-4e0e-a5a7-e0e567eba0a7 tempest-AttachVolumeNegativeTest-1355498067 None] Connection info returned from driver {'export': 'osci02.corp.quobyte.com/cinder-vol-2adb07d2-3d9f-4879-b327-af4301d4339c', 'name': 'volume-c91cd65a-6f28-4b8e-8c33-3946651bded5', 'options': None, 'format': 'qcow2', 'qos_specs': None, 'access_mode': 'rw', 'encrypted': False, 'cacheable': False, 'driver_volume_type': 'quobyte', 'mount_point_base': '/opt/stack/data/cinder/mnt', 'attachment_id': '1f05dab4-2602-4afa-9b29-7c3afb8e1cac', 'enforce_multipath': True} {{(pid=93436) _connection_create /opt/stack/cinder/cinder/volume/manager.py:4924}}
Jun 26 23:22:09 devstack cinder-volume[93436]: INFO cinder.volume.manager [req-faae16bc-1c17-4e8f-aa05-c2e104a44049 req-3c38ea0c-096b-4e0e-a5a7-e0e567eba0a7 tempest-AttachVolumeNegativeTest-1355498067 None] attachment_update completed successfully.
Jun 26 23:22:09 devstack sudo[102345]: quobyte : PWD=/ ; USER=root ; COMMAND=/opt/stack/data/venv/bin/cinder-rootwrap /etc/cinder/rootwrap.conf env LC_ALL=C qemu-img info -f qcow2 --output=json --force-share /opt/stack/data/cinder/mnt/cd05b5cbab0c62d4c5d1a9e489fd0f18/volume-f804dced-ba86-413f-98e4-539d8885a82f
Jun 26 23:22:09 devstack sudo[102345]: pam_unix(sudo:session): session opened for user root(uid=0) by (uid=1000)
Jun 26 23:22:10 devstack sudo[102345]: pam_unix(sudo:session): session closed for user root
Jun 26 23:22:10 devstack cinder-volume[93436]: DEBUG oslo_concurrency.processutils [req-9886988b-8040-421a-b2d2-293c530de71d req-8743bdd7-94ce-468d-b9c6-ccdf38330115 tempest-AttachVolumeTestJSON-399098876 None] CMD "/opt/stack/data/venv/bin/python3.12 -m oslo_concurrency.prlimit --as=1073741824 --cpu=60 -- sudo cinder-rootwrap /etc/cinder/rootwrap.conf env LC_ALL=C qemu-img info -f qcow2 --output=json --force-share /opt/stack/data/cinder/mnt/cd05b5cbab0c62d4c5d1a9e489fd0f18/volume-f804dced-ba86-413f-98e4-539d8885a82f" returned: 0 in 0.784s {{(pid=93436) execute /opt/stack/data/venv/lib/python3.12/site-packages/oslo_concurrency/processutils.py:468}}
Jun 26 23:22:10 devstack cinder-volume[93436]: DEBUG oslo_concurrency.lockutils [req-9886988b-8040-421a-b2d2-293c530de71d req-8743bdd7-94ce-468d-b9c6-ccdf38330115 tempest-AttachVolumeTestJSON-399098876 None] Lock "quobyte" "released" by "cinder.volume.drivers.quobyte.QuobyteDriver.initialize_connection" :: held 0.805s {{(pid=93436) inner /opt/stack/data/venv/lib/python3.12/site-packages/oslo_concurrency/lockutils.py:543}}
Jun 26 23:22:10 devstack cinder-volume[93436]: DEBUG cinder.volume.manager [req-9886988b-8040-421a-b2d2-293c530de71d req-8743bdd7-94ce-468d-b9c6-ccdf38330115 tempest-AttachVolumeTestJSON-399098876 None] Connection info returned from driver {'export': 'osci02.corp.quobyte.com/cinder-vol-2adb07d2-3d9f-4879-b327-af4301d4339c', 'name': 'volume-f804dced-ba86-413f-98e4-539d8885a82f', 'options': None, 'format': 'qcow2', 'qos_specs': None, 'access_mode': 'rw', 'encrypted': False, 'cacheable': False, 'driver_volume_type': 'quobyte', 'mount_point_base': '/opt/stack/data/cinder/mnt', 'attachment_id': '83540463-6b00-4f25-b357-da1bf6d1a604', 'enforce_multipath': True} {{(pid=93436) _connection_create /opt/stack/cinder/cinder/volume/manager.py:4924}}
Jun 26 23:22:10 devstack cinder-volume[93436]: INFO cinder.volume.manager [req-9886988b-8040-421a-b2d2-293c530de71d req-8743bdd7-94ce-468d-b9c6-ccdf38330115 tempest-AttachVolumeTestJSON-399098876 None] attachment_update completed successfully.
Jun 26 23:22:10 devstack cinder-volume[93436]: DEBUG oslo_concurrency.lockutils [req-19888dd2-2887-4c92-8974-b5fad2a8eba6 req-de50e927-c5e5-4057-9bd3-885ed31a7d0d tempest-TestInstancesWithCinderVolumes-315563124 None] Acquiring lock "quobyte" by "cinder.volume.drivers.quobyte.QuobyteDriver.initialize_connection" {{(pid=93436) inner /opt/stack/data/venv/lib/python3.12/site-packages/oslo_concurrency/lockutils.py:511}}
Jun 26 23:22:10 devstack cinder-volume[93436]: DEBUG oslo_concurrency.lockutils [req-19888dd2-2887-4c92-8974-b5fad2a8eba6 req-de50e927-c5e5-4057-9bd3-885ed31a7d0d tempest-TestInstancesWithCinderVolumes-315563124 None] Lock "quobyte" acquired by "cinder.volume.drivers.quobyte.QuobyteDriver.initialize_connection" :: waited 0.001s {{(pid=93436) inner /opt/stack/data/venv/lib/python3.12/site-packages/oslo_concurrency/lockutils.py:524}}
Jun 26 23:22:10 devstack cinder-volume[93436]: DEBUG oslo.privsep.daemon [-] privsep: reply[5bf1ef09-e9b6-43a6-ba48-de1d3d62b3e5]: (4, 'raw') {{(pid=94775) _call_back /opt/stack/data/venv/lib/python3.12/site-packages/oslo_privsep/daemon.py:580}}
Jun 26 23:22:10 devstack cinder-volume[93436]: DEBUG oslo_concurrency.processutils [req-19888dd2-2887-4c92-8974-b5fad2a8eba6 req-de50e927-c5e5-4057-9bd3-885ed31a7d0d tempest-TestInstancesWithCinderVolumes-315563124 None] Running cmd (subprocess): /opt/stack/data/venv/bin/python3.12 -m oslo_concurrency.prlimit --as=1073741824 --cpu=60 -- sudo cinder-rootwrap /etc/cinder/rootwrap.conf env LC_ALL=C qemu-img info -f raw --output=json --force-share /opt/stack/data/cinder/mnt/cd05b5cbab0c62d4c5d1a9e489fd0f18/volume-e5394916-1a5d-4527-9d16-ecbe0e3c762f {{(pid=93436) execute /opt/stack/data/venv/lib/python3.12/site-packages/oslo_concurrency/processutils.py:440}}
Jun 26 23:22:10 devstack sudo[102426]: quobyte : PWD=/ ; USER=root ; COMMAND=/opt/stack/data/venv/bin/cinder-rootwrap /etc/cinder/rootwrap.conf env LC_ALL=C qemu-img info -f raw --output=json --force-share /opt/stack/data/cinder/mnt/cd05b5cbab0c62d4c5d1a9e489fd0f18/volume-e5394916-1a5d-4527-9d16-ecbe0e3c762f
Jun 26 23:22:10 devstack sudo[102426]: pam_unix(sudo:session): session opened for user root(uid=0) by (uid=1000)
Jun 26 23:22:10 devstack cinder-volume[93436]: DEBUG cinder.coordination [None req-394f68a4-42f0-4e67-a2cc-d8efe2255401 tempest-GroupsV314Test-1728782774 None] Acquiring lock "cinder-quobyte-e27038b2-54a1-4903-b4ac-137f5f2dee2f" by "delete_volume" {{(pid=93436) __acquire /opt/stack/cinder/cinder/coordination.py:138}}
Jun 26 23:22:11 devstack cinder-volume[93436]: DEBUG cinder.coordination [None req-394f68a4-42f0-4e67-a2cc-d8efe2255401 tempest-GroupsV314Test-1728782774 None] Lock "cinder-quobyte-e27038b2-54a1-4903-b4ac-137f5f2dee2f" acquired by "delete_volume" :: waited 0.026s {{(pid=93436) __acquire /opt/stack/cinder/cinder/coordination.py:141}}
Jun 26 23:22:11 devstack cinder-volume[93436]: DEBUG oslo.privsep.daemon [-] privsep: reply[ef7385a4-0a1d-4677-8b88-b36582f61183]: (4, 'qcow2') {{(pid=94775) _call_back /opt/stack/data/venv/lib/python3.12/site-packages/oslo_privsep/daemon.py:580}}
Jun 26 23:22:11 devstack cinder-volume[93436]: DEBUG oslo_concurrency.processutils [None req-394f68a4-42f0-4e67-a2cc-d8efe2255401 tempest-GroupsV314Test-1728782774 None] Running cmd (subprocess): /opt/stack/data/venv/bin/python3.12 -m oslo_concurrency.prlimit --as=1073741824 --cpu=60 -- sudo cinder-rootwrap /etc/cinder/rootwrap.conf env LC_ALL=C qemu-img info -f qcow2 --output=json --force-share /opt/stack/data/cinder/mnt/cd05b5cbab0c62d4c5d1a9e489fd0f18/volume-e27038b2-54a1-4903-b4ac-137f5f2dee2f {{(pid=93436) execute /opt/stack/data/venv/lib/python3.12/site-packages/oslo_concurrency/processutils.py:440}}
Jun 26 23:22:11 devstack sudo[102747]: quobyte : PWD=/ ; USER=root ; COMMAND=/opt/stack/data/venv/bin/cinder-rootwrap /etc/cinder/rootwrap.conf env LC_ALL=C qemu-img info -f qcow2 --output=json --force-share /opt/stack/data/cinder/mnt/cd05b5cbab0c62d4c5d1a9e489fd0f18/volume-e27038b2-54a1-4903-b4ac-137f5f2dee2f
Jun 26 23:22:11 devstack sudo[102747]: pam_unix(sudo:session): session opened for user root(uid=0) by (uid=1000)
Jun 26 23:22:11 devstack sudo[102426]: pam_unix(sudo:session): session closed for user root
Jun 26 23:22:11 devstack cinder-volume[93436]: DEBUG oslo_concurrency.processutils [req-19888dd2-2887-4c92-8974-b5fad2a8eba6 req-de50e927-c5e5-4057-9bd3-885ed31a7d0d tempest-TestInstancesWithCinderVolumes-315563124 None] CMD "/opt/stack/data/venv/bin/python3.12 -m oslo_concurrency.prlimit --as=1073741824 --cpu=60 -- sudo cinder-rootwrap /etc/cinder/rootwrap.conf env LC_ALL=C qemu-img info -f raw --output=json --force-share /opt/stack/data/cinder/mnt/cd05b5cbab0c62d4c5d1a9e489fd0f18/volume-e5394916-1a5d-4527-9d16-ecbe0e3c762f" returned: 0 in 0.815s {{(pid=93436) execute /opt/stack/data/venv/lib/python3.12/site-packages/oslo_concurrency/processutils.py:468}}
Jun 26 23:22:11 devstack cinder-volume[93436]: DEBUG oslo_concurrency.processutils [req-19888dd2-2887-4c92-8974-b5fad2a8eba6 req-de50e927-c5e5-4057-9bd3-885ed31a7d0d tempest-TestInstancesWithCinderVolumes-315563124 None] Running cmd (subprocess): /opt/stack/data/venv/bin/python3.12 -m oslo_concurrency.prlimit --as=1073741824 --cpu=60 -- sudo cinder-rootwrap /etc/cinder/rootwrap.conf env LC_ALL=C qemu-img info -f luks --output=json --force-share /opt/stack/data/cinder/mnt/cd05b5cbab0c62d4c5d1a9e489fd0f18/volume-e5394916-1a5d-4527-9d16-ecbe0e3c762f {{(pid=93436) execute /opt/stack/data/venv/lib/python3.12/site-packages/oslo_concurrency/processutils.py:440}}
Jun 26 23:22:11 devstack sudo[102751]: quobyte : PWD=/ ; USER=root ; COMMAND=/opt/stack/data/venv/bin/cinder-rootwrap /etc/cinder/rootwrap.conf env LC_ALL=C qemu-img info -f luks --output=json --force-share /opt/stack/data/cinder/mnt/cd05b5cbab0c62d4c5d1a9e489fd0f18/volume-e5394916-1a5d-4527-9d16-ecbe0e3c762f
Jun 26 23:22:11 devstack sudo[102751]: pam_unix(sudo:session): session opened for user root(uid=0) by (uid=1000)
Jun 26 23:22:11 devstack sudo[102747]: pam_unix(sudo:session): session closed for user root
Jun 26 23:22:11 devstack cinder-volume[93436]: DEBUG oslo_concurrency.processutils [None req-394f68a4-42f0-4e67-a2cc-d8efe2255401 tempest-GroupsV314Test-1728782774 None] CMD "/opt/stack/data/venv/bin/python3.12 -m oslo_concurrency.prlimit --as=1073741824 --cpu=60 -- sudo cinder-rootwrap /etc/cinder/rootwrap.conf env LC_ALL=C qemu-img info -f qcow2 --output=json --force-share /opt/stack/data/cinder/mnt/cd05b5cbab0c62d4c5d1a9e489fd0f18/volume-e27038b2-54a1-4903-b4ac-137f5f2dee2f" returned: 0 in 0.805s {{(pid=93436) execute /opt/stack/data/venv/lib/python3.12/site-packages/oslo_concurrency/processutils.py:468}}
Jun 26 23:22:11 devstack cinder-volume[93436]: DEBUG oslo_concurrency.processutils [None req-394f68a4-42f0-4e67-a2cc-d8efe2255401 tempest-GroupsV314Test-1728782774 None] Running cmd (subprocess): sudo cinder-rootwrap /etc/cinder/rootwrap.conf rm -f /opt/stack/data/cinder/mnt/cd05b5cbab0c62d4c5d1a9e489fd0f18/volume-e27038b2-54a1-4903-b4ac-137f5f2dee2f {{(pid=93436) execute /opt/stack/data/venv/lib/python3.12/site-packages/oslo_concurrency/processutils.py:440}}
Jun 26 23:22:11 devstack sudo[102761]: quobyte : PWD=/ ; USER=root ; COMMAND=/opt/stack/data/venv/bin/cinder-rootwrap /etc/cinder/rootwrap.conf rm -f /opt/stack/data/cinder/mnt/cd05b5cbab0c62d4c5d1a9e489fd0f18/volume-e27038b2-54a1-4903-b4ac-137f5f2dee2f
Jun 26 23:22:11 devstack sudo[102761]: pam_unix(sudo:session): session opened for user root(uid=0) by (uid=1000)
Jun 26 23:22:12 devstack sudo[102751]: pam_unix(sudo:session): session closed for user root
Jun 26 23:22:12 devstack cinder-volume[93436]: DEBUG oslo_concurrency.processutils [req-19888dd2-2887-4c92-8974-b5fad2a8eba6 req-de50e927-c5e5-4057-9bd3-885ed31a7d0d tempest-TestInstancesWithCinderVolumes-315563124 None] CMD "/opt/stack/data/venv/bin/python3.12 -m oslo_concurrency.prlimit --as=1073741824 --cpu=60 -- sudo cinder-rootwrap /etc/cinder/rootwrap.conf env LC_ALL=C qemu-img info -f luks --output=json --force-share /opt/stack/data/cinder/mnt/cd05b5cbab0c62d4c5d1a9e489fd0f18/volume-e5394916-1a5d-4527-9d16-ecbe0e3c762f" returned: 1 in 0.796s {{(pid=93436) execute /opt/stack/data/venv/lib/python3.12/site-packages/oslo_concurrency/processutils.py:468}}
Jun 26 23:22:12 devstack cinder-volume[93436]: DEBUG oslo_concurrency.processutils [req-19888dd2-2887-4c92-8974-b5fad2a8eba6 req-de50e927-c5e5-4057-9bd3-885ed31a7d0d tempest-TestInstancesWithCinderVolumes-315563124 None] '/opt/stack/data/venv/bin/python3.12 -m oslo_concurrency.prlimit --as=1073741824 --cpu=60 -- sudo cinder-rootwrap /etc/cinder/rootwrap.conf env LC_ALL=C qemu-img info -f luks --output=json --force-share /opt/stack/data/cinder/mnt/cd05b5cbab0c62d4c5d1a9e489fd0f18/volume-e5394916-1a5d-4527-9d16-ecbe0e3c762f' failed. Not Retrying. {{(pid=93436) execute /opt/stack/data/venv/lib/python3.12/site-packages/oslo_concurrency/processutils.py:543}}
Jun 26 23:22:12 devstack cinder-volume[93436]: DEBUG oslo_concurrency.lockutils [req-19888dd2-2887-4c92-8974-b5fad2a8eba6 req-de50e927-c5e5-4057-9bd3-885ed31a7d0d tempest-TestInstancesWithCinderVolumes-315563124 None] Lock "quobyte" "released" by "cinder.volume.drivers.quobyte.QuobyteDriver.initialize_connection" :: held 1.651s {{(pid=93436) inner /opt/stack/data/venv/lib/python3.12/site-packages/oslo_concurrency/lockutils.py:543}}
