Apr 22 08:40:30 devstack cinder-volume[82990]: INFO cinder.volume.manager [req-596f929f-41a1-490a-9fbc-8373f3b0647f req-31ce9ddc-f110-4559-84c8-c1db56e0c0a1 tempest-DeleteServersTestJSON-432621087 None] attachment_update completed successfully.
Apr 22 08:40:30 devstack sudo[84017]: quobyte : PWD=/ ; USER=root ; COMMAND=/opt/stack/data/venv/bin/cinder-rootwrap /etc/cinder/rootwrap.conf env LC_ALL=C qemu-img info -f qcow2 --output=json --force-share /opt/stack/data/cinder/mnt/8e54981d480a543704d11ce966206667/volume-5f17cd4d-f3a4-441b-a8fc-73c39336313f.0cb9d090-d896-4c8f-aaae-5d1df7013792
Apr 22 08:40:30 devstack sudo[84017]: pam_unix(sudo:session): session opened for user root(uid=0) by (uid=1000)
Apr 22 08:40:31 devstack sudo[84017]: pam_unix(sudo:session): session closed for user root
Apr 22 08:40:31 devstack cinder-volume[82990]: DEBUG oslo_concurrency.processutils [None req-4cf35238-c0da-4619-ab57-734543b0ceb1 tempest-SnapshotsActionsTest-254153064 None] CMD "/opt/stack/data/venv/bin/python3.10 -m oslo_concurrency.prlimit --as=1073741824 --cpu=60 -- sudo cinder-rootwrap /etc/cinder/rootwrap.conf env LC_ALL=C qemu-img info -f qcow2 --output=json --force-share /opt/stack/data/cinder/mnt/8e54981d480a543704d11ce966206667/volume-5f17cd4d-f3a4-441b-a8fc-73c39336313f.0cb9d090-d896-4c8f-aaae-5d1df7013792" returned: 0 in 1.064s {{(pid=82990) execute /opt/stack/data/venv/lib/python3.10/site-packages/oslo_concurrency/processutils.py:468}}
Apr 22 08:40:31 devstack cinder-volume[82990]: DEBUG cinder.volume.drivers.remotefs [None req-4cf35238-c0da-4619-ab57-734543b0ceb1 tempest-SnapshotsActionsTest-254153064 None] Fetching qemu-img info with special backing_file_template: (/opt/stack/data/cinder/mnt/[0-9a-f]+/)?(volume-5f17cd4d-f3a4-441b-a8fc-73c39336313f(.(tmp-snap-)?[0-9a-f-]+)?|volume_from_snapshot_cache/(tmp-snap-)?[0-9a-f-]+(.(child-|parent-)[0-9a-f-]+)?)$ {{(pid=82990) _qemu_img_info_base /opt/stack/cinder/cinder/volume/drivers/remotefs.py:886}}
Apr 22 08:40:31 devstack cinder-volume[82990]: DEBUG oslo_concurrency.processutils [None req-4cf35238-c0da-4619-ab57-734543b0ceb1 tempest-SnapshotsActionsTest-254153064 None] Running cmd (subprocess): sudo cinder-rootwrap /etc/cinder/rootwrap.conf qemu-img create -f qcow2 -o backing_file=/opt/stack/data/cinder/mnt/8e54981d480a543704d11ce966206667/volume-5f17cd4d-f3a4-441b-a8fc-73c39336313f.0cb9d090-d896-4c8f-aaae-5d1df7013792,backing_fmt=qcow2 /opt/stack/data/cinder/mnt/8e54981d480a543704d11ce966206667/volume-5f17cd4d-f3a4-441b-a8fc-73c39336313f.c3d86069-6d35-4d04-af11-74e94878b2b5 1G {{(pid=82990) execute /opt/stack/data/venv/lib/python3.10/site-packages/oslo_concurrency/processutils.py:440}}
Apr 22 08:40:31 devstack sudo[84094]: quobyte : PWD=/ ; USER=root ; COMMAND=/opt/stack/data/venv/bin/cinder-rootwrap /etc/cinder/rootwrap.conf qemu-img create -f qcow2 -o backing_file=/opt/stack/data/cinder/mnt/8e54981d480a543704d11ce966206667/volume-5f17cd4d-f3a4-441b-a8fc-73c39336313f.0cb9d090-d896-4c8f-aaae-5d1df7013792,backing_fmt=qcow2 /opt/stack/data/cinder/mnt/8e54981d480a543704d11ce966206667/volume-5f17cd4d-f3a4-441b-a8fc-73c39336313f.c3d86069-6d35-4d04-af11-74e94878b2b5 1G
Apr 22 08:40:31 devstack sudo[84094]: pam_unix(sudo:session): session opened for user root(uid=0) by (uid=1000)
Apr 22 08:40:32 devstack sudo[84094]: pam_unix(sudo:session): session closed for user root
Apr 22 08:40:32 devstack cinder-volume[82990]: DEBUG oslo_concurrency.processutils [None req-4cf35238-c0da-4619-ab57-734543b0ceb1 tempest-SnapshotsActionsTest-254153064 None] CMD "sudo cinder-rootwrap /etc/cinder/rootwrap.conf qemu-img create -f qcow2 -o backing_file=/opt/stack/data/cinder/mnt/8e54981d480a543704d11ce966206667/volume-5f17cd4d-f3a4-441b-a8fc-73c39336313f.0cb9d090-d896-4c8f-aaae-5d1df7013792,backing_fmt=qcow2 /opt/stack/data/cinder/mnt/8e54981d480a543704d11ce966206667/volume-5f17cd4d-f3a4-441b-a8fc-73c39336313f.c3d86069-6d35-4d04-af11-74e94878b2b5 1G" returned: 0 in 0.773s {{(pid=82990) execute /opt/stack/data/venv/lib/python3.10/site-packages/oslo_concurrency/processutils.py:468}}
Apr 22 08:40:32 devstack cinder-volume[82990]: DEBUG oslo_concurrency.processutils [None req-4cf35238-c0da-4619-ab57-734543b0ceb1 tempest-SnapshotsActionsTest-254153064 None] Running cmd (subprocess): sudo cinder-rootwrap /etc/cinder/rootwrap.conf qemu-img rebase -u -b volume-5f17cd4d-f3a4-441b-a8fc-73c39336313f.0cb9d090-d896-4c8f-aaae-5d1df7013792 -F qcow2 /opt/stack/data/cinder/mnt/8e54981d480a543704d11ce966206667/volume-5f17cd4d-f3a4-441b-a8fc-73c39336313f.c3d86069-6d35-4d04-af11-74e94878b2b5 {{(pid=82990) execute /opt/stack/data/venv/lib/python3.10/site-packages/oslo_concurrency/processutils.py:440}}
Apr 22 08:40:32 devstack sudo[84417]: quobyte : PWD=/ ; USER=root ; COMMAND=/opt/stack/data/venv/bin/cinder-rootwrap /etc/cinder/rootwrap.conf qemu-img rebase -u -b volume-5f17cd4d-f3a4-441b-a8fc-73c39336313f.0cb9d090-d896-4c8f-aaae-5d1df7013792 -F qcow2 /opt/stack/data/cinder/mnt/8e54981d480a543704d11ce966206667/volume-5f17cd4d-f3a4-441b-a8fc-73c39336313f.c3d86069-6d35-4d04-af11-74e94878b2b5
Apr 22 08:40:32 devstack sudo[84417]: pam_unix(sudo:session): session opened for user root(uid=0) by (uid=1000)
Apr 22 08:40:33 devstack sudo[84417]: pam_unix(sudo:session): session closed for user root
Apr 22 08:40:33 devstack cinder-volume[82990]: DEBUG oslo_concurrency.processutils [None req-4cf35238-c0da-4619-ab57-734543b0ceb1 tempest-SnapshotsActionsTest-254153064 None] CMD "sudo cinder-rootwrap /etc/cinder/rootwrap.conf qemu-img rebase -u -b volume-5f17cd4d-f3a4-441b-a8fc-73c39336313f.0cb9d090-d896-4c8f-aaae-5d1df7013792 -F qcow2 /opt/stack/data/cinder/mnt/8e54981d480a543704d11ce966206667/volume-5f17cd4d-f3a4-441b-a8fc-73c39336313f.c3d86069-6d35-4d04-af11-74e94878b2b5" returned: 0 in 0.718s {{(pid=82990) execute /opt/stack/data/venv/lib/python3.10/site-packages/oslo_concurrency/processutils.py:468}}
Apr 22 08:40:33 devstack cinder-volume[82990]: WARNING cinder.volume.drivers.remotefs [None req-4cf35238-c0da-4619-ab57-734543b0ceb1 tempest-SnapshotsActionsTest-254153064 None] /opt/stack/data/cinder/mnt/8e54981d480a543704d11ce966206667/volume-5f17cd4d-f3a4-441b-a8fc-73c39336313f.c3d86069-6d35-4d04-af11-74e94878b2b5 is being set with open permissions: ugo+rw
Apr 22 08:40:33 devstack cinder-volume[82990]: DEBUG oslo_concurrency.processutils [None req-4cf35238-c0da-4619-ab57-734543b0ceb1 tempest-SnapshotsActionsTest-254153064 None] Running cmd (subprocess): sudo cinder-rootwrap /etc/cinder/rootwrap.conf chmod ugo+rw /opt/stack/data/cinder/mnt/8e54981d480a543704d11ce966206667/volume-5f17cd4d-f3a4-441b-a8fc-73c39336313f.c3d86069-6d35-4d04-af11-74e94878b2b5 {{(pid=82990) execute /opt/stack/data/venv/lib/python3.10/site-packages/oslo_concurrency/processutils.py:440}}
Apr 22 08:40:33 devstack sudo[84428]: quobyte : PWD=/ ; USER=root ; COMMAND=/opt/stack/data/venv/bin/cinder-rootwrap /etc/cinder/rootwrap.conf chmod ugo+rw /opt/stack/data/cinder/mnt/8e54981d480a543704d11ce966206667/volume-5f17cd4d-f3a4-441b-a8fc-73c39336313f.c3d86069-6d35-4d04-af11-74e94878b2b5
Apr 22 08:40:33 devstack sudo[84428]: pam_unix(sudo:session): session opened for user root(uid=0) by (uid=1000)
Apr 22 08:40:33 devstack cinder-volume[82990]: DEBUG oslo_concurrency.lockutils [req-6733d7a4-6448-4ff7-ae4f-22bdf1cc8f1a req-91310de6-916d-40b6-805e-c9615aa3c9c8 tempest-ServerBootFromVolumeStableRescueTest-1777724852 None] Acquiring lock "quobyte" by "cinder.volume.drivers.quobyte.QuobyteDriver.initialize_connection" {{(pid=82990) inner /opt/stack/data/venv/lib/python3.10/site-packages/oslo_concurrency/lockutils.py:506}}
Apr 22 08:40:33 devstack sudo[84428]: pam_unix(sudo:session): session closed for user root
Apr 22 08:40:33 devstack cinder-volume[82990]: DEBUG oslo_concurrency.processutils [None req-4cf35238-c0da-4619-ab57-734543b0ceb1 tempest-SnapshotsActionsTest-254153064 None] CMD "sudo cinder-rootwrap /etc/cinder/rootwrap.conf chmod ugo+rw /opt/stack/data/cinder/mnt/8e54981d480a543704d11ce966206667/volume-5f17cd4d-f3a4-441b-a8fc-73c39336313f.c3d86069-6d35-4d04-af11-74e94878b2b5" returned: 0 in 0.558s {{(pid=82990) execute /opt/stack/data/venv/lib/python3.10/site-packages/oslo_concurrency/processutils.py:468}}
Apr 22 08:40:33 devstack cinder-volume[82990]: DEBUG oslo_concurrency.lockutils [None req-4cf35238-c0da-4619-ab57-734543b0ceb1 tempest-SnapshotsActionsTest-254153064 None] Lock "quobyte" "released" by "cinder.volume.drivers.quobyte.QuobyteDriver.create_snapshot" :: held 3.221s {{(pid=82990) inner /opt/stack/data/venv/lib/python3.10/site-packages/oslo_concurrency/lockutils.py:538}}
Apr 22 08:40:33 devstack cinder-volume[82990]: DEBUG oslo_concurrency.lockutils [req-6733d7a4-6448-4ff7-ae4f-22bdf1cc8f1a req-91310de6-916d-40b6-805e-c9615aa3c9c8 tempest-ServerBootFromVolumeStableRescueTest-1777724852 None] Lock "quobyte" acquired by "cinder.volume.drivers.quobyte.QuobyteDriver.initialize_connection" :: waited 0.250s {{(pid=82990) inner /opt/stack/data/venv/lib/python3.10/site-packages/oslo_concurrency/lockutils.py:519}}
Apr 22 08:40:33 devstack cinder-volume[82990]: INFO cinder.volume.manager [None req-4cf35238-c0da-4619-ab57-734543b0ceb1 tempest-SnapshotsActionsTest-254153064 None] Create snapshot completed successfully
Apr 22 08:40:33 devstack cinder-volume[82990]: DEBUG oslo.privsep.daemon [-] privsep: reply[7a4b0ee3-baf3-473a-9dfb-491630584a84]: (4, 'qcow2') {{(pid=83906) _call_back /opt/stack/data/venv/lib/python3.10/site-packages/oslo_privsep/daemon.py:573}}
Apr 22 08:40:33 devstack cinder-volume[82990]: DEBUG oslo_concurrency.processutils [req-6733d7a4-6448-4ff7-ae4f-22bdf1cc8f1a req-91310de6-916d-40b6-805e-c9615aa3c9c8 tempest-ServerBootFromVolumeStableRescueTest-1777724852 None] Running cmd (subprocess): /opt/stack/data/venv/bin/python3.10 -m oslo_concurrency.prlimit --as=1073741824 --cpu=60 -- sudo cinder-rootwrap /etc/cinder/rootwrap.conf env LC_ALL=C qemu-img info -f qcow2 --output=json --force-share /opt/stack/data/cinder/mnt/8e54981d480a543704d11ce966206667/volume-adac2add-0e34-4e32-b235-610a79d54e10 {{(pid=82990) execute /opt/stack/data/venv/lib/python3.10/site-packages/oslo_concurrency/processutils.py:440}}
Apr 22 08:40:33 devstack sudo[84434]: quobyte : PWD=/ ; USER=root ; COMMAND=/opt/stack/data/venv/bin/cinder-rootwrap /etc/cinder/rootwrap.conf env LC_ALL=C qemu-img info -f qcow2 --output=json --force-share /opt/stack/data/cinder/mnt/8e54981d480a543704d11ce966206667/volume-adac2add-0e34-4e32-b235-610a79d54e10
Apr 22 08:40:33 devstack sudo[84434]: pam_unix(sudo:session): session opened for user root(uid=0) by (uid=1000)
Apr 22 08:40:34 devstack sudo[84434]: pam_unix(sudo:session): session closed for user root
Apr 22 08:40:34 devstack cinder-volume[82990]: DEBUG oslo_concurrency.processutils [req-6733d7a4-6448-4ff7-ae4f-22bdf1cc8f1a req-91310de6-916d-40b6-805e-c9615aa3c9c8 tempest-ServerBootFromVolumeStableRescueTest-1777724852 None] CMD "/opt/stack/data/venv/bin/python3.10 -m oslo_concurrency.prlimit --as=1073741824 --cpu=60 -- sudo cinder-rootwrap /etc/cinder/rootwrap.conf env LC_ALL=C qemu-img info -f qcow2 --output=json --force-share /opt/stack/data/cinder/mnt/8e54981d480a543704d11ce966206667/volume-adac2add-0e34-4e32-b235-610a79d54e10" returned: 0 in 0.703s {{(pid=82990) execute /opt/stack/data/venv/lib/python3.10/site-packages/oslo_concurrency/processutils.py:468}}
Apr 22 08:40:34 devstack cinder-volume[82990]: DEBUG oslo_concurrency.lockutils [req-6733d7a4-6448-4ff7-ae4f-22bdf1cc8f1a req-91310de6-916d-40b6-805e-c9615aa3c9c8 tempest-ServerBootFromVolumeStableRescueTest-1777724852 None] Lock "quobyte" "released" by "cinder.volume.drivers.quobyte.QuobyteDriver.initialize_connection" :: held 0.730s {{(pid=82990) inner /opt/stack/data/venv/lib/python3.10/site-packages/oslo_concurrency/lockutils.py:538}}
Apr 22 08:40:34 devstack cinder-volume[82990]: DEBUG cinder.volume.manager [req-6733d7a4-6448-4ff7-ae4f-22bdf1cc8f1a req-91310de6-916d-40b6-805e-c9615aa3c9c8 tempest-ServerBootFromVolumeStableRescueTest-1777724852 None] Connection info returned from driver {'export': 'osci02.corp.quobyte.com/cinder-vol-eea03523-0e57-4aa3-8f85-d6b1752545ed', 'name': 'volume-adac2add-0e34-4e32-b235-610a79d54e10', 'options': None, 'format': 'qcow2', 'qos_specs': None, 'access_mode': 'rw', 'encrypted': False, 'cacheable': False, 'driver_volume_type': 'quobyte', 'mount_point_base': '/opt/stack/data/cinder/mnt', 'attachment_id': '65325563-aee1-4dfa-82ab-d4347b8d4184', 'enforce_multipath': True} {{(pid=82990) _connection_create /opt/stack/cinder/cinder/volume/manager.py:4892}}
Apr 22 08:40:34 devstack cinder-volume[82990]: WARNING cinder.volume.volume_utils [req-6733d7a4-6448-4ff7-ae4f-22bdf1cc8f1a req-91310de6-916d-40b6-805e-c9615aa3c9c8 tempest-ServerBootFromVolumeStableRescueTest-1777724852 None] Volume driver (QuobyteDriver 1.1.13) is currently unsupported and may be removed in the next release of OpenStack. Use at your own risk.
Apr 22 08:40:34 devstack cinder-volume[82990]: INFO cinder.volume.manager [req-6733d7a4-6448-4ff7-ae4f-22bdf1cc8f1a req-91310de6-916d-40b6-805e-c9615aa3c9c8 tempest-ServerBootFromVolumeStableRescueTest-1777724852 None] attachment_update completed successfully.
Apr 22 08:40:35 devstack cinder-volume[82990]: DEBUG cinder.coordination [None req-0a0235f8-1246-4c7c-8284-1b9020393a9b tempest-SnapshotsActionsTest-796865791 None] Acquiring lock "cinder-c3d86069-6d35-4d04-af11-74e94878b2b5-delete_snapshot" by "delete_snapshot" {{(pid=82990) __acquire /opt/stack/cinder/cinder/coordination.py:143}}
Apr 22 08:40:35 devstack cinder-volume[82990]: DEBUG cinder.coordination [None req-0a0235f8-1246-4c7c-8284-1b9020393a9b tempest-SnapshotsActionsTest-796865791 None] Lock "cinder-c3d86069-6d35-4d04-af11-74e94878b2b5-delete_snapshot" acquired by "delete_snapshot" :: waited 0.010s {{(pid=82990) __acquire /opt/stack/cinder/cinder/coordination.py:146}}
Apr 22 08:40:35 devstack cinder-volume[82990]: WARNING cinder.volume.volume_utils [None req-0a0235f8-1246-4c7c-8284-1b9020393a9b tempest-SnapshotsActionsTest-796865791 None] Volume driver (QuobyteDriver 1.1.13) is currently unsupported and may be removed in the next release of OpenStack. Use at your own risk.
Apr 22 08:40:35 devstack cinder-volume[82990]: DEBUG cinder.coordination [None req-0a0235f8-1246-4c7c-8284-1b9020393a9b tempest-SnapshotsActionsTest-796865791 None] Acquiring lock "cinder-quobyte-5f17cd4d-f3a4-441b-a8fc-73c39336313f" by "delete_snapshot" {{(pid=82990) __acquire /opt/stack/cinder/cinder/coordination.py:143}}
Apr 22 08:40:35 devstack cinder-volume[82990]: DEBUG cinder.coordination [None req-0a0235f8-1246-4c7c-8284-1b9020393a9b tempest-SnapshotsActionsTest-796865791 None] Lock "cinder-quobyte-5f17cd4d-f3a4-441b-a8fc-73c39336313f" acquired by "delete_snapshot" :: waited 0.014s {{(pid=82990) __acquire /opt/stack/cinder/cinder/coordination.py:146}}
Apr 22 08:40:35 devstack cinder-volume[82990]: DEBUG cinder.coordination [None req-0a0235f8-1246-4c7c-8284-1b9020393a9b tempest-SnapshotsActionsTest-796865791 None] Acquiring lock "cinder-quobyte-c3d86069-6d35-4d04-af11-74e94878b2b5" by "_delete_snapshot" {{(pid=82990) __acquire /opt/stack/cinder/cinder/coordination.py:143}}
Apr 22 08:40:35 devstack cinder-volume[82990]: DEBUG cinder.coordination [None req-0a0235f8-1246-4c7c-8284-1b9020393a9b tempest-SnapshotsActionsTest-796865791 None] Lock "cinder-quobyte-c3d86069-6d35-4d04-af11-74e94878b2b5" acquired by "_delete_snapshot" :: waited 0.014s {{(pid=82990) __acquire /opt/stack/cinder/cinder/coordination.py:146}}
Apr 22 08:40:35 devstack cinder-volume[82990]: DEBUG cinder.volume.drivers.remotefs [None req-0a0235f8-1246-4c7c-8284-1b9020393a9b tempest-SnapshotsActionsTest-796865791 None] Deleting offline snapshot c3d86069-6d35-4d04-af11-74e94878b2b5 of volume 5f17cd4d-f3a4-441b-a8fc-73c39336313f {{(pid=82990) _delete_snapshot /opt/stack/cinder/cinder/volume/drivers/remotefs.py:1278}}
Apr 22 08:40:35 devstack cinder-volume[82990]: DEBUG cinder.volume.drivers.remotefs [None req-0a0235f8-1246-4c7c-8284-1b9020393a9b tempest-SnapshotsActionsTest-796865791 None] snapshot_file for this snap is: volume-5f17cd4d-f3a4-441b-a8fc-73c39336313f.c3d86069-6d35-4d04-af11-74e94878b2b5 {{(pid=82990) _delete_snapshot /opt/stack/cinder/cinder/volume/drivers/remotefs.py:1307}}
Apr 22 08:40:35 devstack cinder-volume[82990]: DEBUG oslo.privsep.daemon [-] privsep: reply[5ffaa632-c780-4066-9e1a-d67f70c98b4c]: (4, 'qcow2') {{(pid=83906) _call_back /opt/stack/data/venv/lib/python3.10/site-packages/oslo_privsep/daemon.py:573}}
Apr 22 08:40:35 devstack cinder-volume[82990]: DEBUG oslo_concurrency.processutils [None req-0a0235f8-1246-4c7c-8284-1b9020393a9b tempest-SnapshotsActionsTest-796865791 None] Running cmd (subprocess): /opt/stack/data/venv/bin/python3.10 -m oslo_concurrency.prlimit --as=1073741824 --cpu=60 -- sudo cinder-rootwrap /etc/cinder/rootwrap.conf env LC_ALL=C qemu-img info -f qcow2 --output=json --force-share /opt/stack/data/cinder/mnt/8e54981d480a543704d11ce966206667/volume-5f17cd4d-f3a4-441b-a8fc-73c39336313f.c3d86069-6d35-4d04-af11-74e94878b2b5 {{(pid=82990) execute /opt/stack/data/venv/lib/python3.10/site-packages/oslo_concurrency/processutils.py:440}}
Apr 22 08:40:35 devstack sudo[84439]: quobyte : PWD=/ ; USER=root ; COMMAND=/opt/stack/data/venv/bin/cinder-rootwrap /etc/cinder/rootwrap.conf env LC_ALL=C qemu-img info -f qcow2 --output=json --force-share /opt/stack/data/cinder/mnt/8e54981d480a543704d11ce966206667/volume-5f17cd4d-f3a4-441b-a8fc-73c39336313f.c3d86069-6d35-4d04-af11-74e94878b2b5
Apr 22 08:40:35 devstack sudo[84439]: pam_unix(sudo:session): session opened for user root(uid=0) by (uid=1000)
Apr 22 08:40:35 devstack sudo[84439]: pam_unix(sudo:session): session closed for user root
Apr 22 08:40:35 devstack cinder-volume[82990]: DEBUG oslo_concurrency.processutils [None req-0a0235f8-1246-4c7c-8284-1b9020393a9b tempest-SnapshotsActionsTest-796865791 None] CMD "/opt/stack/data/venv/bin/python3.10 -m oslo_concurrency.prlimit --as=1073741824 --cpu=60 -- sudo cinder-rootwrap /etc/cinder/rootwrap.conf env LC_ALL=C qemu-img info -f qcow2 --output=json --force-share /opt/stack/data/cinder/mnt/8e54981d480a543704d11ce966206667/volume-5f17cd4d-f3a4-441b-a8fc-73c39336313f.c3d86069-6d35-4d04-af11-74e94878b2b5" returned: 0 in 0.921s {{(pid=82990) execute /opt/stack/data/venv/lib/python3.10/site-packages/oslo_concurrency/processutils.py:468}}
Apr 22 08:40:35 devstack cinder-volume[82990]: DEBUG cinder.volume.drivers.remotefs [None req-0a0235f8-1246-4c7c-8284-1b9020393a9b tempest-SnapshotsActionsTest-796865791 None] Fetching qemu-img info with special backing_file_template: (/opt/stack/data/cinder/mnt/[0-9a-f]+/)?(volume-5f17cd4d-f3a4-441b-a8fc-73c39336313f(.(tmp-snap-)?[0-9a-f-]+)?|volume_from_snapshot_cache/(tmp-snap-)?[0-9a-f-]+(.(child-|parent-)[0-9a-f-]+)?)$ {{(pid=82990) _qemu_img_info_base /opt/stack/cinder/cinder/volume/drivers/remotefs.py:886}}
Apr 22 08:40:36 devstack cinder-volume[82990]: DEBUG oslo.privsep.daemon [-] privsep: reply[a9946cf9-77f8-49d0-b56b-d98a22132fe4]: (4, 'qcow2') {{(pid=83906) _call_back /opt/stack/data/venv/lib/python3.10/site-packages/oslo_privsep/daemon.py:573}}
Apr 22 08:40:36 devstack cinder-volume[82990]: DEBUG oslo_concurrency.processutils [None req-0a0235f8-1246-4c7c-8284-1b9020393a9b tempest-SnapshotsActionsTest-796865791 None] Running cmd (subprocess): /opt/stack/data/venv/bin/python3.10 -m oslo_concurrency.prlimit --as=1073741824 --cpu=60 -- sudo cinder-rootwrap /etc/cinder/rootwrap.conf env LC_ALL=C qemu-img info -f qcow2 --output=json --force-share /opt/stack/data/cinder/mnt/8e54981d480a543704d11ce966206667/volume-5f17cd4d-f3a4-441b-a8fc-73c39336313f.0cb9d090-d896-4c8f-aaae-5d1df7013792 {{(pid=82990) execute /opt/stack/data/venv/lib/python3.10/site-packages/oslo_concurrency/processutils.py:440}}
Apr 22 08:40:36 devstack sudo[84444]: quobyte : PWD=/ ; USER=root ; COMMAND=/opt/stack/data/venv/bin/cinder-rootwrap /etc/cinder/rootwrap.conf env LC_ALL=C qemu-img info -f qcow2 --output=json --force-share /opt/stack/data/cinder/mnt/8e54981d480a543704d11ce966206667/volume-5f17cd4d-f3a4-441b-a8fc-73c39336313f.0cb9d090-d896-4c8f-aaae-5d1df7013792
Apr 22 08:40:36 devstack sudo[84444]: pam_unix(sudo:session): session opened for user root(uid=0) by (uid=1000)
Apr 22 08:40:37 devstack sudo[84444]: pam_unix(sudo:session): session closed for user root
Apr 22 08:40:37 devstack cinder-volume[82990]: DEBUG oslo_concurrency.processutils [None req-0a0235f8-1246-4c7c-8284-1b9020393a9b tempest-SnapshotsActionsTest-796865791 None] CMD "/opt/stack/data/venv/bin/python3.10 -m oslo_concurrency.prlimit --as=1073741824 --cpu=60 -- sudo cinder-rootwrap /etc/cinder/rootwrap.conf env LC_ALL=C qemu-img info -f qcow2 --output=json --force-share /opt/stack/data/cinder/mnt/8e54981d480a543704d11ce966206667/volume-5f17cd4d-f3a4-441b-a8fc-73c39336313f.0cb9d090-d896-4c8f-aaae-5d1df7013792" returned: 0 in 1.141s {{(pid=82990) execute /opt/stack/data/venv/lib/python3.10/site-packages/oslo_concurrency/processutils.py:468}}
Apr 22 08:40:37 devstack cinder-volume[82990]: DEBUG cinder.volume.drivers.remotefs [None req-0a0235f8-1246-4c7c-8284-1b9020393a9b tempest-SnapshotsActionsTest-796865791 None] Fetching qemu-img info with special backing_file_template: (/opt/stack/data/cinder/mnt/[0-9a-f]+/)?(volume-5f17cd4d-f3a4-441b-a8fc-73c39336313f(.(tmp-snap-)?[0-9a-f-]+)?|volume_from_snapshot_cache/(tmp-snap-)?[0-9a-f-]+(.(child-|parent-)[0-9a-f-]+)?)$ {{(pid=82990) _qemu_img_info_base /opt/stack/cinder/cinder/volume/drivers/remotefs.py:886}}
Apr 22 08:40:37 devstack cinder-volume[82990]: DEBUG oslo_concurrency.processutils [None req-0a0235f8-1246-4c7c-8284-1b9020393a9b tempest-SnapshotsActionsTest-796865791 None] Running cmd (subprocess): sudo cinder-rootwrap /etc/cinder/rootwrap.conf qemu-img commit -d /opt/stack/data/cinder/mnt/8e54981d480a543704d11ce966206667/volume-5f17cd4d-f3a4-441b-a8fc-73c39336313f.c3d86069-6d35-4d04-af11-74e94878b2b5 {{(pid=82990) execute /opt/stack/data/venv/lib/python3.10/site-packages/oslo_concurrency/processutils.py:440}}
Apr 22 08:40:37 devstack sudo[84451]: quobyte : PWD=/ ; USER=root ; COMMAND=/opt/stack/data/venv/bin/cinder-rootwrap /etc/cinder/rootwrap.conf qemu-img commit -d /opt/stack/data/cinder/mnt/8e54981d480a543704d11ce966206667/volume-5f17cd4d-f3a4-441b-a8fc-73c39336313f.c3d86069-6d35-4d04-af11-74e94878b2b5
Apr 22 08:40:37 devstack sudo[84451]: pam_unix(sudo:session): session opened for user root(uid=0) by (uid=1000)
Apr 22 08:40:38 devstack sudo[84451]: pam_unix(sudo:session): session closed for user root
Apr 22 08:40:38 devstack cinder-volume[82990]: DEBUG oslo_concurrency.processutils [None req-0a0235f8-1246-4c7c-8284-1b9020393a9b tempest-SnapshotsActionsTest-796865791 None] CMD "sudo cinder-rootwrap /etc/cinder/rootwrap.conf qemu-img commit -d /opt/stack/data/cinder/mnt/8e54981d480a543704d11ce966206667/volume-5f17cd4d-f3a4-441b-a8fc-73c39336313f.c3d86069-6d35-4d04-af11-74e94878b2b5" returned: 0 in 1.061s {{(pid=82990) execute /opt/stack/data/venv/lib/python3.10/site-packages/oslo_concurrency/processutils.py:468}}
Apr 22 08:40:38 devstack cinder-volume[82990]: DEBUG oslo_concurrency.processutils [None req-0a0235f8-1246-4c7c-8284-1b9020393a9b tempest-SnapshotsActionsTest-796865791 None] Running cmd (subprocess): sudo cinder-rootwrap /etc/cinder/rootwrap.conf rm -f /opt/stack/data/cinder/mnt/8e54981d480a543704d11ce966206667/volume-5f17cd4d-f3a4-441b-a8fc-73c39336313f.c3d86069-6d35-4d04-af11-74e94878b2b5 {{(pid=82990) execute /opt/stack/data/venv/lib/python3.10/site-packages/oslo_concurrency/processutils.py:440}}
Apr 22 08:40:38 devstack sudo[84467]: quobyte : PWD=/ ; USER=root ; COMMAND=/opt/stack/data/venv/bin/cinder-rootwrap /etc/cinder/rootwrap.conf rm -f /opt/stack/data/cinder/mnt/8e54981d480a543704d11ce966206667/volume-5f17cd4d-f3a4-441b-a8fc-73c39336313f.c3d86069-6d35-4d04-af11-74e94878b2b5
Apr 22 08:40:38 devstack sudo[84467]: pam_unix(sudo:session): session opened for user root(uid=0) by (uid=1000)
Apr 22 08:40:39 devstack sudo[84467]: pam_unix(sudo:session): session closed for user root
Apr 22 08:40:39 devstack cinder-volume[82990]: DEBUG oslo_concurrency.processutils [None req-0a0235f8-1246-4c7c-8284-1b9020393a9b tempest-SnapshotsActionsTest-796865791 None] CMD "sudo cinder-rootwrap /etc/cinder/rootwrap.conf rm -f /opt/stack/data/cinder/mnt/8e54981d480a543704d11ce966206667/volume-5f17cd4d-f3a4-441b-a8fc-73c39336313f.c3d86069-6d35-4d04-af11-74e94878b2b5" returned: 0 in 0.992s {{(pid=82990) execute /opt/stack/data/venv/lib/python3.10/site-packages/oslo_concurrency/processutils.py:468}}
Apr 22 08:40:39 devstack cinder-volume[82990]: DEBUG cinder.coordination [None req-0a0235f8-1246-4c7c-8284-1b9020393a9b tempest-SnapshotsActionsTest-796865791 None] Lock "cinder-quobyte-c3d86069-6d35-4d04-af11-74e94878b2b5" released by "_delete_snapshot" :: held 4.189s {{(pid=82990) __release /opt/stack/cinder/cinder/coordination.py:157}}
Apr 22 08:40:39 devstack cinder-volume[82990]: DEBUG cinder.coordination [None req-0a0235f8-1246-4c7c-8284-1b9020393a9b tempest-SnapshotsActionsTest-796865791 None] Lock "cinder-quobyte-5f17cd4d-f3a4-441b-a8fc-73c39336313f" released by "delete_snapshot" :: held 4.216s {{(pid=82990) __release /opt/stack/cinder/cinder/coordination.py:157}}
Apr 22 08:40:39 devstack cinder-volume[82990]: WARNING cinder.quota [None req-0a0235f8-1246-4c7c-8284-1b9020393a9b tempest-SnapshotsActionsTest-796865791 None] Deprecated: Default quota for resource: gigabytes_QuobyteHD is set by the default quota flag: quota_gigabytes_QuobyteHD, it is now deprecated. Please use the default quota class for default quota.
Apr 22 08:40:39 devstack cinder-volume[82990]: WARNING cinder.quota [None req-0a0235f8-1246-4c7c-8284-1b9020393a9b tempest-SnapshotsActionsTest-796865791 None] Deprecated: Default quota for resource: snapshots_QuobyteHD is set by the default quota flag: quota_snapshots_QuobyteHD, it is now deprecated. Please use the default quota class for default quota.
Apr 22 08:40:39 devstack cinder-volume[82990]: DEBUG cinder.quota [None req-0a0235f8-1246-4c7c-8284-1b9020393a9b tempest-SnapshotsActionsTest-796865791 None] Created reservations ['d6c1431c-261a-4da9-9965-729192859501', '2b0ea729-34c4-462f-a2d3-f33c20b11860', '2cea60d8-a8c7-4356-81b1-361cd4136e76', '54fc3a00-d293-4887-bf1d-92fa79d5aaab'] {{(pid=82990) reserve /opt/stack/cinder/cinder/quota.py:752}}
Apr 22 08:40:39 devstack cinder-volume[82990]: INFO cinder.volume.manager [None req-0a0235f8-1246-4c7c-8284-1b9020393a9b tempest-SnapshotsActionsTest-796865791 None] Delete snapshot completed successfully.
Apr 22 08:40:39 devstack cinder-volume[82990]: DEBUG cinder.coordination [None req-0a0235f8-1246-4c7c-8284-1b9020393a9b tempest-SnapshotsActionsTest-796865791 None] Lock "cinder-c3d86069-6d35-4d04-af11-74e94878b2b5-delete_snapshot" released by "delete_snapshot" :: held 4.380s {{(pid=82990) __release /opt/stack/cinder/cinder/coordination.py:157}}
Apr 22 08:40:40 devstack cinder-volume[82990]: WARNING cinder.volume.volume_utils [None req-a1285f00-c9af-43c4-8b4c-25d48a219fb3 tempest-SnapshotsActionsTest-254153064 None] Volume driver (QuobyteDriver 1.1.13) is currently unsupported and may be removed in the next release of OpenStack. Use at your own risk.
Apr 22 08:40:40 devstack cinder-volume[82990]: DEBUG oslo_concurrency.lockutils [None req-a1285f00-c9af-43c4-8b4c-25d48a219fb3 tempest-SnapshotsActionsTest-254153064 None] Acquiring lock "quobyte" by "cinder.volume.drivers.quobyte.QuobyteDriver.create_snapshot" {{(pid=82990) inner /opt/stack/data/venv/lib/python3.10/site-packages/oslo_concurrency/lockutils.py:506}}
Apr 22 08:40:40 devstack cinder-volume[82990]: DEBUG oslo_concurrency.lockutils [None req-a1285f00-c9af-43c4-8b4c-25d48a219fb3 tempest-SnapshotsActionsTest-254153064 None] Lock "quobyte" acquired by "cinder.volume.drivers.quobyte.QuobyteDriver.create_snapshot" :: waited 0.001s {{(pid=82990) inner /opt/stack/data/venv/lib/python3.10/site-packages/oslo_concurrency/lockutils.py:519}}
Apr 22 08:40:40 devstack cinder-volume[82990]: DEBUG cinder.volume.drivers.remotefs [None req-a1285f00-c9af-43c4-8b4c-25d48a219fb3 tempest-SnapshotsActionsTest-254153064 None] Creating offline snapshot 9bf5cdbc-bffc-4ff3-ab7f-b4c6483aad81 of volume 5f17cd4d-f3a4-441b-a8fc-73c39336313f {{(pid=82990) _create_snapshot /opt/stack/cinder/cinder/volume/drivers/remotefs.py:1694}}
Apr 22 08:40:40 devstack cinder-volume[82990]: DEBUG oslo.privsep.daemon [-] privsep: reply[8ad80a18-8af3-44f0-badb-7b449d76eeae]: (4, 'qcow2') {{(pid=83906) _call_back /opt/stack/data/venv/lib/python3.10/site-packages/oslo_privsep/daemon.py:573}}
Apr 22 08:40:40 devstack cinder-volume[82990]: DEBUG oslo_concurrency.processutils [None req-a1285f00-c9af-43c4-8b4c-25d48a219fb3 tempest-SnapshotsActionsTest-254153064 None] Running cmd (subprocess): /opt/stack/data/venv/bin/python3.10 -m oslo_concurrency.prlimit --as=1073741824 --cpu=60 -- sudo cinder-rootwrap /etc/cinder/rootwrap.conf env LC_ALL=C qemu-img info -f qcow2 --output=json --force-share /opt/stack/data/cinder/mnt/8e54981d480a543704d11ce966206667/volume-5f17cd4d-f3a4-441b-a8fc-73c39336313f.0cb9d090-d896-4c8f-aaae-5d1df7013792 {{(pid=82990) execute /opt/stack/data/venv/lib/python3.10/site-packages/oslo_concurrency/processutils.py:440}}
Apr 22 08:40:40 devstack sudo[84541]: quobyte : PWD=/ ; USER=root ; COMMAND=/opt/stack/data/venv/bin/cinder-rootwrap /etc/cinder/rootwrap.conf env LC_ALL=C qemu-img info -f qcow2 --output=json --force-share /opt/stack/data/cinder/mnt/8e54981d480a543704d11ce966206667/volume-5f17cd4d-f3a4-441b-a8fc-73c39336313f.0cb9d090-d896-4c8f-aaae-5d1df7013792
Apr 22 08:40:40 devstack sudo[84541]: pam_unix(sudo:session): session opened for user root(uid=0) by (uid=1000)
Apr 22 08:40:41 devstack sudo[84541]: pam_unix(sudo:session): session closed for user root
Apr 22 08:40:41 devstack cinder-volume[82990]: DEBUG oslo_concurrency.processutils [None req-a1285f00-c9af-43c4-8b4c-25d48a219fb3 tempest-SnapshotsActionsTest-254153064 None] CMD "/opt/stack/data/venv/bin/python3.10 -m oslo_concurrency.prlimit --as=1073741824 --cpu=60 -- sudo cinder-rootwrap /etc/cinder/rootwrap.conf env LC_ALL=C qemu-img info -f qcow2 --output=json --force-share /opt/stack/data/cinder/mnt/8e54981d480a543704d11ce966206667/volume-5f17cd4d-f3a4-441b-a8fc-73c39336313f.0cb9d090-d896-4c8f-aaae-5d1df7013792" returned: 0 in 0.555s {{(pid=82990) execute /opt/stack/data/venv/lib/python3.10/site-packages/oslo_concurrency/processutils.py:468}}
Apr 22 08:40:41 devstack cinder-volume[82990]: DEBUG cinder.volume.drivers.remotefs [None req-a1285f00-c9af-43c4-8b4c-25d48a219fb3 tempest-SnapshotsActionsTest-254153064 None] Fetching qemu-img info with special backing_file_template: (/opt/stack/data/cinder/mnt/[0-9a-f]+/)?(volume-5f17cd4d-f3a4-441b-a8fc-73c39336313f(.(tmp-snap-)?[0-9a-f-]+)?|volume_from_snapshot_cache/(tmp-snap-)?[0-9a-f-]+(.(child-|parent-)[0-9a-f-]+)?)$ {{(pid=82990) _qemu_img_info_base /opt/stack/cinder/cinder/volume/drivers/remotefs.py:886}}
Apr 22 08:40:41 devstack cinder-volume[82990]: DEBUG oslo_concurrency.processutils [None req-a1285f00-c9af-43c4-8b4c-25d48a219fb3 tempest-SnapshotsActionsTest-254153064 None] Running cmd (subprocess): sudo cinder-rootwrap /etc/cinder/rootwrap.conf qemu-img create -f qcow2 -o backing_file=/opt/stack/data/cinder/mnt/8e54981d480a543704d11ce966206667/volume-5f17cd4d-f3a4-441b-a8fc-73c39336313f.0cb9d090-d896-4c8f-aaae-5d1df7013792,backing_fmt=qcow2 /opt/stack/data/cinder/mnt/8e54981d480a543704d11ce966206667/volume-5f17cd4d-f3a4-441b-a8fc-73c39336313f.9bf5cdbc-bffc-4ff3-ab7f-b4c6483aad81 1G {{(pid=82990) execute /opt/stack/data/venv/lib/python3.10/site-packages/oslo_concurrency/processutils.py:440}}
Apr 22 08:40:41 devstack sudo[84567]: quobyte : PWD=/ ; USER=root ; COMMAND=/opt/stack/data/venv/bin/cinder-rootwrap /etc/cinder/rootwrap.conf qemu-img create -f qcow2 -o backing_file=/opt/stack/data/cinder/mnt/8e54981d480a543704d11ce966206667/volume-5f17cd4d-f3a4-441b-a8fc-73c39336313f.0cb9d090-d896-4c8f-aaae-5d1df7013792,backing_fmt=qcow2 /opt/stack/data/cinder/mnt/8e54981d480a543704d11ce966206667/volume-5f17cd4d-f3a4-441b-a8fc-73c39336313f.9bf5cdbc-bffc-4ff3-ab7f-b4c6483aad81 1G
Apr 22 08:40:41 devstack sudo[84567]: pam_unix(sudo:session): session opened for user root(uid=0) by (uid=1000)
Apr 22 08:40:41 devstack cinder-volume[82990]: WARNING cinder.volume.volume_utils [req-6af73cd4-7483-44a4-9911-c63b516a9c1e req-4a67ecf0-afc1-46aa-9303-6543acf1129b tempest-DeleteServersTestJSON-432621087 None] Volume driver (QuobyteDriver 1.1.13) is currently unsupported and may be removed in the next release of OpenStack. Use at your own risk.
Apr 22 08:40:41 devstack cinder-volume[82990]: WARNING cinder.volume.volume_utils [req-6af73cd4-7483-44a4-9911-c63b516a9c1e req-4a67ecf0-afc1-46aa-9303-6543acf1129b tempest-DeleteServersTestJSON-432621087 None] Volume driver (QuobyteDriver 1.1.13) is currently unsupported and may be removed in the next release of OpenStack. Use at your own risk.
Apr 22 08:40:41 devstack cinder-volume[82990]: INFO cinder.volume.manager [req-6af73cd4-7483-44a4-9911-c63b516a9c1e req-4a67ecf0-afc1-46aa-9303-6543acf1129b tempest-DeleteServersTestJSON-432621087 None] Terminate volume connection completed successfully.
Apr 22 08:40:41 devstack cinder-volume[82990]: DEBUG cinder.volume.manager [req-6af73cd4-7483-44a4-9911-c63b516a9c1e req-4a67ecf0-afc1-46aa-9303-6543acf1129b tempest-DeleteServersTestJSON-432621087 None] Deleting attachment 5699c099-2bad-4dc3-b36f-ccc1127559b4. {{(pid=82990) attachment_delete /opt/stack/cinder/cinder/volume/manager.py:5023}}
Apr 22 08:40:41 devstack sudo[84567]: pam_unix(sudo:session): session closed for user root
Apr 22 08:40:41 devstack cinder-volume[82990]: DEBUG oslo_concurrency.processutils [None req-a1285f00-c9af-43c4-8b4c-25d48a219fb3 tempest-SnapshotsActionsTest-254153064 None] CMD "sudo cinder-rootwrap /etc/cinder/rootwrap.conf qemu-img create -f qcow2 -o backing_file=/opt/stack/data/cinder/mnt/8e54981d480a543704d11ce966206667/volume-5f17cd4d-f3a4-441b-a8fc-73c39336313f.0cb9d090-d896-4c8f-aaae-5d1df7013792,backing_fmt=qcow2 /opt/stack/data/cinder/mnt/8e54981d480a543704d11ce966206667/volume-5f17cd4d-f3a4-441b-a8fc-73c39336313f.9bf5cdbc-bffc-4ff3-ab7f-b4c6483aad81 1G" returned: 0 in 0.534s {{(pid=82990) execute /opt/stack/data/venv/lib/python3.10/site-packages/oslo_concurrency/processutils.py:468}}
Apr 22 08:40:41 devstack cinder-volume[82990]: DEBUG oslo_concurrency.processutils [None req-a1285f00-c9af-43c4-8b4c-25d48a219fb3 tempest-SnapshotsActionsTest-254153064 None] Running cmd (subprocess): sudo cinder-rootwrap /etc/cinder/rootwrap.conf qemu-img rebase -u -b volume-5f17cd4d-f3a4-441b-a8fc-73c39336313f.0cb9d090-d896-4c8f-aaae-5d1df7013792 -F qcow2 /opt/stack/data/cinder/mnt/8e54981d480a543704d11ce966206667/volume-5f17cd4d-f3a4-441b-a8fc-73c39336313f.9bf5cdbc-bffc-4ff3-ab7f-b4c6483aad81 {{(pid=82990) execute /opt/stack/data/venv/lib/python3.10/site-packages/oslo_concurrency/processutils.py:440}}
Apr 22 08:40:41 devstack sudo[84574]: quobyte : PWD=/ ; USER=root ; COMMAND=/opt/stack/data/venv/bin/cinder-rootwrap /etc/cinder/rootwrap.conf qemu-img rebase -u -b volume-5f17cd4d-f3a4-441b-a8fc-73c39336313f.0cb9d090-d896-4c8f-aaae-5d1df7013792 -F qcow2 /opt/stack/data/cinder/mnt/8e54981d480a543704d11ce966206667/volume-5f17cd4d-f3a4-441b-a8fc-73c39336313f.9bf5cdbc-bffc-4ff3-ab7f-b4c6483aad81
Apr 22 08:40:41 devstack sudo[84574]: pam_unix(sudo:session): session opened for user root(uid=0) by (uid=1000)
Apr 22 08:40:42 devstack sudo[84574]: pam_unix(sudo:session): session closed for user root
Apr 22 08:40:42 devstack cinder-volume[82990]: DEBUG oslo_concurrency.processutils [None req-a1285f00-c9af-43c4-8b4c-25d48a219fb3 tempest-SnapshotsActionsTest-254153064 None] CMD "sudo cinder-rootwrap /etc/cinder/rootwrap.conf qemu-img rebase -u -b volume-5f17cd4d-f3a4-441b-a8fc-73c39336313f.0cb9d090-d896-4c8f-aaae-5d1df7013792 -F qcow2 /opt/stack/data/cinder/mnt/8e54981d480a543704d11ce966206667/volume-5f17cd4d-f3a4-441b-a8fc-73c39336313f.9bf5cdbc-bffc-4ff3-ab7f-b4c6483aad81" returned: 0 in 0.479s {{(pid=82990) execute /opt/stack/data/venv/lib/python3.10/site-packages/oslo_concurrency/processutils.py:468}}
Apr 22 08:40:42 devstack cinder-volume[82990]: WARNING cinder.volume.drivers.remotefs [None req-a1285f00-c9af-43c4-8b4c-25d48a219fb3 tempest-SnapshotsActionsTest-254153064 None] /opt/stack/data/cinder/mnt/8e54981d480a543704d11ce966206667/volume-5f17cd4d-f3a4-441b-a8fc-73c39336313f.9bf5cdbc-bffc-4ff3-ab7f-b4c6483aad81 is being set with open permissions: ugo+rw
Apr 22 08:40:42 devstack cinder-volume[82990]: DEBUG oslo_concurrency.processutils [None req-a1285f00-c9af-43c4-8b4c-25d48a219fb3 tempest-SnapshotsActionsTest-254153064 None] Running cmd (subprocess): sudo cinder-rootwrap /etc/cinder/rootwrap.conf chmod ugo+rw /opt/stack/data/cinder/mnt/8e54981d480a543704d11ce966206667/volume-5f17cd4d-f3a4-441b-a8fc-73c39336313f.9bf5cdbc-bffc-4ff3-ab7f-b4c6483aad81 {{(pid=82990) execute /opt/stack/data/venv/lib/python3.10/site-packages/oslo_concurrency/processutils.py:440}}
Apr 22 08:40:42 devstack sudo[84580]: quobyte : PWD=/ ; USER=root ; COMMAND=/opt/stack/data/venv/bin/cinder-rootwrap /etc/cinder/rootwrap.conf chmod ugo+rw /opt/stack/data/cinder/mnt/8e54981d480a543704d11ce966206667/volume-5f17cd4d-f3a4-441b-a8fc-73c39336313f.9bf5cdbc-bffc-4ff3-ab7f-b4c6483aad81
Apr 22 08:40:42 devstack sudo[84580]: pam_unix(sudo:session): session opened for user root(uid=0) by (uid=1000)
Apr 22 08:40:42 devstack cinder-volume[82990]: WARNING cinder.volume.volume_utils [req-6733d7a4-6448-4ff7-ae4f-22bdf1cc8f1a req-a834f4c9-cd0b-4749-ae14-b77578ff0db3 tempest-ServerBootFromVolumeStableRescueTest-1777724852 None] Volume driver (QuobyteDriver 1.1.13) is currently unsupported and may be removed in the next release of OpenStack. Use at your own risk.
Apr 22 08:40:42 devstack cinder-volume[82990]: WARNING cinder.volume.volume_utils [req-6733d7a4-6448-4ff7-ae4f-22bdf1cc8f1a req-a834f4c9-cd0b-4749-ae14-b77578ff0db3 tempest-ServerBootFromVolumeStableRescueTest-1777724852 None] Volume driver (QuobyteDriver 1.1.13) is currently unsupported and may be removed in the next release of OpenStack. Use at your own risk.
Apr 22 08:40:42 devstack cinder-volume[82990]: INFO cinder.volume.manager [req-6733d7a4-6448-4ff7-ae4f-22bdf1cc8f1a req-a834f4c9-cd0b-4749-ae14-b77578ff0db3 tempest-ServerBootFromVolumeStableRescueTest-1777724852 None] Terminate volume connection completed successfully.
Apr 22 08:40:42 devstack cinder-volume[82990]: DEBUG cinder.volume.manager [req-6733d7a4-6448-4ff7-ae4f-22bdf1cc8f1a req-a834f4c9-cd0b-4749-ae14-b77578ff0db3 tempest-ServerBootFromVolumeStableRescueTest-1777724852 None] Deleting attachment 65325563-aee1-4dfa-82ab-d4347b8d4184. {{(pid=82990) attachment_delete /opt/stack/cinder/cinder/volume/manager.py:5023}}
Apr 22 08:40:42 devstack sudo[84580]: pam_unix(sudo:session): session closed for user root
Apr 22 08:40:42 devstack cinder-volume[82990]: DEBUG oslo_concurrency.processutils [None req-a1285f00-c9af-43c4-8b4c-25d48a219fb3 tempest-SnapshotsActionsTest-254153064 None] CMD "sudo cinder-rootwrap /etc/cinder/rootwrap.conf chmod ugo+rw /opt/stack/data/cinder/mnt/8e54981d480a543704d11ce966206667/volume-5f17cd4d-f3a4-441b-a8fc-73c39336313f.9bf5cdbc-bffc-4ff3-ab7f-b4c6483aad81" returned: 0 in 0.436s {{(pid=82990) execute /opt/stack/data/venv/lib/python3.10/site-packages/oslo_concurrency/processutils.py:468}}
Apr 22 08:40:42 devstack cinder-volume[82990]: DEBUG oslo_concurrency.lockutils [None req-a1285f00-c9af-43c4-8b4c-25d48a219fb3 tempest-SnapshotsActionsTest-254153064 None] Lock "quobyte" "released" by "cinder.volume.drivers.quobyte.QuobyteDriver.create_snapshot" :: held 2.060s {{(pid=82990) inner /opt/stack/data/venv/lib/python3.10/site-packages/oslo_concurrency/lockutils.py:538}}
Apr 22 08:40:42 devstack cinder-volume[82990]: INFO cinder.volume.manager [None req-a1285f00-c9af-43c4-8b4c-25d48a219fb3 tempest-SnapshotsActionsTest-254153064 None] Create snapshot completed successfully
Apr 22 08:40:43 devstack cinder-volume[82990]: DEBUG cinder.coordination [None req-5f4551c1-130c-43af-990d-ca01eafb2904 tempest-SnapshotsActionsTest-796865791 None] Acquiring lock "cinder-9bf5cdbc-bffc-4ff3-ab7f-b4c6483aad81-delete_snapshot" by "delete_snapshot" {{(pid=82990) __acquire /opt/stack/cinder/cinder/coordination.py:143}}
Apr 22 08:40:43 devstack cinder-volume[82990]: DEBUG cinder.coordination [None req-5f4551c1-130c-43af-990d-ca01eafb2904 tempest-SnapshotsActionsTest-796865791 None] Lock "cinder-9bf5cdbc-bffc-4ff3-ab7f-b4c6483aad81-delete_snapshot" acquired by "delete_snapshot" :: waited 0.009s {{(pid=82990) __acquire /opt/stack/cinder/cinder/coordination.py:146}}
Apr 22 08:40:43 devstack cinder-volume[82990]: WARNING cinder.volume.volume_utils [None req-5f4551c1-130c-43af-990d-ca01eafb2904 tempest-SnapshotsActionsTest-796865791 None] Volume driver (QuobyteDriver 1.1.13) is currently unsupported and may be removed in the next release of OpenStack. Use at your own risk.
Apr 22 08:40:43 devstack cinder-volume[82990]: DEBUG cinder.coordination [None req-5f4551c1-130c-43af-990d-ca01eafb2904 tempest-SnapshotsActionsTest-796865791 None] Acquiring lock "cinder-quobyte-5f17cd4d-f3a4-441b-a8fc-73c39336313f" by "delete_snapshot" {{(pid=82990) __acquire /opt/stack/cinder/cinder/coordination.py:143}}
Apr 22 08:40:43 devstack cinder-volume[82990]: DEBUG cinder.coordination [None req-5f4551c1-130c-43af-990d-ca01eafb2904 tempest-SnapshotsActionsTest-796865791 None] Lock "cinder-quobyte-5f17cd4d-f3a4-441b-a8fc-73c39336313f" acquired by "delete_snapshot" :: waited 0.008s {{(pid=82990) __acquire /opt/stack/cinder/cinder/coordination.py:146}}
Apr 22 08:40:43 devstack cinder-volume[82990]: DEBUG cinder.coordination [None req-5f4551c1-130c-43af-990d-ca01eafb2904 tempest-SnapshotsActionsTest-796865791 None] Acquiring lock "cinder-quobyte-9bf5cdbc-bffc-4ff3-ab7f-b4c6483aad81" by "_delete_snapshot" {{(pid=82990) __acquire /opt/stack/cinder/cinder/coordination.py:143}}
Apr 22 08:40:43 devstack cinder-volume[82990]: DEBUG cinder.coordination [None req-5f4551c1-130c-43af-990d-ca01eafb2904 tempest-SnapshotsActionsTest-796865791 None] Lock "cinder-quobyte-9bf5cdbc-bffc-4ff3-ab7f-b4c6483aad81" acquired by "_delete_snapshot" :: waited 0.008s {{(pid=82990) __acquire /opt/stack/cinder/cinder/coordination.py:146}}
Apr 22 08:40:43 devstack cinder-volume[82990]: DEBUG cinder.volume.drivers.remotefs [None req-5f4551c1-130c-43af-990d-ca01eafb2904 tempest-SnapshotsActionsTest-796865791 None] Deleting offline snapshot 9bf5cdbc-bffc-4ff3-ab7f-b4c6483aad81 of volume 5f17cd4d-f3a4-441b-a8fc-73c39336313f {{(pid=82990) _delete_snapshot /opt/stack/cinder/cinder/volume/drivers/remotefs.py:1278}}
Apr 22 08:40:43 devstack cinder-volume[82990]: DEBUG cinder.volume.drivers.remotefs [None req-5f4551c1-130c-43af-990d-ca01eafb2904 tempest-SnapshotsActionsTest-796865791 None] snapshot_file for this snap is: volume-5f17cd4d-f3a4-441b-a8fc-73c39336313f.9bf5cdbc-bffc-4ff3-ab7f-b4c6483aad81 {{(pid=82990) _delete_snapshot /opt/stack/cinder/cinder/volume/drivers/remotefs.py:1307}}
Apr 22 08:40:43 devstack cinder-volume[82990]: DEBUG oslo.privsep.daemon [-] privsep: reply[bf66a3d6-f530-4c40-893f-2dac52260040]: (4, 'qcow2') {{(pid=83906) _call_back /opt/stack/data/venv/lib/python3.10/site-packages/oslo_privsep/daemon.py:573}}
Apr 22 08:40:43 devstack cinder-volume[82990]: DEBUG oslo_concurrency.processutils [None req-5f4551c1-130c-43af-990d-ca01eafb2904 tempest-SnapshotsActionsTest-796865791 None] Running cmd (subprocess): /opt/stack/data/venv/bin/python3.10 -m oslo_concurrency.prlimit --as=1073741824 --cpu=60 -- sudo cinder-rootwrap /etc/cinder/rootwrap.conf env LC_ALL=C qemu-img info -f qcow2 --output=json --force-share /opt/stack/data/cinder/mnt/8e54981d480a543704d11ce966206667/volume-5f17cd4d-f3a4-441b-a8fc-73c39336313f.9bf5cdbc-bffc-4ff3-ab7f-b4c6483aad81 {{(pid=82990) execute /opt/stack/data/venv/lib/python3.10/site-packages/oslo_concurrency/processutils.py:440}}
Apr 22 08:40:43 devstack sudo[84583]: quobyte : PWD=/ ; USER=root ; COMMAND=/opt/stack/data/venv/bin/cinder-rootwrap /etc/cinder/rootwrap.conf env LC_ALL=C qemu-img info -f qcow2 --output=json --force-share /opt/stack/data/cinder/mnt/8e54981d480a543704d11ce966206667/volume-5f17cd4d-f3a4-441b-a8fc-73c39336313f.9bf5cdbc-bffc-4ff3-ab7f-b4c6483aad81
Apr 22 08:40:43 devstack sudo[84583]: pam_unix(sudo:session): session opened for user root(uid=0) by (uid=1000)
Apr 22 08:40:44 devstack sudo[84583]: pam_unix(sudo:session): session closed for user root
Apr 22 08:40:44 devstack cinder-volume[82990]: DEBUG oslo_concurrency.processutils [None req-5f4551c1-130c-43af-990d-ca01eafb2904 tempest-SnapshotsActionsTest-796865791 None] CMD "/opt/stack/data/venv/bin/python3.10 -m oslo_concurrency.prlimit --as=1073741824 --cpu=60 -- sudo cinder-rootwrap /etc/cinder/rootwrap.conf env LC_ALL=C qemu-img info -f qcow2 --output=json --force-share /opt/stack/data/cinder/mnt/8e54981d480a543704d11ce966206667/volume-5f17cd4d-f3a4-441b-a8fc-73c39336313f.9bf5cdbc-bffc-4ff3-ab7f-b4c6483aad81" returned: 0 in 0.560s {{(pid=82990) execute /opt/stack/data/venv/lib/python3.10/site-packages/oslo_concurrency/processutils.py:468}}
Apr 22 08:40:44 devstack cinder-volume[82990]: DEBUG cinder.volume.drivers.remotefs [None req-5f4551c1-130c-43af-990d-ca01eafb2904 tempest-SnapshotsActionsTest-796865791 None] Fetching qemu-img info with special backing_file_template: (/opt/stack/data/cinder/mnt/[0-9a-f]+/)?(volume-5f17cd4d-f3a4-441b-a8fc-73c39336313f(.(tmp-snap-)?[0-9a-f-]+)?|volume_from_snapshot_cache/(tmp-snap-)?[0-9a-f-]+(.(child-|parent-)[0-9a-f-]+)?)$ {{(pid=82990) _qemu_img_info_base /opt/stack/cinder/cinder/volume/drivers/remotefs.py:886}}
Apr 22 08:40:44 devstack cinder-volume[82990]: DEBUG oslo.privsep.daemon [-] privsep: reply[08d4146a-c973-476c-8b50-e8a1166ba387]: (4, 'qcow2') {{(pid=83906) _call_back /opt/stack/data/venv/lib/python3.10/site-packages/oslo_privsep/daemon.py:573}}
Apr 22 08:40:44 devstack cinder-volume[82990]: DEBUG oslo_concurrency.processutils [None req-5f4551c1-130c-43af-990d-ca01eafb2904 tempest-SnapshotsActionsTest-796865791 None] Running cmd (subprocess): /opt/stack/data/venv/bin/python3.10 -m oslo_concurrency.prlimit --as=1073741824 --cpu=60 -- sudo cinder-rootwrap /etc/cinder/rootwrap.conf env LC_ALL=C qemu-img info -f qcow2 --output=json --force-share /opt/stack/data/cinder/mnt/8e54981d480a543704d11ce966206667/volume-5f17cd4d-f3a4-441b-a8fc-73c39336313f.0cb9d090-d896-4c8f-aaae-5d1df7013792 {{(pid=82990) execute /opt/stack/data/venv/lib/python3.10/site-packages/oslo_concurrency/processutils.py:440}}
Apr 22 08:40:44 devstack sudo[84589]: quobyte : PWD=/ ; USER=root ; COMMAND=/opt/stack/data/venv/bin/cinder-rootwrap /etc/cinder/rootwrap.conf env LC_ALL=C qemu-img info -f qcow2 --output=json --force-share /opt/stack/data/cinder/mnt/8e54981d480a543704d11ce966206667/volume-5f17cd4d-f3a4-441b-a8fc-73c39336313f.0cb9d090-d896-4c8f-aaae-5d1df7013792
Apr 22 08:40:44 devstack sudo[84589]: pam_unix(sudo:session): session opened for user root(uid=0) by (uid=1000)
Apr 22 08:40:44 devstack sudo[84589]: pam_unix(sudo:session): session closed for user root
Apr 22 08:40:44 devstack cinder-volume[82990]: DEBUG oslo_concurrency.processutils [None req-5f4551c1-130c-43af-990d-ca01eafb2904 tempest-SnapshotsActionsTest-796865791 None] CMD "/opt/stack/data/venv/bin/python3.10 -m oslo_concurrency.prlimit --as=1073741824 --cpu=60 -- sudo cinder-rootwrap /etc/cinder/rootwrap.conf env LC_ALL=C qemu-img info -f qcow2 --output=json --force-share /opt/stack/data/cinder/mnt/8e54981d480a543704d11ce966206667/volume-5f17cd4d-f3a4-441b-a8fc-73c39336313f.0cb9d090-d896-4c8f-aaae-5d1df7013792" returned: 0 in 0.478s {{(pid=82990) execute /opt/stack/data/venv/lib/python3.10/site-packages/oslo_concurrency/processutils.py:468}}
Apr 22 08:40:44 devstack cinder-volume[82990]: DEBUG cinder.volume.drivers.remotefs [None req-5f4551c1-130c-43af-990d-ca01eafb2904 tempest-SnapshotsActionsTest-796865791 None] Fetching qemu-img info with special backing_file_template: (/opt/stack/data/cinder/mnt/[0-9a-f]+/)?(volume-5f17cd4d-f3a4-441b-a8fc-73c39336313f(.(tmp-snap-)?[0-9a-f-]+)?|volume_from_snapshot_cache/(tmp-snap-)?[0-9a-f-]+(.(child-|parent-)[0-9a-f-]+)?)$ {{(pid=82990) _qemu_img_info_base /opt/stack/cinder/cinder/volume/drivers/remotefs.py:886}}
Apr 22 08:40:44 devstack cinder-volume[82990]: DEBUG oslo_concurrency.processutils [None req-5f4551c1-130c-43af-990d-ca01eafb2904 tempest-SnapshotsActionsTest-796865791 None] Running cmd (subprocess): sudo cinder-rootwrap /etc/cinder/rootwrap.conf qemu-img commit -d /opt/stack/data/cinder/mnt/8e54981d480a543704d11ce966206667/volume-5f17cd4d-f3a4-441b-a8fc-73c39336313f.9bf5cdbc-bffc-4ff3-ab7f-b4c6483aad81 {{(pid=82990) execute /opt/stack/data/venv/lib/python3.10/site-packages/oslo_concurrency/processutils.py:440}}
Apr 22 08:40:44 devstack sudo[84594]: quobyte : PWD=/ ; USER=root ; COMMAND=/opt/stack/data/venv/bin/cinder-rootwrap /etc/cinder/rootwrap.conf qemu-img commit -d /opt/stack/data/cinder/mnt/8e54981d480a543704d11ce966206667/volume-5f17cd4d-f3a4-441b-a8fc-73c39336313f.9bf5cdbc-bffc-4ff3-ab7f-b4c6483aad81
Apr 22 08:40:44 devstack sudo[84594]: pam_unix(sudo:session): session opened for user root(uid=0) by (uid=1000)
Apr 22 08:40:45 devstack cinder-volume[82990]: DEBUG cinder.coordination [None req-daa990ed-9d7c-45dc-a6bf-7a03afbfdf6a tempest-DeleteServersTestJSON-432621087 None] Acquiring lock "cinder-5584114c-bf91-41f7-8071-22dd6f9646b6-delete_volume" by "delete_volume" {{(pid=82990) __acquire /opt/stack/cinder/cinder/coordination.py:143}}
