Apr 24 01:08:33 devstack devstack@c-api.service[81662]: DEBUG cinder.quota [None req-78b35059-72b3-446f-add6-2968fb56f758 tempest-GroupsV314Test-1222131050 tempest-GroupsV314Test-1222131050-project-member] Created reservations ['facbc5b2-490f-4e0c-a7a5-3f90a383b2e8', '7c095440-3906-44f7-a55f-58fefdeb4209', 'd49c35ee-4d65-401f-9958-115c6238d806', '411b0b36-f3d3-447e-8715-01c504735d84'] {{(pid=81662) reserve /opt/stack/cinder/cinder/quota.py:752}}
Apr 24 01:08:33 devstack devstack@c-api.service[81662]: DEBUG cinder.volume.api [None req-78b35059-72b3-446f-add6-2968fb56f758 tempest-GroupsV314Test-1222131050 tempest-GroupsV314Test-1222131050-project-member] Task 'cinder.volume.flows.api.create_volume.QuotaReserveTask;volume:create' (0bc9cb5a-4725-4a4b-9dc0-376423dc2606) transitioned into state 'SUCCESS' from state 'RUNNING' with result '{'reservations': ['facbc5b2-490f-4e0c-a7a5-3f90a383b2e8', '7c095440-3906-44f7-a55f-58fefdeb4209', 'd49c35ee-4d65-401f-9958-115c6238d806', '411b0b36-f3d3-447e-8715-01c504735d84']}' {{(pid=81662) _task_receiver /opt/stack/data/venv/lib/python3.10/site-packages/taskflow/listeners/logging.py:182}}
Apr 24 01:08:33 devstack devstack@c-api.service[81662]: DEBUG cinder.volume.api [None req-78b35059-72b3-446f-add6-2968fb56f758 tempest-GroupsV314Test-1222131050 tempest-GroupsV314Test-1222131050-project-member] Task 'cinder.volume.flows.api.create_volume.EntryCreateTask;volume:create' (d20223c3-018d-46eb-ad08-4c7826daa2c0) transitioned into state 'RUNNING' from state 'PENDING' {{(pid=81662) _task_receiver /opt/stack/data/venv/lib/python3.10/site-packages/taskflow/listeners/logging.py:194}}
Apr 24 01:08:33 devstack devstack@c-api.service[81663]: DEBUG cinder.volume.api [None req-5857094c-1ebf-4393-8968-52edfae9eaeb tempest-GroupSnapshotsV319Test-1280042305 tempest-GroupSnapshotsV319Test-1280042305-project-member] Availability zone cache updated, next update will occur around 2026-04-24 00:08:33.969778. {{(pid=81663) list_availability_zones /opt/stack/cinder/cinder/volume/api.py:154}}
Apr 24 01:08:33 devstack devstack@c-api.service[81663]: INFO cinder.volume.api [None req-5857094c-1ebf-4393-8968-52edfae9eaeb tempest-GroupSnapshotsV319Test-1280042305 tempest-GroupSnapshotsV319Test-1280042305-project-member] Availability Zones retrieved successfully.
Apr 24 01:08:34 devstack devstack@c-api.service[81662]: DEBUG cinder.volume.api [None req-78b35059-72b3-446f-add6-2968fb56f758 tempest-GroupsV314Test-1222131050 tempest-GroupsV314Test-1222131050-project-member] Task 'cinder.volume.flows.api.create_volume.EntryCreateTask;volume:create' (d20223c3-018d-46eb-ad08-4c7826daa2c0) transitioned into state 'SUCCESS' from state 'RUNNING' with result '{'volume_id': 'cb456edc-7357-42bc-b83f-467591fc3667', 'volume_properties': VolumeProperties(attach_status='detached',availability_zone='nova',cgsnapshot_id=None,consistencygroup_id=None,display_description=None,display_name=None,encryption_key_id=None,group_id=de2966a0-5af5-4ef9-95a0-ac61503ad47a,group_type_id=,metadata={},multiattach=False,project_id='65517918ad5d4c8cb6c960f7411167c6',qos_specs=None,replication_status=,reservations=['facbc5b2-490f-4e0c-a7a5-3f90a383b2e8','7c095440-3906-44f7-a55f-58fefdeb4209','d49c35ee-4d65-401f-9958-115c6238d806','411b0b36-f3d3-447e-8715-01c504735d84'],size=1,snapshot_id=None,source_replicaid=,source_volid=936fba42-4d3f-4c17-865c-4382ed131a05,status='creating',user_id='b2409d6a916e40a7967bf3c0909e5a1e',volume_type_id=753f565f-564a-41ad-be75-f78082c73a34), 'volume': Volume(_name_id=None,admin_metadata=,attach_status='detached',availability_zone='nova',bootable=False,cluster=,cluster_name=None,consistencygroup=,consistencygroup_id=None,created_at=2026-04-23T23:08:33Z,deleted=False,deleted_at=None,display_description=None,display_name=None,ec2_id=None,encryption_key_id=None,glance_metadata=,group=,group_id=de2966a0-5af5-4ef9-95a0-ac61503ad47a,host=None,id=cb456edc-7357-42bc-b83f-467591fc3667,launched_at=None,metadata={},migration_status=None,multiattach=False,previous_status=None,project_id='65517918ad5d4c8cb6c960f7411167c6',provider_auth=None,provider_geometry=None,provider_id=None,provider_location=None,replication_driver_data=None,replication_extended_status=None,replication_status=None,scheduled_at=None,service_uuid=None,shared_targets=True,size=1,snapshot_id=None,snapshots=,source_volid=936fba42-4d3f-4c17-865c-4382ed131a05,status='creating',terminated_at=None,updated_at=None,use_quota=True,user_id='b2409d6a916e40a7967bf3c0909e5a1e',volume_attachment=VolumeAttachmentList,volume_type=VolumeType(753f565f-564a-41ad-be75-f78082c73a34),volume_type_id=753f565f-564a-41ad-be75-f78082c73a34)}' {{(pid=81662) _task_receiver /opt/stack/data/venv/lib/python3.10/site-packages/taskflow/listeners/logging.py:182}}
Apr 24 01:08:34 devstack devstack@c-api.service[81662]: DEBUG cinder.volume.api [None req-78b35059-72b3-446f-add6-2968fb56f758 tempest-GroupsV314Test-1222131050 tempest-GroupsV314Test-1222131050-project-member] Task 'cinder.volume.flows.api.create_volume.QuotaCommitTask;volume:create' (61a75aa6-a8ff-4e0c-ae2e-107a1deb6fbb) transitioned into state 'RUNNING' from state 'PENDING' {{(pid=81662) _task_receiver /opt/stack/data/venv/lib/python3.10/site-packages/taskflow/listeners/logging.py:194}}
Apr 24 01:08:34 devstack devstack@c-api.service[81663]: DEBUG cinder.quota [None req-5857094c-1ebf-4393-8968-52edfae9eaeb tempest-GroupSnapshotsV319Test-1280042305 tempest-GroupSnapshotsV319Test-1280042305-project-member] Created reservations ['67938983-9ab7-43d8-8817-1c3f8efc6964'] {{(pid=81663) reserve /opt/stack/cinder/cinder/quota.py:752}}
Apr 24 01:08:34 devstack devstack@c-api.service[81662]: DEBUG cinder.volume.api [None req-78b35059-72b3-446f-add6-2968fb56f758 tempest-GroupsV314Test-1222131050 tempest-GroupsV314Test-1222131050-project-member] Task 'cinder.volume.flows.api.create_volume.QuotaCommitTask;volume:create' (61a75aa6-a8ff-4e0c-ae2e-107a1deb6fbb) transitioned into state 'SUCCESS' from state 'RUNNING' with result '{'volume_properties': VolumeProperties(attach_status='detached',availability_zone='nova',cgsnapshot_id=None,consistencygroup_id=None,display_description=None,display_name=None,encryption_key_id=None,group_id=de2966a0-5af5-4ef9-95a0-ac61503ad47a,group_type_id=,metadata={},multiattach=False,project_id='65517918ad5d4c8cb6c960f7411167c6',qos_specs=None,replication_status=,reservations=['facbc5b2-490f-4e0c-a7a5-3f90a383b2e8','7c095440-3906-44f7-a55f-58fefdeb4209','d49c35ee-4d65-401f-9958-115c6238d806','411b0b36-f3d3-447e-8715-01c504735d84'],size=1,snapshot_id=None,source_replicaid=,source_volid=936fba42-4d3f-4c17-865c-4382ed131a05,status='creating',user_id='b2409d6a916e40a7967bf3c0909e5a1e',volume_type_id=753f565f-564a-41ad-be75-f78082c73a34)}' {{(pid=81662) _task_receiver /opt/stack/data/venv/lib/python3.10/site-packages/taskflow/listeners/logging.py:182}}
Apr 24 01:08:34 devstack devstack@c-api.service[81662]: DEBUG cinder.volume.api [None req-78b35059-72b3-446f-add6-2968fb56f758 tempest-GroupsV314Test-1222131050 tempest-GroupsV314Test-1222131050-project-member] Flow 'volume_create_api' (70d82a40-ddfc-4f38-8a32-3888f968fb5f) transitioned into state 'SUCCESS' from state 'RUNNING' {{(pid=81662) _flow_receiver /opt/stack/data/venv/lib/python3.10/site-packages/taskflow/listeners/logging.py:145}}
Apr 24 01:08:34 devstack devstack@c-api.service[81662]: INFO cinder.volume.api [None req-78b35059-72b3-446f-add6-2968fb56f758 tempest-GroupsV314Test-1222131050 tempest-GroupsV314Test-1222131050-project-member] Create volume request issued successfully.
Apr 24 01:08:34 devstack devstack@c-api.service[81663]: INFO cinder.api.openstack.wsgi [None req-5857094c-1ebf-4393-8968-52edfae9eaeb tempest-GroupSnapshotsV319Test-1280042305 tempest-GroupSnapshotsV319Test-1280042305-project-member] http://192.168.122.180/volume/v3/groups returned with HTTP 202
Apr 24 01:08:34 devstack devstack@c-api.service[81663]: [pid: 81663|app: 0|req: 66/134] 192.168.122.180 () {62 vars in 1192 bytes} [Fri Apr 24 01:08:33 2026] POST /volume/v3/groups => generated 115 bytes in 348 msecs (HTTP/1.1 202) 7 headers in 292 bytes (1 switches on core 0)
Apr 24 01:08:34 devstack devstack@c-api.service[81663]: DEBUG cinder.api.middleware.request_id [None req-92b37343-e07e-41bf-9b20-f3961927e250 None None] RequestId filter calling following filter/app {{(pid=81663) _context_setter /opt/stack/cinder/cinder/api/middleware/request_id.py:62}}
Apr 24 01:08:34 devstack devstack@c-api.service[81663]: INFO cinder.api.openstack.wsgi [None req-92b37343-e07e-41bf-9b20-f3961927e250 tempest-DeleteServersTestJSON-1216860233 tempest-DeleteServersTestJSON-1216860233-project-member] GET http://192.168.122.180/volume/v3/volumes/87ab756d-5cef-4611-b5a4-c4db3e00a14e
Apr 24 01:08:34 devstack devstack@c-api.service[81663]: DEBUG cinder.api.openstack.wsgi [None req-92b37343-e07e-41bf-9b20-f3961927e250 tempest-DeleteServersTestJSON-1216860233 tempest-DeleteServersTestJSON-1216860233-project-member] Empty body provided in request {{(pid=81663) get_body /opt/stack/cinder/cinder/api/openstack/wsgi.py:725}}
Apr 24 01:08:34 devstack devstack@c-api.service[81663]: DEBUG cinder.api.openstack.wsgi [None req-92b37343-e07e-41bf-9b20-f3961927e250 tempest-DeleteServersTestJSON-1216860233 tempest-DeleteServersTestJSON-1216860233-project-member] Calling method 'show' {{(pid=81663) _process_stack /opt/stack/cinder/cinder/api/openstack/wsgi.py:878}}
Apr 24 01:08:34 devstack devstack@c-api.service[81662]: INFO cinder.api.openstack.wsgi [None req-78b35059-72b3-446f-add6-2968fb56f758 tempest-GroupsV314Test-1222131050 tempest-GroupsV314Test-1222131050-project-member] http://192.168.122.180/volume/v3/groups/action returned with HTTP 202
Apr 24 01:08:34 devstack devstack@c-api.service[81662]: [pid: 81662|app: 0|req: 69/135] 192.168.122.180 () {62 vars in 1213 bytes} [Fri Apr 24 01:08:33 2026] POST /volume/v3/groups/action => generated 102 bytes in 1053 msecs (HTTP/1.1 202) 7 headers in 292 bytes (1 switches on core 0)
Apr 24 01:08:34 devstack devstack@c-api.service[81663]: /opt/stack/data/venv/lib/python3.10/site-packages/oslo_context/context.py:101: DeprecationWarning: Policy enforcement is depending on the value of is_admin. This key is deprecated. Please update your policy file to use the standard policy values.
Apr 24 01:08:34 devstack devstack@c-api.service[81663]: warnings.warn(
Apr 24 01:08:34 devstack devstack@c-api.service[81662]: DEBUG cinder.api.middleware.request_id [None req-35a08701-46a1-4e2c-9352-3ed5b4395585 None None] RequestId filter calling following filter/app {{(pid=81662) _context_setter /opt/stack/cinder/cinder/api/middleware/request_id.py:62}}
Apr 24 01:08:34 devstack devstack@c-api.service[81662]: INFO cinder.api.openstack.wsgi [None req-35a08701-46a1-4e2c-9352-3ed5b4395585 tempest-GroupSnapshotsV319Test-1280042305 tempest-GroupSnapshotsV319Test-1280042305-project-member] GET http://192.168.122.180/volume/v3/groups/2b83fdcb-244c-4515-8b46-c83a8d295686
Apr 24 01:08:34 devstack devstack@c-api.service[81662]: DEBUG cinder.api.openstack.wsgi [None req-35a08701-46a1-4e2c-9352-3ed5b4395585 tempest-GroupSnapshotsV319Test-1280042305 tempest-GroupSnapshotsV319Test-1280042305-project-member] Empty body provided in request {{(pid=81662) get_body /opt/stack/cinder/cinder/api/openstack/wsgi.py:725}}
Apr 24 01:08:34 devstack devstack@c-api.service[81662]: DEBUG cinder.api.openstack.wsgi [None req-35a08701-46a1-4e2c-9352-3ed5b4395585 tempest-GroupSnapshotsV319Test-1280042305 tempest-GroupSnapshotsV319Test-1280042305-project-member] Calling method 'version_select' {{(pid=81662) _process_stack /opt/stack/cinder/cinder/api/openstack/wsgi.py:878}}
Apr 24 01:08:34 devstack devstack@c-api.service[81662]: DEBUG cinder.api.v3.groups [None req-35a08701-46a1-4e2c-9352-3ed5b4395585 tempest-GroupSnapshotsV319Test-1280042305 tempest-GroupSnapshotsV319Test-1280042305-project-member] show called for member 2b83fdcb-244c-4515-8b46-c83a8d295686 {{(pid=81662) show /opt/stack/cinder/cinder/api/v3/groups.py:58}}
Apr 24 01:08:34 devstack devstack@c-api.service[81663]: INFO cinder.volume.api [None req-92b37343-e07e-41bf-9b20-f3961927e250 tempest-DeleteServersTestJSON-1216860233 tempest-DeleteServersTestJSON-1216860233-project-member] Volume info retrieved successfully.
Apr 24 01:08:34 devstack devstack@c-api.service[81663]: INFO cinder.api.openstack.wsgi [None req-92b37343-e07e-41bf-9b20-f3961927e250 tempest-DeleteServersTestJSON-1216860233 tempest-DeleteServersTestJSON-1216860233-project-member] http://192.168.122.180/volume/v3/volumes/87ab756d-5cef-4611-b5a4-c4db3e00a14e returned with HTTP 200
Apr 24 01:08:34 devstack devstack@c-api.service[81662]: /opt/stack/data/venv/lib/python3.10/site-packages/oslo_context/context.py:101: DeprecationWarning: Policy enforcement is depending on the value of is_admin. This key is deprecated. Please update your policy file to use the standard policy values.
Apr 24 01:08:34 devstack devstack@c-api.service[81662]: warnings.warn(
Apr 24 01:08:34 devstack devstack@c-api.service[81663]: [pid: 81663|app: 0|req: 67/136] 192.168.122.180 () {58 vars in 1243 bytes} [Fri Apr 24 01:08:34 2026] GET /volume/v3/volumes/87ab756d-5cef-4611-b5a4-c4db3e00a14e => generated 1146 bytes in 58 msecs (HTTP/1.1 200) 7 headers in 286 bytes (1 switches on core 0)
Apr 24 01:08:34 devstack devstack@c-api.service[81663]: DEBUG cinder.api.middleware.request_id [None req-ade6f0b5-6906-4747-abf1-9de126b19a3e None None] RequestId filter calling following filter/app {{(pid=81663) _context_setter /opt/stack/cinder/cinder/api/middleware/request_id.py:62}}
Apr 24 01:08:34 devstack devstack@c-api.service[81663]: INFO cinder.api.openstack.wsgi [None req-ade6f0b5-6906-4747-abf1-9de126b19a3e tempest-GroupsV314Test-1222131050 tempest-GroupsV314Test-1222131050-project-member] GET http://192.168.122.180/volume/v3/volumes/detail
Apr 24 01:08:34 devstack devstack@c-api.service[81663]: DEBUG cinder.api.openstack.wsgi [None req-ade6f0b5-6906-4747-abf1-9de126b19a3e tempest-GroupsV314Test-1222131050 tempest-GroupsV314Test-1222131050-project-member] Empty body provided in request {{(pid=81663) get_body /opt/stack/cinder/cinder/api/openstack/wsgi.py:725}}
Apr 24 01:08:34 devstack devstack@c-api.service[81663]: DEBUG cinder.api.openstack.wsgi [None req-ade6f0b5-6906-4747-abf1-9de126b19a3e tempest-GroupsV314Test-1222131050 tempest-GroupsV314Test-1222131050-project-member] Calling method 'detail' {{(pid=81663) _process_stack /opt/stack/cinder/cinder/api/openstack/wsgi.py:878}}
Apr 24 01:08:34 devstack devstack@c-api.service[81663]: DEBUG cinder.api.api_utils [None req-ade6f0b5-6906-4747-abf1-9de126b19a3e tempest-GroupsV314Test-1222131050 tempest-GroupsV314Test-1222131050-project-member] Removing options '' from query. {{(pid=81663) remove_invalid_filter_options /opt/stack/cinder/cinder/api/api_utils.py:81}}
Apr 24 01:08:34 devstack devstack@c-api.service[81663]: DEBUG cinder.volume.api [None req-ade6f0b5-6906-4747-abf1-9de126b19a3e tempest-GroupsV314Test-1222131050 tempest-GroupsV314Test-1222131050-project-member] Searching by: MultiDict([('no_migration_targets', True)]). {{(pid=81663) get_all /opt/stack/cinder/cinder/volume/api.py:663}}
Apr 24 01:08:34 devstack devstack@c-api.service[81662]: INFO cinder.api.openstack.wsgi [None req-35a08701-46a1-4e2c-9352-3ed5b4395585 tempest-GroupSnapshotsV319Test-1280042305 tempest-GroupSnapshotsV319Test-1280042305-project-member] http://192.168.122.180/volume/v3/groups/2b83fdcb-244c-4515-8b46-c83a8d295686 returned with HTTP 200
Apr 24 01:08:34 devstack devstack@c-api.service[81662]: [pid: 81662|app: 0|req: 70/137] 192.168.122.180 () {60 vars in 1281 bytes} [Fri Apr 24 01:08:34 2026] GET /volume/v3/groups/2b83fdcb-244c-4515-8b46-c83a8d295686 => generated 395 bytes in 62 msecs (HTTP/1.1 200) 7 headers in 286 bytes (1 switches on core 0)
Apr 24 01:08:34 devstack devstack@c-api.service[81662]: DEBUG cinder.api.middleware.request_id [None req-4699ce57-fc2a-4dcd-b165-0f2cf72de230 None None] RequestId filter calling following filter/app {{(pid=81662) _context_setter /opt/stack/cinder/cinder/api/middleware/request_id.py:62}}
Apr 24 01:08:34 devstack devstack@c-api.service[81662]: INFO cinder.api.openstack.wsgi [None req-4699ce57-fc2a-4dcd-b165-0f2cf72de230 tempest-DeleteServersTestJSON-1216860233 tempest-DeleteServersTestJSON-1216860233-project-member] GET http://192.168.122.180/volume/v3/volumes/87ab756d-5cef-4611-b5a4-c4db3e00a14e
Apr 24 01:08:34 devstack devstack@c-api.service[81662]: DEBUG cinder.api.openstack.wsgi [None req-4699ce57-fc2a-4dcd-b165-0f2cf72de230 tempest-DeleteServersTestJSON-1216860233 tempest-DeleteServersTestJSON-1216860233-project-member] Empty body provided in request {{(pid=81662) get_body /opt/stack/cinder/cinder/api/openstack/wsgi.py:725}}
Apr 24 01:08:34 devstack devstack@c-api.service[81662]: DEBUG cinder.api.openstack.wsgi [None req-4699ce57-fc2a-4dcd-b165-0f2cf72de230 tempest-DeleteServersTestJSON-1216860233 tempest-DeleteServersTestJSON-1216860233-project-member] Calling method 'show' {{(pid=81662) _process_stack /opt/stack/cinder/cinder/api/openstack/wsgi.py:878}}
Apr 24 01:08:34 devstack devstack@c-api.service[81662]: /opt/stack/data/venv/lib/python3.10/site-packages/oslo_context/context.py:101: DeprecationWarning: Policy enforcement is depending on the value of is_admin. This key is deprecated. Please update your policy file to use the standard policy values.
Apr 24 01:08:34 devstack devstack@c-api.service[81662]: warnings.warn(
Apr 24 01:08:34 devstack devstack@c-api.service[81662]: INFO cinder.volume.api [None req-4699ce57-fc2a-4dcd-b165-0f2cf72de230 tempest-DeleteServersTestJSON-1216860233 tempest-DeleteServersTestJSON-1216860233-project-member] Volume info retrieved successfully.
Apr 24 01:08:34 devstack devstack@c-api.service[81662]: INFO cinder.api.openstack.wsgi [None req-4699ce57-fc2a-4dcd-b165-0f2cf72de230 tempest-DeleteServersTestJSON-1216860233 tempest-DeleteServersTestJSON-1216860233-project-member] http://192.168.122.180/volume/v3/volumes/87ab756d-5cef-4611-b5a4-c4db3e00a14e returned with HTTP 200
Apr 24 01:08:34 devstack devstack@c-api.service[81662]: [pid: 81662|app: 0|req: 71/138] 192.168.122.180 () {58 vars in 1243 bytes} [Fri Apr 24 01:08:34 2026] GET /volume/v3/volumes/87ab756d-5cef-4611-b5a4-c4db3e00a14e => generated 1146 bytes in 80 msecs (HTTP/1.1 200) 7 headers in 286 bytes (1 switches on core 0)
Apr 24 01:08:34 devstack devstack@c-api.service[81663]: INFO cinder.volume.api [None req-ade6f0b5-6906-4747-abf1-9de126b19a3e tempest-GroupsV314Test-1222131050 tempest-GroupsV314Test-1222131050-project-member] Get all volumes completed successfully.
Apr 24 01:08:34 devstack devstack@c-api.service[81663]: WARNING stevedore.named [None req-ade6f0b5-6906-4747-abf1-9de126b19a3e tempest-GroupsV314Test-1222131050 tempest-GroupsV314Test-1222131050-project-member] Could not load cinder.keymgr.conf_key_mgr.ConfKeyManager
Apr 24 01:08:34 devstack devstack@c-api.service[81663]: WARNING castellan.key_manager [None req-ade6f0b5-6906-4747-abf1-9de126b19a3e tempest-GroupsV314Test-1222131050 tempest-GroupsV314Test-1222131050-project-member] Deprecation Warning : cinder.keymgr.conf_key_mgr.ConfKeyManager is not a stevedore based driver, trying to load it as a class: stevedore.exception.NoMatches: No 'castellan.drivers' driver found, looking for 'cinder.keymgr.conf_key_mgr.ConfKeyManager'
Apr 24 01:08:34 devstack devstack@c-api.service[81663]: DEBUG oslo_db.sqlalchemy.engines [None req-ade6f0b5-6906-4747-abf1-9de126b19a3e tempest-GroupsV314Test-1222131050 tempest-GroupsV314Test-1222131050-project-member] MySQL server mode set to STRICT_TRANS_TABLES,STRICT_ALL_TABLES,NO_ZERO_IN_DATE,NO_ZERO_DATE,ERROR_FOR_DIVISION_BY_ZERO,TRADITIONAL,NO_ENGINE_SUBSTITUTION {{(pid=81663) _check_effective_sql_mode /opt/stack/data/venv/lib/python3.10/site-packages/oslo_db/sqlalchemy/engines.py:325}}
Apr 24 01:08:34 devstack devstack@c-api.service[81663]: /opt/stack/data/venv/lib/python3.10/site-packages/oslo_context/context.py:101: DeprecationWarning: Policy enforcement is depending on the value of is_admin. This key is deprecated. Please update your policy file to use the standard policy values.
Apr 24 01:08:34 devstack devstack@c-api.service[81663]: warnings.warn(
Apr 24 01:08:34 devstack devstack@c-api.service[81663]: WARNING stevedore.named [None req-ade6f0b5-6906-4747-abf1-9de126b19a3e tempest-GroupsV314Test-1222131050 tempest-GroupsV314Test-1222131050-project-member] Could not load cinder.keymgr.conf_key_mgr.ConfKeyManager
Apr 24 01:08:34 devstack devstack@c-api.service[81663]: WARNING castellan.key_manager [None req-ade6f0b5-6906-4747-abf1-9de126b19a3e tempest-GroupsV314Test-1222131050 tempest-GroupsV314Test-1222131050-project-member] Deprecation Warning : cinder.keymgr.conf_key_mgr.ConfKeyManager is not a stevedore based driver, trying to load it as a class: stevedore.exception.NoMatches: No 'castellan.drivers' driver found, looking for 'cinder.keymgr.conf_key_mgr.ConfKeyManager'
Apr 24 01:08:34 devstack devstack@c-api.service[81663]: DEBUG oslo_db.sqlalchemy.engines [None req-ade6f0b5-6906-4747-abf1-9de126b19a3e tempest-GroupsV314Test-1222131050 tempest-GroupsV314Test-1222131050-project-member] MySQL server mode set to STRICT_TRANS_TABLES,STRICT_ALL_TABLES,NO_ZERO_IN_DATE,NO_ZERO_DATE,ERROR_FOR_DIVISION_BY_ZERO,TRADITIONAL,NO_ENGINE_SUBSTITUTION {{(pid=81663) _check_effective_sql_mode /opt/stack/data/venv/lib/python3.10/site-packages/oslo_db/sqlalchemy/engines.py:325}}
Apr 24 01:08:34 devstack devstack@c-api.service[81663]: /opt/stack/data/venv/lib/python3.10/site-packages/oslo_context/context.py:101: DeprecationWarning: Policy enforcement is depending on the value of is_admin. This key is deprecated. Please update your policy file to use the standard policy values.
Apr 24 01:08:34 devstack devstack@c-api.service[81663]: warnings.warn(
Apr 24 01:08:34 devstack devstack@c-api.service[81663]: INFO cinder.api.openstack.wsgi [None req-ade6f0b5-6906-4747-abf1-9de126b19a3e tempest-GroupsV314Test-1222131050 tempest-GroupsV314Test-1222131050-project-member] http://192.168.122.180/volume/v3/volumes/detail returned with HTTP 200
Apr 24 01:08:34 devstack devstack@c-api.service[81663]: [pid: 81663|app: 0|req: 68/139] 192.168.122.180 () {60 vars in 1194 bytes} [Fri Apr 24 01:08:34 2026] GET /volume/v3/volumes/detail => generated 1842 bytes in 241 msecs (HTTP/1.1 200) 7 headers in 287 bytes (1 switches on core 0)
Apr 24 01:08:34 devstack devstack@c-api.service[81662]: DEBUG cinder.api.middleware.request_id [None req-dabeb800-4889-4048-ac41-8c34cfb50cea None None] RequestId filter calling following filter/app {{(pid=81662) _context_setter /opt/stack/cinder/cinder/api/middleware/request_id.py:62}}
Apr 24 01:08:34 devstack devstack@c-api.service[81662]: INFO cinder.api.openstack.wsgi [None req-dabeb800-4889-4048-ac41-8c34cfb50cea tempest-GroupsV314Test-1222131050 tempest-GroupsV314Test-1222131050-project-member] GET http://192.168.122.180/volume/v3/volumes/cb456edc-7357-42bc-b83f-467591fc3667
Apr 24 01:08:34 devstack devstack@c-api.service[81662]: DEBUG cinder.api.openstack.wsgi [None req-dabeb800-4889-4048-ac41-8c34cfb50cea tempest-GroupsV314Test-1222131050 tempest-GroupsV314Test-1222131050-project-member] Empty body provided in request {{(pid=81662) get_body /opt/stack/cinder/cinder/api/openstack/wsgi.py:725}}
Apr 24 01:08:34 devstack devstack@c-api.service[81662]: DEBUG cinder.api.openstack.wsgi [None req-dabeb800-4889-4048-ac41-8c34cfb50cea tempest-GroupsV314Test-1222131050 tempest-GroupsV314Test-1222131050-project-member] Calling method 'show' {{(pid=81662) _process_stack /opt/stack/cinder/cinder/api/openstack/wsgi.py:878}}
Apr 24 01:08:34 devstack devstack@c-api.service[81662]: /opt/stack/data/venv/lib/python3.10/site-packages/oslo_context/context.py:101: DeprecationWarning: Policy enforcement is depending on the value of is_admin. This key is deprecated. Please update your policy file to use the standard policy values.
Apr 24 01:08:34 devstack devstack@c-api.service[81662]: warnings.warn(
Apr 24 01:08:34 devstack devstack@c-api.service[81662]: INFO cinder.volume.api [None req-dabeb800-4889-4048-ac41-8c34cfb50cea tempest-GroupsV314Test-1222131050 tempest-GroupsV314Test-1222131050-project-member] Volume info retrieved successfully.
Apr 24 01:08:34 devstack devstack@c-api.service[81662]: WARNING stevedore.named [None req-dabeb800-4889-4048-ac41-8c34cfb50cea tempest-GroupsV314Test-1222131050 tempest-GroupsV314Test-1222131050-project-member] Could not load cinder.keymgr.conf_key_mgr.ConfKeyManager
Apr 24 01:08:34 devstack devstack@c-api.service[81662]: WARNING castellan.key_manager [None req-dabeb800-4889-4048-ac41-8c34cfb50cea tempest-GroupsV314Test-1222131050 tempest-GroupsV314Test-1222131050-project-member] Deprecation Warning : cinder.keymgr.conf_key_mgr.ConfKeyManager is not a stevedore based driver, trying to load it as a class: stevedore.exception.NoMatches: No 'castellan.drivers' driver found, looking for 'cinder.keymgr.conf_key_mgr.ConfKeyManager'
Apr 24 01:08:34 devstack devstack@c-api.service[81662]: DEBUG oslo_db.sqlalchemy.engines [None req-dabeb800-4889-4048-ac41-8c34cfb50cea tempest-GroupsV314Test-1222131050 tempest-GroupsV314Test-1222131050-project-member] MySQL server mode set to STRICT_TRANS_TABLES,STRICT_ALL_TABLES,NO_ZERO_IN_DATE,NO_ZERO_DATE,ERROR_FOR_DIVISION_BY_ZERO,TRADITIONAL,NO_ENGINE_SUBSTITUTION {{(pid=81662) _check_effective_sql_mode /opt/stack/data/venv/lib/python3.10/site-packages/oslo_db/sqlalchemy/engines.py:325}}
Apr 24 01:08:34 devstack devstack@c-api.service[81662]: /opt/stack/data/venv/lib/python3.10/site-packages/oslo_context/context.py:101: DeprecationWarning: Policy enforcement is depending on the value of is_admin. This key is deprecated. Please update your policy file to use the standard policy values.
Apr 24 01:08:34 devstack devstack@c-api.service[81662]: warnings.warn(
Apr 24 01:08:34 devstack devstack@c-api.service[81662]: INFO cinder.api.openstack.wsgi [None req-dabeb800-4889-4048-ac41-8c34cfb50cea tempest-GroupsV314Test-1222131050 tempest-GroupsV314Test-1222131050-project-member] http://192.168.122.180/volume/v3/volumes/cb456edc-7357-42bc-b83f-467591fc3667 returned with HTTP 200
Apr 24 01:08:34 devstack devstack@c-api.service[81662]: [pid: 81662|app: 0|req: 72/140] 192.168.122.180 () {60 vars in 1284 bytes} [Fri Apr 24 01:08:34 2026] GET /volume/v3/volumes/cb456edc-7357-42bc-b83f-467591fc3667 => generated 930 bytes in 78 msecs (HTTP/1.1 200) 7 headers in 286 bytes (1 switches on core 0)
Apr 24 01:08:35 devstack devstack@c-api.service[81663]: DEBUG cinder.api.middleware.request_id [None req-285019f7-0174-4846-9a94-966df464efca None None] RequestId filter calling following filter/app {{(pid=81663) _context_setter /opt/stack/cinder/cinder/api/middleware/request_id.py:62}}
Apr 24 01:08:35 devstack devstack@c-api.service[81663]: INFO cinder.api.openstack.wsgi [None req-285019f7-0174-4846-9a94-966df464efca tempest-GroupSnapshotsV319Test-1280042305 tempest-GroupSnapshotsV319Test-1280042305-project-member] GET http://192.168.122.180/volume/v3/groups/2b83fdcb-244c-4515-8b46-c83a8d295686
Apr 24 01:08:35 devstack devstack@c-api.service[81663]: DEBUG cinder.api.openstack.wsgi [None req-285019f7-0174-4846-9a94-966df464efca tempest-GroupSnapshotsV319Test-1280042305 tempest-GroupSnapshotsV319Test-1280042305-project-member] Empty body provided in request {{(pid=81663) get_body /opt/stack/cinder/cinder/api/openstack/wsgi.py:725}}
Apr 24 01:08:35 devstack devstack@c-api.service[81663]: DEBUG cinder.api.openstack.wsgi [None req-285019f7-0174-4846-9a94-966df464efca tempest-GroupSnapshotsV319Test-1280042305 tempest-GroupSnapshotsV319Test-1280042305-project-member] Calling method 'version_select' {{(pid=81663) _process_stack /opt/stack/cinder/cinder/api/openstack/wsgi.py:878}}
Apr 24 01:08:35 devstack devstack@c-api.service[81663]: DEBUG cinder.api.v3.groups [None req-285019f7-0174-4846-9a94-966df464efca tempest-GroupSnapshotsV319Test-1280042305 tempest-GroupSnapshotsV319Test-1280042305-project-member] show called for member 2b83fdcb-244c-4515-8b46-c83a8d295686 {{(pid=81663) show /opt/stack/cinder/cinder/api/v3/groups.py:58}}
Apr 24 01:08:35 devstack devstack@c-api.service[81663]: /opt/stack/data/venv/lib/python3.10/site-packages/oslo_context/context.py:101: DeprecationWarning: Policy enforcement is depending on the value of is_admin. This key is deprecated. Please update your policy file to use the standard policy values.
Apr 24 01:08:35 devstack devstack@c-api.service[81663]: warnings.warn(
Apr 24 01:08:35 devstack devstack@c-api.service[81663]: INFO cinder.api.openstack.wsgi [None req-285019f7-0174-4846-9a94-966df464efca tempest-GroupSnapshotsV319Test-1280042305 tempest-GroupSnapshotsV319Test-1280042305-project-member] http://192.168.122.180/volume/v3/groups/2b83fdcb-244c-4515-8b46-c83a8d295686 returned with HTTP 200
Apr 24 01:08:35 devstack devstack@c-api.service[81663]: [pid: 81663|app: 0|req: 69/141] 192.168.122.180 () {60 vars in 1281 bytes} [Fri Apr 24 01:08:35 2026] GET /volume/v3/groups/2b83fdcb-244c-4515-8b46-c83a8d295686 => generated 396 bytes in 39 msecs (HTTP/1.1 200) 7 headers in 286 bytes (1 switches on core 0)
Apr 24 01:08:35 devstack devstack@c-api.service[81662]: DEBUG cinder.api.middleware.request_id [None req-28d6477a-4955-4350-a3df-c50d3e00eabd None None] RequestId filter calling following filter/app {{(pid=81662) _context_setter /opt/stack/cinder/cinder/api/middleware/request_id.py:62}}
Apr 24 01:08:35 devstack devstack@c-api.service[81662]: INFO cinder.api.openstack.wsgi [None req-28d6477a-4955-4350-a3df-c50d3e00eabd tempest-GroupSnapshotsV319Test-1280042305 tempest-GroupSnapshotsV319Test-1280042305-project-member] POST http://192.168.122.180/volume/v3/volumes
Apr 24 01:08:35 devstack devstack@c-api.service[81662]: DEBUG cinder.api.openstack.wsgi [None req-28d6477a-4955-4350-a3df-c50d3e00eabd tempest-GroupSnapshotsV319Test-1280042305 tempest-GroupSnapshotsV319Test-1280042305-project-member] Action: 'create', calling method: create, body: {"volume": {"name": "tempest-volume-258112685", "volume_type": "2d737cd7-51c7-4e9f-adce-8f70e54de00e", "group_id": "2b83fdcb-244c-4515-8b46-c83a8d295686", "size": 1}} {{(pid=81662) _process_stack /opt/stack/cinder/cinder/api/openstack/wsgi.py:876}}
Apr 24 01:08:35 devstack devstack@c-api.service[81662]: DEBUG cinder.api.v3.volumes [None req-28d6477a-4955-4350-a3df-c50d3e00eabd tempest-GroupSnapshotsV319Test-1280042305 tempest-GroupSnapshotsV319Test-1280042305-project-member] Create volume request body: {'volume': {'name': 'tempest-volume-258112685', 'volume_type': '2d737cd7-51c7-4e9f-adce-8f70e54de00e', 'group_id': '2b83fdcb-244c-4515-8b46-c83a8d295686', 'size': 1}} {{(pid=81662) create /opt/stack/cinder/cinder/api/v3/volumes.py:368}}
Apr 24 01:08:35 devstack devstack@c-api.service[81662]: /opt/stack/data/venv/lib/python3.10/site-packages/oslo_context/context.py:101: DeprecationWarning: Policy enforcement is depending on the value of is_admin. This key is deprecated. Please update your policy file to use the standard policy values.
Apr 24 01:08:35 devstack devstack@c-api.service[81662]: warnings.warn(
Apr 24 01:08:35 devstack devstack@c-api.service[81662]: INFO cinder.api.v3.volumes [None req-28d6477a-4955-4350-a3df-c50d3e00eabd tempest-GroupSnapshotsV319Test-1280042305 tempest-GroupSnapshotsV319Test-1280042305-project-member] Create volume of 1 GB
Apr 24 01:08:35 devstack devstack@c-api.service[81662]: INFO cinder.volume.api [None req-28d6477a-4955-4350-a3df-c50d3e00eabd tempest-GroupSnapshotsV319Test-1280042305 tempest-GroupSnapshotsV319Test-1280042305-project-member] Availability Zones retrieved successfully.
Apr 24 01:08:35 devstack devstack@c-api.service[81662]: DEBUG cinder.volume.api [None req-28d6477a-4955-4350-a3df-c50d3e00eabd tempest-GroupSnapshotsV319Test-1280042305 tempest-GroupSnapshotsV319Test-1280042305-project-member] Flow 'volume_create_api' (833b0cb4-a1a2-413b-9ad4-321bde87ff8b) transitioned into state 'RUNNING' from state 'PENDING' {{(pid=81662) _flow_receiver /opt/stack/data/venv/lib/python3.10/site-packages/taskflow/listeners/logging.py:145}}
Apr 24 01:08:35 devstack devstack@c-api.service[81662]: DEBUG cinder.volume.api [None req-28d6477a-4955-4350-a3df-c50d3e00eabd tempest-GroupSnapshotsV319Test-1280042305 tempest-GroupSnapshotsV319Test-1280042305-project-member] Task 'cinder.volume.flows.api.create_volume.ExtractVolumeRequestTask;volume:create' (5bcc09d0-21db-4896-9c62-041485d5e813) transitioned into state 'RUNNING' from state 'PENDING' {{(pid=81662) _task_receiver /opt/stack/data/venv/lib/python3.10/site-packages/taskflow/listeners/logging.py:194}}
Apr 24 01:08:35 devstack devstack@c-api.service[81662]: /opt/stack/data/venv/lib/python3.10/site-packages/oslo_context/context.py:101: DeprecationWarning: Policy enforcement is depending on the value of is_admin. This key is deprecated. Please update your policy file to use the standard policy values.
Apr 24 01:08:35 devstack devstack@c-api.service[81662]: warnings.warn(
Apr 24 01:08:35 devstack devstack@c-api.service[81662]: DEBUG cinder.volume.flows.api.create_volume [None req-28d6477a-4955-4350-a3df-c50d3e00eabd tempest-GroupSnapshotsV319Test-1280042305 tempest-GroupSnapshotsV319Test-1280042305-project-member] Validating volume size '1' using validate_int {{(pid=81662) _extract_size /opt/stack/cinder/cinder/volume/flows/api/create_volume.py:226}}
Apr 24 01:08:35 devstack devstack@c-api.service[81662]: DEBUG cinder.volume.api [None req-28d6477a-4955-4350-a3df-c50d3e00eabd tempest-GroupSnapshotsV319Test-1280042305 tempest-GroupSnapshotsV319Test-1280042305-project-member] Task 'cinder.volume.flows.api.create_volume.ExtractVolumeRequestTask;volume:create' (5bcc09d0-21db-4896-9c62-041485d5e813) transitioned into state 'SUCCESS' from state 'RUNNING' with result '{'size': 1, 'snapshot_id': None, 'source_volid': None, 'volume_type': VolumeType(created_at=2026-04-23T23:08:34Z,deleted=False,deleted_at=None,description=None,extra_specs={},id=2d737cd7-51c7-4e9f-adce-8f70e54de00e,is_public=True,name='tempest-GroupSnapshotsV319Test-volume-type-766549388',projects=[],qos_specs=,qos_specs_id=None,updated_at=None), 'volume_type_id': '2d737cd7-51c7-4e9f-adce-8f70e54de00e', 'encryption_key_id': None, 'qos_specs': None, 'consistencygroup_id': None, 'cgsnapshot_id': None, 'group_id': '2b83fdcb-244c-4515-8b46-c83a8d295686', 'replication_status': 'disabled', 'refresh_az': False, 'backup_id': None, 'multiattach': False, 'availability_zones': ['nova']}' {{(pid=81662) _task_receiver /opt/stack/data/venv/lib/python3.10/site-packages/taskflow/listeners/logging.py:182}}
Apr 24 01:08:35 devstack devstack@c-api.service[81662]: DEBUG cinder.volume.api [None req-28d6477a-4955-4350-a3df-c50d3e00eabd tempest-GroupSnapshotsV319Test-1280042305 tempest-GroupSnapshotsV319Test-1280042305-project-member] Task 'cinder.volume.flows.api.create_volume.QuotaReserveTask;volume:create' (bd219955-612b-4251-9076-c2c664a94c27) transitioned into state 'RUNNING' from state 'PENDING' {{(pid=81662) _task_receiver /opt/stack/data/venv/lib/python3.10/site-packages/taskflow/listeners/logging.py:194}}
Apr 24 01:08:35 devstack devstack@c-api.service[81662]: WARNING cinder.quota [None req-28d6477a-4955-4350-a3df-c50d3e00eabd tempest-GroupSnapshotsV319Test-1280042305 tempest-GroupSnapshotsV319Test-1280042305-project-member] Deprecated: Default quota for resource: volumes_tempest-GroupSnapshotsV319Test-volume-type-766549388 is set by the default quota flag: quota_volumes_tempest-GroupSnapshotsV319Test-volume-type-766549388, it is now deprecated. Please use the default quota class for default quota.
Apr 24 01:08:35 devstack devstack@c-api.service[81662]: WARNING cinder.quota [None req-28d6477a-4955-4350-a3df-c50d3e00eabd tempest-GroupSnapshotsV319Test-1280042305 tempest-GroupSnapshotsV319Test-1280042305-project-member] Deprecated: Default quota for resource: gigabytes_tempest-GroupSnapshotsV319Test-volume-type-766549388 is set by the default quota flag: quota_gigabytes_tempest-GroupSnapshotsV319Test-volume-type-766549388, it is now deprecated. Please use the default quota class for default quota.
Apr 24 01:08:35 devstack devstack@c-api.service[81662]: DEBUG cinder.quota [None req-28d6477a-4955-4350-a3df-c50d3e00eabd tempest-GroupSnapshotsV319Test-1280042305 tempest-GroupSnapshotsV319Test-1280042305-project-member] Created reservations ['d5bf966d-f082-4933-8057-7daa302b2571', '5b567549-9d3c-4288-9a20-16fe08c60e0f', 'a16d301b-da08-4c91-be5a-3b8291ebb1fe', 'c19a71ff-a164-492f-a81e-e22bb7e5fd88'] {{(pid=81662) reserve /opt/stack/cinder/cinder/quota.py:752}}
Apr 24 01:08:35 devstack devstack@c-api.service[81663]: DEBUG cinder.api.middleware.request_id [None req-202f07f9-4bf2-427a-9aa0-29a3aeac714f None None] RequestId filter calling following filter/app {{(pid=81663) _context_setter /opt/stack/cinder/cinder/api/middleware/request_id.py:62}}
Apr 24 01:08:35 devstack devstack@c-api.service[81662]: DEBUG cinder.volume.api [None req-28d6477a-4955-4350-a3df-c50d3e00eabd tempest-GroupSnapshotsV319Test-1280042305 tempest-GroupSnapshotsV319Test-1280042305-project-member] Task 'cinder.volume.flows.api.create_volume.QuotaReserveTask;volume:create' (bd219955-612b-4251-9076-c2c664a94c27) transitioned into state 'SUCCESS' from state 'RUNNING' with result '{'reservations': ['d5bf966d-f082-4933-8057-7daa302b2571', '5b567549-9d3c-4288-9a20-16fe08c60e0f', 'a16d301b-da08-4c91-be5a-3b8291ebb1fe', 'c19a71ff-a164-492f-a81e-e22bb7e5fd88']}' {{(pid=81662) _task_receiver /opt/stack/data/venv/lib/python3.10/site-packages/taskflow/listeners/logging.py:182}}
Apr 24 01:08:35 devstack devstack@c-api.service[81662]: DEBUG cinder.volume.api [None req-28d6477a-4955-4350-a3df-c50d3e00eabd tempest-GroupSnapshotsV319Test-1280042305 tempest-GroupSnapshotsV319Test-1280042305-project-member] Task 'cinder.volume.flows.api.create_volume.EntryCreateTask;volume:create' (09681959-3a43-4bf6-b0b8-03623bdd3f69) transitioned into state 'RUNNING' from state 'PENDING' {{(pid=81662) _task_receiver /opt/stack/data/venv/lib/python3.10/site-packages/taskflow/listeners/logging.py:194}}
Apr 24 01:08:35 devstack devstack@c-api.service[81663]: INFO cinder.api.openstack.wsgi [None req-202f07f9-4bf2-427a-9aa0-29a3aeac714f tempest-GroupsV314Test-1222131050 tempest-GroupsV314Test-1222131050-project-member] GET http://192.168.122.180/volume/v3/volumes/cb456edc-7357-42bc-b83f-467591fc3667
Apr 24 01:08:35 devstack devstack@c-api.service[81663]: DEBUG cinder.api.openstack.wsgi [None req-202f07f9-4bf2-427a-9aa0-29a3aeac714f tempest-GroupsV314Test-1222131050 tempest-GroupsV314Test-1222131050-project-member] Empty body provided in request {{(pid=81663) get_body /opt/stack/cinder/cinder/api/openstack/wsgi.py:725}}
Apr 24 01:08:35 devstack devstack@c-api.service[81663]: DEBUG cinder.api.openstack.wsgi [None req-202f07f9-4bf2-427a-9aa0-29a3aeac714f tempest-GroupsV314Test-1222131050 tempest-GroupsV314Test-1222131050-project-member] Calling method 'show' {{(pid=81663) _process_stack /opt/stack/cinder/cinder/api/openstack/wsgi.py:878}}
Apr 24 01:08:35 devstack devstack@c-api.service[81663]: /opt/stack/data/venv/lib/python3.10/site-packages/oslo_context/context.py:101: DeprecationWarning: Policy enforcement is depending on the value of is_admin. This key is deprecated. Please update your policy file to use the standard policy values.
Apr 24 01:08:35 devstack devstack@c-api.service[81663]: warnings.warn(
Apr 24 01:08:35 devstack devstack@c-api.service[81662]: DEBUG cinder.volume.api [None req-28d6477a-4955-4350-a3df-c50d3e00eabd tempest-GroupSnapshotsV319Test-1280042305 tempest-GroupSnapshotsV319Test-1280042305-project-member] Task 'cinder.volume.flows.api.create_volume.EntryCreateTask;volume:create' (09681959-3a43-4bf6-b0b8-03623bdd3f69) transitioned into state 'SUCCESS' from state 'RUNNING' with result '{'volume_id': '95efc88f-544c-4690-9f02-1156c2851e4f', 'volume_properties': VolumeProperties(attach_status='detached',availability_zone='nova',cgsnapshot_id=None,consistencygroup_id=None,display_description=None,display_name='tempest-volume-258112685',encryption_key_id=None,group_id=2b83fdcb-244c-4515-8b46-c83a8d295686,group_type_id=,metadata={},multiattach=False,project_id='97ee87f6de524b8bbef7d7e10092d1b9',qos_specs=None,replication_status=,reservations=['d5bf966d-f082-4933-8057-7daa302b2571','5b567549-9d3c-4288-9a20-16fe08c60e0f','a16d301b-da08-4c91-be5a-3b8291ebb1fe','c19a71ff-a164-492f-a81e-e22bb7e5fd88'],size=1,snapshot_id=None,source_replicaid=,source_volid=None,status='creating',user_id='fdc3fc083f5a499fa3d3191f8c9bcb67',volume_type_id=2d737cd7-51c7-4e9f-adce-8f70e54de00e), 'volume': Volume(_name_id=None,admin_metadata=,attach_status='detached',availability_zone='nova',bootable=False,cluster=,cluster_name=None,consistencygroup=,consistencygroup_id=None,created_at=2026-04-23T23:08:35Z,deleted=False,deleted_at=None,display_description=None,display_name='tempest-volume-258112685',ec2_id=None,encryption_key_id=None,glance_metadata=,group=,group_id=2b83fdcb-244c-4515-8b46-c83a8d295686,host=None,id=95efc88f-544c-4690-9f02-1156c2851e4f,launched_at=None,metadata={},migration_status=None,multiattach=False,previous_status=None,project_id='97ee87f6de524b8bbef7d7e10092d1b9',provider_auth=None,provider_geometry=None,provider_id=None,provider_location=None,replication_driver_data=None,replication_extended_status=None,replication_status=None,scheduled_at=None,service_uuid=None,shared_targets=True,size=1,snapshot_id=None,snapshots=,source_volid=None,status='creating',terminated_at=None,updated_at=None,use_quota=True,user_id='fdc3fc083f5a499fa3d3191f8c9bcb67',volume_attachment=VolumeAttachmentList,volume_type=VolumeType(2d737cd7-51c7-4e9f-adce-8f70e54de00e),volume_type_id=2d737cd7-51c7-4e9f-adce-8f70e54de00e)}' {{(pid=81662) _task_receiver /opt/stack/data/venv/lib/python3.10/site-packages/taskflow/listeners/logging.py:182}}
Apr 24 01:08:35 devstack devstack@c-api.service[81662]: DEBUG cinder.volume.api [None req-28d6477a-4955-4350-a3df-c50d3e00eabd tempest-GroupSnapshotsV319Test-1280042305 tempest-GroupSnapshotsV319Test-1280042305-project-member] Task 'cinder.volume.flows.api.create_volume.QuotaCommitTask;volume:create' (82d4b399-c90f-46ac-9f65-ba9da2a586e2) transitioned into state 'RUNNING' from state 'PENDING' {{(pid=81662) _task_receiver /opt/stack/data/venv/lib/python3.10/site-packages/taskflow/listeners/logging.py:194}}
Apr 24 01:08:35 devstack devstack@c-api.service[81663]: INFO cinder.volume.api [None req-202f07f9-4bf2-427a-9aa0-29a3aeac714f tempest-GroupsV314Test-1222131050 tempest-GroupsV314Test-1222131050-project-member] Volume info retrieved successfully.
Apr 24 01:08:35 devstack devstack@c-api.service[81663]: WARNING stevedore.named [None req-202f07f9-4bf2-427a-9aa0-29a3aeac714f tempest-GroupsV314Test-1222131050 tempest-GroupsV314Test-1222131050-project-member] Could not load cinder.keymgr.conf_key_mgr.ConfKeyManager
Apr 24 01:08:35 devstack devstack@c-api.service[81663]: WARNING castellan.key_manager [None req-202f07f9-4bf2-427a-9aa0-29a3aeac714f tempest-GroupsV314Test-1222131050 tempest-GroupsV314Test-1222131050-project-member] Deprecation Warning : cinder.keymgr.conf_key_mgr.ConfKeyManager is not a stevedore based driver, trying to load it as a class: stevedore.exception.NoMatches: No 'castellan.drivers' driver found, looking for 'cinder.keymgr.conf_key_mgr.ConfKeyManager'
Apr 24 01:08:35 devstack devstack@c-api.service[81663]: DEBUG oslo_db.sqlalchemy.engines [None req-202f07f9-4bf2-427a-9aa0-29a3aeac714f tempest-GroupsV314Test-1222131050 tempest-GroupsV314Test-1222131050-project-member] MySQL server mode set to STRICT_TRANS_TABLES,STRICT_ALL_TABLES,NO_ZERO_IN_DATE,NO_ZERO_DATE,ERROR_FOR_DIVISION_BY_ZERO,TRADITIONAL,NO_ENGINE_SUBSTITUTION {{(pid=81663) _check_effective_sql_mode /opt/stack/data/venv/lib/python3.10/site-packages/oslo_db/sqlalchemy/engines.py:325}}
Apr 24 01:08:35 devstack devstack@c-api.service[81663]: /opt/stack/data/venv/lib/python3.10/site-packages/oslo_context/context.py:101: DeprecationWarning: Policy enforcement is depending on the value of is_admin. This key is deprecated. Please update your policy file to use the standard policy values.
Apr 24 01:08:35 devstack devstack@c-api.service[81663]: warnings.warn(
Apr 24 01:08:35 devstack devstack@c-api.service[81662]: DEBUG cinder.volume.api [None req-28d6477a-4955-4350-a3df-c50d3e00eabd tempest-GroupSnapshotsV319Test-1280042305 tempest-GroupSnapshotsV319Test-1280042305-project-member] Task 'cinder.volume.flows.api.create_volume.QuotaCommitTask;volume:create' (82d4b399-c90f-46ac-9f65-ba9da2a586e2) transitioned into state 'SUCCESS' from state 'RUNNING' with result '{'volume_properties': VolumeProperties(attach_status='detached',availability_zone='nova',cgsnapshot_id=None,consistencygroup_id=None,display_description=None,display_name='tempest-volume-258112685',encryption_key_id=None,group_id=2b83fdcb-244c-4515-8b46-c83a8d295686,group_type_id=,metadata={},multiattach=False,project_id='97ee87f6de524b8bbef7d7e10092d1b9',qos_specs=None,replication_status=,reservations=['d5bf966d-f082-4933-8057-7daa302b2571','5b567549-9d3c-4288-9a20-16fe08c60e0f','a16d301b-da08-4c91-be5a-3b8291ebb1fe','c19a71ff-a164-492f-a81e-e22bb7e5fd88'],size=1,snapshot_id=None,source_replicaid=,source_volid=None,status='creating',user_id='fdc3fc083f5a499fa3d3191f8c9bcb67',volume_type_id=2d737cd7-51c7-4e9f-adce-8f70e54de00e)}' {{(pid=81662) _task_receiver /opt/stack/data/venv/lib/python3.10/site-packages/taskflow/listeners/logging.py:182}}
Apr 24 01:08:35 devstack devstack@c-api.service[81663]: INFO cinder.api.openstack.wsgi [None req-202f07f9-4bf2-427a-9aa0-29a3aeac714f tempest-GroupsV314Test-1222131050 tempest-GroupsV314Test-1222131050-project-member] http://192.168.122.180/volume/v3/volumes/cb456edc-7357-42bc-b83f-467591fc3667 returned with HTTP 200
Apr 24 01:08:35 devstack devstack@c-api.service[81663]: [pid: 81663|app: 0|req: 70/142] 192.168.122.180 () {60 vars in 1284 bytes} [Fri Apr 24 01:08:35 2026] GET /volume/v3/volumes/cb456edc-7357-42bc-b83f-467591fc3667 => generated 930 bytes in 163 msecs (HTTP/1.1 200) 7 headers in 286 bytes (1 switches on core 0)
Apr 24 01:08:35 devstack devstack@c-api.service[81662]: DEBUG cinder.volume.api [None req-28d6477a-4955-4350-a3df-c50d3e00eabd tempest-GroupSnapshotsV319Test-1280042305 tempest-GroupSnapshotsV319Test-1280042305-project-member] Task 'cinder.volume.flows.api.create_volume.VolumeCastTask;volume:create' (7433ded7-f4e6-477d-a799-6e3221deeef5) transitioned into state 'RUNNING' from state 'PENDING' {{(pid=81662) _task_receiver /opt/stack/data/venv/lib/python3.10/site-packages/taskflow/listeners/logging.py:194}}
Apr 24 01:08:35 devstack devstack@c-api.service[81662]: DEBUG cinder.volume.api [None req-28d6477a-4955-4350-a3df-c50d3e00eabd tempest-GroupSnapshotsV319Test-1280042305 tempest-GroupSnapshotsV319Test-1280042305-project-member] Task 'cinder.volume.flows.api.create_volume.VolumeCastTask;volume:create' (7433ded7-f4e6-477d-a799-6e3221deeef5) transitioned into state 'SUCCESS' from state 'RUNNING' with result 'None' {{(pid=81662) _task_receiver /opt/stack/data/venv/lib/python3.10/site-packages/taskflow/listeners/logging.py:182}}
Apr 24 01:08:35 devstack devstack@c-api.service[81662]: DEBUG cinder.volume.api [None req-28d6477a-4955-4350-a3df-c50d3e00eabd tempest-GroupSnapshotsV319Test-1280042305 tempest-GroupSnapshotsV319Test-1280042305-project-member] Flow 'volume_create_api' (833b0cb4-a1a2-413b-9ad4-321bde87ff8b) transitioned into state 'SUCCESS' from state 'RUNNING' {{(pid=81662) _flow_receiver /opt/stack/data/venv/lib/python3.10/site-packages/taskflow/listeners/logging.py:145}}
Apr 24 01:08:35 devstack devstack@c-api.service[81662]: INFO cinder.volume.api [None req-28d6477a-4955-4350-a3df-c50d3e00eabd tempest-GroupSnapshotsV319Test-1280042305 tempest-GroupSnapshotsV319Test-1280042305-project-member] Create volume request issued successfully.
Apr 24 01:08:35 devstack devstack@c-api.service[81662]: WARNING stevedore.named [None req-28d6477a-4955-4350-a3df-c50d3e00eabd tempest-GroupSnapshotsV319Test-1280042305 tempest-GroupSnapshotsV319Test-1280042305-project-member] Could not load cinder.keymgr.conf_key_mgr.ConfKeyManager
Apr 24 01:08:35 devstack devstack@c-api.service[81662]: WARNING castellan.key_manager [None req-28d6477a-4955-4350-a3df-c50d3e00eabd tempest-GroupSnapshotsV319Test-1280042305 tempest-GroupSnapshotsV319Test-1280042305-project-member] Deprecation Warning : cinder.keymgr.conf_key_mgr.ConfKeyManager is not a stevedore based driver, trying to load it as a class: stevedore.exception.NoMatches: No 'castellan.drivers' driver found, looking for 'cinder.keymgr.conf_key_mgr.ConfKeyManager'
Apr 24 01:08:35 devstack devstack@c-api.service[81662]: DEBUG oslo_db.sqlalchemy.engines [None req-28d6477a-4955-4350-a3df-c50d3e00eabd tempest-GroupSnapshotsV319Test-1280042305 tempest-GroupSnapshotsV319Test-1280042305-project-member] MySQL server mode set to STRICT_TRANS_TABLES,STRICT_ALL_TABLES,NO_ZERO_IN_DATE,NO_ZERO_DATE,ERROR_FOR_DIVISION_BY_ZERO,TRADITIONAL,NO_ENGINE_SUBSTITUTION {{(pid=81662) _check_effective_sql_mode /opt/stack/data/venv/lib/python3.10/site-packages/oslo_db/sqlalchemy/engines.py:325}}
Apr 24 01:08:35 devstack devstack@c-api.service[81662]: /opt/stack/data/venv/lib/python3.10/site-packages/oslo_context/context.py:101: DeprecationWarning: Policy enforcement is depending on the value of is_admin. This key is deprecated. Please update your policy file to use the standard policy values.
Apr 24 01:08:35 devstack devstack@c-api.service[81662]: warnings.warn(
Apr 24 01:08:35 devstack devstack@c-api.service[81662]: INFO cinder.api.openstack.wsgi [None req-28d6477a-4955-4350-a3df-c50d3e00eabd tempest-GroupSnapshotsV319Test-1280042305 tempest-GroupSnapshotsV319Test-1280042305-project-member] http://192.168.122.180/volume/v3/volumes returned with HTTP 202
