Jul 03 01:11:31 devstack cinder-volume[86891]: DEBUG cinder.volume.manager [None req-088f0d9e-41ab-4cfa-ab3e-97ee8a6ea4b0 tempest-GroupSnapshotsTest-1320333608 None] Group snapshot db59af74-41fe-46d7-824b-36c6e6422e74: creating. {{(pid=86891) create_group_snapshot /opt/stack/cinder/cinder/volume/manager.py:4175}}
Jul 03 01:11:31 devstack cinder-volume[86891]: DEBUG oslo_concurrency.lockutils [None req-088f0d9e-41ab-4cfa-ab3e-97ee8a6ea4b0 tempest-GroupSnapshotsTest-1320333608 None] Acquiring lock "quobyte" by "cinder.volume.drivers.quobyte.QuobyteDriver.create_snapshot" {{(pid=86891) inner /opt/stack/data/venv/lib/python3.12/site-packages/oslo_concurrency/lockutils.py:511}}
Jul 03 01:11:31 devstack sudo[95880]: pam_unix(sudo:session): session closed for user root
Jul 03 01:11:31 devstack cinder-volume[86891]: DEBUG oslo_concurrency.processutils [None req-e84d1580-5663-43ac-aeff-f8b630350545 tempest-VolumeSnapshotQuotasNegativeTestJSON-616898446 None] CMD "sudo cinder-rootwrap /etc/cinder/rootwrap.conf chmod ugo+rw /opt/stack/data/cinder/mnt/781c488c6dbb1b2e76fb83104f3ef7dc/volume-71dd02e3-75aa-4587-9a96-ff4dfedf2c20" returned: 0 in 0.736s {{(pid=86891) execute /opt/stack/data/venv/lib/python3.12/site-packages/oslo_concurrency/processutils.py:468}}
Jul 03 01:11:31 devstack cinder-volume[86891]: DEBUG cinder.volume.drivers.quobyte [None req-e84d1580-5663-43ac-aeff-f8b630350545 tempest-VolumeSnapshotQuotasNegativeTestJSON-616898446 None] <== create_volume: return (1657ms) {'provider_location': 'osci02.corp.quobyte.com/cinder-vol-b64d28c8-253f-438e-b20a-6778a31ff1c3'} {{(pid=86891) trace_logging_wrapper /opt/stack/cinder/cinder/volume/volume_utils.py:1522}}
Jul 03 01:11:31 devstack cinder-volume[86891]: DEBUG oslo_concurrency.lockutils [None req-e84d1580-5663-43ac-aeff-f8b630350545 tempest-VolumeSnapshotQuotasNegativeTestJSON-616898446 None] Lock "quobyte" "released" by "cinder.volume.drivers.quobyte.QuobyteDriver.create_volume" :: held 1.660s {{(pid=86891) inner /opt/stack/data/venv/lib/python3.12/site-packages/oslo_concurrency/lockutils.py:543}}
Jul 03 01:11:31 devstack cinder-volume[86891]: DEBUG oslo_concurrency.lockutils [None req-088f0d9e-41ab-4cfa-ab3e-97ee8a6ea4b0 tempest-GroupSnapshotsTest-1320333608 None] Lock "quobyte" acquired by "cinder.volume.drivers.quobyte.QuobyteDriver.create_snapshot" :: waited 0.322s {{(pid=86891) inner /opt/stack/data/venv/lib/python3.12/site-packages/oslo_concurrency/lockutils.py:524}}
Jul 03 01:11:31 devstack cinder-volume[86891]: DEBUG cinder.volume.drivers.remotefs [None req-088f0d9e-41ab-4cfa-ab3e-97ee8a6ea4b0 tempest-GroupSnapshotsTest-1320333608 None] Creating offline snapshot cda7712b-6926-491b-b1b5-5acdb980b68a of volume e2bea568-7bd3-47de-9f47-9a4641195915 {{(pid=86891) _create_snapshot /opt/stack/cinder/cinder/volume/drivers/remotefs.py:1816}}
Jul 03 01:11:31 devstack cinder-volume[86891]: DEBUG cinder.volume.manager [None req-e84d1580-5663-43ac-aeff-f8b630350545 tempest-VolumeSnapshotQuotasNegativeTestJSON-616898446 None] Task 'cinder.volume.flows.manager.create_volume.CreateVolumeFromSpecTask;volume:create' (af5a90ae-d6e5-43f0-9453-bc635955d8bc) transitioned into state 'SUCCESS' from state 'RUNNING' with result '{'status': 'creating', 'volume_name': 'volume-71dd02e3-75aa-4587-9a96-ff4dfedf2c20', 'volume_size': 1}' {{(pid=86891) _task_receiver /opt/stack/data/venv/lib/python3.12/site-packages/taskflow/listeners/logging.py:218}}
Jul 03 01:11:31 devstack cinder-volume[86891]: DEBUG cinder.volume.manager [None req-e84d1580-5663-43ac-aeff-f8b630350545 tempest-VolumeSnapshotQuotasNegativeTestJSON-616898446 None] Task 'cinder.volume.flows.manager.create_volume.CreateVolumeOnFinishTask;volume:create, create.end' (3893ca7e-6d51-4340-8f19-d0c889bf5b80) transitioned into state 'RUNNING' from state 'PENDING' {{(pid=86891) _task_receiver /opt/stack/data/venv/lib/python3.12/site-packages/taskflow/listeners/logging.py:242}}
Jul 03 01:11:31 devstack cinder-volume[86891]: DEBUG oslo.privsep.daemon [-] privsep: reply[fa094655-7e83-41ad-96e7-340295ccbf47]: (4, 'qcow2') {{(pid=88230) _call_back /opt/stack/data/venv/lib/python3.12/site-packages/oslo_privsep/daemon.py:580}}
Jul 03 01:11:31 devstack cinder-volume[86891]: DEBUG oslo_concurrency.processutils [None req-088f0d9e-41ab-4cfa-ab3e-97ee8a6ea4b0 tempest-GroupSnapshotsTest-1320333608 None] Running cmd (subprocess): /opt/stack/data/venv/bin/python3.12 -m oslo_concurrency.prlimit --as=1073741824 --cpu=60 -- sudo cinder-rootwrap /etc/cinder/rootwrap.conf env LC_ALL=C qemu-img info -f qcow2 --output=json --force-share /opt/stack/data/cinder/mnt/781c488c6dbb1b2e76fb83104f3ef7dc/volume-e2bea568-7bd3-47de-9f47-9a4641195915 {{(pid=86891) execute /opt/stack/data/venv/lib/python3.12/site-packages/oslo_concurrency/processutils.py:440}}
Jul 03 01:11:31 devstack cinder-volume[86891]: INFO cinder.volume.flows.manager.create_volume [None req-e84d1580-5663-43ac-aeff-f8b630350545 tempest-VolumeSnapshotQuotasNegativeTestJSON-616898446 None] Volume volume-71dd02e3-75aa-4587-9a96-ff4dfedf2c20 (71dd02e3-75aa-4587-9a96-ff4dfedf2c20): created successfully
Jul 03 01:11:31 devstack cinder-volume[86891]: DEBUG cinder.volume.manager [None req-e84d1580-5663-43ac-aeff-f8b630350545 tempest-VolumeSnapshotQuotasNegativeTestJSON-616898446 None] Task 'cinder.volume.flows.manager.create_volume.CreateVolumeOnFinishTask;volume:create, create.end' (3893ca7e-6d51-4340-8f19-d0c889bf5b80) transitioned into state 'SUCCESS' from state 'RUNNING' with result 'None' {{(pid=86891) _task_receiver /opt/stack/data/venv/lib/python3.12/site-packages/taskflow/listeners/logging.py:218}}
Jul 03 01:11:31 devstack cinder-volume[86891]: DEBUG cinder.volume.manager [None req-e84d1580-5663-43ac-aeff-f8b630350545 tempest-VolumeSnapshotQuotasNegativeTestJSON-616898446 None] Flow 'volume_create_manager' (4065ed7a-80ba-4030-a8a1-4f26a269c89e) transitioned into state 'SUCCESS' from state 'RUNNING' {{(pid=86891) _flow_receiver /opt/stack/data/venv/lib/python3.12/site-packages/taskflow/listeners/logging.py:160}}
Jul 03 01:11:31 devstack cinder-volume[86891]: INFO cinder.volume.manager [None req-e84d1580-5663-43ac-aeff-f8b630350545 tempest-VolumeSnapshotQuotasNegativeTestJSON-616898446 None] Created volume successfully.
Jul 03 01:11:32 devstack sudo[95883]: quobyte : PWD=/ ; USER=root ; COMMAND=/opt/stack/data/venv/bin/cinder-rootwrap /etc/cinder/rootwrap.conf env LC_ALL=C qemu-img info -f qcow2 --output=json --force-share /opt/stack/data/cinder/mnt/781c488c6dbb1b2e76fb83104f3ef7dc/volume-e2bea568-7bd3-47de-9f47-9a4641195915
Jul 03 01:11:32 devstack sudo[95883]: pam_unix(sudo:session): session opened for user root(uid=0) by (uid=1000)
Jul 03 01:11:32 devstack cinder-volume[86891]: DEBUG oslo_concurrency.lockutils [None req-afd51fa0-0375-48cb-8c8b-4b4781e611c9 tempest-VolumeSnapshotQuotasNegativeTestJSON-616898446 None] Acquiring lock "quobyte" by "cinder.volume.drivers.quobyte.QuobyteDriver.create_snapshot" {{(pid=86891) inner /opt/stack/data/venv/lib/python3.12/site-packages/oslo_concurrency/lockutils.py:511}}
Jul 03 01:11:32 devstack sudo[95883]: pam_unix(sudo:session): session closed for user root
Jul 03 01:11:32 devstack cinder-volume[86891]: DEBUG oslo_concurrency.processutils [None req-088f0d9e-41ab-4cfa-ab3e-97ee8a6ea4b0 tempest-GroupSnapshotsTest-1320333608 None] CMD "/opt/stack/data/venv/bin/python3.12 -m oslo_concurrency.prlimit --as=1073741824 --cpu=60 -- sudo cinder-rootwrap /etc/cinder/rootwrap.conf env LC_ALL=C qemu-img info -f qcow2 --output=json --force-share /opt/stack/data/cinder/mnt/781c488c6dbb1b2e76fb83104f3ef7dc/volume-e2bea568-7bd3-47de-9f47-9a4641195915" returned: 0 in 0.847s {{(pid=86891) execute /opt/stack/data/venv/lib/python3.12/site-packages/oslo_concurrency/processutils.py:468}}
Jul 03 01:11:32 devstack cinder-volume[86891]: DEBUG oslo_concurrency.processutils [None req-088f0d9e-41ab-4cfa-ab3e-97ee8a6ea4b0 tempest-GroupSnapshotsTest-1320333608 None] Running cmd (subprocess): sudo cinder-rootwrap /etc/cinder/rootwrap.conf qemu-img create -f qcow2 -o backing_file=/opt/stack/data/cinder/mnt/781c488c6dbb1b2e76fb83104f3ef7dc/volume-e2bea568-7bd3-47de-9f47-9a4641195915,backing_fmt=qcow2 /opt/stack/data/cinder/mnt/781c488c6dbb1b2e76fb83104f3ef7dc/volume-e2bea568-7bd3-47de-9f47-9a4641195915.cda7712b-6926-491b-b1b5-5acdb980b68a 1G {{(pid=86891) execute /opt/stack/data/venv/lib/python3.12/site-packages/oslo_concurrency/processutils.py:440}}
Jul 03 01:11:32 devstack sudo[95888]: quobyte : PWD=/ ; USER=root ; COMMAND=/opt/stack/data/venv/bin/cinder-rootwrap /etc/cinder/rootwrap.conf qemu-img create -f qcow2 -o backing_file=/opt/stack/data/cinder/mnt/781c488c6dbb1b2e76fb83104f3ef7dc/volume-e2bea568-7bd3-47de-9f47-9a4641195915,backing_fmt=qcow2 /opt/stack/data/cinder/mnt/781c488c6dbb1b2e76fb83104f3ef7dc/volume-e2bea568-7bd3-47de-9f47-9a4641195915.cda7712b-6926-491b-b1b5-5acdb980b68a 1G
Jul 03 01:11:32 devstack sudo[95888]: pam_unix(sudo:session): session opened for user root(uid=0) by (uid=1000)
Jul 03 01:11:33 devstack cinder-volume[86891]: DEBUG oslo_concurrency.processutils [None req-088f0d9e-41ab-4cfa-ab3e-97ee8a6ea4b0 tempest-GroupSnapshotsTest-1320333608 None] CMD "sudo cinder-rootwrap /etc/cinder/rootwrap.conf qemu-img create -f qcow2 -o backing_file=/opt/stack/data/cinder/mnt/781c488c6dbb1b2e76fb83104f3ef7dc/volume-e2bea568-7bd3-47de-9f47-9a4641195915,backing_fmt=qcow2 /opt/stack/data/cinder/mnt/781c488c6dbb1b2e76fb83104f3ef7dc/volume-e2bea568-7bd3-47de-9f47-9a4641195915.cda7712b-6926-491b-b1b5-5acdb980b68a 1G" returned: 0 in 0.817s {{(pid=86891) execute /opt/stack/data/venv/lib/python3.12/site-packages/oslo_concurrency/processutils.py:468}}
Jul 03 01:11:33 devstack cinder-volume[86891]: DEBUG oslo_concurrency.processutils [None req-088f0d9e-41ab-4cfa-ab3e-97ee8a6ea4b0 tempest-GroupSnapshotsTest-1320333608 None] Running cmd (subprocess): sudo cinder-rootwrap /etc/cinder/rootwrap.conf qemu-img rebase -u -b volume-e2bea568-7bd3-47de-9f47-9a4641195915 -F qcow2 /opt/stack/data/cinder/mnt/781c488c6dbb1b2e76fb83104f3ef7dc/volume-e2bea568-7bd3-47de-9f47-9a4641195915.cda7712b-6926-491b-b1b5-5acdb980b68a {{(pid=86891) execute /opt/stack/data/venv/lib/python3.12/site-packages/oslo_concurrency/processutils.py:440}}
Jul 03 01:11:33 devstack sudo[95888]: pam_unix(sudo:session): session closed for user root
Jul 03 01:11:33 devstack sudo[95893]: quobyte : PWD=/ ; USER=root ; COMMAND=/opt/stack/data/venv/bin/cinder-rootwrap /etc/cinder/rootwrap.conf qemu-img rebase -u -b volume-e2bea568-7bd3-47de-9f47-9a4641195915 -F qcow2 /opt/stack/data/cinder/mnt/781c488c6dbb1b2e76fb83104f3ef7dc/volume-e2bea568-7bd3-47de-9f47-9a4641195915.cda7712b-6926-491b-b1b5-5acdb980b68a
Jul 03 01:11:33 devstack sudo[95893]: pam_unix(sudo:session): session opened for user root(uid=0) by (uid=1000)
Jul 03 01:11:34 devstack sudo[95893]: pam_unix(sudo:session): session closed for user root
Jul 03 01:11:34 devstack cinder-volume[86891]: DEBUG oslo_concurrency.processutils [None req-088f0d9e-41ab-4cfa-ab3e-97ee8a6ea4b0 tempest-GroupSnapshotsTest-1320333608 None] CMD "sudo cinder-rootwrap /etc/cinder/rootwrap.conf qemu-img rebase -u -b volume-e2bea568-7bd3-47de-9f47-9a4641195915 -F qcow2 /opt/stack/data/cinder/mnt/781c488c6dbb1b2e76fb83104f3ef7dc/volume-e2bea568-7bd3-47de-9f47-9a4641195915.cda7712b-6926-491b-b1b5-5acdb980b68a" returned: 0 in 0.815s {{(pid=86891) execute /opt/stack/data/venv/lib/python3.12/site-packages/oslo_concurrency/processutils.py:468}}
Jul 03 01:11:34 devstack cinder-volume[86891]: WARNING cinder.volume.drivers.remotefs [None req-088f0d9e-41ab-4cfa-ab3e-97ee8a6ea4b0 tempest-GroupSnapshotsTest-1320333608 None] /opt/stack/data/cinder/mnt/781c488c6dbb1b2e76fb83104f3ef7dc/volume-e2bea568-7bd3-47de-9f47-9a4641195915.cda7712b-6926-491b-b1b5-5acdb980b68a is being set with open permissions: ugo+rw: NotImplementedError
Jul 03 01:11:34 devstack cinder-volume[86891]: DEBUG oslo_concurrency.processutils [None req-088f0d9e-41ab-4cfa-ab3e-97ee8a6ea4b0 tempest-GroupSnapshotsTest-1320333608 None] Running cmd (subprocess): sudo cinder-rootwrap /etc/cinder/rootwrap.conf chmod ugo+rw /opt/stack/data/cinder/mnt/781c488c6dbb1b2e76fb83104f3ef7dc/volume-e2bea568-7bd3-47de-9f47-9a4641195915.cda7712b-6926-491b-b1b5-5acdb980b68a {{(pid=86891) execute /opt/stack/data/venv/lib/python3.12/site-packages/oslo_concurrency/processutils.py:440}}
Jul 03 01:11:34 devstack sudo[95899]: quobyte : PWD=/ ; USER=root ; COMMAND=/opt/stack/data/venv/bin/cinder-rootwrap /etc/cinder/rootwrap.conf chmod ugo+rw /opt/stack/data/cinder/mnt/781c488c6dbb1b2e76fb83104f3ef7dc/volume-e2bea568-7bd3-47de-9f47-9a4641195915.cda7712b-6926-491b-b1b5-5acdb980b68a
Jul 03 01:11:34 devstack sudo[95899]: pam_unix(sudo:session): session opened for user root(uid=0) by (uid=1000)
Jul 03 01:11:35 devstack sudo[95899]: pam_unix(sudo:session): session closed for user root
Jul 03 01:11:35 devstack cinder-volume[86891]: DEBUG oslo_concurrency.processutils [None req-088f0d9e-41ab-4cfa-ab3e-97ee8a6ea4b0 tempest-GroupSnapshotsTest-1320333608 None] CMD "sudo cinder-rootwrap /etc/cinder/rootwrap.conf chmod ugo+rw /opt/stack/data/cinder/mnt/781c488c6dbb1b2e76fb83104f3ef7dc/volume-e2bea568-7bd3-47de-9f47-9a4641195915.cda7712b-6926-491b-b1b5-5acdb980b68a" returned: 0 in 0.716s {{(pid=86891) execute /opt/stack/data/venv/lib/python3.12/site-packages/oslo_concurrency/processutils.py:468}}
Jul 03 01:11:35 devstack cinder-volume[86891]: DEBUG oslo_concurrency.processutils [None req-088f0d9e-41ab-4cfa-ab3e-97ee8a6ea4b0 tempest-GroupSnapshotsTest-1320333608 None] Running cmd (subprocess): sudo cinder-rootwrap /etc/cinder/rootwrap.conf truncate -s0 /opt/stack/data/cinder/mnt/781c488c6dbb1b2e76fb83104f3ef7dc/volume-e2bea568-7bd3-47de-9f47-9a4641195915.info {{(pid=86891) execute /opt/stack/data/venv/lib/python3.12/site-packages/oslo_concurrency/processutils.py:440}}
Jul 03 01:11:35 devstack sudo[95902]: quobyte : PWD=/ ; USER=root ; COMMAND=/opt/stack/data/venv/bin/cinder-rootwrap /etc/cinder/rootwrap.conf truncate -s0 /opt/stack/data/cinder/mnt/781c488c6dbb1b2e76fb83104f3ef7dc/volume-e2bea568-7bd3-47de-9f47-9a4641195915.info
Jul 03 01:11:35 devstack sudo[95902]: pam_unix(sudo:session): session opened for user root(uid=0) by (uid=1000)
Jul 03 01:11:35 devstack sudo[95902]: pam_unix(sudo:session): session closed for user root
Jul 03 01:11:35 devstack cinder-volume[86891]: DEBUG oslo_concurrency.processutils [None req-088f0d9e-41ab-4cfa-ab3e-97ee8a6ea4b0 tempest-GroupSnapshotsTest-1320333608 None] CMD "sudo cinder-rootwrap /etc/cinder/rootwrap.conf truncate -s0 /opt/stack/data/cinder/mnt/781c488c6dbb1b2e76fb83104f3ef7dc/volume-e2bea568-7bd3-47de-9f47-9a4641195915.info" returned: 0 in 0.785s {{(pid=86891) execute /opt/stack/data/venv/lib/python3.12/site-packages/oslo_concurrency/processutils.py:468}}
Jul 03 01:11:35 devstack cinder-volume[86891]: WARNING cinder.volume.drivers.remotefs [None req-088f0d9e-41ab-4cfa-ab3e-97ee8a6ea4b0 tempest-GroupSnapshotsTest-1320333608 None] /opt/stack/data/cinder/mnt/781c488c6dbb1b2e76fb83104f3ef7dc/volume-e2bea568-7bd3-47de-9f47-9a4641195915.info is being set with open permissions: ugo+rw: NotImplementedError
Jul 03 01:11:35 devstack cinder-volume[86891]: DEBUG oslo_concurrency.processutils [None req-088f0d9e-41ab-4cfa-ab3e-97ee8a6ea4b0 tempest-GroupSnapshotsTest-1320333608 None] Running cmd (subprocess): sudo cinder-rootwrap /etc/cinder/rootwrap.conf chmod ugo+rw /opt/stack/data/cinder/mnt/781c488c6dbb1b2e76fb83104f3ef7dc/volume-e2bea568-7bd3-47de-9f47-9a4641195915.info {{(pid=86891) execute /opt/stack/data/venv/lib/python3.12/site-packages/oslo_concurrency/processutils.py:440}}
Jul 03 01:11:35 devstack sudo[95905]: quobyte : PWD=/ ; USER=root ; COMMAND=/opt/stack/data/venv/bin/cinder-rootwrap /etc/cinder/rootwrap.conf chmod ugo+rw /opt/stack/data/cinder/mnt/781c488c6dbb1b2e76fb83104f3ef7dc/volume-e2bea568-7bd3-47de-9f47-9a4641195915.info
Jul 03 01:11:35 devstack sudo[95905]: pam_unix(sudo:session): session opened for user root(uid=0) by (uid=1000)
Jul 03 01:11:36 devstack sudo[95905]: pam_unix(sudo:session): session closed for user root
Jul 03 01:11:36 devstack cinder-volume[86891]: DEBUG oslo_concurrency.processutils [None req-088f0d9e-41ab-4cfa-ab3e-97ee8a6ea4b0 tempest-GroupSnapshotsTest-1320333608 None] CMD "sudo cinder-rootwrap /etc/cinder/rootwrap.conf chmod ugo+rw /opt/stack/data/cinder/mnt/781c488c6dbb1b2e76fb83104f3ef7dc/volume-e2bea568-7bd3-47de-9f47-9a4641195915.info" returned: 0 in 0.692s {{(pid=86891) execute /opt/stack/data/venv/lib/python3.12/site-packages/oslo_concurrency/processutils.py:468}}
Jul 03 01:11:36 devstack cinder-volume[86891]: DEBUG oslo_concurrency.lockutils [None req-088f0d9e-41ab-4cfa-ab3e-97ee8a6ea4b0 tempest-GroupSnapshotsTest-1320333608 None] Lock "quobyte" "released" by "cinder.volume.drivers.quobyte.QuobyteDriver.create_snapshot" :: held 4.762s {{(pid=86891) inner /opt/stack/data/venv/lib/python3.12/site-packages/oslo_concurrency/lockutils.py:543}}
Jul 03 01:11:36 devstack cinder-volume[86891]: DEBUG oslo_concurrency.lockutils [None req-088f0d9e-41ab-4cfa-ab3e-97ee8a6ea4b0 tempest-GroupSnapshotsTest-1320333608 None] Acquiring lock "quobyte" by "cinder.volume.drivers.quobyte.QuobyteDriver.create_snapshot" {{(pid=86891) inner /opt/stack/data/venv/lib/python3.12/site-packages/oslo_concurrency/lockutils.py:511}}
Jul 03 01:11:36 devstack cinder-volume[86891]: DEBUG oslo_concurrency.lockutils [None req-088f0d9e-41ab-4cfa-ab3e-97ee8a6ea4b0 tempest-GroupSnapshotsTest-1320333608 None] Lock "quobyte" acquired by "cinder.volume.drivers.quobyte.QuobyteDriver.create_snapshot" :: waited 0.000s {{(pid=86891) inner /opt/stack/data/venv/lib/python3.12/site-packages/oslo_concurrency/lockutils.py:524}}
Jul 03 01:11:36 devstack cinder-volume[86891]: DEBUG cinder.volume.drivers.remotefs [None req-088f0d9e-41ab-4cfa-ab3e-97ee8a6ea4b0 tempest-GroupSnapshotsTest-1320333608 None] Creating offline snapshot d2895403-c319-452b-8eb5-a0bd71e68b66 of volume 4bd4b78b-d55a-4130-8d5d-1c0a57551f57 {{(pid=86891) _create_snapshot /opt/stack/cinder/cinder/volume/drivers/remotefs.py:1816}}
Jul 03 01:11:36 devstack cinder-volume[86891]: DEBUG oslo.privsep.daemon [-] privsep: reply[7e9b5366-5255-4b04-a700-6e32177af895]: (4, 'qcow2') {{(pid=88230) _call_back /opt/stack/data/venv/lib/python3.12/site-packages/oslo_privsep/daemon.py:580}}
Jul 03 01:11:36 devstack cinder-volume[86891]: DEBUG oslo_concurrency.processutils [None req-088f0d9e-41ab-4cfa-ab3e-97ee8a6ea4b0 tempest-GroupSnapshotsTest-1320333608 None] Running cmd (subprocess): /opt/stack/data/venv/bin/python3.12 -m oslo_concurrency.prlimit --as=1073741824 --cpu=60 -- sudo cinder-rootwrap /etc/cinder/rootwrap.conf env LC_ALL=C qemu-img info -f qcow2 --output=json --force-share /opt/stack/data/cinder/mnt/781c488c6dbb1b2e76fb83104f3ef7dc/volume-4bd4b78b-d55a-4130-8d5d-1c0a57551f57 {{(pid=86891) execute /opt/stack/data/venv/lib/python3.12/site-packages/oslo_concurrency/processutils.py:440}}
Jul 03 01:11:36 devstack sudo[95908]: quobyte : PWD=/ ; USER=root ; COMMAND=/opt/stack/data/venv/bin/cinder-rootwrap /etc/cinder/rootwrap.conf env LC_ALL=C qemu-img info -f qcow2 --output=json --force-share /opt/stack/data/cinder/mnt/781c488c6dbb1b2e76fb83104f3ef7dc/volume-4bd4b78b-d55a-4130-8d5d-1c0a57551f57
Jul 03 01:11:36 devstack sudo[95908]: pam_unix(sudo:session): session opened for user root(uid=0) by (uid=1000)
Jul 03 01:11:37 devstack sudo[95908]: pam_unix(sudo:session): session closed for user root
Jul 03 01:11:37 devstack cinder-volume[86891]: DEBUG oslo_concurrency.processutils [None req-088f0d9e-41ab-4cfa-ab3e-97ee8a6ea4b0 tempest-GroupSnapshotsTest-1320333608 None] CMD "/opt/stack/data/venv/bin/python3.12 -m oslo_concurrency.prlimit --as=1073741824 --cpu=60 -- sudo cinder-rootwrap /etc/cinder/rootwrap.conf env LC_ALL=C qemu-img info -f qcow2 --output=json --force-share /opt/stack/data/cinder/mnt/781c488c6dbb1b2e76fb83104f3ef7dc/volume-4bd4b78b-d55a-4130-8d5d-1c0a57551f57" returned: 0 in 0.880s {{(pid=86891) execute /opt/stack/data/venv/lib/python3.12/site-packages/oslo_concurrency/processutils.py:468}}
Jul 03 01:11:37 devstack cinder-volume[86891]: DEBUG oslo_concurrency.processutils [None req-088f0d9e-41ab-4cfa-ab3e-97ee8a6ea4b0 tempest-GroupSnapshotsTest-1320333608 None] Running cmd (subprocess): sudo cinder-rootwrap /etc/cinder/rootwrap.conf qemu-img create -f qcow2 -o backing_file=/opt/stack/data/cinder/mnt/781c488c6dbb1b2e76fb83104f3ef7dc/volume-4bd4b78b-d55a-4130-8d5d-1c0a57551f57,backing_fmt=qcow2 /opt/stack/data/cinder/mnt/781c488c6dbb1b2e76fb83104f3ef7dc/volume-4bd4b78b-d55a-4130-8d5d-1c0a57551f57.d2895403-c319-452b-8eb5-a0bd71e68b66 1G {{(pid=86891) execute /opt/stack/data/venv/lib/python3.12/site-packages/oslo_concurrency/processutils.py:440}}
Jul 03 01:11:37 devstack sudo[95913]: quobyte : PWD=/ ; USER=root ; COMMAND=/opt/stack/data/venv/bin/cinder-rootwrap /etc/cinder/rootwrap.conf qemu-img create -f qcow2 -o backing_file=/opt/stack/data/cinder/mnt/781c488c6dbb1b2e76fb83104f3ef7dc/volume-4bd4b78b-d55a-4130-8d5d-1c0a57551f57,backing_fmt=qcow2 /opt/stack/data/cinder/mnt/781c488c6dbb1b2e76fb83104f3ef7dc/volume-4bd4b78b-d55a-4130-8d5d-1c0a57551f57.d2895403-c319-452b-8eb5-a0bd71e68b66 1G
Jul 03 01:11:37 devstack sudo[95913]: pam_unix(sudo:session): session opened for user root(uid=0) by (uid=1000)
Jul 03 01:11:38 devstack sudo[95913]: pam_unix(sudo:session): session closed for user root
Jul 03 01:11:38 devstack cinder-volume[86891]: DEBUG oslo_concurrency.processutils [None req-088f0d9e-41ab-4cfa-ab3e-97ee8a6ea4b0 tempest-GroupSnapshotsTest-1320333608 None] CMD "sudo cinder-rootwrap /etc/cinder/rootwrap.conf qemu-img create -f qcow2 -o backing_file=/opt/stack/data/cinder/mnt/781c488c6dbb1b2e76fb83104f3ef7dc/volume-4bd4b78b-d55a-4130-8d5d-1c0a57551f57,backing_fmt=qcow2 /opt/stack/data/cinder/mnt/781c488c6dbb1b2e76fb83104f3ef7dc/volume-4bd4b78b-d55a-4130-8d5d-1c0a57551f57.d2895403-c319-452b-8eb5-a0bd71e68b66 1G" returned: 0 in 1.075s {{(pid=86891) execute /opt/stack/data/venv/lib/python3.12/site-packages/oslo_concurrency/processutils.py:468}}
Jul 03 01:11:38 devstack cinder-volume[86891]: DEBUG oslo_concurrency.processutils [None req-088f0d9e-41ab-4cfa-ab3e-97ee8a6ea4b0 tempest-GroupSnapshotsTest-1320333608 None] Running cmd (subprocess): sudo cinder-rootwrap /etc/cinder/rootwrap.conf qemu-img rebase -u -b volume-4bd4b78b-d55a-4130-8d5d-1c0a57551f57 -F qcow2 /opt/stack/data/cinder/mnt/781c488c6dbb1b2e76fb83104f3ef7dc/volume-4bd4b78b-d55a-4130-8d5d-1c0a57551f57.d2895403-c319-452b-8eb5-a0bd71e68b66 {{(pid=86891) execute /opt/stack/data/venv/lib/python3.12/site-packages/oslo_concurrency/processutils.py:440}}
Jul 03 01:11:38 devstack sudo[95920]: quobyte : PWD=/ ; USER=root ; COMMAND=/opt/stack/data/venv/bin/cinder-rootwrap /etc/cinder/rootwrap.conf qemu-img rebase -u -b volume-4bd4b78b-d55a-4130-8d5d-1c0a57551f57 -F qcow2 /opt/stack/data/cinder/mnt/781c488c6dbb1b2e76fb83104f3ef7dc/volume-4bd4b78b-d55a-4130-8d5d-1c0a57551f57.d2895403-c319-452b-8eb5-a0bd71e68b66
Jul 03 01:11:38 devstack sudo[95920]: pam_unix(sudo:session): session opened for user root(uid=0) by (uid=1000)
Jul 03 01:11:39 devstack sudo[95920]: pam_unix(sudo:session): session closed for user root
Jul 03 01:11:39 devstack cinder-volume[86891]: DEBUG oslo_concurrency.processutils [None req-088f0d9e-41ab-4cfa-ab3e-97ee8a6ea4b0 tempest-GroupSnapshotsTest-1320333608 None] CMD "sudo cinder-rootwrap /etc/cinder/rootwrap.conf qemu-img rebase -u -b volume-4bd4b78b-d55a-4130-8d5d-1c0a57551f57 -F qcow2 /opt/stack/data/cinder/mnt/781c488c6dbb1b2e76fb83104f3ef7dc/volume-4bd4b78b-d55a-4130-8d5d-1c0a57551f57.d2895403-c319-452b-8eb5-a0bd71e68b66" returned: 0 in 0.832s {{(pid=86891) execute /opt/stack/data/venv/lib/python3.12/site-packages/oslo_concurrency/processutils.py:468}}
Jul 03 01:11:39 devstack cinder-volume[86891]: WARNING cinder.volume.drivers.remotefs [None req-088f0d9e-41ab-4cfa-ab3e-97ee8a6ea4b0 tempest-GroupSnapshotsTest-1320333608 None] /opt/stack/data/cinder/mnt/781c488c6dbb1b2e76fb83104f3ef7dc/volume-4bd4b78b-d55a-4130-8d5d-1c0a57551f57.d2895403-c319-452b-8eb5-a0bd71e68b66 is being set with open permissions: ugo+rw: NotImplementedError
Jul 03 01:11:39 devstack cinder-volume[86891]: DEBUG oslo_concurrency.processutils [None req-088f0d9e-41ab-4cfa-ab3e-97ee8a6ea4b0 tempest-GroupSnapshotsTest-1320333608 None] Running cmd (subprocess): sudo cinder-rootwrap /etc/cinder/rootwrap.conf chmod ugo+rw /opt/stack/data/cinder/mnt/781c488c6dbb1b2e76fb83104f3ef7dc/volume-4bd4b78b-d55a-4130-8d5d-1c0a57551f57.d2895403-c319-452b-8eb5-a0bd71e68b66 {{(pid=86891) execute /opt/stack/data/venv/lib/python3.12/site-packages/oslo_concurrency/processutils.py:440}}
Jul 03 01:11:39 devstack sudo[95932]: quobyte : PWD=/ ; USER=root ; COMMAND=/opt/stack/data/venv/bin/cinder-rootwrap /etc/cinder/rootwrap.conf chmod ugo+rw /opt/stack/data/cinder/mnt/781c488c6dbb1b2e76fb83104f3ef7dc/volume-4bd4b78b-d55a-4130-8d5d-1c0a57551f57.d2895403-c319-452b-8eb5-a0bd71e68b66
Jul 03 01:11:39 devstack sudo[95932]: pam_unix(sudo:session): session opened for user root(uid=0) by (uid=1000)
Jul 03 01:11:40 devstack sudo[95932]: pam_unix(sudo:session): session closed for user root
Jul 03 01:11:40 devstack cinder-volume[86891]: DEBUG oslo_concurrency.processutils [None req-088f0d9e-41ab-4cfa-ab3e-97ee8a6ea4b0 tempest-GroupSnapshotsTest-1320333608 None] CMD "sudo cinder-rootwrap /etc/cinder/rootwrap.conf chmod ugo+rw /opt/stack/data/cinder/mnt/781c488c6dbb1b2e76fb83104f3ef7dc/volume-4bd4b78b-d55a-4130-8d5d-1c0a57551f57.d2895403-c319-452b-8eb5-a0bd71e68b66" returned: 0 in 0.723s {{(pid=86891) execute /opt/stack/data/venv/lib/python3.12/site-packages/oslo_concurrency/processutils.py:468}}
Jul 03 01:11:40 devstack cinder-volume[86891]: DEBUG oslo_concurrency.processutils [None req-088f0d9e-41ab-4cfa-ab3e-97ee8a6ea4b0 tempest-GroupSnapshotsTest-1320333608 None] Running cmd (subprocess): sudo cinder-rootwrap /etc/cinder/rootwrap.conf truncate -s0 /opt/stack/data/cinder/mnt/781c488c6dbb1b2e76fb83104f3ef7dc/volume-4bd4b78b-d55a-4130-8d5d-1c0a57551f57.info {{(pid=86891) execute /opt/stack/data/venv/lib/python3.12/site-packages/oslo_concurrency/processutils.py:440}}
Jul 03 01:11:40 devstack sudo[95935]: quobyte : PWD=/ ; USER=root ; COMMAND=/opt/stack/data/venv/bin/cinder-rootwrap /etc/cinder/rootwrap.conf truncate -s0 /opt/stack/data/cinder/mnt/781c488c6dbb1b2e76fb83104f3ef7dc/volume-4bd4b78b-d55a-4130-8d5d-1c0a57551f57.info
Jul 03 01:11:40 devstack sudo[95935]: pam_unix(sudo:session): session opened for user root(uid=0) by (uid=1000)
Jul 03 01:11:40 devstack sudo[95935]: pam_unix(sudo:session): session closed for user root
Jul 03 01:11:40 devstack cinder-volume[86891]: DEBUG oslo_concurrency.processutils [None req-088f0d9e-41ab-4cfa-ab3e-97ee8a6ea4b0 tempest-GroupSnapshotsTest-1320333608 None] CMD "sudo cinder-rootwrap /etc/cinder/rootwrap.conf truncate -s0 /opt/stack/data/cinder/mnt/781c488c6dbb1b2e76fb83104f3ef7dc/volume-4bd4b78b-d55a-4130-8d5d-1c0a57551f57.info" returned: 0 in 0.655s {{(pid=86891) execute /opt/stack/data/venv/lib/python3.12/site-packages/oslo_concurrency/processutils.py:468}}
Jul 03 01:11:40 devstack cinder-volume[86891]: WARNING cinder.volume.drivers.remotefs [None req-088f0d9e-41ab-4cfa-ab3e-97ee8a6ea4b0 tempest-GroupSnapshotsTest-1320333608 None] /opt/stack/data/cinder/mnt/781c488c6dbb1b2e76fb83104f3ef7dc/volume-4bd4b78b-d55a-4130-8d5d-1c0a57551f57.info is being set with open permissions: ugo+rw: NotImplementedError
Jul 03 01:11:40 devstack cinder-volume[86891]: DEBUG oslo_concurrency.processutils [None req-088f0d9e-41ab-4cfa-ab3e-97ee8a6ea4b0 tempest-GroupSnapshotsTest-1320333608 None] Running cmd (subprocess): sudo cinder-rootwrap /etc/cinder/rootwrap.conf chmod ugo+rw /opt/stack/data/cinder/mnt/781c488c6dbb1b2e76fb83104f3ef7dc/volume-4bd4b78b-d55a-4130-8d5d-1c0a57551f57.info {{(pid=86891) execute /opt/stack/data/venv/lib/python3.12/site-packages/oslo_concurrency/processutils.py:440}}
Jul 03 01:11:40 devstack sudo[95938]: quobyte : PWD=/ ; USER=root ; COMMAND=/opt/stack/data/venv/bin/cinder-rootwrap /etc/cinder/rootwrap.conf chmod ugo+rw /opt/stack/data/cinder/mnt/781c488c6dbb1b2e76fb83104f3ef7dc/volume-4bd4b78b-d55a-4130-8d5d-1c0a57551f57.info
Jul 03 01:11:40 devstack sudo[95938]: pam_unix(sudo:session): session opened for user root(uid=0) by (uid=1000)
Jul 03 01:11:41 devstack sudo[95938]: pam_unix(sudo:session): session closed for user root
Jul 03 01:11:41 devstack cinder-volume[86891]: DEBUG oslo_concurrency.processutils [None req-088f0d9e-41ab-4cfa-ab3e-97ee8a6ea4b0 tempest-GroupSnapshotsTest-1320333608 None] CMD "sudo cinder-rootwrap /etc/cinder/rootwrap.conf chmod ugo+rw /opt/stack/data/cinder/mnt/781c488c6dbb1b2e76fb83104f3ef7dc/volume-4bd4b78b-d55a-4130-8d5d-1c0a57551f57.info" returned: 0 in 0.700s {{(pid=86891) execute /opt/stack/data/venv/lib/python3.12/site-packages/oslo_concurrency/processutils.py:468}}
Jul 03 01:11:41 devstack cinder-volume[86891]: DEBUG oslo_concurrency.lockutils [None req-088f0d9e-41ab-4cfa-ab3e-97ee8a6ea4b0 tempest-GroupSnapshotsTest-1320333608 None] Lock "quobyte" "released" by "cinder.volume.drivers.quobyte.QuobyteDriver.create_snapshot" :: held 4.976s {{(pid=86891) inner /opt/stack/data/venv/lib/python3.12/site-packages/oslo_concurrency/lockutils.py:543}}
Jul 03 01:11:41 devstack cinder-volume[86891]: DEBUG oslo_concurrency.lockutils [None req-afd51fa0-0375-48cb-8c8b-4b4781e611c9 tempest-VolumeSnapshotQuotasNegativeTestJSON-616898446 None] Lock "quobyte" acquired by "cinder.volume.drivers.quobyte.QuobyteDriver.create_snapshot" :: waited 9.087s {{(pid=86891) inner /opt/stack/data/venv/lib/python3.12/site-packages/oslo_concurrency/lockutils.py:524}}
Jul 03 01:11:41 devstack cinder-volume[86891]: DEBUG cinder.volume.drivers.remotefs [None req-afd51fa0-0375-48cb-8c8b-4b4781e611c9 tempest-VolumeSnapshotQuotasNegativeTestJSON-616898446 None] Creating offline snapshot cf49a005-e483-44d3-982d-ccc6de277842 of volume 71dd02e3-75aa-4587-9a96-ff4dfedf2c20 {{(pid=86891) _create_snapshot /opt/stack/cinder/cinder/volume/drivers/remotefs.py:1816}}
Jul 03 01:11:41 devstack cinder-volume[86891]: DEBUG oslo.privsep.daemon [-] privsep: reply[20862cf3-cc75-4c80-86c5-bde122c6991f]: (4, 'qcow2') {{(pid=88230) _call_back /opt/stack/data/venv/lib/python3.12/site-packages/oslo_privsep/daemon.py:580}}
Jul 03 01:11:41 devstack cinder-volume[86891]: DEBUG oslo_concurrency.processutils [None req-afd51fa0-0375-48cb-8c8b-4b4781e611c9 tempest-VolumeSnapshotQuotasNegativeTestJSON-616898446 None] Running cmd (subprocess): /opt/stack/data/venv/bin/python3.12 -m oslo_concurrency.prlimit --as=1073741824 --cpu=60 -- sudo cinder-rootwrap /etc/cinder/rootwrap.conf env LC_ALL=C qemu-img info -f qcow2 --output=json --force-share /opt/stack/data/cinder/mnt/781c488c6dbb1b2e76fb83104f3ef7dc/volume-71dd02e3-75aa-4587-9a96-ff4dfedf2c20 {{(pid=86891) execute /opt/stack/data/venv/lib/python3.12/site-packages/oslo_concurrency/processutils.py:440}}
Jul 03 01:11:41 devstack cinder-volume[86891]: DEBUG cinder.volume.flows.manager.create_volume [None req-bf4aca4a-f7f2-4e1d-a071-07c39fc01e78 tempest-AttachVolumeNegativeTest-1781307442 None] Volume reschedule parameters: True retry: {'num_attempts': 1, 'backends': ['devstack@QuobyteHD#QuobyteHD'], 'hosts': ['devstack@QuobyteHD#QuobyteHD']} {{(pid=86891) get_flow /opt/stack/cinder/cinder/volume/flows/manager/create_volume.py:1397}}
Jul 03 01:11:41 devstack cinder-volume[86891]: DEBUG cinder.volume.manager [None req-bf4aca4a-f7f2-4e1d-a071-07c39fc01e78 tempest-AttachVolumeNegativeTest-1781307442 None] Flow 'volume_create_manager' (ba1bc1dd-186c-47fe-a6e3-b89afb84002a) transitioned into state 'RUNNING' from state 'PENDING' {{(pid=86891) _flow_receiver /opt/stack/data/venv/lib/python3.12/site-packages/taskflow/listeners/logging.py:160}}
Jul 03 01:11:41 devstack cinder-volume[86891]: DEBUG cinder.volume.manager [None req-bf4aca4a-f7f2-4e1d-a071-07c39fc01e78 tempest-AttachVolumeNegativeTest-1781307442 None] Task 'cinder.volume.flows.manager.create_volume.ExtractVolumeRefTask;volume:create' (ce869e7e-230d-488a-8048-e3f32b60aa03) transitioned into state 'RUNNING' from state 'PENDING' {{(pid=86891) _task_receiver /opt/stack/data/venv/lib/python3.12/site-packages/taskflow/listeners/logging.py:242}}
Jul 03 01:11:41 devstack cinder-volume[86891]: DEBUG cinder.volume.manager [None req-bf4aca4a-f7f2-4e1d-a071-07c39fc01e78 tempest-AttachVolumeNegativeTest-1781307442 None] Task 'cinder.volume.flows.manager.create_volume.ExtractVolumeRefTask;volume:create' (ce869e7e-230d-488a-8048-e3f32b60aa03) transitioned into state 'SUCCESS' from state 'RUNNING' with result 'Volume(_name_id=None,admin_metadata=,attach_status='detached',availability_zone='nova',bootable=False,cluster=,cluster_name=None,consistencygroup=,consistencygroup_id=None,created_at=2026-07-02T23:11:41Z,deleted=False,deleted_at=None,display_description=None,display_name='tempest-AttachVolumeNegativeTest-volume-2137655157',ec2_id=None,encryption_key_id=None,glance_metadata=,group=,group_id=None,host='devstack@QuobyteHD#QuobyteHD',id=62f555da-55ea-498d-81d2-bfe03541dd74,launched_at=None,metadata={},migration_status=None,multiattach=False,previous_status=None,project_id='3348d2c85ae7402095c009310a1f3caa',provider_auth=None,provider_geometry=None,provider_id=None,provider_location=None,replication_driver_data=None,replication_extended_status=None,replication_status=None,scheduled_at=2026-07-02T23:11:42Z,service_uuid=None,shared_targets=True,size=1,snapshot_id=None,snapshots=,source_volid=None,status='creating',terminated_at=None,updated_at=2026-07-02T23:11:42Z,use_quota=True,user_id='aa6ba53dbdc145fba5e7c650aea77566',volume_attachment=VolumeAttachmentList,volume_type=VolumeType(d3bfc925-31ef-46b7-ad4d-540ac98a61f2),volume_type_id=d3bfc925-31ef-46b7-ad4d-540ac98a61f2)' {{(pid=86891) _task_receiver /opt/stack/data/venv/lib/python3.12/site-packages/taskflow/listeners/logging.py:218}}
Jul 03 01:11:41 devstack sudo[95943]: quobyte : PWD=/ ; USER=root ; COMMAND=/opt/stack/data/venv/bin/cinder-rootwrap /etc/cinder/rootwrap.conf env LC_ALL=C qemu-img info -f qcow2 --output=json --force-share /opt/stack/data/cinder/mnt/781c488c6dbb1b2e76fb83104f3ef7dc/volume-71dd02e3-75aa-4587-9a96-ff4dfedf2c20
Jul 03 01:11:41 devstack sudo[95943]: pam_unix(sudo:session): session opened for user root(uid=0) by (uid=1000)
Jul 03 01:11:41 devstack cinder-volume[86891]: DEBUG cinder.volume.manager [None req-bf4aca4a-f7f2-4e1d-a071-07c39fc01e78 tempest-AttachVolumeNegativeTest-1781307442 None] Task 'cinder.volume.flows.manager.create_volume.OnFailureRescheduleTask;volume:create' (37284d43-4948-4796-a7cf-e24e8b57c60e) transitioned into state 'RUNNING' from state 'PENDING' {{(pid=86891) _task_receiver /opt/stack/data/venv/lib/python3.12/site-packages/taskflow/listeners/logging.py:242}}
Jul 03 01:11:41 devstack cinder-volume[86891]: DEBUG cinder.volume.manager [None req-bf4aca4a-f7f2-4e1d-a071-07c39fc01e78 tempest-AttachVolumeNegativeTest-1781307442 None] Task 'cinder.volume.flows.manager.create_volume.OnFailureRescheduleTask;volume:create' (37284d43-4948-4796-a7cf-e24e8b57c60e) transitioned into state 'SUCCESS' from state 'RUNNING' with result 'None' {{(pid=86891) _task_receiver /opt/stack/data/venv/lib/python3.12/site-packages/taskflow/listeners/logging.py:218}}
Jul 03 01:11:41 devstack cinder-volume[86891]: DEBUG cinder.volume.manager [None req-bf4aca4a-f7f2-4e1d-a071-07c39fc01e78 tempest-AttachVolumeNegativeTest-1781307442 None] Task 'cinder.volume.flows.manager.create_volume.ExtractVolumeSpecTask;volume:create' (a0203439-6caa-48dc-a18a-5df393c36f97) transitioned into state 'RUNNING' from state 'PENDING' {{(pid=86891) _task_receiver /opt/stack/data/venv/lib/python3.12/site-packages/taskflow/listeners/logging.py:242}}
Jul 03 01:11:41 devstack cinder-volume[86891]: DEBUG cinder.volume.manager [None req-bf4aca4a-f7f2-4e1d-a071-07c39fc01e78 tempest-AttachVolumeNegativeTest-1781307442 None] Task 'cinder.volume.flows.manager.create_volume.ExtractVolumeSpecTask;volume:create' (a0203439-6caa-48dc-a18a-5df393c36f97) transitioned into state 'SUCCESS' from state 'RUNNING' with result '{'status': 'creating', 'type': 'raw', 'volume_id': '62f555da-55ea-498d-81d2-bfe03541dd74', 'volume_name': 'volume-62f555da-55ea-498d-81d2-bfe03541dd74', 'volume_size': 1}' {{(pid=86891) _task_receiver /opt/stack/data/venv/lib/python3.12/site-packages/taskflow/listeners/logging.py:218}}
Jul 03 01:11:41 devstack cinder-volume[86891]: DEBUG cinder.volume.manager [None req-bf4aca4a-f7f2-4e1d-a071-07c39fc01e78 tempest-AttachVolumeNegativeTest-1781307442 None] Task 'cinder.volume.flows.manager.create_volume.NotifyVolumeActionTask;volume:create, create.start' (ee787796-a8f6-49f0-988d-f747ca50f4ab) transitioned into state 'RUNNING' from state 'PENDING' {{(pid=86891) _task_receiver /opt/stack/data/venv/lib/python3.12/site-packages/taskflow/listeners/logging.py:242}}
Jul 03 01:11:41 devstack cinder-volume[86891]: DEBUG cinder.volume.manager [None req-bf4aca4a-f7f2-4e1d-a071-07c39fc01e78 tempest-AttachVolumeNegativeTest-1781307442 None] Task 'cinder.volume.flows.manager.create_volume.NotifyVolumeActionTask;volume:create, create.start' (ee787796-a8f6-49f0-988d-f747ca50f4ab) transitioned into state 'SUCCESS' from state 'RUNNING' with result 'None' {{(pid=86891) _task_receiver /opt/stack/data/venv/lib/python3.12/site-packages/taskflow/listeners/logging.py:218}}
Jul 03 01:11:41 devstack cinder-volume[86891]: DEBUG cinder.volume.manager [None req-bf4aca4a-f7f2-4e1d-a071-07c39fc01e78 tempest-AttachVolumeNegativeTest-1781307442 None] Task 'cinder.volume.flows.manager.create_volume.CreateVolumeFromSpecTask;volume:create' (d57ae252-cccd-4b1a-9c43-94bff741d73f) transitioned into state 'RUNNING' from state 'PENDING' {{(pid=86891) _task_receiver /opt/stack/data/venv/lib/python3.12/site-packages/taskflow/listeners/logging.py:242}}
Jul 03 01:11:41 devstack cinder-volume[86891]: INFO cinder.volume.flows.manager.create_volume [None req-bf4aca4a-f7f2-4e1d-a071-07c39fc01e78 tempest-AttachVolumeNegativeTest-1781307442 None] Volume 62f555da-55ea-498d-81d2-bfe03541dd74: being created as raw with specification: {'status': 'creating', 'volume_name': 'volume-62f555da-55ea-498d-81d2-bfe03541dd74', 'volume_size': 1}
Jul 03 01:11:41 devstack cinder-volume[86891]: DEBUG oslo_concurrency.lockutils [None req-bf4aca4a-f7f2-4e1d-a071-07c39fc01e78 tempest-AttachVolumeNegativeTest-1781307442 None] Acquiring lock "quobyte" by "cinder.volume.drivers.quobyte.QuobyteDriver.create_volume" {{(pid=86891) inner /opt/stack/data/venv/lib/python3.12/site-packages/oslo_concurrency/lockutils.py:511}}
Jul 03 01:11:41 devstack cinder-volume[86891]: INFO cinder.volume.manager [None req-088f0d9e-41ab-4cfa-ab3e-97ee8a6ea4b0 tempest-GroupSnapshotsTest-1320333608 None] group_snapshot db59af74-41fe-46d7-824b-36c6e6422e74: created successfully
Jul 03 01:11:42 devstack cinder-volume[86891]: INFO cinder.volume.manager [None req-e68da7eb-c031-4606-b1de-f91c2e0e389d tempest-GroupSnapshotsTest-1320333608 None] group_snapshot db59af74-41fe-46d7-824b-36c6e6422e74: deleting
Jul 03 01:11:42 devstack cinder-volume[86891]: DEBUG cinder.volume.manager [None req-e68da7eb-c031-4606-b1de-f91c2e0e389d tempest-GroupSnapshotsTest-1320333608 None] group_snapshot db59af74-41fe-46d7-824b-36c6e6422e74: deleting {{(pid=86891) delete_group_snapshot /opt/stack/cinder/cinder/volume/manager.py:4350}}
Jul 03 01:11:42 devstack cinder-volume[86891]: DEBUG cinder.coordination [None req-e68da7eb-c031-4606-b1de-f91c2e0e389d tempest-GroupSnapshotsTest-1320333608 None] Acquiring lock "cinder-quobyte-e2bea568-7bd3-47de-9f47-9a4641195915" by "delete_snapshot" {{(pid=86891) __acquire /opt/stack/cinder/cinder/coordination.py:138}}
Jul 03 01:11:42 devstack cinder-volume[86891]: DEBUG cinder.coordination [None req-e68da7eb-c031-4606-b1de-f91c2e0e389d tempest-GroupSnapshotsTest-1320333608 None] Lock "cinder-quobyte-e2bea568-7bd3-47de-9f47-9a4641195915" acquired by "delete_snapshot" :: waited 0.025s {{(pid=86891) __acquire /opt/stack/cinder/cinder/coordination.py:141}}
Jul 03 01:11:42 devstack cinder-volume[86891]: DEBUG cinder.coordination [None req-e68da7eb-c031-4606-b1de-f91c2e0e389d tempest-GroupSnapshotsTest-1320333608 None] Acquiring lock "cinder-quobyte-cda7712b-6926-491b-b1b5-5acdb980b68a" by "_delete_snapshot" {{(pid=86891) __acquire /opt/stack/cinder/cinder/coordination.py:138}}
Jul 03 01:11:42 devstack cinder-volume[86891]: DEBUG cinder.coordination [None req-e68da7eb-c031-4606-b1de-f91c2e0e389d tempest-GroupSnapshotsTest-1320333608 None] Lock "cinder-quobyte-cda7712b-6926-491b-b1b5-5acdb980b68a" acquired by "_delete_snapshot" :: waited 0.037s {{(pid=86891) __acquire /opt/stack/cinder/cinder/coordination.py:141}}
Jul 03 01:11:42 devstack cinder-volume[86891]: DEBUG cinder.volume.drivers.remotefs [None req-e68da7eb-c031-4606-b1de-f91c2e0e389d tempest-GroupSnapshotsTest-1320333608 None] Deleting offline snapshot cda7712b-6926-491b-b1b5-5acdb980b68a of volume e2bea568-7bd3-47de-9f47-9a4641195915 {{(pid=86891) _delete_snapshot /opt/stack/cinder/cinder/volume/drivers/remotefs.py:1288}}
Jul 03 01:11:42 devstack cinder-volume[86891]: DEBUG cinder.volume.drivers.remotefs [None req-e68da7eb-c031-4606-b1de-f91c2e0e389d tempest-GroupSnapshotsTest-1320333608 None] snapshot_file for this snap is: volume-e2bea568-7bd3-47de-9f47-9a4641195915.cda7712b-6926-491b-b1b5-5acdb980b68a {{(pid=86891) _delete_snapshot /opt/stack/cinder/cinder/volume/drivers/remotefs.py:1317}}
Jul 03 01:11:42 devstack cinder-volume[86891]: DEBUG oslo.privsep.daemon [-] privsep: reply[c47698de-35eb-4892-ab0d-1110cf1590da]: (4, 'qcow2') {{(pid=88230) _call_back /opt/stack/data/venv/lib/python3.12/site-packages/oslo_privsep/daemon.py:580}}
Jul 03 01:11:42 devstack cinder-volume[86891]: DEBUG oslo_concurrency.processutils [None req-e68da7eb-c031-4606-b1de-f91c2e0e389d tempest-GroupSnapshotsTest-1320333608 None] Running cmd (subprocess): /opt/stack/data/venv/bin/python3.12 -m oslo_concurrency.prlimit --as=1073741824 --cpu=60 -- sudo cinder-rootwrap /etc/cinder/rootwrap.conf env LC_ALL=C qemu-img info -f qcow2 --output=json --force-share /opt/stack/data/cinder/mnt/781c488c6dbb1b2e76fb83104f3ef7dc/volume-e2bea568-7bd3-47de-9f47-9a4641195915.cda7712b-6926-491b-b1b5-5acdb980b68a {{(pid=86891) execute /opt/stack/data/venv/lib/python3.12/site-packages/oslo_concurrency/processutils.py:440}}
Jul 03 01:11:42 devstack sudo[95945]: quobyte : PWD=/ ; USER=root ; COMMAND=/opt/stack/data/venv/bin/cinder-rootwrap /etc/cinder/rootwrap.conf env LC_ALL=C qemu-img info -f qcow2 --output=json --force-share /opt/stack/data/cinder/mnt/781c488c6dbb1b2e76fb83104f3ef7dc/volume-e2bea568-7bd3-47de-9f47-9a4641195915.cda7712b-6926-491b-b1b5-5acdb980b68a
Jul 03 01:11:42 devstack sudo[95945]: pam_unix(sudo:session): session opened for user root(uid=0) by (uid=1000)
Jul 03 01:11:42 devstack sudo[95943]: pam_unix(sudo:session): session closed for user root
Jul 03 01:11:42 devstack cinder-volume[86891]: DEBUG oslo_concurrency.processutils [None req-afd51fa0-0375-48cb-8c8b-4b4781e611c9 tempest-VolumeSnapshotQuotasNegativeTestJSON-616898446 None] CMD "/opt/stack/data/venv/bin/python3.12 -m oslo_concurrency.prlimit --as=1073741824 --cpu=60 -- sudo cinder-rootwrap /etc/cinder/rootwrap.conf env LC_ALL=C qemu-img info -f qcow2 --output=json --force-share /opt/stack/data/cinder/mnt/781c488c6dbb1b2e76fb83104f3ef7dc/volume-71dd02e3-75aa-4587-9a96-ff4dfedf2c20" returned: 0 in 0.975s {{(pid=86891) execute /opt/stack/data/venv/lib/python3.12/site-packages/oslo_concurrency/processutils.py:468}}
Jul 03 01:11:42 devstack cinder-volume[86891]: DEBUG oslo_concurrency.processutils [None req-afd51fa0-0375-48cb-8c8b-4b4781e611c9 tempest-VolumeSnapshotQuotasNegativeTestJSON-616898446 None] Running cmd (subprocess): sudo cinder-rootwrap /etc/cinder/rootwrap.conf qemu-img create -f qcow2 -o backing_file=/opt/stack/data/cinder/mnt/781c488c6dbb1b2e76fb83104f3ef7dc/volume-71dd02e3-75aa-4587-9a96-ff4dfedf2c20,backing_fmt=qcow2 /opt/stack/data/cinder/mnt/781c488c6dbb1b2e76fb83104f3ef7dc/volume-71dd02e3-75aa-4587-9a96-ff4dfedf2c20.cf49a005-e483-44d3-982d-ccc6de277842 1G {{(pid=86891) execute /opt/stack/data/venv/lib/python3.12/site-packages/oslo_concurrency/processutils.py:440}}
Jul 03 01:11:42 devstack sudo[95950]: quobyte : PWD=/ ; USER=root ; COMMAND=/opt/stack/data/venv/bin/cinder-rootwrap /etc/cinder/rootwrap.conf qemu-img create -f qcow2 -o backing_file=/opt/stack/data/cinder/mnt/781c488c6dbb1b2e76fb83104f3ef7dc/volume-71dd02e3-75aa-4587-9a96-ff4dfedf2c20,backing_fmt=qcow2 /opt/stack/data/cinder/mnt/781c488c6dbb1b2e76fb83104f3ef7dc/volume-71dd02e3-75aa-4587-9a96-ff4dfedf2c20.cf49a005-e483-44d3-982d-ccc6de277842 1G
Jul 03 01:11:42 devstack sudo[95950]: pam_unix(sudo:session): session opened for user root(uid=0) by (uid=1000)
Jul 03 01:11:43 devstack sudo[95945]: pam_unix(sudo:session): session closed for user root
Jul 03 01:11:43 devstack cinder-volume[86891]: DEBUG oslo_concurrency.processutils [None req-e68da7eb-c031-4606-b1de-f91c2e0e389d tempest-GroupSnapshotsTest-1320333608 None] CMD "/opt/stack/data/venv/bin/python3.12 -m oslo_concurrency.prlimit --as=1073741824 --cpu=60 -- sudo cinder-rootwrap /etc/cinder/rootwrap.conf env LC_ALL=C qemu-img info -f qcow2 --output=json --force-share /opt/stack/data/cinder/mnt/781c488c6dbb1b2e76fb83104f3ef7dc/volume-e2bea568-7bd3-47de-9f47-9a4641195915.cda7712b-6926-491b-b1b5-5acdb980b68a" returned: 0 in 0.882s {{(pid=86891) execute /opt/stack/data/venv/lib/python3.12/site-packages/oslo_concurrency/processutils.py:468}}
Jul 03 01:11:43 devstack cinder-volume[86891]: DEBUG cinder.volume.drivers.remotefs [None req-e68da7eb-c031-4606-b1de-f91c2e0e389d tempest-GroupSnapshotsTest-1320333608 None] Fetching qemu-img info with special backing_file_template: (/opt/stack/data/cinder/mnt/[0-9a-f]+/)?(volume-e2bea568-7bd3-47de-9f47-9a4641195915(.(tmp-snap-)?[0-9a-f-]+)?|volume_from_snapshot_cache/(tmp-snap-)?[0-9a-f-]+(.(child-|parent-)[0-9a-f-]+)?)$ {{(pid=86891) _qemu_img_info_base /opt/stack/cinder/cinder/volume/drivers/remotefs.py:896}}
Jul 03 01:11:43 devstack cinder-volume[86891]: DEBUG oslo.privsep.daemon [-] privsep: reply[c1d989e5-f6e0-4c1a-86fa-ae7f54cafb3b]: (4, 'qcow2') {{(pid=88230) _call_back /opt/stack/data/venv/lib/python3.12/site-packages/oslo_privsep/daemon.py:580}}
Jul 03 01:11:43 devstack cinder-volume[86891]: DEBUG oslo_concurrency.processutils [None req-e68da7eb-c031-4606-b1de-f91c2e0e389d tempest-GroupSnapshotsTest-1320333608 None] Running cmd (subprocess): /opt/stack/data/venv/bin/python3.12 -m oslo_concurrency.prlimit --as=1073741824 --cpu=60 -- sudo cinder-rootwrap /etc/cinder/rootwrap.conf env LC_ALL=C qemu-img info -f qcow2 --output=json --force-share /opt/stack/data/cinder/mnt/781c488c6dbb1b2e76fb83104f3ef7dc/volume-e2bea568-7bd3-47de-9f47-9a4641195915 {{(pid=86891) execute /opt/stack/data/venv/lib/python3.12/site-packages/oslo_concurrency/processutils.py:440}}
Jul 03 01:11:43 devstack sudo[95959]: quobyte : PWD=/ ; USER=root ; COMMAND=/opt/stack/data/venv/bin/cinder-rootwrap /etc/cinder/rootwrap.conf env LC_ALL=C qemu-img info -f qcow2 --output=json --force-share /opt/stack/data/cinder/mnt/781c488c6dbb1b2e76fb83104f3ef7dc/volume-e2bea568-7bd3-47de-9f47-9a4641195915
Jul 03 01:11:43 devstack sudo[95959]: pam_unix(sudo:session): session opened for user root(uid=0) by (uid=1000)
Jul 03 01:11:43 devstack cinder-volume[86891]: DEBUG oslo_concurrency.processutils [None req-afd51fa0-0375-48cb-8c8b-4b4781e611c9 tempest-VolumeSnapshotQuotasNegativeTestJSON-616898446 None] CMD "sudo cinder-rootwrap /etc/cinder/rootwrap.conf qemu-img create -f qcow2 -o backing_file=/opt/stack/data/cinder/mnt/781c488c6dbb1b2e76fb83104f3ef7dc/volume-71dd02e3-75aa-4587-9a96-ff4dfedf2c20,backing_fmt=qcow2 /opt/stack/data/cinder/mnt/781c488c6dbb1b2e76fb83104f3ef7dc/volume-71dd02e3-75aa-4587-9a96-ff4dfedf2c20.cf49a005-e483-44d3-982d-ccc6de277842 1G" returned: 0 in 0.917s {{(pid=86891) execute /opt/stack/data/venv/lib/python3.12/site-packages/oslo_concurrency/processutils.py:468}}
Jul 03 01:11:43 devstack sudo[95950]: pam_unix(sudo:session): session closed for user root
Jul 03 01:11:43 devstack cinder-volume[86891]: DEBUG oslo_concurrency.processutils [None req-afd51fa0-0375-48cb-8c8b-4b4781e611c9 tempest-VolumeSnapshotQuotasNegativeTestJSON-616898446 None] Running cmd (subprocess): sudo cinder-rootwrap /etc/cinder/rootwrap.conf qemu-img rebase -u -b volume-71dd02e3-75aa-4587-9a96-ff4dfedf2c20 -F qcow2 /opt/stack/data/cinder/mnt/781c488c6dbb1b2e76fb83104f3ef7dc/volume-71dd02e3-75aa-4587-9a96-ff4dfedf2c20.cf49a005-e483-44d3-982d-ccc6de277842 {{(pid=86891) execute /opt/stack/data/venv/lib/python3.12/site-packages/oslo_concurrency/processutils.py:440}}
Jul 03 01:11:43 devstack sudo[95961]: quobyte : PWD=/ ; USER=root ; COMMAND=/opt/stack/data/venv/bin/cinder-rootwrap /etc/cinder/rootwrap.conf qemu-img rebase -u -b volume-71dd02e3-75aa-4587-9a96-ff4dfedf2c20 -F qcow2 /opt/stack/data/cinder/mnt/781c488c6dbb1b2e76fb83104f3ef7dc/volume-71dd02e3-75aa-4587-9a96-ff4dfedf2c20.cf49a005-e483-44d3-982d-ccc6de277842
Jul 03 01:11:43 devstack sudo[95961]: pam_unix(sudo:session): session opened for user root(uid=0) by (uid=1000)
Jul 03 01:11:44 devstack sudo[95959]: pam_unix(sudo:session): session closed for user root
Jul 03 01:11:44 devstack cinder-volume[86891]: DEBUG oslo_concurrency.processutils [None req-e68da7eb-c031-4606-b1de-f91c2e0e389d tempest-GroupSnapshotsTest-1320333608 None] CMD "/opt/stack/data/venv/bin/python3.12 -m oslo_concurrency.prlimit --as=1073741824 --cpu=60 -- sudo cinder-rootwrap /etc/cinder/rootwrap.conf env LC_ALL=C qemu-img info -f qcow2 --output=json --force-share /opt/stack/data/cinder/mnt/781c488c6dbb1b2e76fb83104f3ef7dc/volume-e2bea568-7bd3-47de-9f47-9a4641195915" returned: 0 in 1.051s {{(pid=86891) execute /opt/stack/data/venv/lib/python3.12/site-packages/oslo_concurrency/processutils.py:468}}
