Apr 28 05:49:50 devstack cinder-volume[81829]: DEBUG oslo_concurrency.processutils [None req-4a2fd0b7-2ecb-4625-862d-11a043177089 tempest-GroupsV314Test-1957042941 None] Running cmd (subprocess): sudo cinder-rootwrap /etc/cinder/rootwrap.conf qemu-img rebase -u -b volume-c72cadd9-bb1e-4d59-b5e1-c275998bcf73 -F qcow2 /opt/stack/data/cinder/mnt/82856e16f72d4a81a6560c63b0be3574/volume-c72cadd9-bb1e-4d59-b5e1-c275998bcf73.81c10842-de46-495c-998d-ffd04746be47 {{(pid=81829) execute /opt/stack/data/venv/lib/python3.10/site-packages/oslo_concurrency/processutils.py:440}}
Apr 28 05:49:50 devstack sudo[84492]: quobyte : PWD=/ ; USER=root ; COMMAND=/opt/stack/data/venv/bin/cinder-rootwrap /etc/cinder/rootwrap.conf qemu-img rebase -u -b volume-c72cadd9-bb1e-4d59-b5e1-c275998bcf73 -F qcow2 /opt/stack/data/cinder/mnt/82856e16f72d4a81a6560c63b0be3574/volume-c72cadd9-bb1e-4d59-b5e1-c275998bcf73.81c10842-de46-495c-998d-ffd04746be47
Apr 28 05:49:50 devstack sudo[84492]: pam_unix(sudo:session): session opened for user root(uid=0) by (uid=1000)
Apr 28 05:49:51 devstack sudo[84492]: pam_unix(sudo:session): session closed for user root
Apr 28 05:49:51 devstack cinder-volume[81829]: DEBUG oslo_concurrency.processutils [None req-4a2fd0b7-2ecb-4625-862d-11a043177089 tempest-GroupsV314Test-1957042941 None] CMD "sudo cinder-rootwrap /etc/cinder/rootwrap.conf qemu-img rebase -u -b volume-c72cadd9-bb1e-4d59-b5e1-c275998bcf73 -F qcow2 /opt/stack/data/cinder/mnt/82856e16f72d4a81a6560c63b0be3574/volume-c72cadd9-bb1e-4d59-b5e1-c275998bcf73.81c10842-de46-495c-998d-ffd04746be47" returned: 0 in 0.493s {{(pid=81829) execute /opt/stack/data/venv/lib/python3.10/site-packages/oslo_concurrency/processutils.py:468}}
Apr 28 05:49:51 devstack cinder-volume[81829]: WARNING cinder.volume.drivers.remotefs [None req-4a2fd0b7-2ecb-4625-862d-11a043177089 tempest-GroupsV314Test-1957042941 None] /opt/stack/data/cinder/mnt/82856e16f72d4a81a6560c63b0be3574/volume-c72cadd9-bb1e-4d59-b5e1-c275998bcf73.81c10842-de46-495c-998d-ffd04746be47 is being set with open permissions: ugo+rw: NotImplementedError
Apr 28 05:49:51 devstack cinder-volume[81829]: DEBUG oslo_concurrency.processutils [None req-4a2fd0b7-2ecb-4625-862d-11a043177089 tempest-GroupsV314Test-1957042941 None] Running cmd (subprocess): sudo cinder-rootwrap /etc/cinder/rootwrap.conf chmod ugo+rw /opt/stack/data/cinder/mnt/82856e16f72d4a81a6560c63b0be3574/volume-c72cadd9-bb1e-4d59-b5e1-c275998bcf73.81c10842-de46-495c-998d-ffd04746be47 {{(pid=81829) execute /opt/stack/data/venv/lib/python3.10/site-packages/oslo_concurrency/processutils.py:440}}
Apr 28 05:49:51 devstack sudo[84497]: quobyte : PWD=/ ; USER=root ; COMMAND=/opt/stack/data/venv/bin/cinder-rootwrap /etc/cinder/rootwrap.conf chmod ugo+rw /opt/stack/data/cinder/mnt/82856e16f72d4a81a6560c63b0be3574/volume-c72cadd9-bb1e-4d59-b5e1-c275998bcf73.81c10842-de46-495c-998d-ffd04746be47
Apr 28 05:49:51 devstack sudo[84497]: pam_unix(sudo:session): session opened for user root(uid=0) by (uid=1000)
Apr 28 05:49:51 devstack sudo[84497]: pam_unix(sudo:session): session closed for user root
Apr 28 05:49:51 devstack cinder-volume[81829]: DEBUG oslo_concurrency.processutils [None req-4a2fd0b7-2ecb-4625-862d-11a043177089 tempest-GroupsV314Test-1957042941 None] CMD "sudo cinder-rootwrap /etc/cinder/rootwrap.conf chmod ugo+rw /opt/stack/data/cinder/mnt/82856e16f72d4a81a6560c63b0be3574/volume-c72cadd9-bb1e-4d59-b5e1-c275998bcf73.81c10842-de46-495c-998d-ffd04746be47" returned: 0 in 0.432s {{(pid=81829) execute /opt/stack/data/venv/lib/python3.10/site-packages/oslo_concurrency/processutils.py:468}}
Apr 28 05:49:51 devstack cinder-volume[81829]: DEBUG oslo_concurrency.processutils [None req-4a2fd0b7-2ecb-4625-862d-11a043177089 tempest-GroupsV314Test-1957042941 None] Running cmd (subprocess): sudo cinder-rootwrap /etc/cinder/rootwrap.conf truncate -s0 /opt/stack/data/cinder/mnt/82856e16f72d4a81a6560c63b0be3574/volume-c72cadd9-bb1e-4d59-b5e1-c275998bcf73.info {{(pid=81829) execute /opt/stack/data/venv/lib/python3.10/site-packages/oslo_concurrency/processutils.py:440}}
Apr 28 05:49:51 devstack sudo[84503]: quobyte : PWD=/ ; USER=root ; COMMAND=/opt/stack/data/venv/bin/cinder-rootwrap /etc/cinder/rootwrap.conf truncate -s0 /opt/stack/data/cinder/mnt/82856e16f72d4a81a6560c63b0be3574/volume-c72cadd9-bb1e-4d59-b5e1-c275998bcf73.info
Apr 28 05:49:51 devstack sudo[84503]: pam_unix(sudo:session): session opened for user root(uid=0) by (uid=1000)
Apr 28 05:49:52 devstack sudo[84503]: pam_unix(sudo:session): session closed for user root
Apr 28 05:49:52 devstack cinder-volume[81829]: DEBUG oslo_concurrency.processutils [None req-4a2fd0b7-2ecb-4625-862d-11a043177089 tempest-GroupsV314Test-1957042941 None] CMD "sudo cinder-rootwrap /etc/cinder/rootwrap.conf truncate -s0 /opt/stack/data/cinder/mnt/82856e16f72d4a81a6560c63b0be3574/volume-c72cadd9-bb1e-4d59-b5e1-c275998bcf73.info" returned: 0 in 0.446s {{(pid=81829) execute /opt/stack/data/venv/lib/python3.10/site-packages/oslo_concurrency/processutils.py:468}}
Apr 28 05:49:52 devstack cinder-volume[81829]: WARNING cinder.volume.drivers.remotefs [None req-4a2fd0b7-2ecb-4625-862d-11a043177089 tempest-GroupsV314Test-1957042941 None] /opt/stack/data/cinder/mnt/82856e16f72d4a81a6560c63b0be3574/volume-c72cadd9-bb1e-4d59-b5e1-c275998bcf73.info is being set with open permissions: ugo+rw: NotImplementedError
Apr 28 05:49:52 devstack cinder-volume[81829]: DEBUG oslo_concurrency.processutils [None req-4a2fd0b7-2ecb-4625-862d-11a043177089 tempest-GroupsV314Test-1957042941 None] Running cmd (subprocess): sudo cinder-rootwrap /etc/cinder/rootwrap.conf chmod ugo+rw /opt/stack/data/cinder/mnt/82856e16f72d4a81a6560c63b0be3574/volume-c72cadd9-bb1e-4d59-b5e1-c275998bcf73.info {{(pid=81829) execute /opt/stack/data/venv/lib/python3.10/site-packages/oslo_concurrency/processutils.py:440}}
Apr 28 05:49:52 devstack sudo[84509]: quobyte : PWD=/ ; USER=root ; COMMAND=/opt/stack/data/venv/bin/cinder-rootwrap /etc/cinder/rootwrap.conf chmod ugo+rw /opt/stack/data/cinder/mnt/82856e16f72d4a81a6560c63b0be3574/volume-c72cadd9-bb1e-4d59-b5e1-c275998bcf73.info
Apr 28 05:49:52 devstack sudo[84509]: pam_unix(sudo:session): session opened for user root(uid=0) by (uid=1000)
Apr 28 05:49:52 devstack sudo[84509]: pam_unix(sudo:session): session closed for user root
Apr 28 05:49:52 devstack cinder-volume[81829]: DEBUG oslo_concurrency.processutils [None req-4a2fd0b7-2ecb-4625-862d-11a043177089 tempest-GroupsV314Test-1957042941 None] CMD "sudo cinder-rootwrap /etc/cinder/rootwrap.conf chmod ugo+rw /opt/stack/data/cinder/mnt/82856e16f72d4a81a6560c63b0be3574/volume-c72cadd9-bb1e-4d59-b5e1-c275998bcf73.info" returned: 0 in 0.453s {{(pid=81829) execute /opt/stack/data/venv/lib/python3.10/site-packages/oslo_concurrency/processutils.py:468}}
Apr 28 05:49:52 devstack cinder-volume[81829]: DEBUG cinder.coordination [None req-4a2fd0b7-2ecb-4625-862d-11a043177089 tempest-GroupsV314Test-1957042941 None] Acquiring lock "cinder-quobyte-1914f78e-9421-4cd9-b741-dfeda8eaf9e8" by "_copy_volume_from_snapshot" {{(pid=81829) __acquire /opt/stack/cinder/cinder/coordination.py:138}}
Apr 28 05:49:52 devstack cinder-volume[81829]: DEBUG cinder.coordination [None req-4a2fd0b7-2ecb-4625-862d-11a043177089 tempest-GroupsV314Test-1957042941 None] Lock "cinder-quobyte-1914f78e-9421-4cd9-b741-dfeda8eaf9e8" acquired by "_copy_volume_from_snapshot" :: waited 0.015s {{(pid=81829) __acquire /opt/stack/cinder/cinder/coordination.py:141}}
Apr 28 05:49:52 devstack cinder-volume[81829]: DEBUG cinder.volume.drivers.quobyte [None req-4a2fd0b7-2ecb-4625-862d-11a043177089 tempest-GroupsV314Test-1957042941 None] snapshot: 81c10842-de46-495c-998d-ffd04746be47, volume: 1914f78e-9421-4cd9-b741-dfeda8eaf9e8, {{(pid=81829) _copy_volume_from_snapshot /opt/stack/cinder/cinder/volume/drivers/quobyte.py:401}}
Apr 28 05:49:52 devstack cinder-volume[81829]: DEBUG oslo_concurrency.lockutils [None req-4a2fd0b7-2ecb-4625-862d-11a043177089 tempest-GroupsV314Test-1957042941 None] Acquiring lock "quobyte_ensure" by "cinder.volume.drivers.quobyte.QuobyteDriver._ensure_shares_mounted" {{(pid=81829) inner /opt/stack/data/venv/lib/python3.10/site-packages/oslo_concurrency/lockutils.py:506}}
Apr 28 05:49:52 devstack cinder-volume[81829]: DEBUG oslo_concurrency.lockutils [None req-4a2fd0b7-2ecb-4625-862d-11a043177089 tempest-GroupsV314Test-1957042941 None] Lock "quobyte_ensure" acquired by "cinder.volume.drivers.quobyte.QuobyteDriver._ensure_shares_mounted" :: waited 0.001s {{(pid=81829) inner /opt/stack/data/venv/lib/python3.10/site-packages/oslo_concurrency/lockutils.py:519}}
Apr 28 05:49:52 devstack cinder-volume[81829]: DEBUG cinder.volume.drivers.quobyte [None req-4a2fd0b7-2ecb-4625-862d-11a043177089 tempest-GroupsV314Test-1957042941 None] Quobyte Volume URL set to: {'osci02.corp.quobyte.com/cinder-vol-4ccf4965-22c5-4881-b782-9fe090c96381': None} {{(pid=81829) _load_shares_config /opt/stack/cinder/cinder/volume/drivers/quobyte.py:617}}
Apr 28 05:49:52 devstack cinder-volume[81829]: DEBUG cinder.volume.drivers.quobyte [None req-4a2fd0b7-2ecb-4625-862d-11a043177089 tempest-GroupsV314Test-1957042941 None] Available shares ['osci02.corp.quobyte.com/cinder-vol-4ccf4965-22c5-4881-b782-9fe090c96381'] {{(pid=81829) _ensure_shares_mounted /opt/stack/cinder/cinder/volume/drivers/quobyte.py:647}}
Apr 28 05:49:52 devstack cinder-volume[81829]: DEBUG oslo_concurrency.lockutils [None req-4a2fd0b7-2ecb-4625-862d-11a043177089 tempest-GroupsV314Test-1957042941 None] Lock "quobyte_ensure" "released" by "cinder.volume.drivers.quobyte.QuobyteDriver._ensure_shares_mounted" :: held 0.005s {{(pid=81829) inner /opt/stack/data/venv/lib/python3.10/site-packages/oslo_concurrency/lockutils.py:538}}
Apr 28 05:49:52 devstack cinder-volume[81829]: DEBUG oslo.privsep.daemon [-] privsep: reply[22b952cb-274e-487b-88b5-417e222139a9]: (4, 'qcow2') {{(pid=82697) _call_back /opt/stack/data/venv/lib/python3.10/site-packages/oslo_privsep/daemon.py:573}}
Apr 28 05:49:52 devstack cinder-volume[81829]: DEBUG oslo_concurrency.processutils [None req-4a2fd0b7-2ecb-4625-862d-11a043177089 tempest-GroupsV314Test-1957042941 None] Running cmd (subprocess): /opt/stack/data/venv/bin/python3.10 -m oslo_concurrency.prlimit --as=1073741824 --cpu=60 -- sudo cinder-rootwrap /etc/cinder/rootwrap.conf env LC_ALL=C qemu-img info -f qcow2 --output=json --force-share /opt/stack/data/cinder/mnt/82856e16f72d4a81a6560c63b0be3574/volume-c72cadd9-bb1e-4d59-b5e1-c275998bcf73.81c10842-de46-495c-998d-ffd04746be47 {{(pid=81829) execute /opt/stack/data/venv/lib/python3.10/site-packages/oslo_concurrency/processutils.py:440}}
Apr 28 05:49:52 devstack sudo[84512]: quobyte : PWD=/ ; USER=root ; COMMAND=/opt/stack/data/venv/bin/cinder-rootwrap /etc/cinder/rootwrap.conf env LC_ALL=C qemu-img info -f qcow2 --output=json --force-share /opt/stack/data/cinder/mnt/82856e16f72d4a81a6560c63b0be3574/volume-c72cadd9-bb1e-4d59-b5e1-c275998bcf73.81c10842-de46-495c-998d-ffd04746be47
Apr 28 05:49:52 devstack sudo[84512]: pam_unix(sudo:session): session opened for user root(uid=0) by (uid=1000)
Apr 28 05:49:53 devstack sudo[84512]: pam_unix(sudo:session): session closed for user root
Apr 28 05:49:53 devstack cinder-volume[81829]: DEBUG oslo_concurrency.processutils [None req-4a2fd0b7-2ecb-4625-862d-11a043177089 tempest-GroupsV314Test-1957042941 None] CMD "/opt/stack/data/venv/bin/python3.10 -m oslo_concurrency.prlimit --as=1073741824 --cpu=60 -- sudo cinder-rootwrap /etc/cinder/rootwrap.conf env LC_ALL=C qemu-img info -f qcow2 --output=json --force-share /opt/stack/data/cinder/mnt/82856e16f72d4a81a6560c63b0be3574/volume-c72cadd9-bb1e-4d59-b5e1-c275998bcf73.81c10842-de46-495c-998d-ffd04746be47" returned: 0 in 0.515s {{(pid=81829) execute /opt/stack/data/venv/lib/python3.10/site-packages/oslo_concurrency/processutils.py:468}}
Apr 28 05:49:53 devstack cinder-volume[81829]: DEBUG cinder.volume.drivers.remotefs [None req-4a2fd0b7-2ecb-4625-862d-11a043177089 tempest-GroupsV314Test-1957042941 None] Fetching qemu-img info with special backing_file_template: (/opt/stack/data/cinder/mnt/[0-9a-f]+/)?(volume-c72cadd9-bb1e-4d59-b5e1-c275998bcf73(.(tmp-snap-)?[0-9a-f-]+)?|volume_from_snapshot_cache/(tmp-snap-)?[0-9a-f-]+(.(child-|parent-)[0-9a-f-]+)?)$ {{(pid=81829) _qemu_img_info_base /opt/stack/cinder/cinder/volume/drivers/remotefs.py:896}}
Apr 28 05:49:53 devstack cinder-volume[81829]: DEBUG cinder.volume.drivers.quobyte [None req-4a2fd0b7-2ecb-4625-862d-11a043177089 tempest-GroupsV314Test-1957042941 None] will copy from snapshot at /opt/stack/data/cinder/mnt/82856e16f72d4a81a6560c63b0be3574/volume-c72cadd9-bb1e-4d59-b5e1-c275998bcf73 {{(pid=81829) _copy_volume_from_snapshot /opt/stack/cinder/cinder/volume/drivers/quobyte.py:420}}
Apr 28 05:49:53 devstack cinder-volume[81829]: DEBUG cinder.volume.drivers.quobyte [None req-4a2fd0b7-2ecb-4625-862d-11a043177089 tempest-GroupsV314Test-1957042941 None] Creating direct copy from snapshot {{(pid=81829) _copy_volume_from_snapshot /opt/stack/cinder/cinder/volume/drivers/quobyte.py:428}}
Apr 28 05:49:53 devstack cinder-volume[81829]: DEBUG oslo.privsep.daemon [-] privsep: reply[72d19236-d0d2-454a-9cd2-89b0b77e44c6]: (4, 'qcow2') {{(pid=82697) _call_back /opt/stack/data/venv/lib/python3.10/site-packages/oslo_privsep/daemon.py:573}}
Apr 28 05:49:53 devstack cinder-volume[81829]: DEBUG oslo_concurrency.processutils [None req-4a2fd0b7-2ecb-4625-862d-11a043177089 tempest-GroupsV314Test-1957042941 None] Running cmd (subprocess): /opt/stack/data/venv/bin/python3.10 -m oslo_concurrency.prlimit --as=1073741824 --cpu=60 -- sudo cinder-rootwrap /etc/cinder/rootwrap.conf env LC_ALL=C qemu-img info -f qcow2 --output=json /opt/stack/data/cinder/mnt/82856e16f72d4a81a6560c63b0be3574/volume-c72cadd9-bb1e-4d59-b5e1-c275998bcf73 {{(pid=81829) execute /opt/stack/data/venv/lib/python3.10/site-packages/oslo_concurrency/processutils.py:440}}
Apr 28 05:49:53 devstack sudo[84517]: quobyte : PWD=/ ; USER=root ; COMMAND=/opt/stack/data/venv/bin/cinder-rootwrap /etc/cinder/rootwrap.conf env LC_ALL=C qemu-img info -f qcow2 --output=json /opt/stack/data/cinder/mnt/82856e16f72d4a81a6560c63b0be3574/volume-c72cadd9-bb1e-4d59-b5e1-c275998bcf73
Apr 28 05:49:53 devstack sudo[84517]: pam_unix(sudo:session): session opened for user root(uid=0) by (uid=1000)
Apr 28 05:49:53 devstack sudo[84517]: pam_unix(sudo:session): session closed for user root
Apr 28 05:49:53 devstack cinder-volume[81829]: DEBUG oslo_concurrency.processutils [None req-4a2fd0b7-2ecb-4625-862d-11a043177089 tempest-GroupsV314Test-1957042941 None] CMD "/opt/stack/data/venv/bin/python3.10 -m oslo_concurrency.prlimit --as=1073741824 --cpu=60 -- sudo cinder-rootwrap /etc/cinder/rootwrap.conf env LC_ALL=C qemu-img info -f qcow2 --output=json /opt/stack/data/cinder/mnt/82856e16f72d4a81a6560c63b0be3574/volume-c72cadd9-bb1e-4d59-b5e1-c275998bcf73" returned: 0 in 0.532s {{(pid=81829) execute /opt/stack/data/venv/lib/python3.10/site-packages/oslo_concurrency/processutils.py:468}}
Apr 28 05:49:53 devstack cinder-volume[81829]: DEBUG cinder.utils [None req-4a2fd0b7-2ecb-4625-862d-11a043177089 tempest-GroupsV314Test-1957042941 None] Path /opt/stack/data/cinder/mnt/82856e16f72d4a81a6560c63b0be3574/volume-1914f78e-9421-4cd9-b741-dfeda8eaf9e8 not found in is_blk_device check {{(pid=81829) is_blk_device /opt/stack/cinder/cinder/utils.py:602}}
Apr 28 05:49:53 devstack cinder-volume[81829]: DEBUG oslo_concurrency.processutils [None req-4a2fd0b7-2ecb-4625-862d-11a043177089 tempest-GroupsV314Test-1957042941 None] Running cmd (subprocess): sudo cinder-rootwrap /etc/cinder/rootwrap.conf qemu-img convert -O qcow2 /opt/stack/data/cinder/mnt/82856e16f72d4a81a6560c63b0be3574/volume-c72cadd9-bb1e-4d59-b5e1-c275998bcf73 /opt/stack/data/cinder/mnt/82856e16f72d4a81a6560c63b0be3574/volume-1914f78e-9421-4cd9-b741-dfeda8eaf9e8 {{(pid=81829) execute /opt/stack/data/venv/lib/python3.10/site-packages/oslo_concurrency/processutils.py:440}}
Apr 28 05:49:53 devstack sudo[84522]: quobyte : PWD=/ ; USER=root ; COMMAND=/opt/stack/data/venv/bin/cinder-rootwrap /etc/cinder/rootwrap.conf qemu-img convert -O qcow2 /opt/stack/data/cinder/mnt/82856e16f72d4a81a6560c63b0be3574/volume-c72cadd9-bb1e-4d59-b5e1-c275998bcf73 /opt/stack/data/cinder/mnt/82856e16f72d4a81a6560c63b0be3574/volume-1914f78e-9421-4cd9-b741-dfeda8eaf9e8
Apr 28 05:49:53 devstack sudo[84522]: pam_unix(sudo:session): session opened for user root(uid=0) by (uid=1000)
Apr 28 05:49:58 devstack sudo[84522]: pam_unix(sudo:session): session closed for user root
Apr 28 05:49:58 devstack cinder-volume[81829]: DEBUG oslo_concurrency.processutils [None req-4a2fd0b7-2ecb-4625-862d-11a043177089 tempest-GroupsV314Test-1957042941 None] CMD "sudo cinder-rootwrap /etc/cinder/rootwrap.conf qemu-img convert -O qcow2 /opt/stack/data/cinder/mnt/82856e16f72d4a81a6560c63b0be3574/volume-c72cadd9-bb1e-4d59-b5e1-c275998bcf73 /opt/stack/data/cinder/mnt/82856e16f72d4a81a6560c63b0be3574/volume-1914f78e-9421-4cd9-b741-dfeda8eaf9e8" returned: 0 in 4.704s {{(pid=81829) execute /opt/stack/data/venv/lib/python3.10/site-packages/oslo_concurrency/processutils.py:468}}
Apr 28 05:49:58 devstack cinder-volume[81829]: DEBUG oslo.privsep.daemon [-] privsep: reply[6a984bd1-8d8a-4387-a04d-7ec8e2ed4257]: (4, 'qcow2') {{(pid=82697) _call_back /opt/stack/data/venv/lib/python3.10/site-packages/oslo_privsep/daemon.py:573}}
Apr 28 05:49:58 devstack cinder-volume[81829]: DEBUG oslo_concurrency.processutils [None req-4a2fd0b7-2ecb-4625-862d-11a043177089 tempest-GroupsV314Test-1957042941 None] Running cmd (subprocess): /opt/stack/data/venv/bin/python3.10 -m oslo_concurrency.prlimit --as=1073741824 --cpu=60 -- sudo cinder-rootwrap /etc/cinder/rootwrap.conf env LC_ALL=C qemu-img info -f qcow2 --output=json /opt/stack/data/cinder/mnt/82856e16f72d4a81a6560c63b0be3574/volume-c72cadd9-bb1e-4d59-b5e1-c275998bcf73 {{(pid=81829) execute /opt/stack/data/venv/lib/python3.10/site-packages/oslo_concurrency/processutils.py:440}}
Apr 28 05:49:58 devstack sudo[84536]: quobyte : PWD=/ ; USER=root ; COMMAND=/opt/stack/data/venv/bin/cinder-rootwrap /etc/cinder/rootwrap.conf env LC_ALL=C qemu-img info -f qcow2 --output=json /opt/stack/data/cinder/mnt/82856e16f72d4a81a6560c63b0be3574/volume-c72cadd9-bb1e-4d59-b5e1-c275998bcf73
Apr 28 05:49:58 devstack sudo[84536]: pam_unix(sudo:session): session opened for user root(uid=0) by (uid=1000)
Apr 28 05:49:59 devstack sudo[84536]: pam_unix(sudo:session): session closed for user root
Apr 28 05:49:59 devstack cinder-volume[81829]: DEBUG oslo_concurrency.processutils [None req-4a2fd0b7-2ecb-4625-862d-11a043177089 tempest-GroupsV314Test-1957042941 None] CMD "/opt/stack/data/venv/bin/python3.10 -m oslo_concurrency.prlimit --as=1073741824 --cpu=60 -- sudo cinder-rootwrap /etc/cinder/rootwrap.conf env LC_ALL=C qemu-img info -f qcow2 --output=json /opt/stack/data/cinder/mnt/82856e16f72d4a81a6560c63b0be3574/volume-c72cadd9-bb1e-4d59-b5e1-c275998bcf73" returned: 0 in 0.646s {{(pid=81829) execute /opt/stack/data/venv/lib/python3.10/site-packages/oslo_concurrency/processutils.py:468}}
Apr 28 05:49:59 devstack cinder-volume[81829]: DEBUG cinder.image.image_utils [None req-4a2fd0b7-2ecb-4625-862d-11a043177089 tempest-GroupsV314Test-1957042941 None] Image conversion details: src /opt/stack/data/cinder/mnt/82856e16f72d4a81a6560c63b0be3574/volume-c72cadd9-bb1e-4d59-b5e1-c275998bcf73, size 1024.00 MB, duration 4.71 sec, destination /opt/stack/data/cinder/mnt/82856e16f72d4a81a6560c63b0be3574/volume-1914f78e-9421-4cd9-b741-dfeda8eaf9e8 {{(pid=81829) _convert_image /opt/stack/cinder/cinder/image/image_utils.py:533}}
Apr 28 05:49:59 devstack cinder-volume[81829]: INFO cinder.image.image_utils [None req-4a2fd0b7-2ecb-4625-862d-11a043177089 tempest-GroupsV314Test-1957042941 None] Converted 1024.00 MB image at 217.60 MB/s
Apr 28 05:49:59 devstack cinder-volume[81829]: WARNING cinder.volume.drivers.remotefs [None req-4a2fd0b7-2ecb-4625-862d-11a043177089 tempest-GroupsV314Test-1957042941 None] /opt/stack/data/cinder/mnt/82856e16f72d4a81a6560c63b0be3574/volume-1914f78e-9421-4cd9-b741-dfeda8eaf9e8 is being set with open permissions: ugo+rw: NotImplementedError
Apr 28 05:49:59 devstack cinder-volume[81829]: DEBUG oslo_concurrency.processutils [None req-4a2fd0b7-2ecb-4625-862d-11a043177089 tempest-GroupsV314Test-1957042941 None] Running cmd (subprocess): sudo cinder-rootwrap /etc/cinder/rootwrap.conf chmod ugo+rw /opt/stack/data/cinder/mnt/82856e16f72d4a81a6560c63b0be3574/volume-1914f78e-9421-4cd9-b741-dfeda8eaf9e8 {{(pid=81829) execute /opt/stack/data/venv/lib/python3.10/site-packages/oslo_concurrency/processutils.py:440}}
Apr 28 05:49:59 devstack sudo[84541]: quobyte : PWD=/ ; USER=root ; COMMAND=/opt/stack/data/venv/bin/cinder-rootwrap /etc/cinder/rootwrap.conf chmod ugo+rw /opt/stack/data/cinder/mnt/82856e16f72d4a81a6560c63b0be3574/volume-1914f78e-9421-4cd9-b741-dfeda8eaf9e8
Apr 28 05:49:59 devstack sudo[84541]: pam_unix(sudo:session): session opened for user root(uid=0) by (uid=1000)
Apr 28 05:49:59 devstack sudo[84541]: pam_unix(sudo:session): session closed for user root
Apr 28 05:49:59 devstack cinder-volume[81829]: DEBUG oslo_concurrency.processutils [None req-4a2fd0b7-2ecb-4625-862d-11a043177089 tempest-GroupsV314Test-1957042941 None] CMD "sudo cinder-rootwrap /etc/cinder/rootwrap.conf chmod ugo+rw /opt/stack/data/cinder/mnt/82856e16f72d4a81a6560c63b0be3574/volume-1914f78e-9421-4cd9-b741-dfeda8eaf9e8" returned: 0 in 0.457s {{(pid=81829) execute /opt/stack/data/venv/lib/python3.10/site-packages/oslo_concurrency/processutils.py:468}}
Apr 28 05:49:59 devstack cinder-volume[81829]: DEBUG cinder.coordination [None req-4a2fd0b7-2ecb-4625-862d-11a043177089 tempest-GroupsV314Test-1957042941 None] Lock "cinder-quobyte-1914f78e-9421-4cd9-b741-dfeda8eaf9e8" released by "_copy_volume_from_snapshot" :: held 6.939s {{(pid=81829) __release /opt/stack/cinder/cinder/coordination.py:152}}
Apr 28 05:49:59 devstack cinder-volume[81829]: DEBUG cinder.coordination [None req-4a2fd0b7-2ecb-4625-862d-11a043177089 tempest-GroupsV314Test-1957042941 None] Acquiring lock "cinder-quobyte-81c10842-de46-495c-998d-ffd04746be47" by "_delete_snapshot" {{(pid=81829) __acquire /opt/stack/cinder/cinder/coordination.py:138}}
Apr 28 05:49:59 devstack cinder-volume[81829]: DEBUG cinder.coordination [None req-4a2fd0b7-2ecb-4625-862d-11a043177089 tempest-GroupsV314Test-1957042941 None] Lock "cinder-quobyte-81c10842-de46-495c-998d-ffd04746be47" acquired by "_delete_snapshot" :: waited 0.018s {{(pid=81829) __acquire /opt/stack/cinder/cinder/coordination.py:141}}
Apr 28 05:49:59 devstack cinder-volume[81829]: DEBUG cinder.volume.drivers.remotefs [None req-4a2fd0b7-2ecb-4625-862d-11a043177089 tempest-GroupsV314Test-1957042941 None] Deleting offline snapshot 81c10842-de46-495c-998d-ffd04746be47 of volume c72cadd9-bb1e-4d59-b5e1-c275998bcf73 {{(pid=81829) _delete_snapshot /opt/stack/cinder/cinder/volume/drivers/remotefs.py:1288}}
Apr 28 05:49:59 devstack cinder-volume[81829]: DEBUG cinder.volume.drivers.remotefs [None req-4a2fd0b7-2ecb-4625-862d-11a043177089 tempest-GroupsV314Test-1957042941 None] snapshot_file for this snap is: volume-c72cadd9-bb1e-4d59-b5e1-c275998bcf73.81c10842-de46-495c-998d-ffd04746be47 {{(pid=81829) _delete_snapshot /opt/stack/cinder/cinder/volume/drivers/remotefs.py:1317}}
Apr 28 05:49:59 devstack cinder-volume[81829]: DEBUG oslo.privsep.daemon [-] privsep: reply[dd53ce66-8c6a-4d03-9971-0659ab9c7993]: (4, 'qcow2') {{(pid=82697) _call_back /opt/stack/data/venv/lib/python3.10/site-packages/oslo_privsep/daemon.py:573}}
Apr 28 05:49:59 devstack cinder-volume[81829]: DEBUG oslo_concurrency.processutils [None req-4a2fd0b7-2ecb-4625-862d-11a043177089 tempest-GroupsV314Test-1957042941 None] Running cmd (subprocess): /opt/stack/data/venv/bin/python3.10 -m oslo_concurrency.prlimit --as=1073741824 --cpu=60 -- sudo cinder-rootwrap /etc/cinder/rootwrap.conf env LC_ALL=C qemu-img info -f qcow2 --output=json --force-share /opt/stack/data/cinder/mnt/82856e16f72d4a81a6560c63b0be3574/volume-c72cadd9-bb1e-4d59-b5e1-c275998bcf73.81c10842-de46-495c-998d-ffd04746be47 {{(pid=81829) execute /opt/stack/data/venv/lib/python3.10/site-packages/oslo_concurrency/processutils.py:440}}
Apr 28 05:49:59 devstack sudo[84544]: quobyte : PWD=/ ; USER=root ; COMMAND=/opt/stack/data/venv/bin/cinder-rootwrap /etc/cinder/rootwrap.conf env LC_ALL=C qemu-img info -f qcow2 --output=json --force-share /opt/stack/data/cinder/mnt/82856e16f72d4a81a6560c63b0be3574/volume-c72cadd9-bb1e-4d59-b5e1-c275998bcf73.81c10842-de46-495c-998d-ffd04746be47
Apr 28 05:49:59 devstack sudo[84544]: pam_unix(sudo:session): session opened for user root(uid=0) by (uid=1000)
Apr 28 05:50:00 devstack sudo[84544]: pam_unix(sudo:session): session closed for user root
Apr 28 05:50:00 devstack cinder-volume[81829]: DEBUG oslo_concurrency.processutils [None req-4a2fd0b7-2ecb-4625-862d-11a043177089 tempest-GroupsV314Test-1957042941 None] CMD "/opt/stack/data/venv/bin/python3.10 -m oslo_concurrency.prlimit --as=1073741824 --cpu=60 -- sudo cinder-rootwrap /etc/cinder/rootwrap.conf env LC_ALL=C qemu-img info -f qcow2 --output=json --force-share /opt/stack/data/cinder/mnt/82856e16f72d4a81a6560c63b0be3574/volume-c72cadd9-bb1e-4d59-b5e1-c275998bcf73.81c10842-de46-495c-998d-ffd04746be47" returned: 0 in 0.510s {{(pid=81829) execute /opt/stack/data/venv/lib/python3.10/site-packages/oslo_concurrency/processutils.py:468}}
Apr 28 05:50:00 devstack cinder-volume[81829]: DEBUG cinder.volume.drivers.remotefs [None req-4a2fd0b7-2ecb-4625-862d-11a043177089 tempest-GroupsV314Test-1957042941 None] Fetching qemu-img info with special backing_file_template: (/opt/stack/data/cinder/mnt/[0-9a-f]+/)?(volume-c72cadd9-bb1e-4d59-b5e1-c275998bcf73(.(tmp-snap-)?[0-9a-f-]+)?|volume_from_snapshot_cache/(tmp-snap-)?[0-9a-f-]+(.(child-|parent-)[0-9a-f-]+)?)$ {{(pid=81829) _qemu_img_info_base /opt/stack/cinder/cinder/volume/drivers/remotefs.py:896}}
Apr 28 05:50:00 devstack cinder-volume[81829]: DEBUG oslo.privsep.daemon [-] privsep: reply[99b88b95-9eeb-4ef8-9eaa-f15ec06d359d]: (4, 'qcow2') {{(pid=82697) _call_back /opt/stack/data/venv/lib/python3.10/site-packages/oslo_privsep/daemon.py:573}}
Apr 28 05:50:00 devstack cinder-volume[81829]: DEBUG oslo_concurrency.processutils [None req-4a2fd0b7-2ecb-4625-862d-11a043177089 tempest-GroupsV314Test-1957042941 None] Running cmd (subprocess): /opt/stack/data/venv/bin/python3.10 -m oslo_concurrency.prlimit --as=1073741824 --cpu=60 -- sudo cinder-rootwrap /etc/cinder/rootwrap.conf env LC_ALL=C qemu-img info -f qcow2 --output=json --force-share /opt/stack/data/cinder/mnt/82856e16f72d4a81a6560c63b0be3574/volume-c72cadd9-bb1e-4d59-b5e1-c275998bcf73 {{(pid=81829) execute /opt/stack/data/venv/lib/python3.10/site-packages/oslo_concurrency/processutils.py:440}}
Apr 28 05:50:00 devstack sudo[84549]: quobyte : PWD=/ ; USER=root ; COMMAND=/opt/stack/data/venv/bin/cinder-rootwrap /etc/cinder/rootwrap.conf env LC_ALL=C qemu-img info -f qcow2 --output=json --force-share /opt/stack/data/cinder/mnt/82856e16f72d4a81a6560c63b0be3574/volume-c72cadd9-bb1e-4d59-b5e1-c275998bcf73
Apr 28 05:50:00 devstack sudo[84549]: pam_unix(sudo:session): session opened for user root(uid=0) by (uid=1000)
Apr 28 05:50:00 devstack sudo[84549]: pam_unix(sudo:session): session closed for user root
Apr 28 05:50:00 devstack cinder-volume[81829]: DEBUG oslo_concurrency.processutils [None req-4a2fd0b7-2ecb-4625-862d-11a043177089 tempest-GroupsV314Test-1957042941 None] CMD "/opt/stack/data/venv/bin/python3.10 -m oslo_concurrency.prlimit --as=1073741824 --cpu=60 -- sudo cinder-rootwrap /etc/cinder/rootwrap.conf env LC_ALL=C qemu-img info -f qcow2 --output=json --force-share /opt/stack/data/cinder/mnt/82856e16f72d4a81a6560c63b0be3574/volume-c72cadd9-bb1e-4d59-b5e1-c275998bcf73" returned: 0 in 0.548s {{(pid=81829) execute /opt/stack/data/venv/lib/python3.10/site-packages/oslo_concurrency/processutils.py:468}}
Apr 28 05:50:00 devstack cinder-volume[81829]: DEBUG oslo_concurrency.processutils [None req-4a2fd0b7-2ecb-4625-862d-11a043177089 tempest-GroupsV314Test-1957042941 None] Running cmd (subprocess): sudo cinder-rootwrap /etc/cinder/rootwrap.conf qemu-img commit -d /opt/stack/data/cinder/mnt/82856e16f72d4a81a6560c63b0be3574/volume-c72cadd9-bb1e-4d59-b5e1-c275998bcf73.81c10842-de46-495c-998d-ffd04746be47 {{(pid=81829) execute /opt/stack/data/venv/lib/python3.10/site-packages/oslo_concurrency/processutils.py:440}}
Apr 28 05:50:00 devstack sudo[84555]: quobyte : PWD=/ ; USER=root ; COMMAND=/opt/stack/data/venv/bin/cinder-rootwrap /etc/cinder/rootwrap.conf qemu-img commit -d /opt/stack/data/cinder/mnt/82856e16f72d4a81a6560c63b0be3574/volume-c72cadd9-bb1e-4d59-b5e1-c275998bcf73.81c10842-de46-495c-998d-ffd04746be47
Apr 28 05:50:00 devstack sudo[84555]: pam_unix(sudo:session): session opened for user root(uid=0) by (uid=1000)
Apr 28 05:50:01 devstack sudo[84555]: pam_unix(sudo:session): session closed for user root
Apr 28 05:50:01 devstack cinder-volume[81829]: DEBUG oslo_concurrency.processutils [None req-4a2fd0b7-2ecb-4625-862d-11a043177089 tempest-GroupsV314Test-1957042941 None] CMD "sudo cinder-rootwrap /etc/cinder/rootwrap.conf qemu-img commit -d /opt/stack/data/cinder/mnt/82856e16f72d4a81a6560c63b0be3574/volume-c72cadd9-bb1e-4d59-b5e1-c275998bcf73.81c10842-de46-495c-998d-ffd04746be47" returned: 0 in 0.523s {{(pid=81829) execute /opt/stack/data/venv/lib/python3.10/site-packages/oslo_concurrency/processutils.py:468}}
Apr 28 05:50:01 devstack cinder-volume[81829]: DEBUG oslo_concurrency.processutils [None req-4a2fd0b7-2ecb-4625-862d-11a043177089 tempest-GroupsV314Test-1957042941 None] Running cmd (subprocess): sudo cinder-rootwrap /etc/cinder/rootwrap.conf rm -f /opt/stack/data/cinder/mnt/82856e16f72d4a81a6560c63b0be3574/volume-c72cadd9-bb1e-4d59-b5e1-c275998bcf73.81c10842-de46-495c-998d-ffd04746be47 {{(pid=81829) execute /opt/stack/data/venv/lib/python3.10/site-packages/oslo_concurrency/processutils.py:440}}
Apr 28 05:50:01 devstack sudo[84560]: quobyte : PWD=/ ; USER=root ; COMMAND=/opt/stack/data/venv/bin/cinder-rootwrap /etc/cinder/rootwrap.conf rm -f /opt/stack/data/cinder/mnt/82856e16f72d4a81a6560c63b0be3574/volume-c72cadd9-bb1e-4d59-b5e1-c275998bcf73.81c10842-de46-495c-998d-ffd04746be47
Apr 28 05:50:01 devstack sudo[84560]: pam_unix(sudo:session): session opened for user root(uid=0) by (uid=1000)
Apr 28 05:50:01 devstack cinder-volume[81829]: DEBUG dbcounter [-] [81829] Writing DB stats cinder:SELECT=69,cinder:UPDATE=76,cinder:INSERT=20,cinder:DELETE=8 {{(pid=81829) stat_writer /opt/stack/data/venv/lib/python3.10/site-packages/dbcounter.py:115}}
Apr 28 05:50:01 devstack sudo[84560]: pam_unix(sudo:session): session closed for user root
Apr 28 05:50:01 devstack cinder-volume[81829]: DEBUG oslo_concurrency.processutils [None req-4a2fd0b7-2ecb-4625-862d-11a043177089 tempest-GroupsV314Test-1957042941 None] CMD "sudo cinder-rootwrap /etc/cinder/rootwrap.conf rm -f /opt/stack/data/cinder/mnt/82856e16f72d4a81a6560c63b0be3574/volume-c72cadd9-bb1e-4d59-b5e1-c275998bcf73.81c10842-de46-495c-998d-ffd04746be47" returned: 0 in 0.502s {{(pid=81829) execute /opt/stack/data/venv/lib/python3.10/site-packages/oslo_concurrency/processutils.py:468}}
Apr 28 05:50:01 devstack cinder-volume[81829]: DEBUG cinder.coordination [None req-4a2fd0b7-2ecb-4625-862d-11a043177089 tempest-GroupsV314Test-1957042941 None] Lock "cinder-quobyte-81c10842-de46-495c-998d-ffd04746be47" released by "_delete_snapshot" :: held 2.172s {{(pid=81829) __release /opt/stack/cinder/cinder/coordination.py:152}}
Apr 28 05:50:01 devstack cinder-volume[81829]: DEBUG oslo_concurrency.lockutils [None req-4a2fd0b7-2ecb-4625-862d-11a043177089 tempest-GroupsV314Test-1957042941 None] Lock "quobyte" "released" by "cinder.volume.drivers.quobyte.QuobyteDriver.create_cloned_volume" :: held 12.356s {{(pid=81829) inner /opt/stack/data/venv/lib/python3.10/site-packages/oslo_concurrency/lockutils.py:538}}
Apr 28 05:50:01 devstack cinder-volume[81829]: DEBUG oslo_concurrency.lockutils [None req-f9e692ec-d74f-47fb-965e-a6143d9af86a tempest-SnapshotsActionsTest-1636782161 None] Lock "quobyte" acquired by "cinder.volume.drivers.quobyte.QuobyteDriver.create_snapshot" :: waited 13.753s {{(pid=81829) inner /opt/stack/data/venv/lib/python3.10/site-packages/oslo_concurrency/lockutils.py:519}}
Apr 28 05:50:01 devstack cinder-volume[81829]: DEBUG cinder.volume.drivers.remotefs [None req-f9e692ec-d74f-47fb-965e-a6143d9af86a tempest-SnapshotsActionsTest-1636782161 None] Creating offline snapshot 2a2164e9-2ca2-4fc2-a020-4c4f25fb0e0a of volume be206168-e028-4825-8479-22034983745f {{(pid=81829) _create_snapshot /opt/stack/cinder/cinder/volume/drivers/remotefs.py:1816}}
Apr 28 05:50:01 devstack cinder-volume[81829]: DEBUG oslo.privsep.daemon [-] privsep: reply[bee30a2f-db28-4f66-9f70-269cb0d6d3e9]: (4, 'qcow2') {{(pid=82697) _call_back /opt/stack/data/venv/lib/python3.10/site-packages/oslo_privsep/daemon.py:573}}
Apr 28 05:50:01 devstack cinder-volume[81829]: DEBUG oslo_concurrency.processutils [None req-f9e692ec-d74f-47fb-965e-a6143d9af86a tempest-SnapshotsActionsTest-1636782161 None] Running cmd (subprocess): /opt/stack/data/venv/bin/python3.10 -m oslo_concurrency.prlimit --as=1073741824 --cpu=60 -- sudo cinder-rootwrap /etc/cinder/rootwrap.conf env LC_ALL=C qemu-img info -f qcow2 --output=json --force-share /opt/stack/data/cinder/mnt/82856e16f72d4a81a6560c63b0be3574/volume-be206168-e028-4825-8479-22034983745f.219cfc86-bfad-4968-89e4-a1b22faefb6a {{(pid=81829) execute /opt/stack/data/venv/lib/python3.10/site-packages/oslo_concurrency/processutils.py:440}}
Apr 28 05:50:01 devstack cinder-volume[81829]: INFO cinder.volume.manager [None req-4a2fd0b7-2ecb-4625-862d-11a043177089 tempest-GroupsV314Test-1957042941 None] Create group from source-group-60566a1e-d71e-4955-a87c-4daf408d6d94 completed successfully.
Apr 28 05:50:01 devstack sudo[84563]: quobyte : PWD=/ ; USER=root ; COMMAND=/opt/stack/data/venv/bin/cinder-rootwrap /etc/cinder/rootwrap.conf env LC_ALL=C qemu-img info -f qcow2 --output=json --force-share /opt/stack/data/cinder/mnt/82856e16f72d4a81a6560c63b0be3574/volume-be206168-e028-4825-8479-22034983745f.219cfc86-bfad-4968-89e4-a1b22faefb6a
Apr 28 05:50:01 devstack sudo[84563]: pam_unix(sudo:session): session opened for user root(uid=0) by (uid=1000)
Apr 28 05:50:02 devstack sudo[84563]: pam_unix(sudo:session): session closed for user root
Apr 28 05:50:02 devstack cinder-volume[81829]: DEBUG oslo_concurrency.processutils [None req-f9e692ec-d74f-47fb-965e-a6143d9af86a tempest-SnapshotsActionsTest-1636782161 None] CMD "/opt/stack/data/venv/bin/python3.10 -m oslo_concurrency.prlimit --as=1073741824 --cpu=60 -- sudo cinder-rootwrap /etc/cinder/rootwrap.conf env LC_ALL=C qemu-img info -f qcow2 --output=json --force-share /opt/stack/data/cinder/mnt/82856e16f72d4a81a6560c63b0be3574/volume-be206168-e028-4825-8479-22034983745f.219cfc86-bfad-4968-89e4-a1b22faefb6a" returned: 0 in 0.522s {{(pid=81829) execute /opt/stack/data/venv/lib/python3.10/site-packages/oslo_concurrency/processutils.py:468}}
Apr 28 05:50:02 devstack cinder-volume[81829]: DEBUG cinder.volume.drivers.remotefs [None req-f9e692ec-d74f-47fb-965e-a6143d9af86a tempest-SnapshotsActionsTest-1636782161 None] Fetching qemu-img info with special backing_file_template: (/opt/stack/data/cinder/mnt/[0-9a-f]+/)?(volume-be206168-e028-4825-8479-22034983745f(.(tmp-snap-)?[0-9a-f-]+)?|volume_from_snapshot_cache/(tmp-snap-)?[0-9a-f-]+(.(child-|parent-)[0-9a-f-]+)?)$ {{(pid=81829) _qemu_img_info_base /opt/stack/cinder/cinder/volume/drivers/remotefs.py:896}}
Apr 28 05:50:02 devstack cinder-volume[81829]: DEBUG oslo_concurrency.processutils [None req-f9e692ec-d74f-47fb-965e-a6143d9af86a tempest-SnapshotsActionsTest-1636782161 None] Running cmd (subprocess): sudo cinder-rootwrap /etc/cinder/rootwrap.conf qemu-img create -f qcow2 -o backing_file=/opt/stack/data/cinder/mnt/82856e16f72d4a81a6560c63b0be3574/volume-be206168-e028-4825-8479-22034983745f.219cfc86-bfad-4968-89e4-a1b22faefb6a,backing_fmt=qcow2 /opt/stack/data/cinder/mnt/82856e16f72d4a81a6560c63b0be3574/volume-be206168-e028-4825-8479-22034983745f.2a2164e9-2ca2-4fc2-a020-4c4f25fb0e0a 1G {{(pid=81829) execute /opt/stack/data/venv/lib/python3.10/site-packages/oslo_concurrency/processutils.py:440}}
Apr 28 05:50:02 devstack sudo[84568]: quobyte : PWD=/ ; USER=root ; COMMAND=/opt/stack/data/venv/bin/cinder-rootwrap /etc/cinder/rootwrap.conf qemu-img create -f qcow2 -o backing_file=/opt/stack/data/cinder/mnt/82856e16f72d4a81a6560c63b0be3574/volume-be206168-e028-4825-8479-22034983745f.219cfc86-bfad-4968-89e4-a1b22faefb6a,backing_fmt=qcow2 /opt/stack/data/cinder/mnt/82856e16f72d4a81a6560c63b0be3574/volume-be206168-e028-4825-8479-22034983745f.2a2164e9-2ca2-4fc2-a020-4c4f25fb0e0a 1G
Apr 28 05:50:02 devstack sudo[84568]: pam_unix(sudo:session): session opened for user root(uid=0) by (uid=1000)
Apr 28 05:50:03 devstack sudo[84568]: pam_unix(sudo:session): session closed for user root
Apr 28 05:50:03 devstack cinder-volume[81829]: DEBUG oslo_concurrency.processutils [None req-f9e692ec-d74f-47fb-965e-a6143d9af86a tempest-SnapshotsActionsTest-1636782161 None] CMD "sudo cinder-rootwrap /etc/cinder/rootwrap.conf qemu-img create -f qcow2 -o backing_file=/opt/stack/data/cinder/mnt/82856e16f72d4a81a6560c63b0be3574/volume-be206168-e028-4825-8479-22034983745f.219cfc86-bfad-4968-89e4-a1b22faefb6a,backing_fmt=qcow2 /opt/stack/data/cinder/mnt/82856e16f72d4a81a6560c63b0be3574/volume-be206168-e028-4825-8479-22034983745f.2a2164e9-2ca2-4fc2-a020-4c4f25fb0e0a 1G" returned: 0 in 0.718s {{(pid=81829) execute /opt/stack/data/venv/lib/python3.10/site-packages/oslo_concurrency/processutils.py:468}}
Apr 28 05:50:03 devstack cinder-volume[81829]: DEBUG oslo_concurrency.processutils [None req-f9e692ec-d74f-47fb-965e-a6143d9af86a tempest-SnapshotsActionsTest-1636782161 None] Running cmd (subprocess): sudo cinder-rootwrap /etc/cinder/rootwrap.conf qemu-img rebase -u -b volume-be206168-e028-4825-8479-22034983745f.219cfc86-bfad-4968-89e4-a1b22faefb6a -F qcow2 /opt/stack/data/cinder/mnt/82856e16f72d4a81a6560c63b0be3574/volume-be206168-e028-4825-8479-22034983745f.2a2164e9-2ca2-4fc2-a020-4c4f25fb0e0a {{(pid=81829) execute /opt/stack/data/venv/lib/python3.10/site-packages/oslo_concurrency/processutils.py:440}}
Apr 28 05:50:03 devstack sudo[84580]: quobyte : PWD=/ ; USER=root ; COMMAND=/opt/stack/data/venv/bin/cinder-rootwrap /etc/cinder/rootwrap.conf qemu-img rebase -u -b volume-be206168-e028-4825-8479-22034983745f.219cfc86-bfad-4968-89e4-a1b22faefb6a -F qcow2 /opt/stack/data/cinder/mnt/82856e16f72d4a81a6560c63b0be3574/volume-be206168-e028-4825-8479-22034983745f.2a2164e9-2ca2-4fc2-a020-4c4f25fb0e0a
Apr 28 05:50:03 devstack sudo[84580]: pam_unix(sudo:session): session opened for user root(uid=0) by (uid=1000)
Apr 28 05:50:03 devstack cinder-volume[81829]: DEBUG cinder.coordination [None req-d023c07e-c7a2-4c82-91d5-d361641d7e83 tempest-GroupsV314Test-1957042941 None] Acquiring lock "cinder-quobyte-1914f78e-9421-4cd9-b741-dfeda8eaf9e8" by "delete_volume" {{(pid=81829) __acquire /opt/stack/cinder/cinder/coordination.py:138}}
Apr 28 05:50:03 devstack cinder-volume[81829]: DEBUG cinder.coordination [None req-d023c07e-c7a2-4c82-91d5-d361641d7e83 tempest-GroupsV314Test-1957042941 None] Lock "cinder-quobyte-1914f78e-9421-4cd9-b741-dfeda8eaf9e8" acquired by "delete_volume" :: waited 0.015s {{(pid=81829) __acquire /opt/stack/cinder/cinder/coordination.py:141}}
Apr 28 05:50:03 devstack cinder-volume[81829]: DEBUG oslo.privsep.daemon [-] privsep: reply[9e7f21bd-39f7-4011-a871-5a65c3ace6fd]: (4, 'qcow2') {{(pid=82697) _call_back /opt/stack/data/venv/lib/python3.10/site-packages/oslo_privsep/daemon.py:573}}
Apr 28 05:50:03 devstack cinder-volume[81829]: DEBUG oslo_concurrency.processutils [None req-d023c07e-c7a2-4c82-91d5-d361641d7e83 tempest-GroupsV314Test-1957042941 None] Running cmd (subprocess): /opt/stack/data/venv/bin/python3.10 -m oslo_concurrency.prlimit --as=1073741824 --cpu=60 -- sudo cinder-rootwrap /etc/cinder/rootwrap.conf env LC_ALL=C qemu-img info -f qcow2 --output=json --force-share /opt/stack/data/cinder/mnt/82856e16f72d4a81a6560c63b0be3574/volume-1914f78e-9421-4cd9-b741-dfeda8eaf9e8 {{(pid=81829) execute /opt/stack/data/venv/lib/python3.10/site-packages/oslo_concurrency/processutils.py:440}}
Apr 28 05:50:03 devstack sudo[84582]: quobyte : PWD=/ ; USER=root ; COMMAND=/opt/stack/data/venv/bin/cinder-rootwrap /etc/cinder/rootwrap.conf env LC_ALL=C qemu-img info -f qcow2 --output=json --force-share /opt/stack/data/cinder/mnt/82856e16f72d4a81a6560c63b0be3574/volume-1914f78e-9421-4cd9-b741-dfeda8eaf9e8
Apr 28 05:50:03 devstack sudo[84582]: pam_unix(sudo:session): session opened for user root(uid=0) by (uid=1000)
Apr 28 05:50:03 devstack sudo[84580]: pam_unix(sudo:session): session closed for user root
Apr 28 05:50:03 devstack cinder-volume[81829]: DEBUG oslo_concurrency.processutils [None req-f9e692ec-d74f-47fb-965e-a6143d9af86a tempest-SnapshotsActionsTest-1636782161 None] CMD "sudo cinder-rootwrap /etc/cinder/rootwrap.conf qemu-img rebase -u -b volume-be206168-e028-4825-8479-22034983745f.219cfc86-bfad-4968-89e4-a1b22faefb6a -F qcow2 /opt/stack/data/cinder/mnt/82856e16f72d4a81a6560c63b0be3574/volume-be206168-e028-4825-8479-22034983745f.2a2164e9-2ca2-4fc2-a020-4c4f25fb0e0a" returned: 0 in 0.515s {{(pid=81829) execute /opt/stack/data/venv/lib/python3.10/site-packages/oslo_concurrency/processutils.py:468}}
Apr 28 05:50:03 devstack cinder-volume[81829]: WARNING cinder.volume.drivers.remotefs [None req-f9e692ec-d74f-47fb-965e-a6143d9af86a tempest-SnapshotsActionsTest-1636782161 None] /opt/stack/data/cinder/mnt/82856e16f72d4a81a6560c63b0be3574/volume-be206168-e028-4825-8479-22034983745f.2a2164e9-2ca2-4fc2-a020-4c4f25fb0e0a is being set with open permissions: ugo+rw
Apr 28 05:50:03 devstack cinder-volume[81829]: DEBUG oslo_concurrency.processutils [None req-f9e692ec-d74f-47fb-965e-a6143d9af86a tempest-SnapshotsActionsTest-1636782161 None] Running cmd (subprocess): sudo cinder-rootwrap /etc/cinder/rootwrap.conf chmod ugo+rw /opt/stack/data/cinder/mnt/82856e16f72d4a81a6560c63b0be3574/volume-be206168-e028-4825-8479-22034983745f.2a2164e9-2ca2-4fc2-a020-4c4f25fb0e0a {{(pid=81829) execute /opt/stack/data/venv/lib/python3.10/site-packages/oslo_concurrency/processutils.py:440}}
Apr 28 05:50:03 devstack sudo[84587]: quobyte : PWD=/ ; USER=root ; COMMAND=/opt/stack/data/venv/bin/cinder-rootwrap /etc/cinder/rootwrap.conf chmod ugo+rw /opt/stack/data/cinder/mnt/82856e16f72d4a81a6560c63b0be3574/volume-be206168-e028-4825-8479-22034983745f.2a2164e9-2ca2-4fc2-a020-4c4f25fb0e0a
Apr 28 05:50:03 devstack sudo[84587]: pam_unix(sudo:session): session opened for user root(uid=0) by (uid=1000)
Apr 28 05:50:03 devstack sudo[84582]: pam_unix(sudo:session): session closed for user root
Apr 28 05:50:03 devstack cinder-volume[81829]: DEBUG oslo_concurrency.processutils [None req-d023c07e-c7a2-4c82-91d5-d361641d7e83 tempest-GroupsV314Test-1957042941 None] CMD "/opt/stack/data/venv/bin/python3.10 -m oslo_concurrency.prlimit --as=1073741824 --cpu=60 -- sudo cinder-rootwrap /etc/cinder/rootwrap.conf env LC_ALL=C qemu-img info -f qcow2 --output=json --force-share /opt/stack/data/cinder/mnt/82856e16f72d4a81a6560c63b0be3574/volume-1914f78e-9421-4cd9-b741-dfeda8eaf9e8" returned: 0 in 0.523s {{(pid=81829) execute /opt/stack/data/venv/lib/python3.10/site-packages/oslo_concurrency/processutils.py:468}}
Apr 28 05:50:03 devstack cinder-volume[81829]: DEBUG oslo_concurrency.processutils [None req-d023c07e-c7a2-4c82-91d5-d361641d7e83 tempest-GroupsV314Test-1957042941 None] Running cmd (subprocess): sudo cinder-rootwrap /etc/cinder/rootwrap.conf rm -f /opt/stack/data/cinder/mnt/82856e16f72d4a81a6560c63b0be3574/volume-1914f78e-9421-4cd9-b741-dfeda8eaf9e8 {{(pid=81829) execute /opt/stack/data/venv/lib/python3.10/site-packages/oslo_concurrency/processutils.py:440}}
Apr 28 05:50:03 devstack sudo[84592]: quobyte : PWD=/ ; USER=root ; COMMAND=/opt/stack/data/venv/bin/cinder-rootwrap /etc/cinder/rootwrap.conf rm -f /opt/stack/data/cinder/mnt/82856e16f72d4a81a6560c63b0be3574/volume-1914f78e-9421-4cd9-b741-dfeda8eaf9e8
Apr 28 05:50:03 devstack sudo[84592]: pam_unix(sudo:session): session opened for user root(uid=0) by (uid=1000)
Apr 28 05:50:03 devstack sudo[84587]: pam_unix(sudo:session): session closed for user root
Apr 28 05:50:04 devstack cinder-volume[81829]: DEBUG oslo_concurrency.processutils [None req-f9e692ec-d74f-47fb-965e-a6143d9af86a tempest-SnapshotsActionsTest-1636782161 None] CMD "sudo cinder-rootwrap /etc/cinder/rootwrap.conf chmod ugo+rw /opt/stack/data/cinder/mnt/82856e16f72d4a81a6560c63b0be3574/volume-be206168-e028-4825-8479-22034983745f.2a2164e9-2ca2-4fc2-a020-4c4f25fb0e0a" returned: 0 in 0.442s {{(pid=81829) execute /opt/stack/data/venv/lib/python3.10/site-packages/oslo_concurrency/processutils.py:468}}
Apr 28 05:50:04 devstack cinder-volume[81829]: DEBUG oslo_concurrency.lockutils [None req-f9e692ec-d74f-47fb-965e-a6143d9af86a tempest-SnapshotsActionsTest-1636782161 None] Lock "quobyte" "released" by "cinder.volume.drivers.quobyte.QuobyteDriver.create_snapshot" :: held 2.314s {{(pid=81829) inner /opt/stack/data/venv/lib/python3.10/site-packages/oslo_concurrency/lockutils.py:538}}
Apr 28 05:50:04 devstack cinder-volume[81829]: DEBUG oslo_concurrency.lockutils [None req-5d2d30ff-04d7-4c71-bfb1-1f9e8896424e tempest-GroupSnapshotsV319Test-1031575877 None] Lock "quobyte" acquired by "cinder.volume.drivers.quobyte.QuobyteDriver.create_snapshot" :: waited 13.947s {{(pid=81829) inner /opt/stack/data/venv/lib/python3.10/site-packages/oslo_concurrency/lockutils.py:519}}
Apr 28 05:50:04 devstack cinder-volume[81829]: DEBUG cinder.volume.drivers.remotefs [None req-5d2d30ff-04d7-4c71-bfb1-1f9e8896424e tempest-GroupSnapshotsV319Test-1031575877 None] Creating offline snapshot 0caae76a-604e-4b9c-86f7-7746a7a44e89 of volume 72c32e94-6c4b-41eb-bbf0-480e9c6d59c5 {{(pid=81829) _create_snapshot /opt/stack/cinder/cinder/volume/drivers/remotefs.py:1816}}
Apr 28 05:50:04 devstack cinder-volume[81829]: INFO cinder.volume.manager [None req-f9e692ec-d74f-47fb-965e-a6143d9af86a tempest-SnapshotsActionsTest-1636782161 None] Create snapshot completed successfully
Apr 28 05:50:04 devstack cinder-volume[81829]: DEBUG oslo.privsep.daemon [-] privsep: reply[bdb6aec4-456c-456c-a5b4-5bd1957466bb]: (4, 'qcow2') {{(pid=82697) _call_back /opt/stack/data/venv/lib/python3.10/site-packages/oslo_privsep/daemon.py:573}}
Apr 28 05:50:04 devstack cinder-volume[81829]: DEBUG oslo_concurrency.processutils [None req-5d2d30ff-04d7-4c71-bfb1-1f9e8896424e tempest-GroupSnapshotsV319Test-1031575877 None] Running cmd (subprocess): /opt/stack/data/venv/bin/python3.10 -m oslo_concurrency.prlimit --as=1073741824 --cpu=60 -- sudo cinder-rootwrap /etc/cinder/rootwrap.conf env LC_ALL=C qemu-img info -f qcow2 --output=json --force-share /opt/stack/data/cinder/mnt/82856e16f72d4a81a6560c63b0be3574/volume-72c32e94-6c4b-41eb-bbf0-480e9c6d59c5 {{(pid=81829) execute /opt/stack/data/venv/lib/python3.10/site-packages/oslo_concurrency/processutils.py:440}}
Apr 28 05:50:04 devstack sudo[84596]: quobyte : PWD=/ ; USER=root ; COMMAND=/opt/stack/data/venv/bin/cinder-rootwrap /etc/cinder/rootwrap.conf env LC_ALL=C qemu-img info -f qcow2 --output=json --force-share /opt/stack/data/cinder/mnt/82856e16f72d4a81a6560c63b0be3574/volume-72c32e94-6c4b-41eb-bbf0-480e9c6d59c5
Apr 28 05:50:04 devstack sudo[84596]: pam_unix(sudo:session): session opened for user root(uid=0) by (uid=1000)
Apr 28 05:50:04 devstack sudo[84592]: pam_unix(sudo:session): session closed for user root
Apr 28 05:50:04 devstack cinder-volume[81829]: DEBUG oslo_concurrency.processutils [None req-d023c07e-c7a2-4c82-91d5-d361641d7e83 tempest-GroupsV314Test-1957042941 None] CMD "sudo cinder-rootwrap /etc/cinder/rootwrap.conf rm -f /opt/stack/data/cinder/mnt/82856e16f72d4a81a6560c63b0be3574/volume-1914f78e-9421-4cd9-b741-dfeda8eaf9e8" returned: 0 in 0.526s {{(pid=81829) execute /opt/stack/data/venv/lib/python3.10/site-packages/oslo_concurrency/processutils.py:468}}
Apr 28 05:50:04 devstack cinder-volume[81829]: DEBUG cinder.coordination [None req-d023c07e-c7a2-4c82-91d5-d361641d7e83 tempest-GroupsV314Test-1957042941 None] Lock "cinder-quobyte-1914f78e-9421-4cd9-b741-dfeda8eaf9e8" released by "delete_volume" :: held 1.097s {{(pid=81829) __release /opt/stack/cinder/cinder/coordination.py:152}}
Apr 28 05:50:04 devstack cinder-volume[81829]: DEBUG cinder.quota [None req-d023c07e-c7a2-4c82-91d5-d361641d7e83 tempest-GroupsV314Test-1957042941 None] Created reservations ['a94c17ae-37c8-45b9-a8bd-d98bea75e789'] {{(pid=81829) reserve /opt/stack/cinder/cinder/quota.py:752}}
Apr 28 05:50:04 devstack cinder-volume[81829]: WARNING cinder.quota [None req-d023c07e-c7a2-4c82-91d5-d361641d7e83 tempest-GroupsV314Test-1957042941 None] Deprecated: Default quota for resource: volumes_tempest-GroupsV314Test-volume-type-882050972 is set by the default quota flag: quota_volumes_tempest-GroupsV314Test-volume-type-882050972, it is now deprecated. Please use the default quota class for default quota.
Apr 28 05:50:04 devstack cinder-volume[81829]: WARNING cinder.quota [None req-d023c07e-c7a2-4c82-91d5-d361641d7e83 tempest-GroupsV314Test-1957042941 None] Deprecated: Default quota for resource: gigabytes_tempest-GroupsV314Test-volume-type-882050972 is set by the default quota flag: quota_gigabytes_tempest-GroupsV314Test-volume-type-882050972, it is now deprecated. Please use the default quota class for default quota.
Apr 28 05:50:04 devstack cinder-volume[81829]: DEBUG cinder.quota [None req-d023c07e-c7a2-4c82-91d5-d361641d7e83 tempest-GroupsV314Test-1957042941 None] Created reservations ['cabd83c8-07d7-4730-8047-342c829d4d5f', '4e448dbe-8530-4904-b9e8-43100a103e37', 'f61d6d9f-c1f4-4a5a-8584-3daea6704680', '51c19a29-a595-4ab6-94e6-b0ad8877c969'] {{(pid=81829) reserve /opt/stack/cinder/cinder/quota.py:752}}
