Nov 08 12:31:28 devstack cinder-volume[81269]: DEBUG oslo_concurrency.processutils [None req-f22990db-8199-4e1f-9358-6b5dfd7a7e88 tempest-GroupSnapshotsTest-1501837712 None] CMD "sudo cinder-rootwrap /etc/cinder/rootwrap.conf chmod ugo+rw /opt/stack/data/cinder/mnt/12e0f51461932886bfc600adf6cfdfb7/volume-250ccd7b-6062-4020-8bed-62ee6b48c94f" returned: 0 in 0.677s {{(pid=81269) execute /opt/stack/data/venv/lib/python3.10/site-packages/oslo_concurrency/processutils.py:372}}
Nov 08 12:31:28 devstack cinder-volume[81269]: DEBUG cinder.volume.drivers.quobyte [None req-f22990db-8199-4e1f-9358-6b5dfd7a7e88 tempest-GroupSnapshotsTest-1501837712 None] <== create_volume: return (1369ms) {'provider_location': 'osci02.corp.quobyte.com/cinder-vol-37aa59bd-e0ea-4336-93ab-eebadd246340'} {{(pid=81269) trace_logging_wrapper /opt/stack/cinder/cinder/volume/volume_utils.py:1523}}
Nov 08 12:31:28 devstack cinder-volume[81269]: DEBUG oslo_concurrency.lockutils [None req-f22990db-8199-4e1f-9358-6b5dfd7a7e88 tempest-GroupSnapshotsTest-1501837712 None] Lock "quobyte" "released" by "cinder.volume.drivers.quobyte.QuobyteDriver.create_volume" :: held 1.371s {{(pid=81269) inner /opt/stack/data/venv/lib/python3.10/site-packages/oslo_concurrency/lockutils.py:424}}
Nov 08 12:31:28 devstack cinder-volume[81269]: DEBUG cinder.volume.manager [None req-f22990db-8199-4e1f-9358-6b5dfd7a7e88 tempest-GroupSnapshotsTest-1501837712 None] Task 'cinder.volume.flows.manager.create_volume.CreateVolumeFromSpecTask;volume:create' (30f9198d-84b6-40b4-bf32-ce380700c32b) transitioned into state 'SUCCESS' from state 'RUNNING' with result '{'status': 'creating', 'volume_name': 'volume-250ccd7b-6062-4020-8bed-62ee6b48c94f', 'volume_size': 1}' {{(pid=81269) _task_receiver /opt/stack/data/venv/lib/python3.10/site-packages/taskflow/listeners/logging.py:182}}
Nov 08 12:31:28 devstack cinder-volume[81269]: DEBUG cinder.volume.manager [None req-f22990db-8199-4e1f-9358-6b5dfd7a7e88 tempest-GroupSnapshotsTest-1501837712 None] Task 'cinder.volume.flows.manager.create_volume.CreateVolumeOnFinishTask;volume:create, create.end' (84cf7ded-c2e2-485e-a74a-1e9e9138254b) transitioned into state 'RUNNING' from state 'PENDING' {{(pid=81269) _task_receiver /opt/stack/data/venv/lib/python3.10/site-packages/taskflow/listeners/logging.py:194}}
Nov 08 12:31:28 devstack cinder-volume[81269]: INFO cinder.volume.flows.manager.create_volume [None req-f22990db-8199-4e1f-9358-6b5dfd7a7e88 tempest-GroupSnapshotsTest-1501837712 None] Volume volume-250ccd7b-6062-4020-8bed-62ee6b48c94f (250ccd7b-6062-4020-8bed-62ee6b48c94f): created successfully
Nov 08 12:31:28 devstack cinder-volume[81269]: DEBUG cinder.volume.manager [None req-f22990db-8199-4e1f-9358-6b5dfd7a7e88 tempest-GroupSnapshotsTest-1501837712 None] Task 'cinder.volume.flows.manager.create_volume.CreateVolumeOnFinishTask;volume:create, create.end' (84cf7ded-c2e2-485e-a74a-1e9e9138254b) transitioned into state 'SUCCESS' from state 'RUNNING' with result 'None' {{(pid=81269) _task_receiver /opt/stack/data/venv/lib/python3.10/site-packages/taskflow/listeners/logging.py:182}}
Nov 08 12:31:28 devstack cinder-volume[81269]: DEBUG cinder.volume.manager [None req-f22990db-8199-4e1f-9358-6b5dfd7a7e88 tempest-GroupSnapshotsTest-1501837712 None] Flow 'volume_create_manager' (cf816640-495b-4a54-af91-76c68cce39dc) transitioned into state 'SUCCESS' from state 'RUNNING' {{(pid=81269) _flow_receiver /opt/stack/data/venv/lib/python3.10/site-packages/taskflow/listeners/logging.py:145}}
Nov 08 12:31:28 devstack cinder-volume[81269]: INFO cinder.volume.manager [None req-f22990db-8199-4e1f-9358-6b5dfd7a7e88 tempest-GroupSnapshotsTest-1501837712 None] Created volume successfully.
Nov 08 12:31:29 devstack cinder-volume[81269]: WARNING cinder.volume.volume_utils [None req-3645c599-bf57-4b45-8460-44f7b591ce9a tempest-GroupSnapshotsTest-1501837712 None] Volume driver (QuobyteDriver 1.1.13) is currently unsupported and may be removed in the next release of OpenStack. Use at your own risk.
Nov 08 12:31:29 devstack cinder-volume[81269]: INFO cinder.volume.manager [None req-3645c599-bf57-4b45-8460-44f7b591ce9a tempest-GroupSnapshotsTest-1501837712 None] Update group completed successfully.
Nov 08 12:31:30 devstack cinder-volume[81269]: WARNING cinder.volume.volume_utils [None req-dd3755e1-6c93-4222-8cb3-5b2bc7ddfb8f tempest-GroupSnapshotsTest-1501837712 None] Volume driver (QuobyteDriver 1.1.13) is currently unsupported and may be removed in the next release of OpenStack. Use at your own risk.
Nov 08 12:31:30 devstack cinder-volume[81269]: INFO cinder.volume.manager [None req-dd3755e1-6c93-4222-8cb3-5b2bc7ddfb8f tempest-GroupSnapshotsTest-1501837712 None] Update group completed successfully.
Nov 08 12:31:31 devstack cinder-volume[81269]: DEBUG oslo_service.periodic_task [None req-25a2239e-d59c-4b25-bf91-6f68744bb6ae None None] Running periodic task VolumeManager.publish_service_capabilities {{(pid=81269) run_periodic_tasks /opt/stack/data/venv/lib/python3.10/site-packages/oslo_service/periodic_task.py:210}}
Nov 08 12:31:31 devstack cinder-volume[81269]: DEBUG oslo_concurrency.lockutils [None req-25a2239e-d59c-4b25-bf91-6f68744bb6ae None None] Acquiring lock "quobyte_ensure" by "cinder.volume.drivers.quobyte.QuobyteDriver._ensure_shares_mounted" {{(pid=81269) inner /opt/stack/data/venv/lib/python3.10/site-packages/oslo_concurrency/lockutils.py:405}}
Nov 08 12:31:31 devstack cinder-volume[81269]: DEBUG oslo_concurrency.lockutils [None req-25a2239e-d59c-4b25-bf91-6f68744bb6ae None None] Lock "quobyte_ensure" acquired by "cinder.volume.drivers.quobyte.QuobyteDriver._ensure_shares_mounted" :: waited 0.001s {{(pid=81269) inner /opt/stack/data/venv/lib/python3.10/site-packages/oslo_concurrency/lockutils.py:410}}
Nov 08 12:31:31 devstack cinder-volume[81269]: DEBUG cinder.volume.drivers.quobyte [None req-25a2239e-d59c-4b25-bf91-6f68744bb6ae None None] Quobyte Volume URL set to: {'osci02.corp.quobyte.com/cinder-vol-37aa59bd-e0ea-4336-93ab-eebadd246340': None} {{(pid=81269) _load_shares_config /opt/stack/cinder/cinder/volume/drivers/quobyte.py:604}}
Nov 08 12:31:31 devstack cinder-volume[81269]: DEBUG cinder.volume.drivers.quobyte [None req-25a2239e-d59c-4b25-bf91-6f68744bb6ae None None] Available shares ['osci02.corp.quobyte.com/cinder-vol-37aa59bd-e0ea-4336-93ab-eebadd246340'] {{(pid=81269) _ensure_shares_mounted /opt/stack/cinder/cinder/volume/drivers/quobyte.py:634}}
Nov 08 12:31:31 devstack cinder-volume[81269]: DEBUG oslo_concurrency.lockutils [None req-25a2239e-d59c-4b25-bf91-6f68744bb6ae None None] Lock "quobyte_ensure" "released" by "cinder.volume.drivers.quobyte.QuobyteDriver._ensure_shares_mounted" :: held 0.003s {{(pid=81269) inner /opt/stack/data/venv/lib/python3.10/site-packages/oslo_concurrency/lockutils.py:424}}
Nov 08 12:31:31 devstack cinder-volume[81269]: DEBUG oslo_concurrency.processutils [None req-25a2239e-d59c-4b25-bf91-6f68744bb6ae None None] Running cmd (subprocess): sudo cinder-rootwrap /etc/cinder/rootwrap.conf df --portability --block-size 1 /opt/stack/data/cinder/mnt/12e0f51461932886bfc600adf6cfdfb7 {{(pid=81269) execute /opt/stack/data/venv/lib/python3.10/site-packages/oslo_concurrency/processutils.py:349}}
Nov 08 12:31:31 devstack sudo[86740]: quobyte : PWD=/ ; USER=root ; COMMAND=/opt/stack/data/venv/bin/cinder-rootwrap /etc/cinder/rootwrap.conf df --portability --block-size 1 /opt/stack/data/cinder/mnt/12e0f51461932886bfc600adf6cfdfb7
Nov 08 12:31:31 devstack sudo[86740]: pam_unix(sudo:session): session opened for user root(uid=0) by (uid=1000)
Nov 08 12:31:31 devstack sudo[86740]: pam_unix(sudo:session): session closed for user root
Nov 08 12:31:31 devstack cinder-volume[81269]: DEBUG oslo_concurrency.processutils [None req-25a2239e-d59c-4b25-bf91-6f68744bb6ae None None] CMD "sudo cinder-rootwrap /etc/cinder/rootwrap.conf df --portability --block-size 1 /opt/stack/data/cinder/mnt/12e0f51461932886bfc600adf6cfdfb7" returned: 0 in 0.574s {{(pid=81269) execute /opt/stack/data/venv/lib/python3.10/site-packages/oslo_concurrency/processutils.py:372}}
Nov 08 12:31:31 devstack cinder-volume[81269]: DEBUG cinder.manager [None req-25a2239e-d59c-4b25-bf91-6f68744bb6ae None None] Notifying Schedulers of capabilities ... {{(pid=81269) _publish_service_capabilities /opt/stack/cinder/cinder/manager.py:202}}
Nov 08 12:31:31 devstack cinder-volume[81269]: WARNING cinder.volume.volume_utils [None req-01bf73f0-45a5-4d19-80d1-373ec0dfc437 tempest-GroupSnapshotsTest-1501837712 None] Volume driver (QuobyteDriver 1.1.13) is currently unsupported and may be removed in the next release of OpenStack. Use at your own risk.
Nov 08 12:31:31 devstack cinder-volume[81269]: INFO cinder.volume.manager [None req-01bf73f0-45a5-4d19-80d1-373ec0dfc437 tempest-GroupSnapshotsTest-1501837712 None] Update group completed successfully.
Nov 08 12:31:32 devstack cinder-volume[81269]: WARNING cinder.volume.volume_utils [None req-aaac1dd9-f546-40ac-8258-e6cca76b17d0 tempest-GroupSnapshotsTest-1501837712 None] Volume driver (QuobyteDriver 1.1.13) is currently unsupported and may be removed in the next release of OpenStack. Use at your own risk.
Nov 08 12:31:32 devstack cinder-volume[81269]: INFO cinder.volume.manager [None req-aaac1dd9-f546-40ac-8258-e6cca76b17d0 tempest-GroupSnapshotsTest-1501837712 None] Update group completed successfully.
Nov 08 12:31:34 devstack cinder-volume[81269]: INFO cinder.volume.manager [None req-447f2d10-23af-453f-81ae-6454675a5671 tempest-GroupSnapshotsTest-1501837712 None] GroupSnapshot 20816d99-f5a9-400f-9486-9da9e12f79a2: creating.
Nov 08 12:31:34 devstack cinder-volume[81269]: WARNING cinder.volume.volume_utils [None req-447f2d10-23af-453f-81ae-6454675a5671 tempest-GroupSnapshotsTest-1501837712 None] Volume driver (QuobyteDriver 1.1.13) is currently unsupported and may be removed in the next release of OpenStack. Use at your own risk.
Nov 08 12:31:34 devstack cinder-volume[81269]: DEBUG cinder.volume.manager [None req-447f2d10-23af-453f-81ae-6454675a5671 tempest-GroupSnapshotsTest-1501837712 None] Group snapshot 20816d99-f5a9-400f-9486-9da9e12f79a2: creating. {{(pid=81269) create_group_snapshot /opt/stack/cinder/cinder/volume/manager.py:4142}}
Nov 08 12:31:34 devstack cinder-volume[81269]: DEBUG oslo_concurrency.lockutils [None req-447f2d10-23af-453f-81ae-6454675a5671 tempest-GroupSnapshotsTest-1501837712 None] Acquiring lock "quobyte" by "cinder.volume.drivers.quobyte.QuobyteDriver.create_snapshot" {{(pid=81269) inner /opt/stack/data/venv/lib/python3.10/site-packages/oslo_concurrency/lockutils.py:405}}
Nov 08 12:31:34 devstack cinder-volume[81269]: DEBUG oslo_concurrency.lockutils [None req-447f2d10-23af-453f-81ae-6454675a5671 tempest-GroupSnapshotsTest-1501837712 None] Lock "quobyte" acquired by "cinder.volume.drivers.quobyte.QuobyteDriver.create_snapshot" :: waited 0.003s {{(pid=81269) inner /opt/stack/data/venv/lib/python3.10/site-packages/oslo_concurrency/lockutils.py:410}}
Nov 08 12:31:34 devstack cinder-volume[81269]: DEBUG cinder.volume.drivers.remotefs [None req-447f2d10-23af-453f-81ae-6454675a5671 tempest-GroupSnapshotsTest-1501837712 None] Creating offline snapshot 1add457e-2a6b-4c9a-918e-379e276aa00e of volume 250ccd7b-6062-4020-8bed-62ee6b48c94f {{(pid=81269) _create_snapshot /opt/stack/cinder/cinder/volume/drivers/remotefs.py:1694}}
Nov 08 12:31:34 devstack cinder-volume[81269]: DEBUG oslo.privsep.daemon [-] privsep: reply[abc0cd4e-c7f0-4c72-a07d-7bb08e13211f]: (4, 'qcow2') {{(pid=82538) _call_back /opt/stack/data/venv/lib/python3.10/site-packages/oslo_privsep/daemon.py:515}}
Nov 08 12:31:34 devstack cinder-volume[81269]: DEBUG oslo_concurrency.processutils [None req-447f2d10-23af-453f-81ae-6454675a5671 tempest-GroupSnapshotsTest-1501837712 None] Running cmd (subprocess): /opt/stack/data/venv/bin/python3.10 -m oslo_concurrency.prlimit --as=1073741824 --cpu=60 -- sudo cinder-rootwrap /etc/cinder/rootwrap.conf env LC_ALL=C qemu-img info -f qcow2 --output=json --force-share /opt/stack/data/cinder/mnt/12e0f51461932886bfc600adf6cfdfb7/volume-250ccd7b-6062-4020-8bed-62ee6b48c94f {{(pid=81269) execute /opt/stack/data/venv/lib/python3.10/site-packages/oslo_concurrency/processutils.py:349}}
Nov 08 12:31:34 devstack sudo[86923]: quobyte : PWD=/ ; USER=root ; COMMAND=/opt/stack/data/venv/bin/cinder-rootwrap /etc/cinder/rootwrap.conf env LC_ALL=C qemu-img info -f qcow2 --output=json --force-share /opt/stack/data/cinder/mnt/12e0f51461932886bfc600adf6cfdfb7/volume-250ccd7b-6062-4020-8bed-62ee6b48c94f
Nov 08 12:31:34 devstack sudo[86923]: pam_unix(sudo:session): session opened for user root(uid=0) by (uid=1000)
Nov 08 12:31:35 devstack sudo[86923]: pam_unix(sudo:session): session closed for user root
Nov 08 12:31:35 devstack cinder-volume[81269]: DEBUG oslo_concurrency.processutils [None req-447f2d10-23af-453f-81ae-6454675a5671 tempest-GroupSnapshotsTest-1501837712 None] CMD "/opt/stack/data/venv/bin/python3.10 -m oslo_concurrency.prlimit --as=1073741824 --cpu=60 -- sudo cinder-rootwrap /etc/cinder/rootwrap.conf env LC_ALL=C qemu-img info -f qcow2 --output=json --force-share /opt/stack/data/cinder/mnt/12e0f51461932886bfc600adf6cfdfb7/volume-250ccd7b-6062-4020-8bed-62ee6b48c94f" returned: 0 in 1.114s {{(pid=81269) execute /opt/stack/data/venv/lib/python3.10/site-packages/oslo_concurrency/processutils.py:372}}
Nov 08 12:31:35 devstack cinder-volume[81269]: DEBUG oslo_concurrency.processutils [None req-447f2d10-23af-453f-81ae-6454675a5671 tempest-GroupSnapshotsTest-1501837712 None] Running cmd (subprocess): sudo cinder-rootwrap /etc/cinder/rootwrap.conf qemu-img create -f qcow2 -o backing_file=/opt/stack/data/cinder/mnt/12e0f51461932886bfc600adf6cfdfb7/volume-250ccd7b-6062-4020-8bed-62ee6b48c94f,backing_fmt=qcow2 /opt/stack/data/cinder/mnt/12e0f51461932886bfc600adf6cfdfb7/volume-250ccd7b-6062-4020-8bed-62ee6b48c94f.1add457e-2a6b-4c9a-918e-379e276aa00e 1G {{(pid=81269) execute /opt/stack/data/venv/lib/python3.10/site-packages/oslo_concurrency/processutils.py:349}}
Nov 08 12:31:35 devstack sudo[87170]: quobyte : PWD=/ ; USER=root ; COMMAND=/opt/stack/data/venv/bin/cinder-rootwrap /etc/cinder/rootwrap.conf qemu-img create -f qcow2 -o backing_file=/opt/stack/data/cinder/mnt/12e0f51461932886bfc600adf6cfdfb7/volume-250ccd7b-6062-4020-8bed-62ee6b48c94f,backing_fmt=qcow2 /opt/stack/data/cinder/mnt/12e0f51461932886bfc600adf6cfdfb7/volume-250ccd7b-6062-4020-8bed-62ee6b48c94f.1add457e-2a6b-4c9a-918e-379e276aa00e 1G
Nov 08 12:31:35 devstack sudo[87170]: pam_unix(sudo:session): session opened for user root(uid=0) by (uid=1000)
Nov 08 12:31:36 devstack sudo[87170]: pam_unix(sudo:session): session closed for user root
Nov 08 12:31:36 devstack cinder-volume[81269]: DEBUG oslo_concurrency.processutils [None req-447f2d10-23af-453f-81ae-6454675a5671 tempest-GroupSnapshotsTest-1501837712 None] CMD "sudo cinder-rootwrap /etc/cinder/rootwrap.conf qemu-img create -f qcow2 -o backing_file=/opt/stack/data/cinder/mnt/12e0f51461932886bfc600adf6cfdfb7/volume-250ccd7b-6062-4020-8bed-62ee6b48c94f,backing_fmt=qcow2 /opt/stack/data/cinder/mnt/12e0f51461932886bfc600adf6cfdfb7/volume-250ccd7b-6062-4020-8bed-62ee6b48c94f.1add457e-2a6b-4c9a-918e-379e276aa00e 1G" returned: 0 in 0.876s {{(pid=81269) execute /opt/stack/data/venv/lib/python3.10/site-packages/oslo_concurrency/processutils.py:372}}
Nov 08 12:31:36 devstack cinder-volume[81269]: DEBUG oslo_concurrency.processutils [None req-447f2d10-23af-453f-81ae-6454675a5671 tempest-GroupSnapshotsTest-1501837712 None] Running cmd (subprocess): sudo cinder-rootwrap /etc/cinder/rootwrap.conf qemu-img rebase -u -b volume-250ccd7b-6062-4020-8bed-62ee6b48c94f -F qcow2 /opt/stack/data/cinder/mnt/12e0f51461932886bfc600adf6cfdfb7/volume-250ccd7b-6062-4020-8bed-62ee6b48c94f.1add457e-2a6b-4c9a-918e-379e276aa00e {{(pid=81269) execute /opt/stack/data/venv/lib/python3.10/site-packages/oslo_concurrency/processutils.py:349}}
Nov 08 12:31:36 devstack sudo[87189]: quobyte : PWD=/ ; USER=root ; COMMAND=/opt/stack/data/venv/bin/cinder-rootwrap /etc/cinder/rootwrap.conf qemu-img rebase -u -b volume-250ccd7b-6062-4020-8bed-62ee6b48c94f -F qcow2 /opt/stack/data/cinder/mnt/12e0f51461932886bfc600adf6cfdfb7/volume-250ccd7b-6062-4020-8bed-62ee6b48c94f.1add457e-2a6b-4c9a-918e-379e276aa00e
Nov 08 12:31:36 devstack sudo[87189]: pam_unix(sudo:session): session opened for user root(uid=0) by (uid=1000)
Nov 08 12:31:37 devstack sudo[87189]: pam_unix(sudo:session): session closed for user root
Nov 08 12:31:37 devstack cinder-volume[81269]: DEBUG oslo_concurrency.processutils [None req-447f2d10-23af-453f-81ae-6454675a5671 tempest-GroupSnapshotsTest-1501837712 None] CMD "sudo cinder-rootwrap /etc/cinder/rootwrap.conf qemu-img rebase -u -b volume-250ccd7b-6062-4020-8bed-62ee6b48c94f -F qcow2 /opt/stack/data/cinder/mnt/12e0f51461932886bfc600adf6cfdfb7/volume-250ccd7b-6062-4020-8bed-62ee6b48c94f.1add457e-2a6b-4c9a-918e-379e276aa00e" returned: 0 in 0.768s {{(pid=81269) execute /opt/stack/data/venv/lib/python3.10/site-packages/oslo_concurrency/processutils.py:372}}
Nov 08 12:31:37 devstack cinder-volume[81269]: WARNING cinder.volume.drivers.remotefs [None req-447f2d10-23af-453f-81ae-6454675a5671 tempest-GroupSnapshotsTest-1501837712 None] /opt/stack/data/cinder/mnt/12e0f51461932886bfc600adf6cfdfb7/volume-250ccd7b-6062-4020-8bed-62ee6b48c94f.1add457e-2a6b-4c9a-918e-379e276aa00e is being set with open permissions: ugo+rw: NotImplementedError
Nov 08 12:31:37 devstack cinder-volume[81269]: DEBUG oslo_concurrency.processutils [None req-447f2d10-23af-453f-81ae-6454675a5671 tempest-GroupSnapshotsTest-1501837712 None] Running cmd (subprocess): sudo cinder-rootwrap /etc/cinder/rootwrap.conf chmod ugo+rw /opt/stack/data/cinder/mnt/12e0f51461932886bfc600adf6cfdfb7/volume-250ccd7b-6062-4020-8bed-62ee6b48c94f.1add457e-2a6b-4c9a-918e-379e276aa00e {{(pid=81269) execute /opt/stack/data/venv/lib/python3.10/site-packages/oslo_concurrency/processutils.py:349}}
Nov 08 12:31:37 devstack sudo[87203]: quobyte : PWD=/ ; USER=root ; COMMAND=/opt/stack/data/venv/bin/cinder-rootwrap /etc/cinder/rootwrap.conf chmod ugo+rw /opt/stack/data/cinder/mnt/12e0f51461932886bfc600adf6cfdfb7/volume-250ccd7b-6062-4020-8bed-62ee6b48c94f.1add457e-2a6b-4c9a-918e-379e276aa00e
Nov 08 12:31:37 devstack sudo[87203]: pam_unix(sudo:session): session opened for user root(uid=0) by (uid=1000)
Nov 08 12:31:38 devstack sudo[87203]: pam_unix(sudo:session): session closed for user root
Nov 08 12:31:38 devstack cinder-volume[81269]: DEBUG oslo_concurrency.processutils [None req-447f2d10-23af-453f-81ae-6454675a5671 tempest-GroupSnapshotsTest-1501837712 None] CMD "sudo cinder-rootwrap /etc/cinder/rootwrap.conf chmod ugo+rw /opt/stack/data/cinder/mnt/12e0f51461932886bfc600adf6cfdfb7/volume-250ccd7b-6062-4020-8bed-62ee6b48c94f.1add457e-2a6b-4c9a-918e-379e276aa00e" returned: 0 in 0.677s {{(pid=81269) execute /opt/stack/data/venv/lib/python3.10/site-packages/oslo_concurrency/processutils.py:372}}
Nov 08 12:31:38 devstack cinder-volume[81269]: DEBUG oslo_concurrency.processutils [None req-447f2d10-23af-453f-81ae-6454675a5671 tempest-GroupSnapshotsTest-1501837712 None] Running cmd (subprocess): sudo cinder-rootwrap /etc/cinder/rootwrap.conf truncate -s0 /opt/stack/data/cinder/mnt/12e0f51461932886bfc600adf6cfdfb7/volume-250ccd7b-6062-4020-8bed-62ee6b48c94f.info {{(pid=81269) execute /opt/stack/data/venv/lib/python3.10/site-packages/oslo_concurrency/processutils.py:349}}
Nov 08 12:31:38 devstack sudo[87209]: quobyte : PWD=/ ; USER=root ; COMMAND=/opt/stack/data/venv/bin/cinder-rootwrap /etc/cinder/rootwrap.conf truncate -s0 /opt/stack/data/cinder/mnt/12e0f51461932886bfc600adf6cfdfb7/volume-250ccd7b-6062-4020-8bed-62ee6b48c94f.info
Nov 08 12:31:38 devstack sudo[87209]: pam_unix(sudo:session): session opened for user root(uid=0) by (uid=1000)
Nov 08 12:31:38 devstack sudo[87209]: pam_unix(sudo:session): session closed for user root
Nov 08 12:31:38 devstack cinder-volume[81269]: DEBUG oslo_concurrency.processutils [None req-447f2d10-23af-453f-81ae-6454675a5671 tempest-GroupSnapshotsTest-1501837712 None] CMD "sudo cinder-rootwrap /etc/cinder/rootwrap.conf truncate -s0 /opt/stack/data/cinder/mnt/12e0f51461932886bfc600adf6cfdfb7/volume-250ccd7b-6062-4020-8bed-62ee6b48c94f.info" returned: 0 in 0.668s {{(pid=81269) execute /opt/stack/data/venv/lib/python3.10/site-packages/oslo_concurrency/processutils.py:372}}
Nov 08 12:31:38 devstack cinder-volume[81269]: WARNING cinder.volume.drivers.remotefs [None req-447f2d10-23af-453f-81ae-6454675a5671 tempest-GroupSnapshotsTest-1501837712 None] /opt/stack/data/cinder/mnt/12e0f51461932886bfc600adf6cfdfb7/volume-250ccd7b-6062-4020-8bed-62ee6b48c94f.info is being set with open permissions: ugo+rw: NotImplementedError
Nov 08 12:31:38 devstack cinder-volume[81269]: DEBUG oslo_concurrency.processutils [None req-447f2d10-23af-453f-81ae-6454675a5671 tempest-GroupSnapshotsTest-1501837712 None] Running cmd (subprocess): sudo cinder-rootwrap /etc/cinder/rootwrap.conf chmod ugo+rw /opt/stack/data/cinder/mnt/12e0f51461932886bfc600adf6cfdfb7/volume-250ccd7b-6062-4020-8bed-62ee6b48c94f.info {{(pid=81269) execute /opt/stack/data/venv/lib/python3.10/site-packages/oslo_concurrency/processutils.py:349}}
Nov 08 12:31:38 devstack sudo[87215]: quobyte : PWD=/ ; USER=root ; COMMAND=/opt/stack/data/venv/bin/cinder-rootwrap /etc/cinder/rootwrap.conf chmod ugo+rw /opt/stack/data/cinder/mnt/12e0f51461932886bfc600adf6cfdfb7/volume-250ccd7b-6062-4020-8bed-62ee6b48c94f.info
Nov 08 12:31:38 devstack sudo[87215]: pam_unix(sudo:session): session opened for user root(uid=0) by (uid=1000)
Nov 08 12:31:39 devstack cinder-volume[81269]: DEBUG oslo_concurrency.lockutils [req-95f2d3c8-5674-4191-bfdb-31a1f361b5a2 req-a7221225-75ac-4e0f-8a00-b2316f69c1d0 tempest-TaggedAttachmentsTest-1614066858 None] Acquiring lock "quobyte" by "cinder.volume.drivers.quobyte.QuobyteDriver.initialize_connection" {{(pid=81269) inner /opt/stack/data/venv/lib/python3.10/site-packages/oslo_concurrency/lockutils.py:405}}
Nov 08 12:31:39 devstack sudo[87215]: pam_unix(sudo:session): session closed for user root
Nov 08 12:31:39 devstack cinder-volume[81269]: DEBUG oslo_concurrency.processutils [None req-447f2d10-23af-453f-81ae-6454675a5671 tempest-GroupSnapshotsTest-1501837712 None] CMD "sudo cinder-rootwrap /etc/cinder/rootwrap.conf chmod ugo+rw /opt/stack/data/cinder/mnt/12e0f51461932886bfc600adf6cfdfb7/volume-250ccd7b-6062-4020-8bed-62ee6b48c94f.info" returned: 0 in 0.564s {{(pid=81269) execute /opt/stack/data/venv/lib/python3.10/site-packages/oslo_concurrency/processutils.py:372}}
Nov 08 12:31:39 devstack cinder-volume[81269]: DEBUG oslo_concurrency.lockutils [None req-447f2d10-23af-453f-81ae-6454675a5671 tempest-GroupSnapshotsTest-1501837712 None] Lock "quobyte" "released" by "cinder.volume.drivers.quobyte.QuobyteDriver.create_snapshot" :: held 4.864s {{(pid=81269) inner /opt/stack/data/venv/lib/python3.10/site-packages/oslo_concurrency/lockutils.py:424}}
Nov 08 12:31:39 devstack cinder-volume[81269]: DEBUG oslo_concurrency.lockutils [None req-447f2d10-23af-453f-81ae-6454675a5671 tempest-GroupSnapshotsTest-1501837712 None] Acquiring lock "quobyte" by "cinder.volume.drivers.quobyte.QuobyteDriver.create_snapshot" {{(pid=81269) inner /opt/stack/data/venv/lib/python3.10/site-packages/oslo_concurrency/lockutils.py:405}}
Nov 08 12:31:39 devstack cinder-volume[81269]: DEBUG oslo_concurrency.lockutils [None req-447f2d10-23af-453f-81ae-6454675a5671 tempest-GroupSnapshotsTest-1501837712 None] Lock "quobyte" acquired by "cinder.volume.drivers.quobyte.QuobyteDriver.create_snapshot" :: waited 0.000s {{(pid=81269) inner /opt/stack/data/venv/lib/python3.10/site-packages/oslo_concurrency/lockutils.py:410}}
Nov 08 12:31:39 devstack cinder-volume[81269]: DEBUG cinder.volume.drivers.remotefs [None req-447f2d10-23af-453f-81ae-6454675a5671 tempest-GroupSnapshotsTest-1501837712 None] Creating offline snapshot bf220aaf-6c75-4e70-b354-c14d910beb0d of volume e7bc691d-fcca-45d6-a479-017b2491e5ad {{(pid=81269) _create_snapshot /opt/stack/cinder/cinder/volume/drivers/remotefs.py:1694}}
Nov 08 12:31:39 devstack cinder-volume[81269]: DEBUG oslo.privsep.daemon [-] privsep: reply[e6e8c9fc-22e3-4b11-a193-d46c03cd6426]: (4, 'qcow2') {{(pid=82538) _call_back /opt/stack/data/venv/lib/python3.10/site-packages/oslo_privsep/daemon.py:515}}
Nov 08 12:31:39 devstack cinder-volume[81269]: DEBUG oslo_concurrency.processutils [None req-447f2d10-23af-453f-81ae-6454675a5671 tempest-GroupSnapshotsTest-1501837712 None] Running cmd (subprocess): /opt/stack/data/venv/bin/python3.10 -m oslo_concurrency.prlimit --as=1073741824 --cpu=60 -- sudo cinder-rootwrap /etc/cinder/rootwrap.conf env LC_ALL=C qemu-img info -f qcow2 --output=json --force-share /opt/stack/data/cinder/mnt/12e0f51461932886bfc600adf6cfdfb7/volume-e7bc691d-fcca-45d6-a479-017b2491e5ad {{(pid=81269) execute /opt/stack/data/venv/lib/python3.10/site-packages/oslo_concurrency/processutils.py:349}}
Nov 08 12:31:39 devstack sudo[87227]: quobyte : PWD=/ ; USER=root ; COMMAND=/opt/stack/data/venv/bin/cinder-rootwrap /etc/cinder/rootwrap.conf env LC_ALL=C qemu-img info -f qcow2 --output=json --force-share /opt/stack/data/cinder/mnt/12e0f51461932886bfc600adf6cfdfb7/volume-e7bc691d-fcca-45d6-a479-017b2491e5ad
Nov 08 12:31:39 devstack sudo[87227]: pam_unix(sudo:session): session opened for user root(uid=0) by (uid=1000)
Nov 08 12:31:40 devstack sudo[87227]: pam_unix(sudo:session): session closed for user root
Nov 08 12:31:40 devstack cinder-volume[81269]: DEBUG oslo_concurrency.processutils [None req-447f2d10-23af-453f-81ae-6454675a5671 tempest-GroupSnapshotsTest-1501837712 None] CMD "/opt/stack/data/venv/bin/python3.10 -m oslo_concurrency.prlimit --as=1073741824 --cpu=60 -- sudo cinder-rootwrap /etc/cinder/rootwrap.conf env LC_ALL=C qemu-img info -f qcow2 --output=json --force-share /opt/stack/data/cinder/mnt/12e0f51461932886bfc600adf6cfdfb7/volume-e7bc691d-fcca-45d6-a479-017b2491e5ad" returned: 0 in 0.692s {{(pid=81269) execute /opt/stack/data/venv/lib/python3.10/site-packages/oslo_concurrency/processutils.py:372}}
Nov 08 12:31:40 devstack cinder-volume[81269]: DEBUG oslo_concurrency.processutils [None req-447f2d10-23af-453f-81ae-6454675a5671 tempest-GroupSnapshotsTest-1501837712 None] Running cmd (subprocess): sudo cinder-rootwrap /etc/cinder/rootwrap.conf qemu-img create -f qcow2 -o backing_file=/opt/stack/data/cinder/mnt/12e0f51461932886bfc600adf6cfdfb7/volume-e7bc691d-fcca-45d6-a479-017b2491e5ad,backing_fmt=qcow2 /opt/stack/data/cinder/mnt/12e0f51461932886bfc600adf6cfdfb7/volume-e7bc691d-fcca-45d6-a479-017b2491e5ad.bf220aaf-6c75-4e70-b354-c14d910beb0d 1G {{(pid=81269) execute /opt/stack/data/venv/lib/python3.10/site-packages/oslo_concurrency/processutils.py:349}}
Nov 08 12:31:40 devstack sudo[87235]: quobyte : PWD=/ ; USER=root ; COMMAND=/opt/stack/data/venv/bin/cinder-rootwrap /etc/cinder/rootwrap.conf qemu-img create -f qcow2 -o backing_file=/opt/stack/data/cinder/mnt/12e0f51461932886bfc600adf6cfdfb7/volume-e7bc691d-fcca-45d6-a479-017b2491e5ad,backing_fmt=qcow2 /opt/stack/data/cinder/mnt/12e0f51461932886bfc600adf6cfdfb7/volume-e7bc691d-fcca-45d6-a479-017b2491e5ad.bf220aaf-6c75-4e70-b354-c14d910beb0d 1G
Nov 08 12:31:40 devstack sudo[87235]: pam_unix(sudo:session): session opened for user root(uid=0) by (uid=1000)
Nov 08 12:31:40 devstack sudo[87235]: pam_unix(sudo:session): session closed for user root
Nov 08 12:31:40 devstack cinder-volume[81269]: DEBUG oslo_concurrency.processutils [None req-447f2d10-23af-453f-81ae-6454675a5671 tempest-GroupSnapshotsTest-1501837712 None] CMD "sudo cinder-rootwrap /etc/cinder/rootwrap.conf qemu-img create -f qcow2 -o backing_file=/opt/stack/data/cinder/mnt/12e0f51461932886bfc600adf6cfdfb7/volume-e7bc691d-fcca-45d6-a479-017b2491e5ad,backing_fmt=qcow2 /opt/stack/data/cinder/mnt/12e0f51461932886bfc600adf6cfdfb7/volume-e7bc691d-fcca-45d6-a479-017b2491e5ad.bf220aaf-6c75-4e70-b354-c14d910beb0d 1G" returned: 0 in 0.529s {{(pid=81269) execute /opt/stack/data/venv/lib/python3.10/site-packages/oslo_concurrency/processutils.py:372}}
Nov 08 12:31:40 devstack cinder-volume[81269]: DEBUG oslo_concurrency.processutils [None req-447f2d10-23af-453f-81ae-6454675a5671 tempest-GroupSnapshotsTest-1501837712 None] Running cmd (subprocess): sudo cinder-rootwrap /etc/cinder/rootwrap.conf qemu-img rebase -u -b volume-e7bc691d-fcca-45d6-a479-017b2491e5ad -F qcow2 /opt/stack/data/cinder/mnt/12e0f51461932886bfc600adf6cfdfb7/volume-e7bc691d-fcca-45d6-a479-017b2491e5ad.bf220aaf-6c75-4e70-b354-c14d910beb0d {{(pid=81269) execute /opt/stack/data/venv/lib/python3.10/site-packages/oslo_concurrency/processutils.py:349}}
Nov 08 12:31:40 devstack sudo[87241]: quobyte : PWD=/ ; USER=root ; COMMAND=/opt/stack/data/venv/bin/cinder-rootwrap /etc/cinder/rootwrap.conf qemu-img rebase -u -b volume-e7bc691d-fcca-45d6-a479-017b2491e5ad -F qcow2 /opt/stack/data/cinder/mnt/12e0f51461932886bfc600adf6cfdfb7/volume-e7bc691d-fcca-45d6-a479-017b2491e5ad.bf220aaf-6c75-4e70-b354-c14d910beb0d
Nov 08 12:31:40 devstack sudo[87241]: pam_unix(sudo:session): session opened for user root(uid=0) by (uid=1000)
Nov 08 12:31:41 devstack sudo[87241]: pam_unix(sudo:session): session closed for user root
Nov 08 12:31:41 devstack cinder-volume[81269]: DEBUG oslo_concurrency.processutils [None req-447f2d10-23af-453f-81ae-6454675a5671 tempest-GroupSnapshotsTest-1501837712 None] CMD "sudo cinder-rootwrap /etc/cinder/rootwrap.conf qemu-img rebase -u -b volume-e7bc691d-fcca-45d6-a479-017b2491e5ad -F qcow2 /opt/stack/data/cinder/mnt/12e0f51461932886bfc600adf6cfdfb7/volume-e7bc691d-fcca-45d6-a479-017b2491e5ad.bf220aaf-6c75-4e70-b354-c14d910beb0d" returned: 0 in 0.480s {{(pid=81269) execute /opt/stack/data/venv/lib/python3.10/site-packages/oslo_concurrency/processutils.py:372}}
Nov 08 12:31:41 devstack cinder-volume[81269]: WARNING cinder.volume.drivers.remotefs [None req-447f2d10-23af-453f-81ae-6454675a5671 tempest-GroupSnapshotsTest-1501837712 None] /opt/stack/data/cinder/mnt/12e0f51461932886bfc600adf6cfdfb7/volume-e7bc691d-fcca-45d6-a479-017b2491e5ad.bf220aaf-6c75-4e70-b354-c14d910beb0d is being set with open permissions: ugo+rw: NotImplementedError
Nov 08 12:31:41 devstack cinder-volume[81269]: DEBUG oslo_concurrency.processutils [None req-447f2d10-23af-453f-81ae-6454675a5671 tempest-GroupSnapshotsTest-1501837712 None] Running cmd (subprocess): sudo cinder-rootwrap /etc/cinder/rootwrap.conf chmod ugo+rw /opt/stack/data/cinder/mnt/12e0f51461932886bfc600adf6cfdfb7/volume-e7bc691d-fcca-45d6-a479-017b2491e5ad.bf220aaf-6c75-4e70-b354-c14d910beb0d {{(pid=81269) execute /opt/stack/data/venv/lib/python3.10/site-packages/oslo_concurrency/processutils.py:349}}
Nov 08 12:31:41 devstack sudo[87246]: quobyte : PWD=/ ; USER=root ; COMMAND=/opt/stack/data/venv/bin/cinder-rootwrap /etc/cinder/rootwrap.conf chmod ugo+rw /opt/stack/data/cinder/mnt/12e0f51461932886bfc600adf6cfdfb7/volume-e7bc691d-fcca-45d6-a479-017b2491e5ad.bf220aaf-6c75-4e70-b354-c14d910beb0d
Nov 08 12:31:41 devstack sudo[87246]: pam_unix(sudo:session): session opened for user root(uid=0) by (uid=1000)
Nov 08 12:31:41 devstack cinder-volume[81269]: WARNING cinder.volume.volume_utils [req-fb93f754-9f69-49bb-9227-4f60f2597ca4 req-34ad18a1-64c0-4335-88e9-2c8950a34635 tempest-TaggedBootDevicesTest-581588070 None] Volume driver (QuobyteDriver 1.1.13) is currently unsupported and may be removed in the next release of OpenStack. Use at your own risk.
Nov 08 12:31:41 devstack cinder-volume[81269]: WARNING cinder.volume.volume_utils [req-fb93f754-9f69-49bb-9227-4f60f2597ca4 req-34ad18a1-64c0-4335-88e9-2c8950a34635 tempest-TaggedBootDevicesTest-581588070 None] Volume driver (QuobyteDriver 1.1.13) is currently unsupported and may be removed in the next release of OpenStack. Use at your own risk.
Nov 08 12:31:41 devstack cinder-volume[81269]: INFO cinder.volume.manager [req-fb93f754-9f69-49bb-9227-4f60f2597ca4 req-34ad18a1-64c0-4335-88e9-2c8950a34635 tempest-TaggedBootDevicesTest-581588070 None] Terminate volume connection completed successfully.
Nov 08 12:31:41 devstack cinder-volume[81269]: DEBUG cinder.volume.manager [req-fb93f754-9f69-49bb-9227-4f60f2597ca4 req-34ad18a1-64c0-4335-88e9-2c8950a34635 tempest-TaggedBootDevicesTest-581588070 None] Deleting attachment b81e1144-0c67-433e-bf1d-a091c5547eb8. {{(pid=81269) attachment_delete /opt/stack/cinder/cinder/volume/manager.py:5022}}
Nov 08 12:31:41 devstack sudo[87246]: pam_unix(sudo:session): session closed for user root
Nov 08 12:31:41 devstack cinder-volume[81269]: DEBUG oslo_concurrency.processutils [None req-447f2d10-23af-453f-81ae-6454675a5671 tempest-GroupSnapshotsTest-1501837712 None] CMD "sudo cinder-rootwrap /etc/cinder/rootwrap.conf chmod ugo+rw /opt/stack/data/cinder/mnt/12e0f51461932886bfc600adf6cfdfb7/volume-e7bc691d-fcca-45d6-a479-017b2491e5ad.bf220aaf-6c75-4e70-b354-c14d910beb0d" returned: 0 in 0.456s {{(pid=81269) execute /opt/stack/data/venv/lib/python3.10/site-packages/oslo_concurrency/processutils.py:372}}
Nov 08 12:31:41 devstack cinder-volume[81269]: DEBUG oslo_concurrency.processutils [None req-447f2d10-23af-453f-81ae-6454675a5671 tempest-GroupSnapshotsTest-1501837712 None] Running cmd (subprocess): sudo cinder-rootwrap /etc/cinder/rootwrap.conf truncate -s0 /opt/stack/data/cinder/mnt/12e0f51461932886bfc600adf6cfdfb7/volume-e7bc691d-fcca-45d6-a479-017b2491e5ad.info {{(pid=81269) execute /opt/stack/data/venv/lib/python3.10/site-packages/oslo_concurrency/processutils.py:349}}
Nov 08 12:31:41 devstack sudo[87249]: quobyte : PWD=/ ; USER=root ; COMMAND=/opt/stack/data/venv/bin/cinder-rootwrap /etc/cinder/rootwrap.conf truncate -s0 /opt/stack/data/cinder/mnt/12e0f51461932886bfc600adf6cfdfb7/volume-e7bc691d-fcca-45d6-a479-017b2491e5ad.info
Nov 08 12:31:41 devstack sudo[87249]: pam_unix(sudo:session): session opened for user root(uid=0) by (uid=1000)
Nov 08 12:31:42 devstack sudo[87249]: pam_unix(sudo:session): session closed for user root
Nov 08 12:31:42 devstack cinder-volume[81269]: DEBUG oslo_concurrency.processutils [None req-447f2d10-23af-453f-81ae-6454675a5671 tempest-GroupSnapshotsTest-1501837712 None] CMD "sudo cinder-rootwrap /etc/cinder/rootwrap.conf truncate -s0 /opt/stack/data/cinder/mnt/12e0f51461932886bfc600adf6cfdfb7/volume-e7bc691d-fcca-45d6-a479-017b2491e5ad.info" returned: 0 in 0.438s {{(pid=81269) execute /opt/stack/data/venv/lib/python3.10/site-packages/oslo_concurrency/processutils.py:372}}
Nov 08 12:31:42 devstack cinder-volume[81269]: WARNING cinder.volume.drivers.remotefs [None req-447f2d10-23af-453f-81ae-6454675a5671 tempest-GroupSnapshotsTest-1501837712 None] /opt/stack/data/cinder/mnt/12e0f51461932886bfc600adf6cfdfb7/volume-e7bc691d-fcca-45d6-a479-017b2491e5ad.info is being set with open permissions: ugo+rw: NotImplementedError
Nov 08 12:31:42 devstack cinder-volume[81269]: DEBUG oslo_concurrency.processutils [None req-447f2d10-23af-453f-81ae-6454675a5671 tempest-GroupSnapshotsTest-1501837712 None] Running cmd (subprocess): sudo cinder-rootwrap /etc/cinder/rootwrap.conf chmod ugo+rw /opt/stack/data/cinder/mnt/12e0f51461932886bfc600adf6cfdfb7/volume-e7bc691d-fcca-45d6-a479-017b2491e5ad.info {{(pid=81269) execute /opt/stack/data/venv/lib/python3.10/site-packages/oslo_concurrency/processutils.py:349}}
Nov 08 12:31:42 devstack sudo[87252]: quobyte : PWD=/ ; USER=root ; COMMAND=/opt/stack/data/venv/bin/cinder-rootwrap /etc/cinder/rootwrap.conf chmod ugo+rw /opt/stack/data/cinder/mnt/12e0f51461932886bfc600adf6cfdfb7/volume-e7bc691d-fcca-45d6-a479-017b2491e5ad.info
Nov 08 12:31:42 devstack sudo[87252]: pam_unix(sudo:session): session opened for user root(uid=0) by (uid=1000)
Nov 08 12:31:42 devstack cinder-volume[81269]: WARNING cinder.volume.volume_utils [req-fb93f754-9f69-49bb-9227-4f60f2597ca4 req-6fec9b92-0691-40d6-83a3-e49527171127 tempest-TaggedBootDevicesTest-581588070 None] Volume driver (QuobyteDriver 1.1.13) is currently unsupported and may be removed in the next release of OpenStack. Use at your own risk.
Nov 08 12:31:42 devstack cinder-volume[81269]: WARNING cinder.volume.volume_utils [req-fb93f754-9f69-49bb-9227-4f60f2597ca4 req-6fec9b92-0691-40d6-83a3-e49527171127 tempest-TaggedBootDevicesTest-581588070 None] Volume driver (QuobyteDriver 1.1.13) is currently unsupported and may be removed in the next release of OpenStack. Use at your own risk.
Nov 08 12:31:42 devstack cinder-volume[81269]: INFO cinder.volume.manager [req-fb93f754-9f69-49bb-9227-4f60f2597ca4 req-6fec9b92-0691-40d6-83a3-e49527171127 tempest-TaggedBootDevicesTest-581588070 None] Terminate volume connection completed successfully.
Nov 08 12:31:42 devstack cinder-volume[81269]: DEBUG cinder.volume.manager [req-fb93f754-9f69-49bb-9227-4f60f2597ca4 req-6fec9b92-0691-40d6-83a3-e49527171127 tempest-TaggedBootDevicesTest-581588070 None] Deleting attachment d46a035e-6d6c-4f21-9954-e92e60ec9e42. {{(pid=81269) attachment_delete /opt/stack/cinder/cinder/volume/manager.py:5022}}
Nov 08 12:31:42 devstack sudo[87252]: pam_unix(sudo:session): session closed for user root
Nov 08 12:31:42 devstack cinder-volume[81269]: DEBUG oslo_concurrency.processutils [None req-447f2d10-23af-453f-81ae-6454675a5671 tempest-GroupSnapshotsTest-1501837712 None] CMD "sudo cinder-rootwrap /etc/cinder/rootwrap.conf chmod ugo+rw /opt/stack/data/cinder/mnt/12e0f51461932886bfc600adf6cfdfb7/volume-e7bc691d-fcca-45d6-a479-017b2491e5ad.info" returned: 0 in 0.431s {{(pid=81269) execute /opt/stack/data/venv/lib/python3.10/site-packages/oslo_concurrency/processutils.py:372}}
Nov 08 12:31:42 devstack cinder-volume[81269]: DEBUG oslo_concurrency.lockutils [None req-447f2d10-23af-453f-81ae-6454675a5671 tempest-GroupSnapshotsTest-1501837712 None] Lock "quobyte" "released" by "cinder.volume.drivers.quobyte.QuobyteDriver.create_snapshot" :: held 3.063s {{(pid=81269) inner /opt/stack/data/venv/lib/python3.10/site-packages/oslo_concurrency/lockutils.py:424}}
Nov 08 12:31:42 devstack cinder-volume[81269]: DEBUG oslo_concurrency.lockutils [req-95f2d3c8-5674-4191-bfdb-31a1f361b5a2 req-a7221225-75ac-4e0f-8a00-b2316f69c1d0 tempest-TaggedAttachmentsTest-1614066858 None] Lock "quobyte" acquired by "cinder.volume.drivers.quobyte.QuobyteDriver.initialize_connection" :: waited 3.213s {{(pid=81269) inner /opt/stack/data/venv/lib/python3.10/site-packages/oslo_concurrency/lockutils.py:410}}
Nov 08 12:31:42 devstack cinder-volume[81269]: DEBUG oslo.privsep.daemon [-] privsep: reply[5fedfda6-904d-4ab6-b7ed-cfc22b493cec]: (4, 'qcow2') {{(pid=82538) _call_back /opt/stack/data/venv/lib/python3.10/site-packages/oslo_privsep/daemon.py:515}}
Nov 08 12:31:42 devstack cinder-volume[81269]: DEBUG oslo_concurrency.processutils [req-95f2d3c8-5674-4191-bfdb-31a1f361b5a2 req-a7221225-75ac-4e0f-8a00-b2316f69c1d0 tempest-TaggedAttachmentsTest-1614066858 None] Running cmd (subprocess): /opt/stack/data/venv/bin/python3.10 -m oslo_concurrency.prlimit --as=1073741824 --cpu=60 -- sudo cinder-rootwrap /etc/cinder/rootwrap.conf env LC_ALL=C qemu-img info -f qcow2 --output=json --force-share /opt/stack/data/cinder/mnt/12e0f51461932886bfc600adf6cfdfb7/volume-ea5d4883-088d-429e-ace2-ce16f3be45f5 {{(pid=81269) execute /opt/stack/data/venv/lib/python3.10/site-packages/oslo_concurrency/processutils.py:349}}
Nov 08 12:31:42 devstack cinder-volume[81269]: INFO cinder.volume.manager [None req-447f2d10-23af-453f-81ae-6454675a5671 tempest-GroupSnapshotsTest-1501837712 None] group_snapshot 20816d99-f5a9-400f-9486-9da9e12f79a2: created successfully
Nov 08 12:31:42 devstack sudo[87255]: quobyte : PWD=/ ; USER=root ; COMMAND=/opt/stack/data/venv/bin/cinder-rootwrap /etc/cinder/rootwrap.conf env LC_ALL=C qemu-img info -f qcow2 --output=json --force-share /opt/stack/data/cinder/mnt/12e0f51461932886bfc600adf6cfdfb7/volume-ea5d4883-088d-429e-ace2-ce16f3be45f5
Nov 08 12:31:42 devstack sudo[87255]: pam_unix(sudo:session): session opened for user root(uid=0) by (uid=1000)
Nov 08 12:31:42 devstack cinder-volume[81269]: WARNING cinder.volume.volume_utils [req-fb93f754-9f69-49bb-9227-4f60f2597ca4 req-c0847dd5-3779-44d9-b8e8-e9dada09e0c2 tempest-TaggedBootDevicesTest-581588070 None] Volume driver (QuobyteDriver 1.1.13) is currently unsupported and may be removed in the next release of OpenStack. Use at your own risk.
Nov 08 12:31:42 devstack cinder-volume[81269]: WARNING cinder.volume.volume_utils [req-fb93f754-9f69-49bb-9227-4f60f2597ca4 req-c0847dd5-3779-44d9-b8e8-e9dada09e0c2 tempest-TaggedBootDevicesTest-581588070 None] Volume driver (QuobyteDriver 1.1.13) is currently unsupported and may be removed in the next release of OpenStack. Use at your own risk.
Nov 08 12:31:42 devstack cinder-volume[81269]: INFO cinder.volume.manager [req-fb93f754-9f69-49bb-9227-4f60f2597ca4 req-c0847dd5-3779-44d9-b8e8-e9dada09e0c2 tempest-TaggedBootDevicesTest-581588070 None] Terminate volume connection completed successfully.
Nov 08 12:31:42 devstack cinder-volume[81269]: DEBUG cinder.volume.manager [req-fb93f754-9f69-49bb-9227-4f60f2597ca4 req-c0847dd5-3779-44d9-b8e8-e9dada09e0c2 tempest-TaggedBootDevicesTest-581588070 None] Deleting attachment 349fc966-0901-4b25-87d4-23daffa3e75b. {{(pid=81269) attachment_delete /opt/stack/cinder/cinder/volume/manager.py:5022}}
Nov 08 12:31:43 devstack sudo[87255]: pam_unix(sudo:session): session closed for user root
Nov 08 12:31:43 devstack cinder-volume[81269]: DEBUG oslo_concurrency.processutils [req-95f2d3c8-5674-4191-bfdb-31a1f361b5a2 req-a7221225-75ac-4e0f-8a00-b2316f69c1d0 tempest-TaggedAttachmentsTest-1614066858 None] CMD "/opt/stack/data/venv/bin/python3.10 -m oslo_concurrency.prlimit --as=1073741824 --cpu=60 -- sudo cinder-rootwrap /etc/cinder/rootwrap.conf env LC_ALL=C qemu-img info -f qcow2 --output=json --force-share /opt/stack/data/cinder/mnt/12e0f51461932886bfc600adf6cfdfb7/volume-ea5d4883-088d-429e-ace2-ce16f3be45f5" returned: 0 in 0.586s {{(pid=81269) execute /opt/stack/data/venv/lib/python3.10/site-packages/oslo_concurrency/processutils.py:372}}
Nov 08 12:31:43 devstack cinder-volume[81269]: DEBUG oslo_concurrency.lockutils [req-95f2d3c8-5674-4191-bfdb-31a1f361b5a2 req-a7221225-75ac-4e0f-8a00-b2316f69c1d0 tempest-TaggedAttachmentsTest-1614066858 None] Lock "quobyte" "released" by "cinder.volume.drivers.quobyte.QuobyteDriver.initialize_connection" :: held 0.595s {{(pid=81269) inner /opt/stack/data/venv/lib/python3.10/site-packages/oslo_concurrency/lockutils.py:424}}
Nov 08 12:31:43 devstack cinder-volume[81269]: DEBUG cinder.volume.manager [req-95f2d3c8-5674-4191-bfdb-31a1f361b5a2 req-a7221225-75ac-4e0f-8a00-b2316f69c1d0 tempest-TaggedAttachmentsTest-1614066858 None] Connection info returned from driver {'export': 'osci02.corp.quobyte.com/cinder-vol-37aa59bd-e0ea-4336-93ab-eebadd246340', 'name': 'volume-ea5d4883-088d-429e-ace2-ce16f3be45f5', 'options': None, 'format': 'qcow2', 'qos_specs': None, 'access_mode': 'rw', 'encrypted': False, 'cacheable': False, 'driver_volume_type': 'quobyte', 'mount_point_base': '/opt/stack/data/cinder/mnt', 'attachment_id': '69e72616-75ce-421b-bd89-3f7ba950feb0', 'enforce_multipath': True} {{(pid=81269) _connection_create /opt/stack/cinder/cinder/volume/manager.py:4891}}
Nov 08 12:31:43 devstack cinder-volume[81269]: WARNING cinder.volume.volume_utils [req-95f2d3c8-5674-4191-bfdb-31a1f361b5a2 req-a7221225-75ac-4e0f-8a00-b2316f69c1d0 tempest-TaggedAttachmentsTest-1614066858 None] Volume driver (QuobyteDriver 1.1.13) is currently unsupported and may be removed in the next release of OpenStack. Use at your own risk.
Nov 08 12:31:43 devstack cinder-volume[81269]: INFO cinder.volume.manager [req-95f2d3c8-5674-4191-bfdb-31a1f361b5a2 req-a7221225-75ac-4e0f-8a00-b2316f69c1d0 tempest-TaggedAttachmentsTest-1614066858 None] attachment_update completed successfully.
Nov 08 12:31:43 devstack cinder-volume[81269]: INFO cinder.volume.manager [None req-5929a7c1-f7b8-4409-a37a-445a5a3f7f29 tempest-GroupSnapshotsTest-1501837712 None] group_snapshot 20816d99-f5a9-400f-9486-9da9e12f79a2: deleting
Nov 08 12:31:43 devstack cinder-volume[81269]: WARNING cinder.volume.volume_utils [None req-5929a7c1-f7b8-4409-a37a-445a5a3f7f29 tempest-GroupSnapshotsTest-1501837712 None] Volume driver (QuobyteDriver 1.1.13) is currently unsupported and may be removed in the next release of OpenStack. Use at your own risk.
Nov 08 12:31:43 devstack cinder-volume[81269]: DEBUG cinder.volume.manager [None req-5929a7c1-f7b8-4409-a37a-445a5a3f7f29 tempest-GroupSnapshotsTest-1501837712 None] group_snapshot 20816d99-f5a9-400f-9486-9da9e12f79a2: deleting {{(pid=81269) delete_group_snapshot /opt/stack/cinder/cinder/volume/manager.py:4317}}
Nov 08 12:31:43 devstack cinder-volume[81269]: DEBUG cinder.coordination [None req-5929a7c1-f7b8-4409-a37a-445a5a3f7f29 tempest-GroupSnapshotsTest-1501837712 None] Acquiring lock "cinder-quobyte-250ccd7b-6062-4020-8bed-62ee6b48c94f" by "delete_snapshot" {{(pid=81269) __acquire /opt/stack/cinder/cinder/coordination.py:143}}
Nov 08 12:31:43 devstack cinder-volume[81269]: DEBUG cinder.coordination [None req-5929a7c1-f7b8-4409-a37a-445a5a3f7f29 tempest-GroupSnapshotsTest-1501837712 None] Lock "cinder-quobyte-250ccd7b-6062-4020-8bed-62ee6b48c94f" acquired by "delete_snapshot" :: waited 0.008s {{(pid=81269) __acquire /opt/stack/cinder/cinder/coordination.py:146}}
Nov 08 12:31:43 devstack cinder-volume[81269]: DEBUG cinder.coordination [None req-5929a7c1-f7b8-4409-a37a-445a5a3f7f29 tempest-GroupSnapshotsTest-1501837712 None] Acquiring lock "cinder-quobyte-1add457e-2a6b-4c9a-918e-379e276aa00e" by "_delete_snapshot" {{(pid=81269) __acquire /opt/stack/cinder/cinder/coordination.py:143}}
Nov 08 12:31:43 devstack cinder-volume[81269]: DEBUG cinder.coordination [None req-5929a7c1-f7b8-4409-a37a-445a5a3f7f29 tempest-GroupSnapshotsTest-1501837712 None] Lock "cinder-quobyte-1add457e-2a6b-4c9a-918e-379e276aa00e" acquired by "_delete_snapshot" :: waited 0.008s {{(pid=81269) __acquire /opt/stack/cinder/cinder/coordination.py:146}}
Nov 08 12:31:43 devstack cinder-volume[81269]: DEBUG cinder.volume.drivers.remotefs [None req-5929a7c1-f7b8-4409-a37a-445a5a3f7f29 tempest-GroupSnapshotsTest-1501837712 None] Deleting offline snapshot 1add457e-2a6b-4c9a-918e-379e276aa00e of volume 250ccd7b-6062-4020-8bed-62ee6b48c94f {{(pid=81269) _delete_snapshot /opt/stack/cinder/cinder/volume/drivers/remotefs.py:1278}}
Nov 08 12:31:43 devstack cinder-volume[81269]: DEBUG cinder.volume.drivers.remotefs [None req-5929a7c1-f7b8-4409-a37a-445a5a3f7f29 tempest-GroupSnapshotsTest-1501837712 None] snapshot_file for this snap is: volume-250ccd7b-6062-4020-8bed-62ee6b48c94f.1add457e-2a6b-4c9a-918e-379e276aa00e {{(pid=81269) _delete_snapshot /opt/stack/cinder/cinder/volume/drivers/remotefs.py:1307}}
Nov 08 12:31:43 devstack cinder-volume[81269]: DEBUG oslo.privsep.daemon [-] privsep: reply[ba657f85-be91-493a-b0f2-a1c2f5a5fdb4]: (4, 'qcow2') {{(pid=82538) _call_back /opt/stack/data/venv/lib/python3.10/site-packages/oslo_privsep/daemon.py:515}}
Nov 08 12:31:43 devstack cinder-volume[81269]: DEBUG oslo_concurrency.processutils [None req-5929a7c1-f7b8-4409-a37a-445a5a3f7f29 tempest-GroupSnapshotsTest-1501837712 None] Running cmd (subprocess): /opt/stack/data/venv/bin/python3.10 -m oslo_concurrency.prlimit --as=1073741824 --cpu=60 -- sudo cinder-rootwrap /etc/cinder/rootwrap.conf env LC_ALL=C qemu-img info -f qcow2 --output=json --force-share /opt/stack/data/cinder/mnt/12e0f51461932886bfc600adf6cfdfb7/volume-250ccd7b-6062-4020-8bed-62ee6b48c94f.1add457e-2a6b-4c9a-918e-379e276aa00e {{(pid=81269) execute /opt/stack/data/venv/lib/python3.10/site-packages/oslo_concurrency/processutils.py:349}}
Nov 08 12:31:43 devstack sudo[87260]: quobyte : PWD=/ ; USER=root ; COMMAND=/opt/stack/data/venv/bin/cinder-rootwrap /etc/cinder/rootwrap.conf env LC_ALL=C qemu-img info -f qcow2 --output=json --force-share /opt/stack/data/cinder/mnt/12e0f51461932886bfc600adf6cfdfb7/volume-250ccd7b-6062-4020-8bed-62ee6b48c94f.1add457e-2a6b-4c9a-918e-379e276aa00e
Nov 08 12:31:43 devstack sudo[87260]: pam_unix(sudo:session): session opened for user root(uid=0) by (uid=1000)
Nov 08 12:31:44 devstack sudo[87260]: pam_unix(sudo:session): session closed for user root
Nov 08 12:31:44 devstack cinder-volume[81269]: DEBUG oslo_concurrency.processutils [None req-5929a7c1-f7b8-4409-a37a-445a5a3f7f29 tempest-GroupSnapshotsTest-1501837712 None] CMD "/opt/stack/data/venv/bin/python3.10 -m oslo_concurrency.prlimit --as=1073741824 --cpu=60 -- sudo cinder-rootwrap /etc/cinder/rootwrap.conf env LC_ALL=C qemu-img info -f qcow2 --output=json --force-share /opt/stack/data/cinder/mnt/12e0f51461932886bfc600adf6cfdfb7/volume-250ccd7b-6062-4020-8bed-62ee6b48c94f.1add457e-2a6b-4c9a-918e-379e276aa00e" returned: 0 in 0.646s {{(pid=81269) execute /opt/stack/data/venv/lib/python3.10/site-packages/oslo_concurrency/processutils.py:372}}
Nov 08 12:31:44 devstack cinder-volume[81269]: DEBUG cinder.volume.drivers.remotefs [None req-5929a7c1-f7b8-4409-a37a-445a5a3f7f29 tempest-GroupSnapshotsTest-1501837712 None] Fetching qemu-img info with special backing_file_template: (/opt/stack/data/cinder/mnt/[0-9a-f]+/)?(volume-250ccd7b-6062-4020-8bed-62ee6b48c94f(.(tmp-snap-)?[0-9a-f-]+)?|volume_from_snapshot_cache/(tmp-snap-)?[0-9a-f-]+(.(child-|parent-)[0-9a-f-]+)?)$ {{(pid=81269) _qemu_img_info_base /opt/stack/cinder/cinder/volume/drivers/remotefs.py:886}}
Nov 08 12:31:44 devstack cinder-volume[81269]: DEBUG oslo.privsep.daemon [-] privsep: reply[0c1aa533-db30-473a-906e-b685bc8a19fc]: (4, 'qcow2') {{(pid=82538) _call_back /opt/stack/data/venv/lib/python3.10/site-packages/oslo_privsep/daemon.py:515}}
