Sep 06 08:07:46 devstack cinder-volume[87307]: DEBUG oslo_concurrency.lockutils [None req-3220c265-d384-433c-93f0-3cf9c8a95677 tempest-SnapshotsActionsTest-1660447855 None] Lock "quobyte" "released" by "cinder.volume.drivers.quobyte.QuobyteDriver.create_snapshot" :: held 1.970s {{(pid=87307) inner /opt/stack/data/venv/lib/python3.12/site-packages/oslo_concurrency/lockutils.py:544}}
Sep 06 08:07:46 devstack cinder-volume[87307]: DEBUG oslo_concurrency.lockutils [None req-917e230f-3229-47e9-a598-5f5fcf0c824d tempest-AttachVolumeNegativeTest-105042574 None] Lock "quobyte" acquired by "cinder.volume.drivers.quobyte.QuobyteDriver.create_volume" :: waited 0.418s {{(pid=87307) inner /opt/stack/data/venv/lib/python3.12/site-packages/oslo_concurrency/lockutils.py:525}}
Sep 06 08:07:46 devstack cinder-volume[87307]: DEBUG cinder.volume.drivers.quobyte [None req-917e230f-3229-47e9-a598-5f5fcf0c824d tempest-AttachVolumeNegativeTest-105042574 None] ==> create_volume: call "{'self': , 'volume': Volume(_name_id=None,admin_metadata=,attach_status='detached',availability_zone='nova',bootable=False,cluster=,cluster_name=None,consistencygroup=,consistencygroup_id=None,created_at=2026-09-06T06:07:46Z,deleted=False,deleted_at=None,display_description=None,display_name='tempest-AttachVolumeNegativeTest-volume-434937312',ec2_id=None,encryption_key_id=None,glance_metadata=,group=,group_id=None,host='devstack@QuobyteHD#QuobyteHD',id=9eb0125f-4485-4503-8983-3985408e4cef,launched_at=None,metadata={},migration_status=None,multiattach=False,previous_status=None,project_id='22c2ea92397c46ec91eb2dcebf9cd1e2',provider_auth=None,provider_geometry=None,provider_id=None,provider_location=None,replication_driver_data=None,replication_extended_status=None,replication_status=None,scheduled_at=2026-09-06T06:07:46Z,service_uuid=None,shared_targets=True,size=1,snapshot_id=None,snapshots=,source_volid=None,status='creating',terminated_at=None,updated_at=2026-09-06T06:07:46Z,use_quota=True,user_id='0033a4af28c84efc85a423e04d743086',volume_attachment=VolumeAttachmentList,volume_type=VolumeType(d09e95cd-4a3c-48e9-928e-920e48becdff),volume_type_id=d09e95cd-4a3c-48e9-928e-920e48becdff)}" {{(pid=87307) trace_logging_wrapper /opt/stack/cinder/cinder/volume/volume_utils.py:1497}}
Sep 06 08:07:46 devstack cinder-volume[87307]: DEBUG cinder.volume.drivers.remotefs [None req-917e230f-3229-47e9-a598-5f5fcf0c824d tempest-AttachVolumeNegativeTest-105042574 None] Creating volume 9eb0125f-4485-4503-8983-3985408e4cef {{(pid=87307) create_volume /opt/stack/cinder/cinder/volume/drivers/remotefs.py:292}}
Sep 06 08:07:46 devstack cinder-volume[87307]: DEBUG oslo_concurrency.lockutils [None req-917e230f-3229-47e9-a598-5f5fcf0c824d tempest-AttachVolumeNegativeTest-105042574 None] Acquiring lock "quobyte_ensure" by "cinder.volume.drivers.quobyte.QuobyteDriver._ensure_shares_mounted" {{(pid=87307) inner /opt/stack/data/venv/lib/python3.12/site-packages/oslo_concurrency/lockutils.py:512}}
Sep 06 08:07:46 devstack cinder-volume[87307]: DEBUG oslo_concurrency.lockutils [None req-917e230f-3229-47e9-a598-5f5fcf0c824d tempest-AttachVolumeNegativeTest-105042574 None] Lock "quobyte_ensure" acquired by "cinder.volume.drivers.quobyte.QuobyteDriver._ensure_shares_mounted" :: waited 0.000s {{(pid=87307) inner /opt/stack/data/venv/lib/python3.12/site-packages/oslo_concurrency/lockutils.py:525}}
Sep 06 08:07:46 devstack cinder-volume[87307]: DEBUG cinder.volume.drivers.quobyte [None req-917e230f-3229-47e9-a598-5f5fcf0c824d tempest-AttachVolumeNegativeTest-105042574 None] Quobyte Volume URL set to: {'osci02.corp.quobyte.com/cinder-vol-bb1a3a98-cab8-444d-865b-8b769af18cd0': None} {{(pid=87307) _load_shares_config /opt/stack/cinder/cinder/volume/drivers/quobyte.py:665}}
Sep 06 08:07:46 devstack cinder-volume[87307]: DEBUG cinder.volume.drivers.quobyte [None req-917e230f-3229-47e9-a598-5f5fcf0c824d tempest-AttachVolumeNegativeTest-105042574 None] Available shares ['osci02.corp.quobyte.com/cinder-vol-bb1a3a98-cab8-444d-865b-8b769af18cd0'] {{(pid=87307) _ensure_shares_mounted /opt/stack/cinder/cinder/volume/drivers/quobyte.py:695}}
Sep 06 08:07:46 devstack cinder-volume[87307]: DEBUG oslo_concurrency.lockutils [None req-917e230f-3229-47e9-a598-5f5fcf0c824d tempest-AttachVolumeNegativeTest-105042574 None] Lock "quobyte_ensure" "released" by "cinder.volume.drivers.quobyte.QuobyteDriver._ensure_shares_mounted" :: held 0.007s {{(pid=87307) inner /opt/stack/data/venv/lib/python3.12/site-packages/oslo_concurrency/lockutils.py:544}}
Sep 06 08:07:46 devstack cinder-volume[87307]: DEBUG cinder.volume.drivers.quobyte [None req-917e230f-3229-47e9-a598-5f5fcf0c824d tempest-AttachVolumeNegativeTest-105042574 None] Selected osci02.corp.quobyte.com/cinder-vol-bb1a3a98-cab8-444d-865b-8b769af18cd0 as target Quobyte volume. {{(pid=87307) _find_share /opt/stack/cinder/cinder/volume/drivers/quobyte.py:716}}
Sep 06 08:07:46 devstack cinder-volume[87307]: INFO cinder.volume.drivers.remotefs [None req-917e230f-3229-47e9-a598-5f5fcf0c824d tempest-AttachVolumeNegativeTest-105042574 None] casted to osci02.corp.quobyte.com/cinder-vol-bb1a3a98-cab8-444d-865b-8b769af18cd0
Sep 06 08:07:46 devstack cinder-volume[87307]: DEBUG oslo_concurrency.processutils [None req-917e230f-3229-47e9-a598-5f5fcf0c824d tempest-AttachVolumeNegativeTest-105042574 None] Running cmd (subprocess): sudo cinder-rootwrap /etc/cinder/rootwrap.conf qemu-img create -f qcow2 -o preallocation=metadata /opt/stack/data/cinder/mnt/66056445333a2336b2f2e33925cedfee/volume-9eb0125f-4485-4503-8983-3985408e4cef 1073741824 {{(pid=87307) execute /opt/stack/data/venv/lib/python3.12/site-packages/oslo_concurrency/processutils.py:440}}
Sep 06 08:07:46 devstack sudo[94032]: quobyte : PWD=/ ; USER=root ; COMMAND=/opt/stack/data/venv/bin/cinder-rootwrap /etc/cinder/rootwrap.conf qemu-img create -f qcow2 -o preallocation=metadata /opt/stack/data/cinder/mnt/66056445333a2336b2f2e33925cedfee/volume-9eb0125f-4485-4503-8983-3985408e4cef 1073741824
Sep 06 08:07:46 devstack sudo[94032]: pam_unix(sudo:session): session opened for user root(uid=0) by (uid=1000)
Sep 06 08:07:46 devstack cinder-volume[87307]: INFO cinder.volume.manager [None req-3220c265-d384-433c-93f0-3cf9c8a95677 tempest-SnapshotsActionsTest-1660447855 None] Create snapshot completed successfully
Sep 06 08:07:46 devstack sudo[94029]: pam_unix(sudo:session): session closed for user root
Sep 06 08:07:46 devstack cinder-volume[87307]: DEBUG oslo_concurrency.processutils [None req-46f7d5d8-26ec-4be4-affe-c5533a300a52 tempest-VolumeQuotasAdminTestJSON-869029180 None] CMD "sudo cinder-rootwrap /etc/cinder/rootwrap.conf df --portability --block-size 1 /opt/stack/data/cinder/mnt/66056445333a2336b2f2e33925cedfee" returned: 0 in 0.286s {{(pid=87307) execute /opt/stack/data/venv/lib/python3.12/site-packages/oslo_concurrency/processutils.py:468}}
Sep 06 08:07:46 devstack cinder-volume[87307]: DEBUG cinder.manager [None req-46f7d5d8-26ec-4be4-affe-c5533a300a52 tempest-VolumeQuotasAdminTestJSON-869029180 None] Notifying Schedulers of capabilities ... {{(pid=87307) _publish_service_capabilities /opt/stack/cinder/cinder/manager.py:219}}
Sep 06 08:07:46 devstack cinder-volume[87307]: INFO cinder.volume.manager [None req-46f7d5d8-26ec-4be4-affe-c5533a300a52 tempest-VolumeQuotasAdminTestJSON-869029180 None] Deleted volume successfully.
Sep 06 08:07:46 devstack cinder-volume[87307]: DEBUG cinder.coordination [None req-46f7d5d8-26ec-4be4-affe-c5533a300a52 tempest-VolumeQuotasAdminTestJSON-869029180 None] Lock "cinder-007f8de0-6cd0-4e72-9237-1a3a578aa73f-delete_volume" released by "delete_volume" :: held 1.552s {{(pid=87307) __release /opt/stack/cinder/cinder/coordination.py:152}}
Sep 06 08:07:46 devstack cinder-volume[87307]: DEBUG cinder.coordination [None req-025b8058-6e5a-47d5-b893-bf09574ce239 tempest-SnapshotsActionsTest-1388110016 None] Acquiring lock "cinder-8ee5ad3b-1689-4909-bbd4-d8d96f887705-delete_snapshot" by "delete_snapshot" {{(pid=87307) __acquire /opt/stack/cinder/cinder/coordination.py:138}}
Sep 06 08:07:47 devstack cinder-volume[87307]: DEBUG cinder.coordination [None req-025b8058-6e5a-47d5-b893-bf09574ce239 tempest-SnapshotsActionsTest-1388110016 None] Lock "cinder-8ee5ad3b-1689-4909-bbd4-d8d96f887705-delete_snapshot" acquired by "delete_snapshot" :: waited 0.021s {{(pid=87307) __acquire /opt/stack/cinder/cinder/coordination.py:141}}
Sep 06 08:07:47 devstack cinder-volume[87307]: DEBUG cinder.coordination [None req-025b8058-6e5a-47d5-b893-bf09574ce239 tempest-SnapshotsActionsTest-1388110016 None] Acquiring lock "cinder-quobyte-f6c6d989-cf41-4ec6-9669-51f468dcefda" by "delete_snapshot" {{(pid=87307) __acquire /opt/stack/cinder/cinder/coordination.py:138}}
Sep 06 08:07:47 devstack cinder-volume[87307]: DEBUG cinder.coordination [None req-025b8058-6e5a-47d5-b893-bf09574ce239 tempest-SnapshotsActionsTest-1388110016 None] Lock "cinder-quobyte-f6c6d989-cf41-4ec6-9669-51f468dcefda" acquired by "delete_snapshot" :: waited 0.021s {{(pid=87307) __acquire /opt/stack/cinder/cinder/coordination.py:141}}
Sep 06 08:07:47 devstack cinder-volume[87307]: DEBUG cinder.coordination [None req-025b8058-6e5a-47d5-b893-bf09574ce239 tempest-SnapshotsActionsTest-1388110016 None] Acquiring lock "cinder-quobyte-8ee5ad3b-1689-4909-bbd4-d8d96f887705" by "_delete_snapshot" {{(pid=87307) __acquire /opt/stack/cinder/cinder/coordination.py:138}}
Sep 06 08:07:47 devstack cinder-volume[87307]: DEBUG cinder.coordination [None req-025b8058-6e5a-47d5-b893-bf09574ce239 tempest-SnapshotsActionsTest-1388110016 None] Lock "cinder-quobyte-8ee5ad3b-1689-4909-bbd4-d8d96f887705" acquired by "_delete_snapshot" :: waited 0.037s {{(pid=87307) __acquire /opt/stack/cinder/cinder/coordination.py:141}}
Sep 06 08:07:47 devstack cinder-volume[87307]: DEBUG cinder.volume.drivers.remotefs [None req-025b8058-6e5a-47d5-b893-bf09574ce239 tempest-SnapshotsActionsTest-1388110016 None] Deleting offline snapshot 8ee5ad3b-1689-4909-bbd4-d8d96f887705 of volume f6c6d989-cf41-4ec6-9669-51f468dcefda {{(pid=87307) _delete_snapshot /opt/stack/cinder/cinder/volume/drivers/remotefs.py:1288}}
Sep 06 08:07:47 devstack cinder-volume[87307]: DEBUG cinder.volume.drivers.remotefs [None req-025b8058-6e5a-47d5-b893-bf09574ce239 tempest-SnapshotsActionsTest-1388110016 None] snapshot_file for this snap is: volume-f6c6d989-cf41-4ec6-9669-51f468dcefda.8ee5ad3b-1689-4909-bbd4-d8d96f887705 {{(pid=87307) _delete_snapshot /opt/stack/cinder/cinder/volume/drivers/remotefs.py:1317}}
Sep 06 08:07:47 devstack cinder-volume[87307]: DEBUG oslo.privsep.daemon [-] privsep: reply[acb68778-2ff5-421b-92fc-ae1590b2302e]: (4, 'qcow2') {{(pid=88921) _call_back /opt/stack/data/venv/lib/python3.12/site-packages/oslo_privsep/daemon.py:580}}
Sep 06 08:07:47 devstack cinder-volume[87307]: DEBUG oslo_concurrency.processutils [None req-025b8058-6e5a-47d5-b893-bf09574ce239 tempest-SnapshotsActionsTest-1388110016 None] Running cmd (subprocess): /opt/stack/data/venv/bin/python3.12 -m oslo_concurrency.prlimit --as=1073741824 --cpu=60 -- sudo cinder-rootwrap /etc/cinder/rootwrap.conf env LC_ALL=C qemu-img info -f qcow2 --output=json --force-share /opt/stack/data/cinder/mnt/66056445333a2336b2f2e33925cedfee/volume-f6c6d989-cf41-4ec6-9669-51f468dcefda.8ee5ad3b-1689-4909-bbd4-d8d96f887705 {{(pid=87307) execute /opt/stack/data/venv/lib/python3.12/site-packages/oslo_concurrency/processutils.py:440}}
Sep 06 08:07:47 devstack sudo[94032]: pam_unix(sudo:session): session closed for user root
Sep 06 08:07:47 devstack cinder-volume[87307]: DEBUG oslo_concurrency.processutils [None req-917e230f-3229-47e9-a598-5f5fcf0c824d tempest-AttachVolumeNegativeTest-105042574 None] CMD "sudo cinder-rootwrap /etc/cinder/rootwrap.conf qemu-img create -f qcow2 -o preallocation=metadata /opt/stack/data/cinder/mnt/66056445333a2336b2f2e33925cedfee/volume-9eb0125f-4485-4503-8983-3985408e4cef 1073741824" returned: 0 in 0.610s {{(pid=87307) execute /opt/stack/data/venv/lib/python3.12/site-packages/oslo_concurrency/processutils.py:468}}
Sep 06 08:07:47 devstack sudo[94062]: quobyte : PWD=/ ; USER=root ; COMMAND=/opt/stack/data/venv/bin/cinder-rootwrap /etc/cinder/rootwrap.conf env LC_ALL=C qemu-img info -f qcow2 --output=json --force-share /opt/stack/data/cinder/mnt/66056445333a2336b2f2e33925cedfee/volume-f6c6d989-cf41-4ec6-9669-51f468dcefda.8ee5ad3b-1689-4909-bbd4-d8d96f887705
Sep 06 08:07:47 devstack sudo[94062]: pam_unix(sudo:session): session opened for user root(uid=0) by (uid=1000)
Sep 06 08:07:47 devstack cinder-volume[87307]: DEBUG oslo_concurrency.processutils [None req-917e230f-3229-47e9-a598-5f5fcf0c824d tempest-AttachVolumeNegativeTest-105042574 None] Running cmd (subprocess): sudo cinder-rootwrap /etc/cinder/rootwrap.conf chmod ugo+rw /opt/stack/data/cinder/mnt/66056445333a2336b2f2e33925cedfee/volume-9eb0125f-4485-4503-8983-3985408e4cef {{(pid=87307) execute /opt/stack/data/venv/lib/python3.12/site-packages/oslo_concurrency/processutils.py:440}}
Sep 06 08:07:47 devstack sudo[94064]: quobyte : PWD=/ ; USER=root ; COMMAND=/opt/stack/data/venv/bin/cinder-rootwrap /etc/cinder/rootwrap.conf chmod ugo+rw /opt/stack/data/cinder/mnt/66056445333a2336b2f2e33925cedfee/volume-9eb0125f-4485-4503-8983-3985408e4cef
Sep 06 08:07:47 devstack sudo[94064]: pam_unix(sudo:session): session opened for user root(uid=0) by (uid=1000)
Sep 06 08:07:47 devstack sudo[94062]: pam_unix(sudo:session): session closed for user root
Sep 06 08:07:47 devstack cinder-volume[87307]: DEBUG oslo_concurrency.processutils [None req-025b8058-6e5a-47d5-b893-bf09574ce239 tempest-SnapshotsActionsTest-1388110016 None] CMD "/opt/stack/data/venv/bin/python3.12 -m oslo_concurrency.prlimit --as=1073741824 --cpu=60 -- sudo cinder-rootwrap /etc/cinder/rootwrap.conf env LC_ALL=C qemu-img info -f qcow2 --output=json --force-share /opt/stack/data/cinder/mnt/66056445333a2336b2f2e33925cedfee/volume-f6c6d989-cf41-4ec6-9669-51f468dcefda.8ee5ad3b-1689-4909-bbd4-d8d96f887705" returned: 0 in 0.457s {{(pid=87307) execute /opt/stack/data/venv/lib/python3.12/site-packages/oslo_concurrency/processutils.py:468}}
Sep 06 08:07:47 devstack cinder-volume[87307]: DEBUG cinder.volume.drivers.remotefs [None req-025b8058-6e5a-47d5-b893-bf09574ce239 tempest-SnapshotsActionsTest-1388110016 None] Fetching qemu-img info with special backing_file_template: (/opt/stack/data/cinder/mnt/[0-9a-f]+/)?(volume-f6c6d989-cf41-4ec6-9669-51f468dcefda(.(tmp-snap-)?[0-9a-f-]+)?|volume_from_snapshot_cache/(tmp-snap-)?[0-9a-f-]+(.(child-|parent-)[0-9a-f-]+)?)$ {{(pid=87307) _qemu_img_info_base /opt/stack/cinder/cinder/volume/drivers/remotefs.py:896}}
Sep 06 08:07:47 devstack sudo[94064]: pam_unix(sudo:session): session closed for user root
Sep 06 08:07:47 devstack cinder-volume[87307]: DEBUG oslo_concurrency.processutils [None req-917e230f-3229-47e9-a598-5f5fcf0c824d tempest-AttachVolumeNegativeTest-105042574 None] CMD "sudo cinder-rootwrap /etc/cinder/rootwrap.conf chmod ugo+rw /opt/stack/data/cinder/mnt/66056445333a2336b2f2e33925cedfee/volume-9eb0125f-4485-4503-8983-3985408e4cef" returned: 0 in 0.331s {{(pid=87307) execute /opt/stack/data/venv/lib/python3.12/site-packages/oslo_concurrency/processutils.py:468}}
Sep 06 08:07:47 devstack cinder-volume[87307]: DEBUG cinder.volume.drivers.quobyte [None req-917e230f-3229-47e9-a598-5f5fcf0c824d tempest-AttachVolumeNegativeTest-105042574 None] <== create_volume: return (988ms) {'provider_location': 'osci02.corp.quobyte.com/cinder-vol-bb1a3a98-cab8-444d-865b-8b769af18cd0'} {{(pid=87307) trace_logging_wrapper /opt/stack/cinder/cinder/volume/volume_utils.py:1522}}
Sep 06 08:07:47 devstack cinder-volume[87307]: DEBUG oslo_concurrency.lockutils [None req-917e230f-3229-47e9-a598-5f5fcf0c824d tempest-AttachVolumeNegativeTest-105042574 None] Lock "quobyte" "released" by "cinder.volume.drivers.quobyte.QuobyteDriver.create_volume" :: held 0.991s {{(pid=87307) inner /opt/stack/data/venv/lib/python3.12/site-packages/oslo_concurrency/lockutils.py:544}}
Sep 06 08:07:47 devstack cinder-volume[87307]: DEBUG oslo.privsep.daemon [-] privsep: reply[657e530b-b45d-468b-8eed-2cedf82c9b13]: (4, 'qcow2') {{(pid=88921) _call_back /opt/stack/data/venv/lib/python3.12/site-packages/oslo_privsep/daemon.py:580}}
Sep 06 08:07:47 devstack cinder-volume[87307]: DEBUG oslo_concurrency.processutils [None req-025b8058-6e5a-47d5-b893-bf09574ce239 tempest-SnapshotsActionsTest-1388110016 None] Running cmd (subprocess): /opt/stack/data/venv/bin/python3.12 -m oslo_concurrency.prlimit --as=1073741824 --cpu=60 -- sudo cinder-rootwrap /etc/cinder/rootwrap.conf env LC_ALL=C qemu-img info -f qcow2 --output=json --force-share /opt/stack/data/cinder/mnt/66056445333a2336b2f2e33925cedfee/volume-f6c6d989-cf41-4ec6-9669-51f468dcefda.2f49ab6f-c5ca-452a-9c77-2e15f1aa906d {{(pid=87307) execute /opt/stack/data/venv/lib/python3.12/site-packages/oslo_concurrency/processutils.py:440}}
Sep 06 08:07:47 devstack cinder-volume[87307]: DEBUG cinder.volume.manager [None req-917e230f-3229-47e9-a598-5f5fcf0c824d tempest-AttachVolumeNegativeTest-105042574 None] Task 'cinder.volume.flows.manager.create_volume.CreateVolumeFromSpecTask;volume:create' (37ee5516-4035-4748-b737-f5d7172aa414) transitioned into state 'SUCCESS' from state 'RUNNING' with result '{'status': 'creating', 'volume_name': 'volume-9eb0125f-4485-4503-8983-3985408e4cef', 'volume_size': 1}' {{(pid=87307) _task_receiver /opt/stack/data/venv/lib/python3.12/site-packages/taskflow/listeners/logging.py:218}}
Sep 06 08:07:47 devstack cinder-volume[87307]: DEBUG cinder.volume.manager [None req-917e230f-3229-47e9-a598-5f5fcf0c824d tempest-AttachVolumeNegativeTest-105042574 None] Task 'cinder.volume.flows.manager.create_volume.CreateVolumeOnFinishTask;volume:create, create.end' (2dc87e29-388a-4e82-aaa0-0d1f369d0913) transitioned into state 'RUNNING' from state 'PENDING' {{(pid=87307) _task_receiver /opt/stack/data/venv/lib/python3.12/site-packages/taskflow/listeners/logging.py:242}}
Sep 06 08:07:47 devstack cinder-volume[87307]: INFO cinder.volume.flows.manager.create_volume [None req-917e230f-3229-47e9-a598-5f5fcf0c824d tempest-AttachVolumeNegativeTest-105042574 None] Volume volume-9eb0125f-4485-4503-8983-3985408e4cef (9eb0125f-4485-4503-8983-3985408e4cef): created successfully
Sep 06 08:07:47 devstack cinder-volume[87307]: DEBUG cinder.volume.manager [None req-917e230f-3229-47e9-a598-5f5fcf0c824d tempest-AttachVolumeNegativeTest-105042574 None] Task 'cinder.volume.flows.manager.create_volume.CreateVolumeOnFinishTask;volume:create, create.end' (2dc87e29-388a-4e82-aaa0-0d1f369d0913) transitioned into state 'SUCCESS' from state 'RUNNING' with result 'None' {{(pid=87307) _task_receiver /opt/stack/data/venv/lib/python3.12/site-packages/taskflow/listeners/logging.py:218}}
Sep 06 08:07:47 devstack cinder-volume[87307]: DEBUG cinder.volume.manager [None req-917e230f-3229-47e9-a598-5f5fcf0c824d tempest-AttachVolumeNegativeTest-105042574 None] Flow 'volume_create_manager' (9e22e981-ab59-47bc-9c09-0e0f42131400) transitioned into state 'SUCCESS' from state 'RUNNING' {{(pid=87307) _flow_receiver /opt/stack/data/venv/lib/python3.12/site-packages/taskflow/listeners/logging.py:160}}
Sep 06 08:07:47 devstack cinder-volume[87307]: INFO cinder.volume.manager [None req-917e230f-3229-47e9-a598-5f5fcf0c824d tempest-AttachVolumeNegativeTest-105042574 None] Created volume successfully.
Sep 06 08:07:47 devstack sudo[94084]: quobyte : PWD=/ ; USER=root ; COMMAND=/opt/stack/data/venv/bin/cinder-rootwrap /etc/cinder/rootwrap.conf env LC_ALL=C qemu-img info -f qcow2 --output=json --force-share /opt/stack/data/cinder/mnt/66056445333a2336b2f2e33925cedfee/volume-f6c6d989-cf41-4ec6-9669-51f468dcefda.2f49ab6f-c5ca-452a-9c77-2e15f1aa906d
Sep 06 08:07:47 devstack sudo[94084]: pam_unix(sudo:session): session opened for user root(uid=0) by (uid=1000)
Sep 06 08:07:48 devstack sudo[94084]: pam_unix(sudo:session): session closed for user root
Sep 06 08:07:48 devstack cinder-volume[87307]: DEBUG oslo_concurrency.processutils [None req-025b8058-6e5a-47d5-b893-bf09574ce239 tempest-SnapshotsActionsTest-1388110016 None] CMD "/opt/stack/data/venv/bin/python3.12 -m oslo_concurrency.prlimit --as=1073741824 --cpu=60 -- sudo cinder-rootwrap /etc/cinder/rootwrap.conf env LC_ALL=C qemu-img info -f qcow2 --output=json --force-share /opt/stack/data/cinder/mnt/66056445333a2336b2f2e33925cedfee/volume-f6c6d989-cf41-4ec6-9669-51f468dcefda.2f49ab6f-c5ca-452a-9c77-2e15f1aa906d" returned: 0 in 0.440s {{(pid=87307) execute /opt/stack/data/venv/lib/python3.12/site-packages/oslo_concurrency/processutils.py:468}}
Sep 06 08:07:48 devstack cinder-volume[87307]: DEBUG cinder.volume.drivers.remotefs [None req-025b8058-6e5a-47d5-b893-bf09574ce239 tempest-SnapshotsActionsTest-1388110016 None] Fetching qemu-img info with special backing_file_template: (/opt/stack/data/cinder/mnt/[0-9a-f]+/)?(volume-f6c6d989-cf41-4ec6-9669-51f468dcefda(.(tmp-snap-)?[0-9a-f-]+)?|volume_from_snapshot_cache/(tmp-snap-)?[0-9a-f-]+(.(child-|parent-)[0-9a-f-]+)?)$ {{(pid=87307) _qemu_img_info_base /opt/stack/cinder/cinder/volume/drivers/remotefs.py:896}}
Sep 06 08:07:48 devstack cinder-volume[87307]: DEBUG oslo_concurrency.processutils [None req-025b8058-6e5a-47d5-b893-bf09574ce239 tempest-SnapshotsActionsTest-1388110016 None] Running cmd (subprocess): sudo cinder-rootwrap /etc/cinder/rootwrap.conf qemu-img commit -d /opt/stack/data/cinder/mnt/66056445333a2336b2f2e33925cedfee/volume-f6c6d989-cf41-4ec6-9669-51f468dcefda.8ee5ad3b-1689-4909-bbd4-d8d96f887705 {{(pid=87307) execute /opt/stack/data/venv/lib/python3.12/site-packages/oslo_concurrency/processutils.py:440}}
Sep 06 08:07:48 devstack sudo[94089]: quobyte : PWD=/ ; USER=root ; COMMAND=/opt/stack/data/venv/bin/cinder-rootwrap /etc/cinder/rootwrap.conf qemu-img commit -d /opt/stack/data/cinder/mnt/66056445333a2336b2f2e33925cedfee/volume-f6c6d989-cf41-4ec6-9669-51f468dcefda.8ee5ad3b-1689-4909-bbd4-d8d96f887705
Sep 06 08:07:48 devstack sudo[94089]: pam_unix(sudo:session): session opened for user root(uid=0) by (uid=1000)
Sep 06 08:07:48 devstack sudo[94089]: pam_unix(sudo:session): session closed for user root
Sep 06 08:07:48 devstack cinder-volume[87307]: DEBUG oslo_concurrency.processutils [None req-025b8058-6e5a-47d5-b893-bf09574ce239 tempest-SnapshotsActionsTest-1388110016 None] CMD "sudo cinder-rootwrap /etc/cinder/rootwrap.conf qemu-img commit -d /opt/stack/data/cinder/mnt/66056445333a2336b2f2e33925cedfee/volume-f6c6d989-cf41-4ec6-9669-51f468dcefda.8ee5ad3b-1689-4909-bbd4-d8d96f887705" returned: 0 in 0.494s {{(pid=87307) execute /opt/stack/data/venv/lib/python3.12/site-packages/oslo_concurrency/processutils.py:468}}
Sep 06 08:07:48 devstack cinder-volume[87307]: DEBUG oslo_concurrency.processutils [None req-025b8058-6e5a-47d5-b893-bf09574ce239 tempest-SnapshotsActionsTest-1388110016 None] Running cmd (subprocess): sudo cinder-rootwrap /etc/cinder/rootwrap.conf rm -f /opt/stack/data/cinder/mnt/66056445333a2336b2f2e33925cedfee/volume-f6c6d989-cf41-4ec6-9669-51f468dcefda.8ee5ad3b-1689-4909-bbd4-d8d96f887705 {{(pid=87307) execute /opt/stack/data/venv/lib/python3.12/site-packages/oslo_concurrency/processutils.py:440}}
Sep 06 08:07:48 devstack sudo[94100]: quobyte : PWD=/ ; USER=root ; COMMAND=/opt/stack/data/venv/bin/cinder-rootwrap /etc/cinder/rootwrap.conf rm -f /opt/stack/data/cinder/mnt/66056445333a2336b2f2e33925cedfee/volume-f6c6d989-cf41-4ec6-9669-51f468dcefda.8ee5ad3b-1689-4909-bbd4-d8d96f887705
Sep 06 08:07:48 devstack sudo[94100]: pam_unix(sudo:session): session opened for user root(uid=0) by (uid=1000)
Sep 06 08:07:48 devstack sudo[94100]: pam_unix(sudo:session): session closed for user root
Sep 06 08:07:48 devstack cinder-volume[87307]: DEBUG oslo_concurrency.processutils [None req-025b8058-6e5a-47d5-b893-bf09574ce239 tempest-SnapshotsActionsTest-1388110016 None] CMD "sudo cinder-rootwrap /etc/cinder/rootwrap.conf rm -f /opt/stack/data/cinder/mnt/66056445333a2336b2f2e33925cedfee/volume-f6c6d989-cf41-4ec6-9669-51f468dcefda.8ee5ad3b-1689-4909-bbd4-d8d96f887705" returned: 0 in 0.318s {{(pid=87307) execute /opt/stack/data/venv/lib/python3.12/site-packages/oslo_concurrency/processutils.py:468}}
Sep 06 08:07:48 devstack cinder-volume[87307]: DEBUG cinder.coordination [None req-025b8058-6e5a-47d5-b893-bf09574ce239 tempest-SnapshotsActionsTest-1388110016 None] Lock "cinder-quobyte-8ee5ad3b-1689-4909-bbd4-d8d96f887705" released by "_delete_snapshot" :: held 1.854s {{(pid=87307) __release /opt/stack/cinder/cinder/coordination.py:152}}
Sep 06 08:07:48 devstack cinder-volume[87307]: DEBUG cinder.coordination [None req-025b8058-6e5a-47d5-b893-bf09574ce239 tempest-SnapshotsActionsTest-1388110016 None] Lock "cinder-quobyte-f6c6d989-cf41-4ec6-9669-51f468dcefda" released by "delete_snapshot" :: held 1.902s {{(pid=87307) __release /opt/stack/cinder/cinder/coordination.py:152}}
Sep 06 08:07:49 devstack cinder-volume[87307]: DEBUG cinder.quota [None req-025b8058-6e5a-47d5-b893-bf09574ce239 tempest-SnapshotsActionsTest-1388110016 None] Created reservations ['25b1bce1-b375-40ed-bed1-1e703cbbc0db', 'ea0d2301-563e-43f9-9ea7-5aa5fded0d8a', '91bfc07e-50b7-4de6-bd15-a304a985db89', '4841ae4e-23c6-42c6-bad7-2a9bf598c4cc'] {{(pid=87307) reserve /opt/stack/cinder/cinder/quota.py:752}}
Sep 06 08:07:49 devstack cinder-volume[87307]: INFO cinder.volume.manager [None req-025b8058-6e5a-47d5-b893-bf09574ce239 tempest-SnapshotsActionsTest-1388110016 None] Delete snapshot completed successfully.
Sep 06 08:07:49 devstack cinder-volume[87307]: DEBUG cinder.coordination [None req-025b8058-6e5a-47d5-b893-bf09574ce239 tempest-SnapshotsActionsTest-1388110016 None] Lock "cinder-8ee5ad3b-1689-4909-bbd4-d8d96f887705-delete_snapshot" released by "delete_snapshot" :: held 2.065s {{(pid=87307) __release /opt/stack/cinder/cinder/coordination.py:152}}
Sep 06 08:07:49 devstack cinder-volume[87307]: DEBUG oslo_concurrency.lockutils [req-c6d9931e-9e6e-468c-bdde-01e2e56c44f1 req-fe34bc0b-d275-4564-8eb3-b973b6fa3f3b tempest-AttachVolumeNegativeTest-105042574 None] Acquiring lock "quobyte" by "cinder.volume.drivers.quobyte.QuobyteDriver.initialize_connection" {{(pid=87307) inner /opt/stack/data/venv/lib/python3.12/site-packages/oslo_concurrency/lockutils.py:512}}
Sep 06 08:07:49 devstack cinder-volume[87307]: DEBUG oslo_concurrency.lockutils [req-c6d9931e-9e6e-468c-bdde-01e2e56c44f1 req-fe34bc0b-d275-4564-8eb3-b973b6fa3f3b tempest-AttachVolumeNegativeTest-105042574 None] Lock "quobyte" acquired by "cinder.volume.drivers.quobyte.QuobyteDriver.initialize_connection" :: waited 0.001s {{(pid=87307) inner /opt/stack/data/venv/lib/python3.12/site-packages/oslo_concurrency/lockutils.py:525}}
Sep 06 08:07:49 devstack cinder-volume[87307]: DEBUG oslo_concurrency.lockutils [req-c6d9931e-9e6e-468c-bdde-01e2e56c44f1 req-fe34bc0b-d275-4564-8eb3-b973b6fa3f3b tempest-AttachVolumeNegativeTest-105042574 None] Lock "quobyte" "released" by "cinder.volume.drivers.quobyte.QuobyteDriver.initialize_connection" :: held 0.016s {{(pid=87307) inner /opt/stack/data/venv/lib/python3.12/site-packages/oslo_concurrency/lockutils.py:544}}
Sep 06 08:07:49 devstack cinder-volume[87307]: DEBUG cinder.volume.manager [req-c6d9931e-9e6e-468c-bdde-01e2e56c44f1 req-fe34bc0b-d275-4564-8eb3-b973b6fa3f3b tempest-AttachVolumeNegativeTest-105042574 None] Connection info returned from driver {'export': 'osci02.corp.quobyte.com/cinder-vol-bb1a3a98-cab8-444d-865b-8b769af18cd0', 'name': 'volume-9eb0125f-4485-4503-8983-3985408e4cef', 'options': None, 'format': 'qcow2', 'qos_specs': None, 'access_mode': 'rw', 'encrypted': False, 'cacheable': False, 'driver_volume_type': 'quobyte', 'mount_point_base': '/opt/stack/data/cinder/mnt', 'attachment_id': '6dcee71e-9328-41f8-b022-c3dbf698ba5a', 'enforce_multipath': True} {{(pid=87307) _connection_create /opt/stack/cinder/cinder/volume/manager.py:4924}}
Sep 06 08:07:49 devstack cinder-volume[87307]: INFO cinder.volume.manager [req-c6d9931e-9e6e-468c-bdde-01e2e56c44f1 req-fe34bc0b-d275-4564-8eb3-b973b6fa3f3b tempest-AttachVolumeNegativeTest-105042574 None] attachment_update completed successfully.
Sep 06 08:07:49 devstack cinder-volume[87307]: DEBUG oslo_concurrency.lockutils [None req-522e8946-4434-42c8-85b4-b6545dee6e1d tempest-SnapshotsActionsTest-1660447855 None] Acquiring lock "quobyte" by "cinder.volume.drivers.quobyte.QuobyteDriver.create_snapshot" {{(pid=87307) inner /opt/stack/data/venv/lib/python3.12/site-packages/oslo_concurrency/lockutils.py:512}}
Sep 06 08:07:49 devstack cinder-volume[87307]: DEBUG oslo_concurrency.lockutils [None req-522e8946-4434-42c8-85b4-b6545dee6e1d tempest-SnapshotsActionsTest-1660447855 None] Lock "quobyte" acquired by "cinder.volume.drivers.quobyte.QuobyteDriver.create_snapshot" :: waited 0.001s {{(pid=87307) inner /opt/stack/data/venv/lib/python3.12/site-packages/oslo_concurrency/lockutils.py:525}}
Sep 06 08:07:49 devstack cinder-volume[87307]: DEBUG cinder.volume.drivers.remotefs [None req-522e8946-4434-42c8-85b4-b6545dee6e1d tempest-SnapshotsActionsTest-1660447855 None] Creating offline snapshot d9f4a234-efdd-4011-9575-d281a2a118cc of volume f6c6d989-cf41-4ec6-9669-51f468dcefda {{(pid=87307) _create_snapshot /opt/stack/cinder/cinder/volume/drivers/remotefs.py:1816}}
Sep 06 08:07:49 devstack cinder-volume[87307]: DEBUG oslo.privsep.daemon [-] privsep: reply[b1845227-4be9-4a96-baa5-2c3a76613a17]: (4, 'qcow2') {{(pid=88921) _call_back /opt/stack/data/venv/lib/python3.12/site-packages/oslo_privsep/daemon.py:580}}
Sep 06 08:07:49 devstack cinder-volume[87307]: DEBUG oslo_concurrency.processutils [None req-522e8946-4434-42c8-85b4-b6545dee6e1d tempest-SnapshotsActionsTest-1660447855 None] Running cmd (subprocess): /opt/stack/data/venv/bin/python3.12 -m oslo_concurrency.prlimit --as=1073741824 --cpu=60 -- sudo cinder-rootwrap /etc/cinder/rootwrap.conf env LC_ALL=C qemu-img info -f qcow2 --output=json --force-share /opt/stack/data/cinder/mnt/66056445333a2336b2f2e33925cedfee/volume-f6c6d989-cf41-4ec6-9669-51f468dcefda.2f49ab6f-c5ca-452a-9c77-2e15f1aa906d {{(pid=87307) execute /opt/stack/data/venv/lib/python3.12/site-packages/oslo_concurrency/processutils.py:440}}
Sep 06 08:07:49 devstack sudo[94115]: quobyte : PWD=/ ; USER=root ; COMMAND=/opt/stack/data/venv/bin/cinder-rootwrap /etc/cinder/rootwrap.conf env LC_ALL=C qemu-img info -f qcow2 --output=json --force-share /opt/stack/data/cinder/mnt/66056445333a2336b2f2e33925cedfee/volume-f6c6d989-cf41-4ec6-9669-51f468dcefda.2f49ab6f-c5ca-452a-9c77-2e15f1aa906d
Sep 06 08:07:49 devstack sudo[94115]: pam_unix(sudo:session): session opened for user root(uid=0) by (uid=1000)
Sep 06 08:07:50 devstack sudo[94115]: pam_unix(sudo:session): session closed for user root
Sep 06 08:07:50 devstack cinder-volume[87307]: DEBUG oslo_concurrency.processutils [None req-522e8946-4434-42c8-85b4-b6545dee6e1d tempest-SnapshotsActionsTest-1660447855 None] CMD "/opt/stack/data/venv/bin/python3.12 -m oslo_concurrency.prlimit --as=1073741824 --cpu=60 -- sudo cinder-rootwrap /etc/cinder/rootwrap.conf env LC_ALL=C qemu-img info -f qcow2 --output=json --force-share /opt/stack/data/cinder/mnt/66056445333a2336b2f2e33925cedfee/volume-f6c6d989-cf41-4ec6-9669-51f468dcefda.2f49ab6f-c5ca-452a-9c77-2e15f1aa906d" returned: 0 in 0.456s {{(pid=87307) execute /opt/stack/data/venv/lib/python3.12/site-packages/oslo_concurrency/processutils.py:468}}
Sep 06 08:07:50 devstack cinder-volume[87307]: DEBUG cinder.volume.drivers.remotefs [None req-522e8946-4434-42c8-85b4-b6545dee6e1d tempest-SnapshotsActionsTest-1660447855 None] Fetching qemu-img info with special backing_file_template: (/opt/stack/data/cinder/mnt/[0-9a-f]+/)?(volume-f6c6d989-cf41-4ec6-9669-51f468dcefda(.(tmp-snap-)?[0-9a-f-]+)?|volume_from_snapshot_cache/(tmp-snap-)?[0-9a-f-]+(.(child-|parent-)[0-9a-f-]+)?)$ {{(pid=87307) _qemu_img_info_base /opt/stack/cinder/cinder/volume/drivers/remotefs.py:896}}
Sep 06 08:07:50 devstack cinder-volume[87307]: DEBUG oslo_concurrency.processutils [None req-522e8946-4434-42c8-85b4-b6545dee6e1d tempest-SnapshotsActionsTest-1660447855 None] Running cmd (subprocess): sudo cinder-rootwrap /etc/cinder/rootwrap.conf qemu-img create -f qcow2 -o backing_file=/opt/stack/data/cinder/mnt/66056445333a2336b2f2e33925cedfee/volume-f6c6d989-cf41-4ec6-9669-51f468dcefda.2f49ab6f-c5ca-452a-9c77-2e15f1aa906d,backing_fmt=qcow2 /opt/stack/data/cinder/mnt/66056445333a2336b2f2e33925cedfee/volume-f6c6d989-cf41-4ec6-9669-51f468dcefda.d9f4a234-efdd-4011-9575-d281a2a118cc 1G {{(pid=87307) execute /opt/stack/data/venv/lib/python3.12/site-packages/oslo_concurrency/processutils.py:440}}
Sep 06 08:07:50 devstack sudo[94120]: quobyte : PWD=/ ; USER=root ; COMMAND=/opt/stack/data/venv/bin/cinder-rootwrap /etc/cinder/rootwrap.conf qemu-img create -f qcow2 -o backing_file=/opt/stack/data/cinder/mnt/66056445333a2336b2f2e33925cedfee/volume-f6c6d989-cf41-4ec6-9669-51f468dcefda.2f49ab6f-c5ca-452a-9c77-2e15f1aa906d,backing_fmt=qcow2 /opt/stack/data/cinder/mnt/66056445333a2336b2f2e33925cedfee/volume-f6c6d989-cf41-4ec6-9669-51f468dcefda.d9f4a234-efdd-4011-9575-d281a2a118cc 1G
Sep 06 08:07:50 devstack sudo[94120]: pam_unix(sudo:session): session opened for user root(uid=0) by (uid=1000)
Sep 06 08:07:50 devstack sudo[94120]: pam_unix(sudo:session): session closed for user root
Sep 06 08:07:50 devstack cinder-volume[87307]: DEBUG oslo_concurrency.processutils [None req-522e8946-4434-42c8-85b4-b6545dee6e1d tempest-SnapshotsActionsTest-1660447855 None] CMD "sudo cinder-rootwrap /etc/cinder/rootwrap.conf qemu-img create -f qcow2 -o backing_file=/opt/stack/data/cinder/mnt/66056445333a2336b2f2e33925cedfee/volume-f6c6d989-cf41-4ec6-9669-51f468dcefda.2f49ab6f-c5ca-452a-9c77-2e15f1aa906d,backing_fmt=qcow2 /opt/stack/data/cinder/mnt/66056445333a2336b2f2e33925cedfee/volume-f6c6d989-cf41-4ec6-9669-51f468dcefda.d9f4a234-efdd-4011-9575-d281a2a118cc 1G" returned: 0 in 0.532s {{(pid=87307) execute /opt/stack/data/venv/lib/python3.12/site-packages/oslo_concurrency/processutils.py:468}}
Sep 06 08:07:50 devstack cinder-volume[87307]: DEBUG oslo_concurrency.processutils [None req-522e8946-4434-42c8-85b4-b6545dee6e1d tempest-SnapshotsActionsTest-1660447855 None] Running cmd (subprocess): sudo cinder-rootwrap /etc/cinder/rootwrap.conf qemu-img rebase -u -b volume-f6c6d989-cf41-4ec6-9669-51f468dcefda.2f49ab6f-c5ca-452a-9c77-2e15f1aa906d -F qcow2 /opt/stack/data/cinder/mnt/66056445333a2336b2f2e33925cedfee/volume-f6c6d989-cf41-4ec6-9669-51f468dcefda.d9f4a234-efdd-4011-9575-d281a2a118cc {{(pid=87307) execute /opt/stack/data/venv/lib/python3.12/site-packages/oslo_concurrency/processutils.py:440}}
Sep 06 08:07:50 devstack sudo[94126]: quobyte : PWD=/ ; USER=root ; COMMAND=/opt/stack/data/venv/bin/cinder-rootwrap /etc/cinder/rootwrap.conf qemu-img rebase -u -b volume-f6c6d989-cf41-4ec6-9669-51f468dcefda.2f49ab6f-c5ca-452a-9c77-2e15f1aa906d -F qcow2 /opt/stack/data/cinder/mnt/66056445333a2336b2f2e33925cedfee/volume-f6c6d989-cf41-4ec6-9669-51f468dcefda.d9f4a234-efdd-4011-9575-d281a2a118cc
Sep 06 08:07:50 devstack sudo[94126]: pam_unix(sudo:session): session opened for user root(uid=0) by (uid=1000)
Sep 06 08:07:50 devstack sudo[94126]: pam_unix(sudo:session): session closed for user root
Sep 06 08:07:50 devstack cinder-volume[87307]: DEBUG oslo_concurrency.processutils [None req-522e8946-4434-42c8-85b4-b6545dee6e1d tempest-SnapshotsActionsTest-1660447855 None] CMD "sudo cinder-rootwrap /etc/cinder/rootwrap.conf qemu-img rebase -u -b volume-f6c6d989-cf41-4ec6-9669-51f468dcefda.2f49ab6f-c5ca-452a-9c77-2e15f1aa906d -F qcow2 /opt/stack/data/cinder/mnt/66056445333a2336b2f2e33925cedfee/volume-f6c6d989-cf41-4ec6-9669-51f468dcefda.d9f4a234-efdd-4011-9575-d281a2a118cc" returned: 0 in 0.308s {{(pid=87307) execute /opt/stack/data/venv/lib/python3.12/site-packages/oslo_concurrency/processutils.py:468}}
Sep 06 08:07:50 devstack cinder-volume[87307]: WARNING cinder.volume.drivers.remotefs [None req-522e8946-4434-42c8-85b4-b6545dee6e1d tempest-SnapshotsActionsTest-1660447855 None] /opt/stack/data/cinder/mnt/66056445333a2336b2f2e33925cedfee/volume-f6c6d989-cf41-4ec6-9669-51f468dcefda.d9f4a234-efdd-4011-9575-d281a2a118cc is being set with open permissions: ugo+rw
Sep 06 08:07:50 devstack cinder-volume[87307]: DEBUG oslo_concurrency.processutils [None req-522e8946-4434-42c8-85b4-b6545dee6e1d tempest-SnapshotsActionsTest-1660447855 None] Running cmd (subprocess): sudo cinder-rootwrap /etc/cinder/rootwrap.conf chmod ugo+rw /opt/stack/data/cinder/mnt/66056445333a2336b2f2e33925cedfee/volume-f6c6d989-cf41-4ec6-9669-51f468dcefda.d9f4a234-efdd-4011-9575-d281a2a118cc {{(pid=87307) execute /opt/stack/data/venv/lib/python3.12/site-packages/oslo_concurrency/processutils.py:440}}
Sep 06 08:07:50 devstack sudo[94132]: quobyte : PWD=/ ; USER=root ; COMMAND=/opt/stack/data/venv/bin/cinder-rootwrap /etc/cinder/rootwrap.conf chmod ugo+rw /opt/stack/data/cinder/mnt/66056445333a2336b2f2e33925cedfee/volume-f6c6d989-cf41-4ec6-9669-51f468dcefda.d9f4a234-efdd-4011-9575-d281a2a118cc
Sep 06 08:07:50 devstack sudo[94132]: pam_unix(sudo:session): session opened for user root(uid=0) by (uid=1000)
Sep 06 08:07:51 devstack sudo[94132]: pam_unix(sudo:session): session closed for user root
Sep 06 08:07:51 devstack cinder-volume[87307]: DEBUG oslo_concurrency.processutils [None req-522e8946-4434-42c8-85b4-b6545dee6e1d tempest-SnapshotsActionsTest-1660447855 None] CMD "sudo cinder-rootwrap /etc/cinder/rootwrap.conf chmod ugo+rw /opt/stack/data/cinder/mnt/66056445333a2336b2f2e33925cedfee/volume-f6c6d989-cf41-4ec6-9669-51f468dcefda.d9f4a234-efdd-4011-9575-d281a2a118cc" returned: 0 in 0.266s {{(pid=87307) execute /opt/stack/data/venv/lib/python3.12/site-packages/oslo_concurrency/processutils.py:468}}
Sep 06 08:07:51 devstack cinder-volume[87307]: DEBUG oslo_concurrency.lockutils [None req-522e8946-4434-42c8-85b4-b6545dee6e1d tempest-SnapshotsActionsTest-1660447855 None] Lock "quobyte" "released" by "cinder.volume.drivers.quobyte.QuobyteDriver.create_snapshot" :: held 1.713s {{(pid=87307) inner /opt/stack/data/venv/lib/python3.12/site-packages/oslo_concurrency/lockutils.py:544}}
Sep 06 08:07:51 devstack cinder-volume[87307]: INFO cinder.volume.manager [None req-522e8946-4434-42c8-85b4-b6545dee6e1d tempest-SnapshotsActionsTest-1660447855 None] Create snapshot completed successfully
Sep 06 08:07:51 devstack cinder-volume[87307]: DEBUG cinder.coordination [None req-de18dade-a55d-4ff9-a5dc-fa86338831d2 tempest-SnapshotsActionsTest-1388110016 None] Acquiring lock "cinder-d9f4a234-efdd-4011-9575-d281a2a118cc-delete_snapshot" by "delete_snapshot" {{(pid=87307) __acquire /opt/stack/cinder/cinder/coordination.py:138}}
Sep 06 08:07:51 devstack cinder-volume[87307]: DEBUG cinder.coordination [None req-de18dade-a55d-4ff9-a5dc-fa86338831d2 tempest-SnapshotsActionsTest-1388110016 None] Lock "cinder-d9f4a234-efdd-4011-9575-d281a2a118cc-delete_snapshot" acquired by "delete_snapshot" :: waited 0.021s {{(pid=87307) __acquire /opt/stack/cinder/cinder/coordination.py:141}}
Sep 06 08:07:51 devstack cinder-volume[87307]: DEBUG cinder.coordination [None req-de18dade-a55d-4ff9-a5dc-fa86338831d2 tempest-SnapshotsActionsTest-1388110016 None] Acquiring lock "cinder-quobyte-f6c6d989-cf41-4ec6-9669-51f468dcefda" by "delete_snapshot" {{(pid=87307) __acquire /opt/stack/cinder/cinder/coordination.py:138}}
Sep 06 08:07:51 devstack cinder-volume[87307]: DEBUG cinder.coordination [None req-de18dade-a55d-4ff9-a5dc-fa86338831d2 tempest-SnapshotsActionsTest-1388110016 None] Lock "cinder-quobyte-f6c6d989-cf41-4ec6-9669-51f468dcefda" acquired by "delete_snapshot" :: waited 0.022s {{(pid=87307) __acquire /opt/stack/cinder/cinder/coordination.py:141}}
Sep 06 08:07:51 devstack cinder-volume[87307]: DEBUG cinder.coordination [None req-de18dade-a55d-4ff9-a5dc-fa86338831d2 tempest-SnapshotsActionsTest-1388110016 None] Acquiring lock "cinder-quobyte-d9f4a234-efdd-4011-9575-d281a2a118cc" by "_delete_snapshot" {{(pid=87307) __acquire /opt/stack/cinder/cinder/coordination.py:138}}
Sep 06 08:07:51 devstack cinder-volume[87307]: DEBUG cinder.coordination [None req-de18dade-a55d-4ff9-a5dc-fa86338831d2 tempest-SnapshotsActionsTest-1388110016 None] Lock "cinder-quobyte-d9f4a234-efdd-4011-9575-d281a2a118cc" acquired by "_delete_snapshot" :: waited 0.015s {{(pid=87307) __acquire /opt/stack/cinder/cinder/coordination.py:141}}
Sep 06 08:07:51 devstack cinder-volume[87307]: DEBUG cinder.volume.drivers.remotefs [None req-de18dade-a55d-4ff9-a5dc-fa86338831d2 tempest-SnapshotsActionsTest-1388110016 None] Deleting offline snapshot d9f4a234-efdd-4011-9575-d281a2a118cc of volume f6c6d989-cf41-4ec6-9669-51f468dcefda {{(pid=87307) _delete_snapshot /opt/stack/cinder/cinder/volume/drivers/remotefs.py:1288}}
Sep 06 08:07:51 devstack cinder-volume[87307]: DEBUG cinder.volume.drivers.remotefs [None req-de18dade-a55d-4ff9-a5dc-fa86338831d2 tempest-SnapshotsActionsTest-1388110016 None] snapshot_file for this snap is: volume-f6c6d989-cf41-4ec6-9669-51f468dcefda.d9f4a234-efdd-4011-9575-d281a2a118cc {{(pid=87307) _delete_snapshot /opt/stack/cinder/cinder/volume/drivers/remotefs.py:1317}}
Sep 06 08:07:51 devstack cinder-volume[87307]: DEBUG oslo.privsep.daemon [-] privsep: reply[b1072fd3-0971-4c62-bcb4-f40a4ee53847]: (4, 'qcow2') {{(pid=88921) _call_back /opt/stack/data/venv/lib/python3.12/site-packages/oslo_privsep/daemon.py:580}}
Sep 06 08:07:51 devstack cinder-volume[87307]: DEBUG oslo_concurrency.processutils [None req-de18dade-a55d-4ff9-a5dc-fa86338831d2 tempest-SnapshotsActionsTest-1388110016 None] Running cmd (subprocess): /opt/stack/data/venv/bin/python3.12 -m oslo_concurrency.prlimit --as=1073741824 --cpu=60 -- sudo cinder-rootwrap /etc/cinder/rootwrap.conf env LC_ALL=C qemu-img info -f qcow2 --output=json --force-share /opt/stack/data/cinder/mnt/66056445333a2336b2f2e33925cedfee/volume-f6c6d989-cf41-4ec6-9669-51f468dcefda.d9f4a234-efdd-4011-9575-d281a2a118cc {{(pid=87307) execute /opt/stack/data/venv/lib/python3.12/site-packages/oslo_concurrency/processutils.py:440}}
Sep 06 08:07:51 devstack sudo[94136]: quobyte : PWD=/ ; USER=root ; COMMAND=/opt/stack/data/venv/bin/cinder-rootwrap /etc/cinder/rootwrap.conf env LC_ALL=C qemu-img info -f qcow2 --output=json --force-share /opt/stack/data/cinder/mnt/66056445333a2336b2f2e33925cedfee/volume-f6c6d989-cf41-4ec6-9669-51f468dcefda.d9f4a234-efdd-4011-9575-d281a2a118cc
Sep 06 08:07:51 devstack sudo[94136]: pam_unix(sudo:session): session opened for user root(uid=0) by (uid=1000)
Sep 06 08:07:51 devstack cinder-volume[87307]: INFO cinder.volume.manager [req-215068bb-aa59-41ff-aeab-813a1ab56644 req-d0310781-e9e2-4bea-b4b6-206afa28c23d tempest-AttachVolumeNegativeTest-105042574 None] Terminate volume connection completed successfully.
Sep 06 08:07:51 devstack cinder-volume[87307]: DEBUG cinder.volume.manager [req-215068bb-aa59-41ff-aeab-813a1ab56644 req-d0310781-e9e2-4bea-b4b6-206afa28c23d tempest-AttachVolumeNegativeTest-105042574 None] Deleting attachment 6dcee71e-9328-41f8-b022-c3dbf698ba5a. {{(pid=87307) attachment_delete /opt/stack/cinder/cinder/volume/manager.py:5055}}
Sep 06 08:07:52 devstack sudo[94136]: pam_unix(sudo:session): session closed for user root
Sep 06 08:07:52 devstack cinder-volume[87307]: DEBUG oslo_concurrency.processutils [None req-de18dade-a55d-4ff9-a5dc-fa86338831d2 tempest-SnapshotsActionsTest-1388110016 None] CMD "/opt/stack/data/venv/bin/python3.12 -m oslo_concurrency.prlimit --as=1073741824 --cpu=60 -- sudo cinder-rootwrap /etc/cinder/rootwrap.conf env LC_ALL=C qemu-img info -f qcow2 --output=json --force-share /opt/stack/data/cinder/mnt/66056445333a2336b2f2e33925cedfee/volume-f6c6d989-cf41-4ec6-9669-51f468dcefda.d9f4a234-efdd-4011-9575-d281a2a118cc" returned: 0 in 0.418s {{(pid=87307) execute /opt/stack/data/venv/lib/python3.12/site-packages/oslo_concurrency/processutils.py:468}}
Sep 06 08:07:52 devstack cinder-volume[87307]: DEBUG cinder.volume.drivers.remotefs [None req-de18dade-a55d-4ff9-a5dc-fa86338831d2 tempest-SnapshotsActionsTest-1388110016 None] Fetching qemu-img info with special backing_file_template: (/opt/stack/data/cinder/mnt/[0-9a-f]+/)?(volume-f6c6d989-cf41-4ec6-9669-51f468dcefda(.(tmp-snap-)?[0-9a-f-]+)?|volume_from_snapshot_cache/(tmp-snap-)?[0-9a-f-]+(.(child-|parent-)[0-9a-f-]+)?)$ {{(pid=87307) _qemu_img_info_base /opt/stack/cinder/cinder/volume/drivers/remotefs.py:896}}
Sep 06 08:07:52 devstack cinder-volume[87307]: DEBUG oslo.privsep.daemon [-] privsep: reply[9b255906-dc1d-4cb3-b56b-cf67644cd6af]: (4, 'qcow2') {{(pid=88921) _call_back /opt/stack/data/venv/lib/python3.12/site-packages/oslo_privsep/daemon.py:580}}
Sep 06 08:07:52 devstack cinder-volume[87307]: DEBUG oslo_concurrency.processutils [None req-de18dade-a55d-4ff9-a5dc-fa86338831d2 tempest-SnapshotsActionsTest-1388110016 None] Running cmd (subprocess): /opt/stack/data/venv/bin/python3.12 -m oslo_concurrency.prlimit --as=1073741824 --cpu=60 -- sudo cinder-rootwrap /etc/cinder/rootwrap.conf env LC_ALL=C qemu-img info -f qcow2 --output=json --force-share /opt/stack/data/cinder/mnt/66056445333a2336b2f2e33925cedfee/volume-f6c6d989-cf41-4ec6-9669-51f468dcefda.2f49ab6f-c5ca-452a-9c77-2e15f1aa906d {{(pid=87307) execute /opt/stack/data/venv/lib/python3.12/site-packages/oslo_concurrency/processutils.py:440}}
Sep 06 08:07:52 devstack sudo[94143]: quobyte : PWD=/ ; USER=root ; COMMAND=/opt/stack/data/venv/bin/cinder-rootwrap /etc/cinder/rootwrap.conf env LC_ALL=C qemu-img info -f qcow2 --output=json --force-share /opt/stack/data/cinder/mnt/66056445333a2336b2f2e33925cedfee/volume-f6c6d989-cf41-4ec6-9669-51f468dcefda.2f49ab6f-c5ca-452a-9c77-2e15f1aa906d
Sep 06 08:07:52 devstack sudo[94143]: pam_unix(sudo:session): session opened for user root(uid=0) by (uid=1000)
Sep 06 08:07:52 devstack sudo[94143]: pam_unix(sudo:session): session closed for user root
Sep 06 08:07:52 devstack cinder-volume[87307]: DEBUG oslo_concurrency.processutils [None req-de18dade-a55d-4ff9-a5dc-fa86338831d2 tempest-SnapshotsActionsTest-1388110016 None] CMD "/opt/stack/data/venv/bin/python3.12 -m oslo_concurrency.prlimit --as=1073741824 --cpu=60 -- sudo cinder-rootwrap /etc/cinder/rootwrap.conf env LC_ALL=C qemu-img info -f qcow2 --output=json --force-share /opt/stack/data/cinder/mnt/66056445333a2336b2f2e33925cedfee/volume-f6c6d989-cf41-4ec6-9669-51f468dcefda.2f49ab6f-c5ca-452a-9c77-2e15f1aa906d" returned: 0 in 0.402s {{(pid=87307) execute /opt/stack/data/venv/lib/python3.12/site-packages/oslo_concurrency/processutils.py:468}}
Sep 06 08:07:52 devstack cinder-volume[87307]: DEBUG cinder.volume.drivers.remotefs [None req-de18dade-a55d-4ff9-a5dc-fa86338831d2 tempest-SnapshotsActionsTest-1388110016 None] Fetching qemu-img info with special backing_file_template: (/opt/stack/data/cinder/mnt/[0-9a-f]+/)?(volume-f6c6d989-cf41-4ec6-9669-51f468dcefda(.(tmp-snap-)?[0-9a-f-]+)?|volume_from_snapshot_cache/(tmp-snap-)?[0-9a-f-]+(.(child-|parent-)[0-9a-f-]+)?)$ {{(pid=87307) _qemu_img_info_base /opt/stack/cinder/cinder/volume/drivers/remotefs.py:896}}
Sep 06 08:07:52 devstack cinder-volume[87307]: DEBUG oslo_concurrency.processutils [None req-de18dade-a55d-4ff9-a5dc-fa86338831d2 tempest-SnapshotsActionsTest-1388110016 None] Running cmd (subprocess): sudo cinder-rootwrap /etc/cinder/rootwrap.conf qemu-img commit -d /opt/stack/data/cinder/mnt/66056445333a2336b2f2e33925cedfee/volume-f6c6d989-cf41-4ec6-9669-51f468dcefda.d9f4a234-efdd-4011-9575-d281a2a118cc {{(pid=87307) execute /opt/stack/data/venv/lib/python3.12/site-packages/oslo_concurrency/processutils.py:440}}
Sep 06 08:07:52 devstack sudo[94148]: quobyte : PWD=/ ; USER=root ; COMMAND=/opt/stack/data/venv/bin/cinder-rootwrap /etc/cinder/rootwrap.conf qemu-img commit -d /opt/stack/data/cinder/mnt/66056445333a2336b2f2e33925cedfee/volume-f6c6d989-cf41-4ec6-9669-51f468dcefda.d9f4a234-efdd-4011-9575-d281a2a118cc
Sep 06 08:07:52 devstack sudo[94148]: pam_unix(sudo:session): session opened for user root(uid=0) by (uid=1000)
Sep 06 08:07:53 devstack sudo[94148]: pam_unix(sudo:session): session closed for user root
Sep 06 08:07:53 devstack cinder-volume[87307]: DEBUG oslo_concurrency.processutils [None req-de18dade-a55d-4ff9-a5dc-fa86338831d2 tempest-SnapshotsActionsTest-1388110016 None] CMD "sudo cinder-rootwrap /etc/cinder/rootwrap.conf qemu-img commit -d /opt/stack/data/cinder/mnt/66056445333a2336b2f2e33925cedfee/volume-f6c6d989-cf41-4ec6-9669-51f468dcefda.d9f4a234-efdd-4011-9575-d281a2a118cc" returned: 0 in 0.448s {{(pid=87307) execute /opt/stack/data/venv/lib/python3.12/site-packages/oslo_concurrency/processutils.py:468}}
Sep 06 08:07:53 devstack cinder-volume[87307]: DEBUG oslo_concurrency.processutils [None req-de18dade-a55d-4ff9-a5dc-fa86338831d2 tempest-SnapshotsActionsTest-1388110016 None] Running cmd (subprocess): sudo cinder-rootwrap /etc/cinder/rootwrap.conf rm -f /opt/stack/data/cinder/mnt/66056445333a2336b2f2e33925cedfee/volume-f6c6d989-cf41-4ec6-9669-51f468dcefda.d9f4a234-efdd-4011-9575-d281a2a118cc {{(pid=87307) execute /opt/stack/data/venv/lib/python3.12/site-packages/oslo_concurrency/processutils.py:440}}
Sep 06 08:07:53 devstack sudo[94157]: quobyte : PWD=/ ; USER=root ; COMMAND=/opt/stack/data/venv/bin/cinder-rootwrap /etc/cinder/rootwrap.conf rm -f /opt/stack/data/cinder/mnt/66056445333a2336b2f2e33925cedfee/volume-f6c6d989-cf41-4ec6-9669-51f468dcefda.d9f4a234-efdd-4011-9575-d281a2a118cc
Sep 06 08:07:53 devstack sudo[94157]: pam_unix(sudo:session): session opened for user root(uid=0) by (uid=1000)
Sep 06 08:07:53 devstack sudo[94157]: pam_unix(sudo:session): session closed for user root
Sep 06 08:07:53 devstack cinder-volume[87307]: DEBUG oslo_concurrency.processutils [None req-de18dade-a55d-4ff9-a5dc-fa86338831d2 tempest-SnapshotsActionsTest-1388110016 None] CMD "sudo cinder-rootwrap /etc/cinder/rootwrap.conf rm -f /opt/stack/data/cinder/mnt/66056445333a2336b2f2e33925cedfee/volume-f6c6d989-cf41-4ec6-9669-51f468dcefda.d9f4a234-efdd-4011-9575-d281a2a118cc" returned: 0 in 0.384s {{(pid=87307) execute /opt/stack/data/venv/lib/python3.12/site-packages/oslo_concurrency/processutils.py:468}}
