Sep 06 08:06:12 devstack sudo[92117]: pam_unix(sudo:session): session opened for user root(uid=0) by (uid=1000)
Sep 06 08:06:12 devstack cinder-volume[87307]: INFO cinder.volume.flows.manager.create_volume [None req-94cc21e8-e007-45ca-b600-d051e8eb1d5d tempest-AttachVolumeNegativeTest-105042574 None] Volume volume-6fb84fd1-6209-4b5a-b40a-f13e5b302772 (6fb84fd1-6209-4b5a-b40a-f13e5b302772): created successfully
Sep 06 08:06:12 devstack cinder-volume[87307]: DEBUG cinder.volume.manager [None req-94cc21e8-e007-45ca-b600-d051e8eb1d5d tempest-AttachVolumeNegativeTest-105042574 None] Task 'cinder.volume.flows.manager.create_volume.CreateVolumeOnFinishTask;volume:create, create.end' (6f3db0f8-aa9e-448d-8246-33f623c42a0d) transitioned into state 'SUCCESS' from state 'RUNNING' with result 'None' {{(pid=87307) _task_receiver /opt/stack/data/venv/lib/python3.12/site-packages/taskflow/listeners/logging.py:218}}
Sep 06 08:06:12 devstack cinder-volume[87307]: DEBUG cinder.volume.manager [None req-94cc21e8-e007-45ca-b600-d051e8eb1d5d tempest-AttachVolumeNegativeTest-105042574 None] Flow 'volume_create_manager' (43df37cb-f10b-47b4-aca1-4f1c6096bbdc) transitioned into state 'SUCCESS' from state 'RUNNING' {{(pid=87307) _flow_receiver /opt/stack/data/venv/lib/python3.12/site-packages/taskflow/listeners/logging.py:160}}
Sep 06 08:06:12 devstack cinder-volume[87307]: INFO cinder.volume.manager [None req-94cc21e8-e007-45ca-b600-d051e8eb1d5d tempest-AttachVolumeNegativeTest-105042574 None] Created volume successfully.
Sep 06 08:06:12 devstack sudo[92117]: pam_unix(sudo:session): session closed for user root
Sep 06 08:06:12 devstack cinder-volume[87307]: DEBUG oslo_concurrency.processutils [req-6f7bebea-fa48-4fa1-9b88-4fff230ad7ea req-57ca2d70-0b69-4d5e-966e-1ded4833c8f9 tempest-VolumesGetTestJSON-1915428821 None] CMD "sudo cinder-rootwrap /etc/cinder/rootwrap.conf qemu-img create -f qcow2 -o preallocation=metadata /opt/stack/data/cinder/mnt/66056445333a2336b2f2e33925cedfee/volume-bee295b3-7ba1-4f63-954d-aa5c6379185e 1073741824" returned: 0 in 0.529s {{(pid=87307) execute /opt/stack/data/venv/lib/python3.12/site-packages/oslo_concurrency/processutils.py:468}}
Sep 06 08:06:12 devstack cinder-volume[87307]: DEBUG oslo_concurrency.processutils [req-6f7bebea-fa48-4fa1-9b88-4fff230ad7ea req-57ca2d70-0b69-4d5e-966e-1ded4833c8f9 tempest-VolumesGetTestJSON-1915428821 None] Running cmd (subprocess): sudo cinder-rootwrap /etc/cinder/rootwrap.conf chmod ugo+rw /opt/stack/data/cinder/mnt/66056445333a2336b2f2e33925cedfee/volume-bee295b3-7ba1-4f63-954d-aa5c6379185e {{(pid=87307) execute /opt/stack/data/venv/lib/python3.12/site-packages/oslo_concurrency/processutils.py:440}}
Sep 06 08:06:12 devstack sudo[92122]: quobyte : PWD=/ ; USER=root ; COMMAND=/opt/stack/data/venv/bin/cinder-rootwrap /etc/cinder/rootwrap.conf chmod ugo+rw /opt/stack/data/cinder/mnt/66056445333a2336b2f2e33925cedfee/volume-bee295b3-7ba1-4f63-954d-aa5c6379185e
Sep 06 08:06:12 devstack sudo[92122]: pam_unix(sudo:session): session opened for user root(uid=0) by (uid=1000)
Sep 06 08:06:12 devstack sudo[92122]: pam_unix(sudo:session): session closed for user root
Sep 06 08:06:12 devstack cinder-volume[87307]: DEBUG oslo_concurrency.processutils [req-6f7bebea-fa48-4fa1-9b88-4fff230ad7ea req-57ca2d70-0b69-4d5e-966e-1ded4833c8f9 tempest-VolumesGetTestJSON-1915428821 None] CMD "sudo cinder-rootwrap /etc/cinder/rootwrap.conf chmod ugo+rw /opt/stack/data/cinder/mnt/66056445333a2336b2f2e33925cedfee/volume-bee295b3-7ba1-4f63-954d-aa5c6379185e" returned: 0 in 0.269s {{(pid=87307) execute /opt/stack/data/venv/lib/python3.12/site-packages/oslo_concurrency/processutils.py:468}}
Sep 06 08:06:12 devstack cinder-volume[87307]: DEBUG cinder.volume.drivers.quobyte [req-6f7bebea-fa48-4fa1-9b88-4fff230ad7ea req-57ca2d70-0b69-4d5e-966e-1ded4833c8f9 tempest-VolumesGetTestJSON-1915428821 None] <== create_volume: return (842ms) {'provider_location': 'osci02.corp.quobyte.com/cinder-vol-bb1a3a98-cab8-444d-865b-8b769af18cd0'} {{(pid=87307) trace_logging_wrapper /opt/stack/cinder/cinder/volume/volume_utils.py:1522}}
Sep 06 08:06:12 devstack cinder-volume[87307]: DEBUG oslo_concurrency.lockutils [req-6f7bebea-fa48-4fa1-9b88-4fff230ad7ea req-57ca2d70-0b69-4d5e-966e-1ded4833c8f9 tempest-VolumesGetTestJSON-1915428821 None] Lock "quobyte" "released" by "cinder.volume.drivers.quobyte.QuobyteDriver.create_volume" :: held 0.845s {{(pid=87307) inner /opt/stack/data/venv/lib/python3.12/site-packages/oslo_concurrency/lockutils.py:544}}
Sep 06 08:06:12 devstack cinder-volume[87307]: DEBUG oslo_concurrency.lockutils [None req-f963e862-6dc4-443e-9297-99f39e0f5475 tempest-GroupSnapshotsTest-1472890853 None] Lock "quobyte" acquired by "cinder.volume.drivers.quobyte.QuobyteDriver.create_volume" :: waited 0.860s {{(pid=87307) inner /opt/stack/data/venv/lib/python3.12/site-packages/oslo_concurrency/lockutils.py:525}}
Sep 06 08:06:12 devstack cinder-volume[87307]: DEBUG cinder.volume.drivers.quobyte [None req-f963e862-6dc4-443e-9297-99f39e0f5475 tempest-GroupSnapshotsTest-1472890853 None] ==> create_volume: call "{'self': , 'volume': Volume(_name_id=None,admin_metadata=,attach_status='detached',availability_zone='nova',bootable=False,cluster=,cluster_name=None,consistencygroup=,consistencygroup_id=4a7f87ab-c757-4cb7-b683-b9f94b16f454,created_at=2026-09-06T06:06:11Z,deleted=False,deleted_at=None,display_description=None,display_name='tempest-volume-1523013681',ec2_id=None,encryption_key_id=None,glance_metadata=,group=,group_id=4a7f87ab-c757-4cb7-b683-b9f94b16f454,host='devstack@QuobyteHD#QuobyteHD',id=cfdece52-62f3-43c1-9082-ca68a964862b,launched_at=None,metadata={},migration_status=None,multiattach=False,previous_status=None,project_id='f5a4e6cc4e6c4d5da94a7ab201730c51',provider_auth=None,provider_geometry=None,provider_id=None,provider_location=None,replication_driver_data=None,replication_extended_status=None,replication_status=None,scheduled_at=2026-09-06T06:06:12Z,service_uuid=None,shared_targets=True,size=1,snapshot_id=None,snapshots=,source_volid=None,status='creating',terminated_at=None,updated_at=2026-09-06T06:06:12Z,use_quota=True,user_id='2670d520f5574714be375c35184af357',volume_attachment=VolumeAttachmentList,volume_type=VolumeType(c6335288-52e4-47cd-9e1c-83f799039534),volume_type_id=c6335288-52e4-47cd-9e1c-83f799039534)}" {{(pid=87307) trace_logging_wrapper /opt/stack/cinder/cinder/volume/volume_utils.py:1497}}
Sep 06 08:06:12 devstack cinder-volume[87307]: DEBUG cinder.volume.drivers.remotefs [None req-f963e862-6dc4-443e-9297-99f39e0f5475 tempest-GroupSnapshotsTest-1472890853 None] Creating volume cfdece52-62f3-43c1-9082-ca68a964862b {{(pid=87307) create_volume /opt/stack/cinder/cinder/volume/drivers/remotefs.py:292}}
Sep 06 08:06:12 devstack cinder-volume[87307]: DEBUG oslo_concurrency.lockutils [None req-f963e862-6dc4-443e-9297-99f39e0f5475 tempest-GroupSnapshotsTest-1472890853 None] Acquiring lock "quobyte_ensure" by "cinder.volume.drivers.quobyte.QuobyteDriver._ensure_shares_mounted" {{(pid=87307) inner /opt/stack/data/venv/lib/python3.12/site-packages/oslo_concurrency/lockutils.py:512}}
Sep 06 08:06:12 devstack cinder-volume[87307]: DEBUG oslo_concurrency.lockutils [None req-f963e862-6dc4-443e-9297-99f39e0f5475 tempest-GroupSnapshotsTest-1472890853 None] Lock "quobyte_ensure" acquired by "cinder.volume.drivers.quobyte.QuobyteDriver._ensure_shares_mounted" :: waited 0.000s {{(pid=87307) inner /opt/stack/data/venv/lib/python3.12/site-packages/oslo_concurrency/lockutils.py:525}}
Sep 06 08:06:12 devstack cinder-volume[87307]: DEBUG cinder.volume.drivers.quobyte [None req-f963e862-6dc4-443e-9297-99f39e0f5475 tempest-GroupSnapshotsTest-1472890853 None] Quobyte Volume URL set to: {'osci02.corp.quobyte.com/cinder-vol-bb1a3a98-cab8-444d-865b-8b769af18cd0': None} {{(pid=87307) _load_shares_config /opt/stack/cinder/cinder/volume/drivers/quobyte.py:665}}
Sep 06 08:06:12 devstack cinder-volume[87307]: DEBUG cinder.volume.drivers.quobyte [None req-f963e862-6dc4-443e-9297-99f39e0f5475 tempest-GroupSnapshotsTest-1472890853 None] Available shares ['osci02.corp.quobyte.com/cinder-vol-bb1a3a98-cab8-444d-865b-8b769af18cd0'] {{(pid=87307) _ensure_shares_mounted /opt/stack/cinder/cinder/volume/drivers/quobyte.py:695}}
Sep 06 08:06:12 devstack cinder-volume[87307]: DEBUG oslo_concurrency.lockutils [None req-f963e862-6dc4-443e-9297-99f39e0f5475 tempest-GroupSnapshotsTest-1472890853 None] Lock "quobyte_ensure" "released" by "cinder.volume.drivers.quobyte.QuobyteDriver._ensure_shares_mounted" :: held 0.008s {{(pid=87307) inner /opt/stack/data/venv/lib/python3.12/site-packages/oslo_concurrency/lockutils.py:544}}
Sep 06 08:06:12 devstack cinder-volume[87307]: DEBUG cinder.volume.drivers.quobyte [None req-f963e862-6dc4-443e-9297-99f39e0f5475 tempest-GroupSnapshotsTest-1472890853 None] Selected osci02.corp.quobyte.com/cinder-vol-bb1a3a98-cab8-444d-865b-8b769af18cd0 as target Quobyte volume. {{(pid=87307) _find_share /opt/stack/cinder/cinder/volume/drivers/quobyte.py:716}}
Sep 06 08:06:12 devstack cinder-volume[87307]: INFO cinder.volume.drivers.remotefs [None req-f963e862-6dc4-443e-9297-99f39e0f5475 tempest-GroupSnapshotsTest-1472890853 None] casted to osci02.corp.quobyte.com/cinder-vol-bb1a3a98-cab8-444d-865b-8b769af18cd0
Sep 06 08:06:12 devstack cinder-volume[87307]: DEBUG oslo_concurrency.processutils [None req-f963e862-6dc4-443e-9297-99f39e0f5475 tempest-GroupSnapshotsTest-1472890853 None] Running cmd (subprocess): sudo cinder-rootwrap /etc/cinder/rootwrap.conf qemu-img create -f qcow2 -o preallocation=metadata /opt/stack/data/cinder/mnt/66056445333a2336b2f2e33925cedfee/volume-cfdece52-62f3-43c1-9082-ca68a964862b 1073741824 {{(pid=87307) execute /opt/stack/data/venv/lib/python3.12/site-packages/oslo_concurrency/processutils.py:440}}
Sep 06 08:06:12 devstack cinder-volume[87307]: DEBUG cinder.volume.manager [req-6f7bebea-fa48-4fa1-9b88-4fff230ad7ea req-57ca2d70-0b69-4d5e-966e-1ded4833c8f9 tempest-VolumesGetTestJSON-1915428821 None] Task 'cinder.volume.flows.manager.create_volume.CreateVolumeFromSpecTask;volume:create' (55cfccc7-f03f-4780-855e-58824692ae2b) transitioned into state 'SUCCESS' from state 'RUNNING' with result '{'status': 'creating', 'volume_name': 'volume-bee295b3-7ba1-4f63-954d-aa5c6379185e', 'volume_size': 1}' {{(pid=87307) _task_receiver /opt/stack/data/venv/lib/python3.12/site-packages/taskflow/listeners/logging.py:218}}
Sep 06 08:06:12 devstack sudo[92125]: quobyte : PWD=/ ; USER=root ; COMMAND=/opt/stack/data/venv/bin/cinder-rootwrap /etc/cinder/rootwrap.conf qemu-img create -f qcow2 -o preallocation=metadata /opt/stack/data/cinder/mnt/66056445333a2336b2f2e33925cedfee/volume-cfdece52-62f3-43c1-9082-ca68a964862b 1073741824
Sep 06 08:06:12 devstack cinder-volume[87307]: DEBUG cinder.volume.manager [req-6f7bebea-fa48-4fa1-9b88-4fff230ad7ea req-57ca2d70-0b69-4d5e-966e-1ded4833c8f9 tempest-VolumesGetTestJSON-1915428821 None] Task 'cinder.volume.flows.manager.create_volume.CreateVolumeOnFinishTask;volume:create, create.end' (1fa6604e-5cf9-4df2-be4c-b4a0f7a8bdf9) transitioned into state 'RUNNING' from state 'PENDING' {{(pid=87307) _task_receiver /opt/stack/data/venv/lib/python3.12/site-packages/taskflow/listeners/logging.py:242}}
Sep 06 08:06:12 devstack sudo[92125]: pam_unix(sudo:session): session opened for user root(uid=0) by (uid=1000)
Sep 06 08:06:12 devstack cinder-volume[87307]: INFO cinder.volume.flows.manager.create_volume [req-6f7bebea-fa48-4fa1-9b88-4fff230ad7ea req-57ca2d70-0b69-4d5e-966e-1ded4833c8f9 tempest-VolumesGetTestJSON-1915428821 None] Volume volume-bee295b3-7ba1-4f63-954d-aa5c6379185e (bee295b3-7ba1-4f63-954d-aa5c6379185e): created successfully
Sep 06 08:06:12 devstack cinder-volume[87307]: DEBUG cinder.volume.manager [req-6f7bebea-fa48-4fa1-9b88-4fff230ad7ea req-57ca2d70-0b69-4d5e-966e-1ded4833c8f9 tempest-VolumesGetTestJSON-1915428821 None] Task 'cinder.volume.flows.manager.create_volume.CreateVolumeOnFinishTask;volume:create, create.end' (1fa6604e-5cf9-4df2-be4c-b4a0f7a8bdf9) transitioned into state 'SUCCESS' from state 'RUNNING' with result 'None' {{(pid=87307) _task_receiver /opt/stack/data/venv/lib/python3.12/site-packages/taskflow/listeners/logging.py:218}}
Sep 06 08:06:12 devstack cinder-volume[87307]: DEBUG cinder.volume.manager [req-6f7bebea-fa48-4fa1-9b88-4fff230ad7ea req-57ca2d70-0b69-4d5e-966e-1ded4833c8f9 tempest-VolumesGetTestJSON-1915428821 None] Flow 'volume_create_manager' (d5f100d7-82ae-4431-9115-2c134f2f3be6) transitioned into state 'SUCCESS' from state 'RUNNING' {{(pid=87307) _flow_receiver /opt/stack/data/venv/lib/python3.12/site-packages/taskflow/listeners/logging.py:160}}
Sep 06 08:06:12 devstack cinder-volume[87307]: INFO cinder.volume.manager [req-6f7bebea-fa48-4fa1-9b88-4fff230ad7ea req-57ca2d70-0b69-4d5e-966e-1ded4833c8f9 tempest-VolumesGetTestJSON-1915428821 None] Created volume successfully.
Sep 06 08:06:13 devstack sudo[92125]: pam_unix(sudo:session): session closed for user root
Sep 06 08:06:13 devstack cinder-volume[87307]: DEBUG oslo_concurrency.processutils [None req-f963e862-6dc4-443e-9297-99f39e0f5475 tempest-GroupSnapshotsTest-1472890853 None] CMD "sudo cinder-rootwrap /etc/cinder/rootwrap.conf qemu-img create -f qcow2 -o preallocation=metadata /opt/stack/data/cinder/mnt/66056445333a2336b2f2e33925cedfee/volume-cfdece52-62f3-43c1-9082-ca68a964862b 1073741824" returned: 0 in 0.590s {{(pid=87307) execute /opt/stack/data/venv/lib/python3.12/site-packages/oslo_concurrency/processutils.py:468}}
Sep 06 08:06:13 devstack cinder-volume[87307]: DEBUG oslo_concurrency.processutils [None req-f963e862-6dc4-443e-9297-99f39e0f5475 tempest-GroupSnapshotsTest-1472890853 None] Running cmd (subprocess): sudo cinder-rootwrap /etc/cinder/rootwrap.conf chmod ugo+rw /opt/stack/data/cinder/mnt/66056445333a2336b2f2e33925cedfee/volume-cfdece52-62f3-43c1-9082-ca68a964862b {{(pid=87307) execute /opt/stack/data/venv/lib/python3.12/site-packages/oslo_concurrency/processutils.py:440}}
Sep 06 08:06:13 devstack sudo[92138]: quobyte : PWD=/ ; USER=root ; COMMAND=/opt/stack/data/venv/bin/cinder-rootwrap /etc/cinder/rootwrap.conf chmod ugo+rw /opt/stack/data/cinder/mnt/66056445333a2336b2f2e33925cedfee/volume-cfdece52-62f3-43c1-9082-ca68a964862b
Sep 06 08:06:13 devstack sudo[92138]: pam_unix(sudo:session): session opened for user root(uid=0) by (uid=1000)
Sep 06 08:06:13 devstack cinder-volume[87307]: DEBUG oslo_concurrency.lockutils [req-b09f9a94-4081-41e2-b78d-b87a063a0906 req-3215fe4a-eff6-48cb-9d25-b84c5641f5c3 tempest-AttachVolumeNegativeTest-105042574 None] Acquiring lock "quobyte" by "cinder.volume.drivers.quobyte.QuobyteDriver.initialize_connection" {{(pid=87307) inner /opt/stack/data/venv/lib/python3.12/site-packages/oslo_concurrency/lockutils.py:512}}
Sep 06 08:06:13 devstack sudo[92138]: pam_unix(sudo:session): session closed for user root
Sep 06 08:06:13 devstack cinder-volume[87307]: DEBUG oslo_concurrency.processutils [None req-f963e862-6dc4-443e-9297-99f39e0f5475 tempest-GroupSnapshotsTest-1472890853 None] CMD "sudo cinder-rootwrap /etc/cinder/rootwrap.conf chmod ugo+rw /opt/stack/data/cinder/mnt/66056445333a2336b2f2e33925cedfee/volume-cfdece52-62f3-43c1-9082-ca68a964862b" returned: 0 in 0.320s {{(pid=87307) execute /opt/stack/data/venv/lib/python3.12/site-packages/oslo_concurrency/processutils.py:468}}
Sep 06 08:06:13 devstack cinder-volume[87307]: DEBUG cinder.volume.drivers.quobyte [None req-f963e862-6dc4-443e-9297-99f39e0f5475 tempest-GroupSnapshotsTest-1472890853 None] <== create_volume: return (958ms) {'provider_location': 'osci02.corp.quobyte.com/cinder-vol-bb1a3a98-cab8-444d-865b-8b769af18cd0'} {{(pid=87307) trace_logging_wrapper /opt/stack/cinder/cinder/volume/volume_utils.py:1522}}
Sep 06 08:06:13 devstack cinder-volume[87307]: DEBUG oslo_concurrency.lockutils [None req-f963e862-6dc4-443e-9297-99f39e0f5475 tempest-GroupSnapshotsTest-1472890853 None] Lock "quobyte" "released" by "cinder.volume.drivers.quobyte.QuobyteDriver.create_volume" :: held 0.963s {{(pid=87307) inner /opt/stack/data/venv/lib/python3.12/site-packages/oslo_concurrency/lockutils.py:544}}
Sep 06 08:06:13 devstack cinder-volume[87307]: DEBUG oslo_concurrency.lockutils [req-b09f9a94-4081-41e2-b78d-b87a063a0906 req-3215fe4a-eff6-48cb-9d25-b84c5641f5c3 tempest-AttachVolumeNegativeTest-105042574 None] Lock "quobyte" acquired by "cinder.volume.drivers.quobyte.QuobyteDriver.initialize_connection" :: waited 0.122s {{(pid=87307) inner /opt/stack/data/venv/lib/python3.12/site-packages/oslo_concurrency/lockutils.py:525}}
Sep 06 08:06:13 devstack cinder-volume[87307]: DEBUG cinder.volume.manager [None req-f963e862-6dc4-443e-9297-99f39e0f5475 tempest-GroupSnapshotsTest-1472890853 None] Task 'cinder.volume.flows.manager.create_volume.CreateVolumeFromSpecTask;volume:create' (d47d28df-fb9c-4fae-a9f2-8eb5f7ce50e8) transitioned into state 'SUCCESS' from state 'RUNNING' with result '{'status': 'creating', 'volume_name': 'volume-cfdece52-62f3-43c1-9082-ca68a964862b', 'volume_size': 1}' {{(pid=87307) _task_receiver /opt/stack/data/venv/lib/python3.12/site-packages/taskflow/listeners/logging.py:218}}
Sep 06 08:06:13 devstack cinder-volume[87307]: DEBUG cinder.volume.manager [None req-f963e862-6dc4-443e-9297-99f39e0f5475 tempest-GroupSnapshotsTest-1472890853 None] Task 'cinder.volume.flows.manager.create_volume.CreateVolumeOnFinishTask;volume:create, create.end' (16e8b517-2578-4963-84a6-691eb653282b) transitioned into state 'RUNNING' from state 'PENDING' {{(pid=87307) _task_receiver /opt/stack/data/venv/lib/python3.12/site-packages/taskflow/listeners/logging.py:242}}
Sep 06 08:06:13 devstack cinder-volume[87307]: DEBUG oslo_concurrency.lockutils [req-b09f9a94-4081-41e2-b78d-b87a063a0906 req-3215fe4a-eff6-48cb-9d25-b84c5641f5c3 tempest-AttachVolumeNegativeTest-105042574 None] Lock "quobyte" "released" by "cinder.volume.drivers.quobyte.QuobyteDriver.initialize_connection" :: held 0.036s {{(pid=87307) inner /opt/stack/data/venv/lib/python3.12/site-packages/oslo_concurrency/lockutils.py:544}}
Sep 06 08:06:13 devstack cinder-volume[87307]: INFO cinder.volume.flows.manager.create_volume [None req-f963e862-6dc4-443e-9297-99f39e0f5475 tempest-GroupSnapshotsTest-1472890853 None] Volume volume-cfdece52-62f3-43c1-9082-ca68a964862b (cfdece52-62f3-43c1-9082-ca68a964862b): created successfully
Sep 06 08:06:13 devstack cinder-volume[87307]: DEBUG cinder.volume.manager [None req-f963e862-6dc4-443e-9297-99f39e0f5475 tempest-GroupSnapshotsTest-1472890853 None] Task 'cinder.volume.flows.manager.create_volume.CreateVolumeOnFinishTask;volume:create, create.end' (16e8b517-2578-4963-84a6-691eb653282b) transitioned into state 'SUCCESS' from state 'RUNNING' with result 'None' {{(pid=87307) _task_receiver /opt/stack/data/venv/lib/python3.12/site-packages/taskflow/listeners/logging.py:218}}
Sep 06 08:06:13 devstack cinder-volume[87307]: DEBUG cinder.volume.manager [None req-f963e862-6dc4-443e-9297-99f39e0f5475 tempest-GroupSnapshotsTest-1472890853 None] Flow 'volume_create_manager' (b039b0d6-c4a5-4f08-8f10-a0636a6327a3) transitioned into state 'SUCCESS' from state 'RUNNING' {{(pid=87307) _flow_receiver /opt/stack/data/venv/lib/python3.12/site-packages/taskflow/listeners/logging.py:160}}
Sep 06 08:06:13 devstack cinder-volume[87307]: INFO cinder.volume.manager [None req-f963e862-6dc4-443e-9297-99f39e0f5475 tempest-GroupSnapshotsTest-1472890853 None] Created volume successfully.
Sep 06 08:06:13 devstack cinder-volume[87307]: DEBUG cinder.volume.manager [req-b09f9a94-4081-41e2-b78d-b87a063a0906 req-3215fe4a-eff6-48cb-9d25-b84c5641f5c3 tempest-AttachVolumeNegativeTest-105042574 None] Connection info returned from driver {'export': 'osci02.corp.quobyte.com/cinder-vol-bb1a3a98-cab8-444d-865b-8b769af18cd0', 'name': 'volume-6fb84fd1-6209-4b5a-b40a-f13e5b302772', 'options': None, 'format': 'qcow2', 'qos_specs': None, 'access_mode': 'rw', 'encrypted': False, 'cacheable': False, 'driver_volume_type': 'quobyte', 'mount_point_base': '/opt/stack/data/cinder/mnt', 'attachment_id': 'b0268e71-3648-4d63-b5fd-fab59ee474ae', 'enforce_multipath': True} {{(pid=87307) _connection_create /opt/stack/cinder/cinder/volume/manager.py:4924}}
Sep 06 08:06:13 devstack cinder-volume[87307]: DEBUG cinder.coordination [req-7adc772f-aa63-4f71-8911-f74e07d3c61a req-2d76a79f-cb02-42fc-8731-192f7bc383db tempest-VolumesGetTestJSON-1915428821 None] Acquiring lock "cinder-bee295b3-7ba1-4f63-954d-aa5c6379185e-delete_volume" by "delete_volume" {{(pid=87307) __acquire /opt/stack/cinder/cinder/coordination.py:138}}
Sep 06 08:06:13 devstack cinder-volume[87307]: DEBUG cinder.coordination [req-7adc772f-aa63-4f71-8911-f74e07d3c61a req-2d76a79f-cb02-42fc-8731-192f7bc383db tempest-VolumesGetTestJSON-1915428821 None] Lock "cinder-bee295b3-7ba1-4f63-954d-aa5c6379185e-delete_volume" acquired by "delete_volume" :: waited 0.037s {{(pid=87307) __acquire /opt/stack/cinder/cinder/coordination.py:141}}
Sep 06 08:06:13 devstack cinder-volume[87307]: DEBUG cinder.coordination [req-7adc772f-aa63-4f71-8911-f74e07d3c61a req-2d76a79f-cb02-42fc-8731-192f7bc383db tempest-VolumesGetTestJSON-1915428821 None] Acquiring lock "cinder-quobyte-bee295b3-7ba1-4f63-954d-aa5c6379185e" by "delete_volume" {{(pid=87307) __acquire /opt/stack/cinder/cinder/coordination.py:138}}
Sep 06 08:06:14 devstack cinder-volume[87307]: INFO cinder.volume.manager [req-b09f9a94-4081-41e2-b78d-b87a063a0906 req-3215fe4a-eff6-48cb-9d25-b84c5641f5c3 tempest-AttachVolumeNegativeTest-105042574 None] attachment_update completed successfully.
Sep 06 08:06:14 devstack cinder-volume[87307]: DEBUG cinder.coordination [req-7adc772f-aa63-4f71-8911-f74e07d3c61a req-2d76a79f-cb02-42fc-8731-192f7bc383db tempest-VolumesGetTestJSON-1915428821 None] Lock "cinder-quobyte-bee295b3-7ba1-4f63-954d-aa5c6379185e" acquired by "delete_volume" :: waited 0.026s {{(pid=87307) __acquire /opt/stack/cinder/cinder/coordination.py:141}}
Sep 06 08:06:14 devstack cinder-volume[87307]: DEBUG oslo.privsep.daemon [-] privsep: reply[2bd99d98-629b-4a6a-807e-20b9dc3b10a3]: (4, 'qcow2') {{(pid=88921) _call_back /opt/stack/data/venv/lib/python3.12/site-packages/oslo_privsep/daemon.py:580}}
Sep 06 08:06:14 devstack cinder-volume[87307]: DEBUG oslo_concurrency.processutils [req-7adc772f-aa63-4f71-8911-f74e07d3c61a req-2d76a79f-cb02-42fc-8731-192f7bc383db tempest-VolumesGetTestJSON-1915428821 None] Running cmd (subprocess): /opt/stack/data/venv/bin/python3.12 -m oslo_concurrency.prlimit --as=1073741824 --cpu=60 -- sudo cinder-rootwrap /etc/cinder/rootwrap.conf env LC_ALL=C qemu-img info -f qcow2 --output=json --force-share /opt/stack/data/cinder/mnt/66056445333a2336b2f2e33925cedfee/volume-bee295b3-7ba1-4f63-954d-aa5c6379185e {{(pid=87307) execute /opt/stack/data/venv/lib/python3.12/site-packages/oslo_concurrency/processutils.py:440}}
Sep 06 08:06:14 devstack sudo[92147]: quobyte : PWD=/ ; USER=root ; COMMAND=/opt/stack/data/venv/bin/cinder-rootwrap /etc/cinder/rootwrap.conf env LC_ALL=C qemu-img info -f qcow2 --output=json --force-share /opt/stack/data/cinder/mnt/66056445333a2336b2f2e33925cedfee/volume-bee295b3-7ba1-4f63-954d-aa5c6379185e
Sep 06 08:06:14 devstack sudo[92147]: pam_unix(sudo:session): session opened for user root(uid=0) by (uid=1000)
Sep 06 08:06:14 devstack sudo[92147]: pam_unix(sudo:session): session closed for user root
Sep 06 08:06:14 devstack cinder-volume[87307]: DEBUG oslo_concurrency.processutils [req-7adc772f-aa63-4f71-8911-f74e07d3c61a req-2d76a79f-cb02-42fc-8731-192f7bc383db tempest-VolumesGetTestJSON-1915428821 None] CMD "/opt/stack/data/venv/bin/python3.12 -m oslo_concurrency.prlimit --as=1073741824 --cpu=60 -- sudo cinder-rootwrap /etc/cinder/rootwrap.conf env LC_ALL=C qemu-img info -f qcow2 --output=json --force-share /opt/stack/data/cinder/mnt/66056445333a2336b2f2e33925cedfee/volume-bee295b3-7ba1-4f63-954d-aa5c6379185e" returned: 0 in 0.545s {{(pid=87307) execute /opt/stack/data/venv/lib/python3.12/site-packages/oslo_concurrency/processutils.py:468}}
Sep 06 08:06:14 devstack cinder-volume[87307]: DEBUG oslo_concurrency.processutils [req-7adc772f-aa63-4f71-8911-f74e07d3c61a req-2d76a79f-cb02-42fc-8731-192f7bc383db tempest-VolumesGetTestJSON-1915428821 None] Running cmd (subprocess): sudo cinder-rootwrap /etc/cinder/rootwrap.conf rm -f /opt/stack/data/cinder/mnt/66056445333a2336b2f2e33925cedfee/volume-bee295b3-7ba1-4f63-954d-aa5c6379185e {{(pid=87307) execute /opt/stack/data/venv/lib/python3.12/site-packages/oslo_concurrency/processutils.py:440}}
Sep 06 08:06:14 devstack sudo[92156]: quobyte : PWD=/ ; USER=root ; COMMAND=/opt/stack/data/venv/bin/cinder-rootwrap /etc/cinder/rootwrap.conf rm -f /opt/stack/data/cinder/mnt/66056445333a2336b2f2e33925cedfee/volume-bee295b3-7ba1-4f63-954d-aa5c6379185e
Sep 06 08:06:14 devstack sudo[92156]: pam_unix(sudo:session): session opened for user root(uid=0) by (uid=1000)
Sep 06 08:06:14 devstack cinder-volume[87307]: INFO cinder.volume.manager [None req-27f78661-d225-425f-826f-0d170057a32a tempest-GroupSnapshotsTest-1472890853 None] GroupSnapshot 52b217d5-d65c-42be-b85e-a0033e7a6a6f: creating.
Sep 06 08:06:14 devstack cinder-volume[87307]: DEBUG cinder.volume.manager [None req-27f78661-d225-425f-826f-0d170057a32a tempest-GroupSnapshotsTest-1472890853 None] Group snapshot 52b217d5-d65c-42be-b85e-a0033e7a6a6f: creating. {{(pid=87307) create_group_snapshot /opt/stack/cinder/cinder/volume/manager.py:4175}}
Sep 06 08:06:14 devstack cinder-volume[87307]: DEBUG oslo_concurrency.lockutils [None req-27f78661-d225-425f-826f-0d170057a32a tempest-GroupSnapshotsTest-1472890853 None] Acquiring lock "quobyte" by "cinder.volume.drivers.quobyte.QuobyteDriver.create_snapshot" {{(pid=87307) inner /opt/stack/data/venv/lib/python3.12/site-packages/oslo_concurrency/lockutils.py:512}}
Sep 06 08:06:14 devstack cinder-volume[87307]: DEBUG oslo_concurrency.lockutils [None req-27f78661-d225-425f-826f-0d170057a32a tempest-GroupSnapshotsTest-1472890853 None] Lock "quobyte" acquired by "cinder.volume.drivers.quobyte.QuobyteDriver.create_snapshot" :: waited 0.001s {{(pid=87307) inner /opt/stack/data/venv/lib/python3.12/site-packages/oslo_concurrency/lockutils.py:525}}
Sep 06 08:06:14 devstack cinder-volume[87307]: DEBUG cinder.volume.drivers.remotefs [None req-27f78661-d225-425f-826f-0d170057a32a tempest-GroupSnapshotsTest-1472890853 None] Creating offline snapshot 061399b6-b227-493b-ac20-62296593220b of volume cfdece52-62f3-43c1-9082-ca68a964862b {{(pid=87307) _create_snapshot /opt/stack/cinder/cinder/volume/drivers/remotefs.py:1816}}
Sep 06 08:06:14 devstack cinder-volume[87307]: DEBUG oslo.privsep.daemon [-] privsep: reply[13dbb4f8-9994-4941-9b87-8a7f7114aa74]: (4, 'qcow2') {{(pid=88921) _call_back /opt/stack/data/venv/lib/python3.12/site-packages/oslo_privsep/daemon.py:580}}
Sep 06 08:06:14 devstack cinder-volume[87307]: DEBUG oslo_concurrency.processutils [None req-27f78661-d225-425f-826f-0d170057a32a tempest-GroupSnapshotsTest-1472890853 None] Running cmd (subprocess): /opt/stack/data/venv/bin/python3.12 -m oslo_concurrency.prlimit --as=1073741824 --cpu=60 -- sudo cinder-rootwrap /etc/cinder/rootwrap.conf env LC_ALL=C qemu-img info -f qcow2 --output=json --force-share /opt/stack/data/cinder/mnt/66056445333a2336b2f2e33925cedfee/volume-cfdece52-62f3-43c1-9082-ca68a964862b {{(pid=87307) execute /opt/stack/data/venv/lib/python3.12/site-packages/oslo_concurrency/processutils.py:440}}
Sep 06 08:06:14 devstack sudo[92156]: pam_unix(sudo:session): session closed for user root
Sep 06 08:06:14 devstack cinder-volume[87307]: DEBUG oslo_concurrency.processutils [req-7adc772f-aa63-4f71-8911-f74e07d3c61a req-2d76a79f-cb02-42fc-8731-192f7bc383db tempest-VolumesGetTestJSON-1915428821 None] CMD "sudo cinder-rootwrap /etc/cinder/rootwrap.conf rm -f /opt/stack/data/cinder/mnt/66056445333a2336b2f2e33925cedfee/volume-bee295b3-7ba1-4f63-954d-aa5c6379185e" returned: 0 in 0.397s {{(pid=87307) execute /opt/stack/data/venv/lib/python3.12/site-packages/oslo_concurrency/processutils.py:468}}
Sep 06 08:06:15 devstack cinder-volume[87307]: DEBUG cinder.coordination [req-7adc772f-aa63-4f71-8911-f74e07d3c61a req-2d76a79f-cb02-42fc-8731-192f7bc383db tempest-VolumesGetTestJSON-1915428821 None] Lock "cinder-quobyte-bee295b3-7ba1-4f63-954d-aa5c6379185e" released by "delete_volume" :: held 0.995s {{(pid=87307) __release /opt/stack/cinder/cinder/coordination.py:152}}
Sep 06 08:06:15 devstack cinder-volume[87307]: DEBUG cinder.quota [req-7adc772f-aa63-4f71-8911-f74e07d3c61a req-2d76a79f-cb02-42fc-8731-192f7bc383db tempest-VolumesGetTestJSON-1915428821 None] Created reservations ['015d66e6-369e-43a7-a3e0-760a80a84625', 'ea644736-fc5f-4ad3-8679-907a5a114e0f', 'e3f0096d-140e-4caa-a209-2a3174df688a', '41ff897c-d303-41a0-8248-6db7a20e375e'] {{(pid=87307) reserve /opt/stack/cinder/cinder/quota.py:752}}
Sep 06 08:06:15 devstack sudo[92159]: quobyte : PWD=/ ; USER=root ; COMMAND=/opt/stack/data/venv/bin/cinder-rootwrap /etc/cinder/rootwrap.conf env LC_ALL=C qemu-img info -f qcow2 --output=json --force-share /opt/stack/data/cinder/mnt/66056445333a2336b2f2e33925cedfee/volume-cfdece52-62f3-43c1-9082-ca68a964862b
Sep 06 08:06:15 devstack sudo[92159]: pam_unix(sudo:session): session opened for user root(uid=0) by (uid=1000)
Sep 06 08:06:15 devstack cinder-volume[87307]: DEBUG oslo_concurrency.lockutils [req-7adc772f-aa63-4f71-8911-f74e07d3c61a req-2d76a79f-cb02-42fc-8731-192f7bc383db tempest-VolumesGetTestJSON-1915428821 None] Acquiring lock "quobyte_ensure" by "cinder.volume.drivers.quobyte.QuobyteDriver._ensure_shares_mounted" {{(pid=87307) inner /opt/stack/data/venv/lib/python3.12/site-packages/oslo_concurrency/lockutils.py:512}}
Sep 06 08:06:15 devstack cinder-volume[87307]: DEBUG oslo_concurrency.lockutils [req-7adc772f-aa63-4f71-8911-f74e07d3c61a req-2d76a79f-cb02-42fc-8731-192f7bc383db tempest-VolumesGetTestJSON-1915428821 None] Lock "quobyte_ensure" acquired by "cinder.volume.drivers.quobyte.QuobyteDriver._ensure_shares_mounted" :: waited 0.002s {{(pid=87307) inner /opt/stack/data/venv/lib/python3.12/site-packages/oslo_concurrency/lockutils.py:525}}
Sep 06 08:06:15 devstack cinder-volume[87307]: DEBUG cinder.volume.drivers.quobyte [req-7adc772f-aa63-4f71-8911-f74e07d3c61a req-2d76a79f-cb02-42fc-8731-192f7bc383db tempest-VolumesGetTestJSON-1915428821 None] Quobyte Volume URL set to: {'osci02.corp.quobyte.com/cinder-vol-bb1a3a98-cab8-444d-865b-8b769af18cd0': None} {{(pid=87307) _load_shares_config /opt/stack/cinder/cinder/volume/drivers/quobyte.py:665}}
Sep 06 08:06:15 devstack cinder-volume[87307]: DEBUG cinder.volume.drivers.quobyte [req-7adc772f-aa63-4f71-8911-f74e07d3c61a req-2d76a79f-cb02-42fc-8731-192f7bc383db tempest-VolumesGetTestJSON-1915428821 None] Available shares ['osci02.corp.quobyte.com/cinder-vol-bb1a3a98-cab8-444d-865b-8b769af18cd0'] {{(pid=87307) _ensure_shares_mounted /opt/stack/cinder/cinder/volume/drivers/quobyte.py:695}}
Sep 06 08:06:15 devstack cinder-volume[87307]: DEBUG oslo_concurrency.lockutils [req-7adc772f-aa63-4f71-8911-f74e07d3c61a req-2d76a79f-cb02-42fc-8731-192f7bc383db tempest-VolumesGetTestJSON-1915428821 None] Lock "quobyte_ensure" "released" by "cinder.volume.drivers.quobyte.QuobyteDriver._ensure_shares_mounted" :: held 0.012s {{(pid=87307) inner /opt/stack/data/venv/lib/python3.12/site-packages/oslo_concurrency/lockutils.py:544}}
Sep 06 08:06:15 devstack cinder-volume[87307]: DEBUG oslo_concurrency.processutils [req-7adc772f-aa63-4f71-8911-f74e07d3c61a req-2d76a79f-cb02-42fc-8731-192f7bc383db tempest-VolumesGetTestJSON-1915428821 None] Running cmd (subprocess): sudo cinder-rootwrap /etc/cinder/rootwrap.conf df --portability --block-size 1 /opt/stack/data/cinder/mnt/66056445333a2336b2f2e33925cedfee {{(pid=87307) execute /opt/stack/data/venv/lib/python3.12/site-packages/oslo_concurrency/processutils.py:440}}
Sep 06 08:06:15 devstack sudo[92161]: quobyte : PWD=/ ; USER=root ; COMMAND=/opt/stack/data/venv/bin/cinder-rootwrap /etc/cinder/rootwrap.conf df --portability --block-size 1 /opt/stack/data/cinder/mnt/66056445333a2336b2f2e33925cedfee
Sep 06 08:06:15 devstack sudo[92161]: pam_unix(sudo:session): session opened for user root(uid=0) by (uid=1000)
Sep 06 08:06:15 devstack sudo[92161]: pam_unix(sudo:session): session closed for user root
Sep 06 08:06:15 devstack cinder-volume[87307]: DEBUG oslo_concurrency.processutils [req-7adc772f-aa63-4f71-8911-f74e07d3c61a req-2d76a79f-cb02-42fc-8731-192f7bc383db tempest-VolumesGetTestJSON-1915428821 None] CMD "sudo cinder-rootwrap /etc/cinder/rootwrap.conf df --portability --block-size 1 /opt/stack/data/cinder/mnt/66056445333a2336b2f2e33925cedfee" returned: 0 in 0.320s {{(pid=87307) execute /opt/stack/data/venv/lib/python3.12/site-packages/oslo_concurrency/processutils.py:468}}
Sep 06 08:06:15 devstack cinder-volume[87307]: DEBUG cinder.manager [req-7adc772f-aa63-4f71-8911-f74e07d3c61a req-2d76a79f-cb02-42fc-8731-192f7bc383db tempest-VolumesGetTestJSON-1915428821 None] Notifying Schedulers of capabilities ... {{(pid=87307) _publish_service_capabilities /opt/stack/cinder/cinder/manager.py:219}}
Sep 06 08:06:15 devstack cinder-volume[87307]: INFO cinder.volume.manager [req-7adc772f-aa63-4f71-8911-f74e07d3c61a req-2d76a79f-cb02-42fc-8731-192f7bc383db tempest-VolumesGetTestJSON-1915428821 None] Deleted volume successfully.
Sep 06 08:06:15 devstack cinder-volume[87307]: DEBUG cinder.coordination [req-7adc772f-aa63-4f71-8911-f74e07d3c61a req-2d76a79f-cb02-42fc-8731-192f7bc383db tempest-VolumesGetTestJSON-1915428821 None] Lock "cinder-bee295b3-7ba1-4f63-954d-aa5c6379185e-delete_volume" released by "delete_volume" :: held 1.677s {{(pid=87307) __release /opt/stack/cinder/cinder/coordination.py:152}}
Sep 06 08:06:15 devstack sudo[92159]: pam_unix(sudo:session): session closed for user root
Sep 06 08:06:15 devstack cinder-volume[87307]: DEBUG oslo_concurrency.processutils [None req-27f78661-d225-425f-826f-0d170057a32a tempest-GroupSnapshotsTest-1472890853 None] CMD "/opt/stack/data/venv/bin/python3.12 -m oslo_concurrency.prlimit --as=1073741824 --cpu=60 -- sudo cinder-rootwrap /etc/cinder/rootwrap.conf env LC_ALL=C qemu-img info -f qcow2 --output=json --force-share /opt/stack/data/cinder/mnt/66056445333a2336b2f2e33925cedfee/volume-cfdece52-62f3-43c1-9082-ca68a964862b" returned: 0 in 0.692s {{(pid=87307) execute /opt/stack/data/venv/lib/python3.12/site-packages/oslo_concurrency/processutils.py:468}}
Sep 06 08:06:15 devstack cinder-volume[87307]: DEBUG oslo_concurrency.processutils [None req-27f78661-d225-425f-826f-0d170057a32a tempest-GroupSnapshotsTest-1472890853 None] Running cmd (subprocess): sudo cinder-rootwrap /etc/cinder/rootwrap.conf qemu-img create -f qcow2 -o backing_file=/opt/stack/data/cinder/mnt/66056445333a2336b2f2e33925cedfee/volume-cfdece52-62f3-43c1-9082-ca68a964862b,backing_fmt=qcow2 /opt/stack/data/cinder/mnt/66056445333a2336b2f2e33925cedfee/volume-cfdece52-62f3-43c1-9082-ca68a964862b.061399b6-b227-493b-ac20-62296593220b 1G {{(pid=87307) execute /opt/stack/data/venv/lib/python3.12/site-packages/oslo_concurrency/processutils.py:440}}
Sep 06 08:06:15 devstack sudo[92167]: quobyte : PWD=/ ; USER=root ; COMMAND=/opt/stack/data/venv/bin/cinder-rootwrap /etc/cinder/rootwrap.conf qemu-img create -f qcow2 -o backing_file=/opt/stack/data/cinder/mnt/66056445333a2336b2f2e33925cedfee/volume-cfdece52-62f3-43c1-9082-ca68a964862b,backing_fmt=qcow2 /opt/stack/data/cinder/mnt/66056445333a2336b2f2e33925cedfee/volume-cfdece52-62f3-43c1-9082-ca68a964862b.061399b6-b227-493b-ac20-62296593220b 1G
Sep 06 08:06:15 devstack sudo[92167]: pam_unix(sudo:session): session opened for user root(uid=0) by (uid=1000)
Sep 06 08:06:16 devstack sudo[92167]: pam_unix(sudo:session): session closed for user root
Sep 06 08:06:16 devstack cinder-volume[87307]: DEBUG oslo_concurrency.processutils [None req-27f78661-d225-425f-826f-0d170057a32a tempest-GroupSnapshotsTest-1472890853 None] CMD "sudo cinder-rootwrap /etc/cinder/rootwrap.conf qemu-img create -f qcow2 -o backing_file=/opt/stack/data/cinder/mnt/66056445333a2336b2f2e33925cedfee/volume-cfdece52-62f3-43c1-9082-ca68a964862b,backing_fmt=qcow2 /opt/stack/data/cinder/mnt/66056445333a2336b2f2e33925cedfee/volume-cfdece52-62f3-43c1-9082-ca68a964862b.061399b6-b227-493b-ac20-62296593220b 1G" returned: 0 in 0.510s {{(pid=87307) execute /opt/stack/data/venv/lib/python3.12/site-packages/oslo_concurrency/processutils.py:468}}
Sep 06 08:06:16 devstack cinder-volume[87307]: DEBUG oslo_concurrency.processutils [None req-27f78661-d225-425f-826f-0d170057a32a tempest-GroupSnapshotsTest-1472890853 None] Running cmd (subprocess): sudo cinder-rootwrap /etc/cinder/rootwrap.conf qemu-img rebase -u -b volume-cfdece52-62f3-43c1-9082-ca68a964862b -F qcow2 /opt/stack/data/cinder/mnt/66056445333a2336b2f2e33925cedfee/volume-cfdece52-62f3-43c1-9082-ca68a964862b.061399b6-b227-493b-ac20-62296593220b {{(pid=87307) execute /opt/stack/data/venv/lib/python3.12/site-packages/oslo_concurrency/processutils.py:440}}
Sep 06 08:06:16 devstack sudo[92173]: quobyte : PWD=/ ; USER=root ; COMMAND=/opt/stack/data/venv/bin/cinder-rootwrap /etc/cinder/rootwrap.conf qemu-img rebase -u -b volume-cfdece52-62f3-43c1-9082-ca68a964862b -F qcow2 /opt/stack/data/cinder/mnt/66056445333a2336b2f2e33925cedfee/volume-cfdece52-62f3-43c1-9082-ca68a964862b.061399b6-b227-493b-ac20-62296593220b
Sep 06 08:06:16 devstack sudo[92173]: pam_unix(sudo:session): session opened for user root(uid=0) by (uid=1000)
Sep 06 08:06:16 devstack sudo[92173]: pam_unix(sudo:session): session closed for user root
Sep 06 08:06:16 devstack cinder-volume[87307]: DEBUG oslo_concurrency.processutils [None req-27f78661-d225-425f-826f-0d170057a32a tempest-GroupSnapshotsTest-1472890853 None] CMD "sudo cinder-rootwrap /etc/cinder/rootwrap.conf qemu-img rebase -u -b volume-cfdece52-62f3-43c1-9082-ca68a964862b -F qcow2 /opt/stack/data/cinder/mnt/66056445333a2336b2f2e33925cedfee/volume-cfdece52-62f3-43c1-9082-ca68a964862b.061399b6-b227-493b-ac20-62296593220b" returned: 0 in 0.345s {{(pid=87307) execute /opt/stack/data/venv/lib/python3.12/site-packages/oslo_concurrency/processutils.py:468}}
Sep 06 08:06:16 devstack cinder-volume[87307]: WARNING cinder.volume.drivers.remotefs [None req-27f78661-d225-425f-826f-0d170057a32a tempest-GroupSnapshotsTest-1472890853 None] /opt/stack/data/cinder/mnt/66056445333a2336b2f2e33925cedfee/volume-cfdece52-62f3-43c1-9082-ca68a964862b.061399b6-b227-493b-ac20-62296593220b is being set with open permissions: ugo+rw: NotImplementedError
Sep 06 08:06:16 devstack cinder-volume[87307]: DEBUG oslo_concurrency.processutils [None req-27f78661-d225-425f-826f-0d170057a32a tempest-GroupSnapshotsTest-1472890853 None] Running cmd (subprocess): sudo cinder-rootwrap /etc/cinder/rootwrap.conf chmod ugo+rw /opt/stack/data/cinder/mnt/66056445333a2336b2f2e33925cedfee/volume-cfdece52-62f3-43c1-9082-ca68a964862b.061399b6-b227-493b-ac20-62296593220b {{(pid=87307) execute /opt/stack/data/venv/lib/python3.12/site-packages/oslo_concurrency/processutils.py:440}}
Sep 06 08:06:16 devstack sudo[92179]: quobyte : PWD=/ ; USER=root ; COMMAND=/opt/stack/data/venv/bin/cinder-rootwrap /etc/cinder/rootwrap.conf chmod ugo+rw /opt/stack/data/cinder/mnt/66056445333a2336b2f2e33925cedfee/volume-cfdece52-62f3-43c1-9082-ca68a964862b.061399b6-b227-493b-ac20-62296593220b
Sep 06 08:06:16 devstack sudo[92179]: pam_unix(sudo:session): session opened for user root(uid=0) by (uid=1000)
Sep 06 08:06:16 devstack sudo[92179]: pam_unix(sudo:session): session closed for user root
Sep 06 08:06:16 devstack cinder-volume[87307]: DEBUG oslo_concurrency.processutils [None req-27f78661-d225-425f-826f-0d170057a32a tempest-GroupSnapshotsTest-1472890853 None] CMD "sudo cinder-rootwrap /etc/cinder/rootwrap.conf chmod ugo+rw /opt/stack/data/cinder/mnt/66056445333a2336b2f2e33925cedfee/volume-cfdece52-62f3-43c1-9082-ca68a964862b.061399b6-b227-493b-ac20-62296593220b" returned: 0 in 0.296s {{(pid=87307) execute /opt/stack/data/venv/lib/python3.12/site-packages/oslo_concurrency/processutils.py:468}}
Sep 06 08:06:16 devstack cinder-volume[87307]: DEBUG oslo_concurrency.processutils [None req-27f78661-d225-425f-826f-0d170057a32a tempest-GroupSnapshotsTest-1472890853 None] Running cmd (subprocess): sudo cinder-rootwrap /etc/cinder/rootwrap.conf truncate -s0 /opt/stack/data/cinder/mnt/66056445333a2336b2f2e33925cedfee/volume-cfdece52-62f3-43c1-9082-ca68a964862b.info {{(pid=87307) execute /opt/stack/data/venv/lib/python3.12/site-packages/oslo_concurrency/processutils.py:440}}
Sep 06 08:06:16 devstack sudo[92182]: quobyte : PWD=/ ; USER=root ; COMMAND=/opt/stack/data/venv/bin/cinder-rootwrap /etc/cinder/rootwrap.conf truncate -s0 /opt/stack/data/cinder/mnt/66056445333a2336b2f2e33925cedfee/volume-cfdece52-62f3-43c1-9082-ca68a964862b.info
Sep 06 08:06:16 devstack sudo[92182]: pam_unix(sudo:session): session opened for user root(uid=0) by (uid=1000)
Sep 06 08:06:17 devstack sudo[92182]: pam_unix(sudo:session): session closed for user root
Sep 06 08:06:17 devstack cinder-volume[87307]: DEBUG oslo_concurrency.processutils [None req-27f78661-d225-425f-826f-0d170057a32a tempest-GroupSnapshotsTest-1472890853 None] CMD "sudo cinder-rootwrap /etc/cinder/rootwrap.conf truncate -s0 /opt/stack/data/cinder/mnt/66056445333a2336b2f2e33925cedfee/volume-cfdece52-62f3-43c1-9082-ca68a964862b.info" returned: 0 in 0.358s {{(pid=87307) execute /opt/stack/data/venv/lib/python3.12/site-packages/oslo_concurrency/processutils.py:468}}
Sep 06 08:06:17 devstack cinder-volume[87307]: WARNING cinder.volume.drivers.remotefs [None req-27f78661-d225-425f-826f-0d170057a32a tempest-GroupSnapshotsTest-1472890853 None] /opt/stack/data/cinder/mnt/66056445333a2336b2f2e33925cedfee/volume-cfdece52-62f3-43c1-9082-ca68a964862b.info is being set with open permissions: ugo+rw: NotImplementedError
Sep 06 08:06:17 devstack cinder-volume[87307]: DEBUG oslo_concurrency.processutils [None req-27f78661-d225-425f-826f-0d170057a32a tempest-GroupSnapshotsTest-1472890853 None] Running cmd (subprocess): sudo cinder-rootwrap /etc/cinder/rootwrap.conf chmod ugo+rw /opt/stack/data/cinder/mnt/66056445333a2336b2f2e33925cedfee/volume-cfdece52-62f3-43c1-9082-ca68a964862b.info {{(pid=87307) execute /opt/stack/data/venv/lib/python3.12/site-packages/oslo_concurrency/processutils.py:440}}
Sep 06 08:06:17 devstack sudo[92186]: quobyte : PWD=/ ; USER=root ; COMMAND=/opt/stack/data/venv/bin/cinder-rootwrap /etc/cinder/rootwrap.conf chmod ugo+rw /opt/stack/data/cinder/mnt/66056445333a2336b2f2e33925cedfee/volume-cfdece52-62f3-43c1-9082-ca68a964862b.info
Sep 06 08:06:17 devstack sudo[92186]: pam_unix(sudo:session): session opened for user root(uid=0) by (uid=1000)
Sep 06 08:06:17 devstack sudo[92186]: pam_unix(sudo:session): session closed for user root
Sep 06 08:06:17 devstack cinder-volume[87307]: DEBUG oslo_concurrency.processutils [None req-27f78661-d225-425f-826f-0d170057a32a tempest-GroupSnapshotsTest-1472890853 None] CMD "sudo cinder-rootwrap /etc/cinder/rootwrap.conf chmod ugo+rw /opt/stack/data/cinder/mnt/66056445333a2336b2f2e33925cedfee/volume-cfdece52-62f3-43c1-9082-ca68a964862b.info" returned: 0 in 0.299s {{(pid=87307) execute /opt/stack/data/venv/lib/python3.12/site-packages/oslo_concurrency/processutils.py:468}}
Sep 06 08:06:17 devstack cinder-volume[87307]: DEBUG oslo_concurrency.lockutils [None req-27f78661-d225-425f-826f-0d170057a32a tempest-GroupSnapshotsTest-1472890853 None] Lock "quobyte" "released" by "cinder.volume.drivers.quobyte.QuobyteDriver.create_snapshot" :: held 2.617s {{(pid=87307) inner /opt/stack/data/venv/lib/python3.12/site-packages/oslo_concurrency/lockutils.py:544}}
Sep 06 08:06:17 devstack cinder-volume[87307]: INFO cinder.volume.manager [None req-27f78661-d225-425f-826f-0d170057a32a tempest-GroupSnapshotsTest-1472890853 None] group_snapshot 52b217d5-d65c-42be-b85e-a0033e7a6a6f: created successfully
Sep 06 08:06:18 devstack cinder-volume[87307]: INFO cinder.volume.manager [None req-4b4f7c3f-4a55-43da-867d-832b1a789fb8 tempest-GroupSnapshotsTest-1472890853 None] group_snapshot 52b217d5-d65c-42be-b85e-a0033e7a6a6f: deleting
Sep 06 08:06:18 devstack cinder-volume[87307]: DEBUG cinder.volume.manager [None req-4b4f7c3f-4a55-43da-867d-832b1a789fb8 tempest-GroupSnapshotsTest-1472890853 None] group_snapshot 52b217d5-d65c-42be-b85e-a0033e7a6a6f: deleting {{(pid=87307) delete_group_snapshot /opt/stack/cinder/cinder/volume/manager.py:4350}}
Sep 06 08:06:18 devstack cinder-volume[87307]: DEBUG cinder.coordination [None req-4b4f7c3f-4a55-43da-867d-832b1a789fb8 tempest-GroupSnapshotsTest-1472890853 None] Acquiring lock "cinder-quobyte-cfdece52-62f3-43c1-9082-ca68a964862b" by "delete_snapshot" {{(pid=87307) __acquire /opt/stack/cinder/cinder/coordination.py:138}}
Sep 06 08:06:18 devstack cinder-volume[87307]: DEBUG cinder.coordination [None req-4b4f7c3f-4a55-43da-867d-832b1a789fb8 tempest-GroupSnapshotsTest-1472890853 None] Lock "cinder-quobyte-cfdece52-62f3-43c1-9082-ca68a964862b" acquired by "delete_snapshot" :: waited 0.032s {{(pid=87307) __acquire /opt/stack/cinder/cinder/coordination.py:141}}
Sep 06 08:06:18 devstack cinder-volume[87307]: DEBUG cinder.coordination [None req-4b4f7c3f-4a55-43da-867d-832b1a789fb8 tempest-GroupSnapshotsTest-1472890853 None] Acquiring lock "cinder-quobyte-061399b6-b227-493b-ac20-62296593220b" by "_delete_snapshot" {{(pid=87307) __acquire /opt/stack/cinder/cinder/coordination.py:138}}
Sep 06 08:06:18 devstack cinder-volume[87307]: DEBUG cinder.coordination [None req-4b4f7c3f-4a55-43da-867d-832b1a789fb8 tempest-GroupSnapshotsTest-1472890853 None] Lock "cinder-quobyte-061399b6-b227-493b-ac20-62296593220b" acquired by "_delete_snapshot" :: waited 0.036s {{(pid=87307) __acquire /opt/stack/cinder/cinder/coordination.py:141}}
Sep 06 08:06:18 devstack cinder-volume[87307]: DEBUG cinder.volume.drivers.remotefs [None req-4b4f7c3f-4a55-43da-867d-832b1a789fb8 tempest-GroupSnapshotsTest-1472890853 None] Deleting offline snapshot 061399b6-b227-493b-ac20-62296593220b of volume cfdece52-62f3-43c1-9082-ca68a964862b {{(pid=87307) _delete_snapshot /opt/stack/cinder/cinder/volume/drivers/remotefs.py:1288}}
Sep 06 08:06:18 devstack cinder-volume[87307]: DEBUG cinder.volume.drivers.remotefs [None req-4b4f7c3f-4a55-43da-867d-832b1a789fb8 tempest-GroupSnapshotsTest-1472890853 None] snapshot_file for this snap is: volume-cfdece52-62f3-43c1-9082-ca68a964862b.061399b6-b227-493b-ac20-62296593220b {{(pid=87307) _delete_snapshot /opt/stack/cinder/cinder/volume/drivers/remotefs.py:1317}}
Sep 06 08:06:18 devstack cinder-volume[87307]: DEBUG oslo.privsep.daemon [-] privsep: reply[05d0dd17-9f5f-45e7-af3d-37a539917003]: (4, 'qcow2') {{(pid=88921) _call_back /opt/stack/data/venv/lib/python3.12/site-packages/oslo_privsep/daemon.py:580}}
Sep 06 08:06:18 devstack cinder-volume[87307]: DEBUG oslo_concurrency.processutils [None req-4b4f7c3f-4a55-43da-867d-832b1a789fb8 tempest-GroupSnapshotsTest-1472890853 None] Running cmd (subprocess): /opt/stack/data/venv/bin/python3.12 -m oslo_concurrency.prlimit --as=1073741824 --cpu=60 -- sudo cinder-rootwrap /etc/cinder/rootwrap.conf env LC_ALL=C qemu-img info -f qcow2 --output=json --force-share /opt/stack/data/cinder/mnt/66056445333a2336b2f2e33925cedfee/volume-cfdece52-62f3-43c1-9082-ca68a964862b.061399b6-b227-493b-ac20-62296593220b {{(pid=87307) execute /opt/stack/data/venv/lib/python3.12/site-packages/oslo_concurrency/processutils.py:440}}
Sep 06 08:06:18 devstack sudo[92189]: quobyte : PWD=/ ; USER=root ; COMMAND=/opt/stack/data/venv/bin/cinder-rootwrap /etc/cinder/rootwrap.conf env LC_ALL=C qemu-img info -f qcow2 --output=json --force-share /opt/stack/data/cinder/mnt/66056445333a2336b2f2e33925cedfee/volume-cfdece52-62f3-43c1-9082-ca68a964862b.061399b6-b227-493b-ac20-62296593220b
Sep 06 08:06:18 devstack sudo[92189]: pam_unix(sudo:session): session opened for user root(uid=0) by (uid=1000)
Sep 06 08:06:19 devstack sudo[92189]: pam_unix(sudo:session): session closed for user root
Sep 06 08:06:19 devstack cinder-volume[87307]: DEBUG oslo_concurrency.processutils [None req-4b4f7c3f-4a55-43da-867d-832b1a789fb8 tempest-GroupSnapshotsTest-1472890853 None] CMD "/opt/stack/data/venv/bin/python3.12 -m oslo_concurrency.prlimit --as=1073741824 --cpu=60 -- sudo cinder-rootwrap /etc/cinder/rootwrap.conf env LC_ALL=C qemu-img info -f qcow2 --output=json --force-share /opt/stack/data/cinder/mnt/66056445333a2336b2f2e33925cedfee/volume-cfdece52-62f3-43c1-9082-ca68a964862b.061399b6-b227-493b-ac20-62296593220b" returned: 0 in 0.490s {{(pid=87307) execute /opt/stack/data/venv/lib/python3.12/site-packages/oslo_concurrency/processutils.py:468}}
Sep 06 08:06:19 devstack cinder-volume[87307]: DEBUG cinder.volume.drivers.remotefs [None req-4b4f7c3f-4a55-43da-867d-832b1a789fb8 tempest-GroupSnapshotsTest-1472890853 None] Fetching qemu-img info with special backing_file_template: (/opt/stack/data/cinder/mnt/[0-9a-f]+/)?(volume-cfdece52-62f3-43c1-9082-ca68a964862b(.(tmp-snap-)?[0-9a-f-]+)?|volume_from_snapshot_cache/(tmp-snap-)?[0-9a-f-]+(.(child-|parent-)[0-9a-f-]+)?)$ {{(pid=87307) _qemu_img_info_base /opt/stack/cinder/cinder/volume/drivers/remotefs.py:896}}
Sep 06 08:06:19 devstack cinder-volume[87307]: DEBUG oslo.privsep.daemon [-] privsep: reply[3a75e049-6eb5-4d42-bc0a-e27eda25ca53]: (4, 'qcow2') {{(pid=88921) _call_back /opt/stack/data/venv/lib/python3.12/site-packages/oslo_privsep/daemon.py:580}}
Sep 06 08:06:19 devstack cinder-volume[87307]: DEBUG oslo_concurrency.processutils [None req-4b4f7c3f-4a55-43da-867d-832b1a789fb8 tempest-GroupSnapshotsTest-1472890853 None] Running cmd (subprocess): /opt/stack/data/venv/bin/python3.12 -m oslo_concurrency.prlimit --as=1073741824 --cpu=60 -- sudo cinder-rootwrap /etc/cinder/rootwrap.conf env LC_ALL=C qemu-img info -f qcow2 --output=json --force-share /opt/stack/data/cinder/mnt/66056445333a2336b2f2e33925cedfee/volume-cfdece52-62f3-43c1-9082-ca68a964862b {{(pid=87307) execute /opt/stack/data/venv/lib/python3.12/site-packages/oslo_concurrency/processutils.py:440}}
