Sep 06 22:43:54 devstack cinder-volume[87517]: DEBUG oslo_concurrency.processutils [None req-d595644b-3377-4b94-842f-8a7c5eaebd6a tempest-SnapshotsActionsTest-1808243176 None] Running cmd (subprocess): /opt/stack/data/venv/bin/python3.12 -m oslo_concurrency.prlimit --as=1073741824 --cpu=60 -- sudo cinder-rootwrap /etc/cinder/rootwrap.conf env LC_ALL=C qemu-img info -f qcow2 --output=json --force-share /opt/stack/data/cinder/mnt/bc657a74c65372104421ce82d1086f99/volume-7ac3c6f4-dd37-4148-b549-9e086c3798cb.07e4054c-0834-41d3-951b-5221750c86b7 {{(pid=87517) execute /opt/stack/data/venv/lib/python3.12/site-packages/oslo_concurrency/processutils.py:440}}
Sep 06 22:43:54 devstack sudo[89450]: quobyte : PWD=/ ; USER=root ; COMMAND=/opt/stack/data/venv/bin/cinder-rootwrap /etc/cinder/rootwrap.conf env LC_ALL=C qemu-img info -f qcow2 --output=json --force-share /opt/stack/data/cinder/mnt/bc657a74c65372104421ce82d1086f99/volume-7ac3c6f4-dd37-4148-b549-9e086c3798cb.07e4054c-0834-41d3-951b-5221750c86b7
Sep 06 22:43:54 devstack sudo[89450]: pam_unix(sudo:session): session opened for user root(uid=0) by (uid=1000)
Sep 06 22:43:55 devstack sudo[89450]: pam_unix(sudo:session): session closed for user root
Sep 06 22:43:55 devstack cinder-volume[87517]: DEBUG oslo_concurrency.processutils [None req-d595644b-3377-4b94-842f-8a7c5eaebd6a tempest-SnapshotsActionsTest-1808243176 None] CMD "/opt/stack/data/venv/bin/python3.12 -m oslo_concurrency.prlimit --as=1073741824 --cpu=60 -- sudo cinder-rootwrap /etc/cinder/rootwrap.conf env LC_ALL=C qemu-img info -f qcow2 --output=json --force-share /opt/stack/data/cinder/mnt/bc657a74c65372104421ce82d1086f99/volume-7ac3c6f4-dd37-4148-b549-9e086c3798cb.07e4054c-0834-41d3-951b-5221750c86b7" returned: 0 in 0.446s {{(pid=87517) execute /opt/stack/data/venv/lib/python3.12/site-packages/oslo_concurrency/processutils.py:468}}
Sep 06 22:43:55 devstack cinder-volume[87517]: DEBUG cinder.volume.drivers.remotefs [None req-d595644b-3377-4b94-842f-8a7c5eaebd6a tempest-SnapshotsActionsTest-1808243176 None] Fetching qemu-img info with special backing_file_template: (/opt/stack/data/cinder/mnt/[0-9a-f]+/)?(volume-7ac3c6f4-dd37-4148-b549-9e086c3798cb(.(tmp-snap-)?[0-9a-f-]+)?|volume_from_snapshot_cache/(tmp-snap-)?[0-9a-f-]+(.(child-|parent-)[0-9a-f-]+)?)$ {{(pid=87517) _qemu_img_info_base /opt/stack/cinder/cinder/volume/drivers/remotefs.py:896}}
Sep 06 22:43:55 devstack cinder-volume[87517]: DEBUG oslo_concurrency.processutils [None req-d595644b-3377-4b94-842f-8a7c5eaebd6a tempest-SnapshotsActionsTest-1808243176 None] Running cmd (subprocess): sudo cinder-rootwrap /etc/cinder/rootwrap.conf qemu-img create -f qcow2 -o backing_file=/opt/stack/data/cinder/mnt/bc657a74c65372104421ce82d1086f99/volume-7ac3c6f4-dd37-4148-b549-9e086c3798cb.07e4054c-0834-41d3-951b-5221750c86b7,backing_fmt=qcow2 /opt/stack/data/cinder/mnt/bc657a74c65372104421ce82d1086f99/volume-7ac3c6f4-dd37-4148-b549-9e086c3798cb.0bafccb0-dfbb-430c-8d90-368a99f3428e 1G {{(pid=87517) execute /opt/stack/data/venv/lib/python3.12/site-packages/oslo_concurrency/processutils.py:440}}
Sep 06 22:43:55 devstack sudo[89456]: quobyte : PWD=/ ; USER=root ; COMMAND=/opt/stack/data/venv/bin/cinder-rootwrap /etc/cinder/rootwrap.conf qemu-img create -f qcow2 -o backing_file=/opt/stack/data/cinder/mnt/bc657a74c65372104421ce82d1086f99/volume-7ac3c6f4-dd37-4148-b549-9e086c3798cb.07e4054c-0834-41d3-951b-5221750c86b7,backing_fmt=qcow2 /opt/stack/data/cinder/mnt/bc657a74c65372104421ce82d1086f99/volume-7ac3c6f4-dd37-4148-b549-9e086c3798cb.0bafccb0-dfbb-430c-8d90-368a99f3428e 1G
Sep 06 22:43:55 devstack sudo[89456]: pam_unix(sudo:session): session opened for user root(uid=0) by (uid=1000)
Sep 06 22:43:55 devstack sudo[89456]: pam_unix(sudo:session): session closed for user root
Sep 06 22:43:55 devstack cinder-volume[87517]: DEBUG oslo_concurrency.processutils [None req-d595644b-3377-4b94-842f-8a7c5eaebd6a tempest-SnapshotsActionsTest-1808243176 None] CMD "sudo cinder-rootwrap /etc/cinder/rootwrap.conf qemu-img create -f qcow2 -o backing_file=/opt/stack/data/cinder/mnt/bc657a74c65372104421ce82d1086f99/volume-7ac3c6f4-dd37-4148-b549-9e086c3798cb.07e4054c-0834-41d3-951b-5221750c86b7,backing_fmt=qcow2 /opt/stack/data/cinder/mnt/bc657a74c65372104421ce82d1086f99/volume-7ac3c6f4-dd37-4148-b549-9e086c3798cb.0bafccb0-dfbb-430c-8d90-368a99f3428e 1G" returned: 0 in 0.686s {{(pid=87517) execute /opt/stack/data/venv/lib/python3.12/site-packages/oslo_concurrency/processutils.py:468}}
Sep 06 22:43:55 devstack cinder-volume[87517]: DEBUG oslo_concurrency.processutils [None req-d595644b-3377-4b94-842f-8a7c5eaebd6a tempest-SnapshotsActionsTest-1808243176 None] Running cmd (subprocess): sudo cinder-rootwrap /etc/cinder/rootwrap.conf qemu-img rebase -u -b volume-7ac3c6f4-dd37-4148-b549-9e086c3798cb.07e4054c-0834-41d3-951b-5221750c86b7 -F qcow2 /opt/stack/data/cinder/mnt/bc657a74c65372104421ce82d1086f99/volume-7ac3c6f4-dd37-4148-b549-9e086c3798cb.0bafccb0-dfbb-430c-8d90-368a99f3428e {{(pid=87517) execute /opt/stack/data/venv/lib/python3.12/site-packages/oslo_concurrency/processutils.py:440}}
Sep 06 22:43:55 devstack sudo[89464]: quobyte : PWD=/ ; USER=root ; COMMAND=/opt/stack/data/venv/bin/cinder-rootwrap /etc/cinder/rootwrap.conf qemu-img rebase -u -b volume-7ac3c6f4-dd37-4148-b549-9e086c3798cb.07e4054c-0834-41d3-951b-5221750c86b7 -F qcow2 /opt/stack/data/cinder/mnt/bc657a74c65372104421ce82d1086f99/volume-7ac3c6f4-dd37-4148-b549-9e086c3798cb.0bafccb0-dfbb-430c-8d90-368a99f3428e
Sep 06 22:43:55 devstack sudo[89464]: pam_unix(sudo:session): session opened for user root(uid=0) by (uid=1000)
Sep 06 22:43:56 devstack sudo[89464]: pam_unix(sudo:session): session closed for user root
Sep 06 22:43:56 devstack cinder-volume[87517]: DEBUG oslo_concurrency.processutils [None req-d595644b-3377-4b94-842f-8a7c5eaebd6a tempest-SnapshotsActionsTest-1808243176 None] CMD "sudo cinder-rootwrap /etc/cinder/rootwrap.conf qemu-img rebase -u -b volume-7ac3c6f4-dd37-4148-b549-9e086c3798cb.07e4054c-0834-41d3-951b-5221750c86b7 -F qcow2 /opt/stack/data/cinder/mnt/bc657a74c65372104421ce82d1086f99/volume-7ac3c6f4-dd37-4148-b549-9e086c3798cb.0bafccb0-dfbb-430c-8d90-368a99f3428e" returned: 0 in 0.422s {{(pid=87517) execute /opt/stack/data/venv/lib/python3.12/site-packages/oslo_concurrency/processutils.py:468}}
Sep 06 22:43:56 devstack cinder-volume[87517]: WARNING cinder.volume.drivers.remotefs [None req-d595644b-3377-4b94-842f-8a7c5eaebd6a tempest-SnapshotsActionsTest-1808243176 None] /opt/stack/data/cinder/mnt/bc657a74c65372104421ce82d1086f99/volume-7ac3c6f4-dd37-4148-b549-9e086c3798cb.0bafccb0-dfbb-430c-8d90-368a99f3428e is being set with open permissions: ugo+rw
Sep 06 22:43:56 devstack cinder-volume[87517]: DEBUG oslo_concurrency.processutils [None req-d595644b-3377-4b94-842f-8a7c5eaebd6a tempest-SnapshotsActionsTest-1808243176 None] Running cmd (subprocess): sudo cinder-rootwrap /etc/cinder/rootwrap.conf chmod ugo+rw /opt/stack/data/cinder/mnt/bc657a74c65372104421ce82d1086f99/volume-7ac3c6f4-dd37-4148-b549-9e086c3798cb.0bafccb0-dfbb-430c-8d90-368a99f3428e {{(pid=87517) execute /opt/stack/data/venv/lib/python3.12/site-packages/oslo_concurrency/processutils.py:440}}
Sep 06 22:43:56 devstack sudo[89471]: quobyte : PWD=/ ; USER=root ; COMMAND=/opt/stack/data/venv/bin/cinder-rootwrap /etc/cinder/rootwrap.conf chmod ugo+rw /opt/stack/data/cinder/mnt/bc657a74c65372104421ce82d1086f99/volume-7ac3c6f4-dd37-4148-b549-9e086c3798cb.0bafccb0-dfbb-430c-8d90-368a99f3428e
Sep 06 22:43:56 devstack sudo[89471]: pam_unix(sudo:session): session opened for user root(uid=0) by (uid=1000)
Sep 06 22:43:56 devstack sudo[89471]: pam_unix(sudo:session): session closed for user root
Sep 06 22:43:56 devstack cinder-volume[87517]: DEBUG oslo_concurrency.processutils [None req-d595644b-3377-4b94-842f-8a7c5eaebd6a tempest-SnapshotsActionsTest-1808243176 None] CMD "sudo cinder-rootwrap /etc/cinder/rootwrap.conf chmod ugo+rw /opt/stack/data/cinder/mnt/bc657a74c65372104421ce82d1086f99/volume-7ac3c6f4-dd37-4148-b549-9e086c3798cb.0bafccb0-dfbb-430c-8d90-368a99f3428e" returned: 0 in 0.353s {{(pid=87517) execute /opt/stack/data/venv/lib/python3.12/site-packages/oslo_concurrency/processutils.py:468}}
Sep 06 22:43:56 devstack cinder-volume[87517]: DEBUG oslo_concurrency.lockutils [None req-d595644b-3377-4b94-842f-8a7c5eaebd6a tempest-SnapshotsActionsTest-1808243176 None] Lock "quobyte" "released" by "cinder.volume.drivers.quobyte.QuobyteDriver.create_snapshot" :: held 2.051s {{(pid=87517) inner /opt/stack/data/venv/lib/python3.12/site-packages/oslo_concurrency/lockutils.py:544}}
Sep 06 22:43:56 devstack cinder-volume[87517]: INFO cinder.volume.manager [None req-d595644b-3377-4b94-842f-8a7c5eaebd6a tempest-SnapshotsActionsTest-1808243176 None] Create snapshot completed successfully
Sep 06 22:43:57 devstack cinder-volume[87517]: DEBUG cinder.volume.flows.manager.create_volume [req-2e4d63d5-0ee6-4208-b379-d789b545e6d0 req-a21d67fd-f0a7-42ac-ba0c-8db1889b35db tempest-VolumesGetTestJSON-643745672 None] Volume reschedule parameters: True retry: {'num_attempts': 1, 'backends': ['devstack@QuobyteHD#QuobyteHD'], 'hosts': ['devstack@QuobyteHD#QuobyteHD']} {{(pid=87517) get_flow /opt/stack/cinder/cinder/volume/flows/manager/create_volume.py:1397}}
Sep 06 22:43:57 devstack cinder-volume[87517]: DEBUG cinder.volume.manager [req-2e4d63d5-0ee6-4208-b379-d789b545e6d0 req-a21d67fd-f0a7-42ac-ba0c-8db1889b35db tempest-VolumesGetTestJSON-643745672 None] Flow 'volume_create_manager' (54dca8c2-9ce9-415b-b4b8-13ec3e2e0bfd) transitioned into state 'RUNNING' from state 'PENDING' {{(pid=87517) _flow_receiver /opt/stack/data/venv/lib/python3.12/site-packages/taskflow/listeners/logging.py:160}}
Sep 06 22:43:57 devstack cinder-volume[87517]: DEBUG cinder.volume.manager [req-2e4d63d5-0ee6-4208-b379-d789b545e6d0 req-a21d67fd-f0a7-42ac-ba0c-8db1889b35db tempest-VolumesGetTestJSON-643745672 None] Task 'cinder.volume.flows.manager.create_volume.ExtractVolumeRefTask;volume:create' (77ca4d1d-19d8-457b-b0b9-ac4254227176) transitioned into state 'RUNNING' from state 'PENDING' {{(pid=87517) _task_receiver /opt/stack/data/venv/lib/python3.12/site-packages/taskflow/listeners/logging.py:242}}
Sep 06 22:43:57 devstack cinder-volume[87517]: DEBUG cinder.volume.manager [req-2e4d63d5-0ee6-4208-b379-d789b545e6d0 req-a21d67fd-f0a7-42ac-ba0c-8db1889b35db tempest-VolumesGetTestJSON-643745672 None] Task 'cinder.volume.flows.manager.create_volume.ExtractVolumeRefTask;volume:create' (77ca4d1d-19d8-457b-b0b9-ac4254227176) transitioned into state 'SUCCESS' from state 'RUNNING' with result 'Volume(_name_id=None,admin_metadata=,attach_status='detached',availability_zone='nova',bootable=False,cluster=,cluster_name=None,consistencygroup=,consistencygroup_id=None,created_at=2026-09-06T20:43:57Z,deleted=False,deleted_at=None,display_description=None,display_name='tempest-VolumesGetTestJSON-Volume-109936556',ec2_id=None,encryption_key_id=None,glance_metadata=,group=,group_id=None,host='devstack@QuobyteHD#QuobyteHD',id=a7757b4e-f3f7-4ef9-bebe-b86e8652df43,launched_at=None,metadata={Type='work'},migration_status=None,multiattach=False,previous_status=None,project_id='22e738eeaac6481dafae9789e55b0e7e',provider_auth=None,provider_geometry=None,provider_id=None,provider_location=None,replication_driver_data=None,replication_extended_status=None,replication_status=None,scheduled_at=2026-09-06T20:43:58Z,service_uuid=None,shared_targets=True,size=1,snapshot_id=None,snapshots=,source_volid=None,status='creating',terminated_at=None,updated_at=2026-09-06T20:43:58Z,use_quota=True,user_id='e61ace189f5349818e052e3af9905786',volume_attachment=VolumeAttachmentList,volume_type=VolumeType(4ffb410a-6e03-4641-a554-82566b5a064d),volume_type_id=4ffb410a-6e03-4641-a554-82566b5a064d)' {{(pid=87517) _task_receiver /opt/stack/data/venv/lib/python3.12/site-packages/taskflow/listeners/logging.py:218}}
Sep 06 22:43:57 devstack cinder-volume[87517]: DEBUG cinder.volume.manager [req-2e4d63d5-0ee6-4208-b379-d789b545e6d0 req-a21d67fd-f0a7-42ac-ba0c-8db1889b35db tempest-VolumesGetTestJSON-643745672 None] Task 'cinder.volume.flows.manager.create_volume.OnFailureRescheduleTask;volume:create' (4d8b5d0f-2ad1-4ded-a4f0-f90adc4f2db6) transitioned into state 'RUNNING' from state 'PENDING' {{(pid=87517) _task_receiver /opt/stack/data/venv/lib/python3.12/site-packages/taskflow/listeners/logging.py:242}}
Sep 06 22:43:57 devstack cinder-volume[87517]: DEBUG cinder.volume.manager [req-2e4d63d5-0ee6-4208-b379-d789b545e6d0 req-a21d67fd-f0a7-42ac-ba0c-8db1889b35db tempest-VolumesGetTestJSON-643745672 None] Task 'cinder.volume.flows.manager.create_volume.OnFailureRescheduleTask;volume:create' (4d8b5d0f-2ad1-4ded-a4f0-f90adc4f2db6) transitioned into state 'SUCCESS' from state 'RUNNING' with result 'None' {{(pid=87517) _task_receiver /opt/stack/data/venv/lib/python3.12/site-packages/taskflow/listeners/logging.py:218}}
Sep 06 22:43:57 devstack cinder-volume[87517]: DEBUG cinder.volume.manager [req-2e4d63d5-0ee6-4208-b379-d789b545e6d0 req-a21d67fd-f0a7-42ac-ba0c-8db1889b35db tempest-VolumesGetTestJSON-643745672 None] Task 'cinder.volume.flows.manager.create_volume.ExtractVolumeSpecTask;volume:create' (eea44fd5-7d91-4100-abdf-ffe74b3bb256) transitioned into state 'RUNNING' from state 'PENDING' {{(pid=87517) _task_receiver /opt/stack/data/venv/lib/python3.12/site-packages/taskflow/listeners/logging.py:242}}
Sep 06 22:43:57 devstack cinder-volume[87517]: DEBUG cinder.volume.manager [req-2e4d63d5-0ee6-4208-b379-d789b545e6d0 req-a21d67fd-f0a7-42ac-ba0c-8db1889b35db tempest-VolumesGetTestJSON-643745672 None] Task 'cinder.volume.flows.manager.create_volume.ExtractVolumeSpecTask;volume:create' (eea44fd5-7d91-4100-abdf-ffe74b3bb256) transitioned into state 'SUCCESS' from state 'RUNNING' with result '{'status': 'creating', 'type': 'raw', 'volume_id': 'a7757b4e-f3f7-4ef9-bebe-b86e8652df43', 'volume_name': 'volume-a7757b4e-f3f7-4ef9-bebe-b86e8652df43', 'volume_size': 1}' {{(pid=87517) _task_receiver /opt/stack/data/venv/lib/python3.12/site-packages/taskflow/listeners/logging.py:218}}
Sep 06 22:43:57 devstack cinder-volume[87517]: DEBUG cinder.volume.manager [req-2e4d63d5-0ee6-4208-b379-d789b545e6d0 req-a21d67fd-f0a7-42ac-ba0c-8db1889b35db tempest-VolumesGetTestJSON-643745672 None] Task 'cinder.volume.flows.manager.create_volume.NotifyVolumeActionTask;volume:create, create.start' (c2240174-5b57-45fc-86f4-b6c6cc3a9b54) transitioned into state 'RUNNING' from state 'PENDING' {{(pid=87517) _task_receiver /opt/stack/data/venv/lib/python3.12/site-packages/taskflow/listeners/logging.py:242}}
Sep 06 22:43:57 devstack cinder-volume[87517]: DEBUG cinder.volume.manager [req-2e4d63d5-0ee6-4208-b379-d789b545e6d0 req-a21d67fd-f0a7-42ac-ba0c-8db1889b35db tempest-VolumesGetTestJSON-643745672 None] Task 'cinder.volume.flows.manager.create_volume.NotifyVolumeActionTask;volume:create, create.start' (c2240174-5b57-45fc-86f4-b6c6cc3a9b54) transitioned into state 'SUCCESS' from state 'RUNNING' with result 'None' {{(pid=87517) _task_receiver /opt/stack/data/venv/lib/python3.12/site-packages/taskflow/listeners/logging.py:218}}
Sep 06 22:43:57 devstack cinder-volume[87517]: DEBUG cinder.volume.manager [req-2e4d63d5-0ee6-4208-b379-d789b545e6d0 req-a21d67fd-f0a7-42ac-ba0c-8db1889b35db tempest-VolumesGetTestJSON-643745672 None] Task 'cinder.volume.flows.manager.create_volume.CreateVolumeFromSpecTask;volume:create' (5d2fcd85-030f-45e8-980c-1c020db67abb) transitioned into state 'RUNNING' from state 'PENDING' {{(pid=87517) _task_receiver /opt/stack/data/venv/lib/python3.12/site-packages/taskflow/listeners/logging.py:242}}
Sep 06 22:43:57 devstack cinder-volume[87517]: INFO cinder.volume.flows.manager.create_volume [req-2e4d63d5-0ee6-4208-b379-d789b545e6d0 req-a21d67fd-f0a7-42ac-ba0c-8db1889b35db tempest-VolumesGetTestJSON-643745672 None] Volume a7757b4e-f3f7-4ef9-bebe-b86e8652df43: being created as raw with specification: {'status': 'creating', 'volume_name': 'volume-a7757b4e-f3f7-4ef9-bebe-b86e8652df43', 'volume_size': 1}
Sep 06 22:43:57 devstack cinder-volume[87517]: DEBUG oslo_concurrency.lockutils [req-2e4d63d5-0ee6-4208-b379-d789b545e6d0 req-a21d67fd-f0a7-42ac-ba0c-8db1889b35db tempest-VolumesGetTestJSON-643745672 None] Acquiring lock "quobyte" by "cinder.volume.drivers.quobyte.QuobyteDriver.create_volume" {{(pid=87517) inner /opt/stack/data/venv/lib/python3.12/site-packages/oslo_concurrency/lockutils.py:512}}
Sep 06 22:43:57 devstack cinder-volume[87517]: DEBUG oslo_concurrency.lockutils [req-2e4d63d5-0ee6-4208-b379-d789b545e6d0 req-a21d67fd-f0a7-42ac-ba0c-8db1889b35db tempest-VolumesGetTestJSON-643745672 None] Lock "quobyte" acquired by "cinder.volume.drivers.quobyte.QuobyteDriver.create_volume" :: waited 0.000s {{(pid=87517) inner /opt/stack/data/venv/lib/python3.12/site-packages/oslo_concurrency/lockutils.py:525}}
Sep 06 22:43:57 devstack cinder-volume[87517]: DEBUG cinder.volume.drivers.quobyte [req-2e4d63d5-0ee6-4208-b379-d789b545e6d0 req-a21d67fd-f0a7-42ac-ba0c-8db1889b35db tempest-VolumesGetTestJSON-643745672 None] ==> create_volume: call "{'self': , 'volume': Volume(_name_id=None,admin_metadata=,attach_status='detached',availability_zone='nova',bootable=False,cluster=,cluster_name=None,consistencygroup=,consistencygroup_id=None,created_at=2026-09-06T20:43:57Z,deleted=False,deleted_at=None,display_description=None,display_name='tempest-VolumesGetTestJSON-Volume-109936556',ec2_id=None,encryption_key_id=None,glance_metadata=,group=,group_id=None,host='devstack@QuobyteHD#QuobyteHD',id=a7757b4e-f3f7-4ef9-bebe-b86e8652df43,launched_at=None,metadata={Type='work'},migration_status=None,multiattach=False,previous_status=None,project_id='22e738eeaac6481dafae9789e55b0e7e',provider_auth=None,provider_geometry=None,provider_id=None,provider_location=None,replication_driver_data=None,replication_extended_status=None,replication_status=None,scheduled_at=2026-09-06T20:43:58Z,service_uuid=None,shared_targets=True,size=1,snapshot_id=None,snapshots=,source_volid=None,status='creating',terminated_at=None,updated_at=2026-09-06T20:43:58Z,use_quota=True,user_id='e61ace189f5349818e052e3af9905786',volume_attachment=VolumeAttachmentList,volume_type=VolumeType(4ffb410a-6e03-4641-a554-82566b5a064d),volume_type_id=4ffb410a-6e03-4641-a554-82566b5a064d)}" {{(pid=87517) trace_logging_wrapper /opt/stack/cinder/cinder/volume/volume_utils.py:1497}}
Sep 06 22:43:57 devstack cinder-volume[87517]: DEBUG cinder.volume.drivers.remotefs [req-2e4d63d5-0ee6-4208-b379-d789b545e6d0 req-a21d67fd-f0a7-42ac-ba0c-8db1889b35db tempest-VolumesGetTestJSON-643745672 None] Creating volume a7757b4e-f3f7-4ef9-bebe-b86e8652df43 {{(pid=87517) create_volume /opt/stack/cinder/cinder/volume/drivers/remotefs.py:292}}
Sep 06 22:43:57 devstack cinder-volume[87517]: DEBUG oslo_concurrency.lockutils [req-2e4d63d5-0ee6-4208-b379-d789b545e6d0 req-a21d67fd-f0a7-42ac-ba0c-8db1889b35db tempest-VolumesGetTestJSON-643745672 None] Acquiring lock "quobyte_ensure" by "cinder.volume.drivers.quobyte.QuobyteDriver._ensure_shares_mounted" {{(pid=87517) inner /opt/stack/data/venv/lib/python3.12/site-packages/oslo_concurrency/lockutils.py:512}}
Sep 06 22:43:57 devstack cinder-volume[87517]: DEBUG oslo_concurrency.lockutils [req-2e4d63d5-0ee6-4208-b379-d789b545e6d0 req-a21d67fd-f0a7-42ac-ba0c-8db1889b35db tempest-VolumesGetTestJSON-643745672 None] Lock "quobyte_ensure" acquired by "cinder.volume.drivers.quobyte.QuobyteDriver._ensure_shares_mounted" :: waited 0.000s {{(pid=87517) inner /opt/stack/data/venv/lib/python3.12/site-packages/oslo_concurrency/lockutils.py:525}}
Sep 06 22:43:57 devstack cinder-volume[87517]: DEBUG cinder.volume.drivers.quobyte [req-2e4d63d5-0ee6-4208-b379-d789b545e6d0 req-a21d67fd-f0a7-42ac-ba0c-8db1889b35db tempest-VolumesGetTestJSON-643745672 None] Quobyte Volume URL set to: {'osci02.corp.quobyte.com/cinder-vol-745b070e-8197-4664-ad67-4382cd2a6e05': None} {{(pid=87517) _load_shares_config /opt/stack/cinder/cinder/volume/drivers/quobyte.py:662}}
Sep 06 22:43:57 devstack cinder-volume[87517]: DEBUG cinder.volume.drivers.quobyte [req-2e4d63d5-0ee6-4208-b379-d789b545e6d0 req-a21d67fd-f0a7-42ac-ba0c-8db1889b35db tempest-VolumesGetTestJSON-643745672 None] Available shares ['osci02.corp.quobyte.com/cinder-vol-745b070e-8197-4664-ad67-4382cd2a6e05'] {{(pid=87517) _ensure_shares_mounted /opt/stack/cinder/cinder/volume/drivers/quobyte.py:692}}
Sep 06 22:43:57 devstack cinder-volume[87517]: DEBUG oslo_concurrency.lockutils [req-2e4d63d5-0ee6-4208-b379-d789b545e6d0 req-a21d67fd-f0a7-42ac-ba0c-8db1889b35db tempest-VolumesGetTestJSON-643745672 None] Lock "quobyte_ensure" "released" by "cinder.volume.drivers.quobyte.QuobyteDriver._ensure_shares_mounted" :: held 0.010s {{(pid=87517) inner /opt/stack/data/venv/lib/python3.12/site-packages/oslo_concurrency/lockutils.py:544}}
Sep 06 22:43:57 devstack cinder-volume[87517]: DEBUG cinder.volume.drivers.quobyte [req-2e4d63d5-0ee6-4208-b379-d789b545e6d0 req-a21d67fd-f0a7-42ac-ba0c-8db1889b35db tempest-VolumesGetTestJSON-643745672 None] Selected osci02.corp.quobyte.com/cinder-vol-745b070e-8197-4664-ad67-4382cd2a6e05 as target Quobyte volume. {{(pid=87517) _find_share /opt/stack/cinder/cinder/volume/drivers/quobyte.py:713}}
Sep 06 22:43:57 devstack cinder-volume[87517]: INFO cinder.volume.drivers.remotefs [req-2e4d63d5-0ee6-4208-b379-d789b545e6d0 req-a21d67fd-f0a7-42ac-ba0c-8db1889b35db tempest-VolumesGetTestJSON-643745672 None] casted to osci02.corp.quobyte.com/cinder-vol-745b070e-8197-4664-ad67-4382cd2a6e05
Sep 06 22:43:57 devstack cinder-volume[87517]: DEBUG oslo_concurrency.processutils [req-2e4d63d5-0ee6-4208-b379-d789b545e6d0 req-a21d67fd-f0a7-42ac-ba0c-8db1889b35db tempest-VolumesGetTestJSON-643745672 None] Running cmd (subprocess): sudo cinder-rootwrap /etc/cinder/rootwrap.conf qemu-img create -f qcow2 -o preallocation=metadata /opt/stack/data/cinder/mnt/bc657a74c65372104421ce82d1086f99/volume-a7757b4e-f3f7-4ef9-bebe-b86e8652df43 1073741824 {{(pid=87517) execute /opt/stack/data/venv/lib/python3.12/site-packages/oslo_concurrency/processutils.py:440}}
Sep 06 22:43:57 devstack sudo[89514]: quobyte : PWD=/ ; USER=root ; COMMAND=/opt/stack/data/venv/bin/cinder-rootwrap /etc/cinder/rootwrap.conf qemu-img create -f qcow2 -o preallocation=metadata /opt/stack/data/cinder/mnt/bc657a74c65372104421ce82d1086f99/volume-a7757b4e-f3f7-4ef9-bebe-b86e8652df43 1073741824
Sep 06 22:43:57 devstack sudo[89514]: pam_unix(sudo:session): session opened for user root(uid=0) by (uid=1000)
Sep 06 22:43:58 devstack cinder-volume[87517]: DEBUG cinder.coordination [None req-6c32b3fb-db84-4777-bfb9-662d48b69c24 tempest-SnapshotsActionsTest-1620107680 None] Acquiring lock "cinder-0bafccb0-dfbb-430c-8d90-368a99f3428e-delete_snapshot" by "delete_snapshot" {{(pid=87517) __acquire /opt/stack/cinder/cinder/coordination.py:138}}
Sep 06 22:43:58 devstack cinder-volume[87517]: DEBUG cinder.coordination [None req-6c32b3fb-db84-4777-bfb9-662d48b69c24 tempest-SnapshotsActionsTest-1620107680 None] Lock "cinder-0bafccb0-dfbb-430c-8d90-368a99f3428e-delete_snapshot" acquired by "delete_snapshot" :: waited 0.035s {{(pid=87517) __acquire /opt/stack/cinder/cinder/coordination.py:141}}
Sep 06 22:43:58 devstack cinder-volume[87517]: DEBUG cinder.coordination [None req-6c32b3fb-db84-4777-bfb9-662d48b69c24 tempest-SnapshotsActionsTest-1620107680 None] Acquiring lock "cinder-quobyte-7ac3c6f4-dd37-4148-b549-9e086c3798cb" by "delete_snapshot" {{(pid=87517) __acquire /opt/stack/cinder/cinder/coordination.py:138}}
Sep 06 22:43:58 devstack cinder-volume[87517]: DEBUG cinder.coordination [None req-6c32b3fb-db84-4777-bfb9-662d48b69c24 tempest-SnapshotsActionsTest-1620107680 None] Lock "cinder-quobyte-7ac3c6f4-dd37-4148-b549-9e086c3798cb" acquired by "delete_snapshot" :: waited 0.033s {{(pid=87517) __acquire /opt/stack/cinder/cinder/coordination.py:141}}
Sep 06 22:43:58 devstack cinder-volume[87517]: DEBUG cinder.coordination [None req-6c32b3fb-db84-4777-bfb9-662d48b69c24 tempest-SnapshotsActionsTest-1620107680 None] Acquiring lock "cinder-quobyte-0bafccb0-dfbb-430c-8d90-368a99f3428e" by "_delete_snapshot" {{(pid=87517) __acquire /opt/stack/cinder/cinder/coordination.py:138}}
Sep 06 22:43:58 devstack cinder-volume[87517]: DEBUG cinder.coordination [None req-6c32b3fb-db84-4777-bfb9-662d48b69c24 tempest-SnapshotsActionsTest-1620107680 None] Lock "cinder-quobyte-0bafccb0-dfbb-430c-8d90-368a99f3428e" acquired by "_delete_snapshot" :: waited 0.017s {{(pid=87517) __acquire /opt/stack/cinder/cinder/coordination.py:141}}
Sep 06 22:43:58 devstack cinder-volume[87517]: DEBUG cinder.volume.drivers.remotefs [None req-6c32b3fb-db84-4777-bfb9-662d48b69c24 tempest-SnapshotsActionsTest-1620107680 None] Deleting offline snapshot 0bafccb0-dfbb-430c-8d90-368a99f3428e of volume 7ac3c6f4-dd37-4148-b549-9e086c3798cb {{(pid=87517) _delete_snapshot /opt/stack/cinder/cinder/volume/drivers/remotefs.py:1288}}
Sep 06 22:43:58 devstack cinder-volume[87517]: DEBUG cinder.volume.drivers.remotefs [None req-6c32b3fb-db84-4777-bfb9-662d48b69c24 tempest-SnapshotsActionsTest-1620107680 None] snapshot_file for this snap is: volume-7ac3c6f4-dd37-4148-b549-9e086c3798cb.0bafccb0-dfbb-430c-8d90-368a99f3428e {{(pid=87517) _delete_snapshot /opt/stack/cinder/cinder/volume/drivers/remotefs.py:1317}}
Sep 06 22:43:58 devstack cinder-volume[87517]: DEBUG oslo.privsep.daemon [-] privsep: reply[0a0e1ba9-88bd-4ca1-8606-b7a261faf02b]: (4, 'qcow2') {{(pid=89159) _call_back /opt/stack/data/venv/lib/python3.12/site-packages/oslo_privsep/daemon.py:580}}
Sep 06 22:43:58 devstack cinder-volume[87517]: DEBUG oslo_concurrency.processutils [None req-6c32b3fb-db84-4777-bfb9-662d48b69c24 tempest-SnapshotsActionsTest-1620107680 None] Running cmd (subprocess): /opt/stack/data/venv/bin/python3.12 -m oslo_concurrency.prlimit --as=1073741824 --cpu=60 -- sudo cinder-rootwrap /etc/cinder/rootwrap.conf env LC_ALL=C qemu-img info -f qcow2 --output=json --force-share /opt/stack/data/cinder/mnt/bc657a74c65372104421ce82d1086f99/volume-7ac3c6f4-dd37-4148-b549-9e086c3798cb.0bafccb0-dfbb-430c-8d90-368a99f3428e {{(pid=87517) execute /opt/stack/data/venv/lib/python3.12/site-packages/oslo_concurrency/processutils.py:440}}
Sep 06 22:43:58 devstack sudo[89514]: pam_unix(sudo:session): session closed for user root
Sep 06 22:43:58 devstack cinder-volume[87517]: DEBUG oslo_concurrency.processutils [req-2e4d63d5-0ee6-4208-b379-d789b545e6d0 req-a21d67fd-f0a7-42ac-ba0c-8db1889b35db tempest-VolumesGetTestJSON-643745672 None] CMD "sudo cinder-rootwrap /etc/cinder/rootwrap.conf qemu-img create -f qcow2 -o preallocation=metadata /opt/stack/data/cinder/mnt/bc657a74c65372104421ce82d1086f99/volume-a7757b4e-f3f7-4ef9-bebe-b86e8652df43 1073741824" returned: 0 in 0.607s {{(pid=87517) execute /opt/stack/data/venv/lib/python3.12/site-packages/oslo_concurrency/processutils.py:468}}
Sep 06 22:43:58 devstack sudo[89520]: quobyte : PWD=/ ; USER=root ; COMMAND=/opt/stack/data/venv/bin/cinder-rootwrap /etc/cinder/rootwrap.conf env LC_ALL=C qemu-img info -f qcow2 --output=json --force-share /opt/stack/data/cinder/mnt/bc657a74c65372104421ce82d1086f99/volume-7ac3c6f4-dd37-4148-b549-9e086c3798cb.0bafccb0-dfbb-430c-8d90-368a99f3428e
Sep 06 22:43:58 devstack sudo[89520]: pam_unix(sudo:session): session opened for user root(uid=0) by (uid=1000)
Sep 06 22:43:58 devstack cinder-volume[87517]: DEBUG oslo_concurrency.processutils [req-2e4d63d5-0ee6-4208-b379-d789b545e6d0 req-a21d67fd-f0a7-42ac-ba0c-8db1889b35db tempest-VolumesGetTestJSON-643745672 None] Running cmd (subprocess): sudo cinder-rootwrap /etc/cinder/rootwrap.conf chmod ugo+rw /opt/stack/data/cinder/mnt/bc657a74c65372104421ce82d1086f99/volume-a7757b4e-f3f7-4ef9-bebe-b86e8652df43 {{(pid=87517) execute /opt/stack/data/venv/lib/python3.12/site-packages/oslo_concurrency/processutils.py:440}}
Sep 06 22:43:58 devstack sudo[89522]: quobyte : PWD=/ ; USER=root ; COMMAND=/opt/stack/data/venv/bin/cinder-rootwrap /etc/cinder/rootwrap.conf chmod ugo+rw /opt/stack/data/cinder/mnt/bc657a74c65372104421ce82d1086f99/volume-a7757b4e-f3f7-4ef9-bebe-b86e8652df43
Sep 06 22:43:58 devstack sudo[89522]: pam_unix(sudo:session): session opened for user root(uid=0) by (uid=1000)
Sep 06 22:43:58 devstack sudo[89520]: pam_unix(sudo:session): session closed for user root
Sep 06 22:43:58 devstack cinder-volume[87517]: DEBUG oslo_concurrency.processutils [None req-6c32b3fb-db84-4777-bfb9-662d48b69c24 tempest-SnapshotsActionsTest-1620107680 None] CMD "/opt/stack/data/venv/bin/python3.12 -m oslo_concurrency.prlimit --as=1073741824 --cpu=60 -- sudo cinder-rootwrap /etc/cinder/rootwrap.conf env LC_ALL=C qemu-img info -f qcow2 --output=json --force-share /opt/stack/data/cinder/mnt/bc657a74c65372104421ce82d1086f99/volume-7ac3c6f4-dd37-4148-b549-9e086c3798cb.0bafccb0-dfbb-430c-8d90-368a99f3428e" returned: 0 in 0.605s {{(pid=87517) execute /opt/stack/data/venv/lib/python3.12/site-packages/oslo_concurrency/processutils.py:468}}
Sep 06 22:43:58 devstack cinder-volume[87517]: DEBUG cinder.volume.drivers.remotefs [None req-6c32b3fb-db84-4777-bfb9-662d48b69c24 tempest-SnapshotsActionsTest-1620107680 None] Fetching qemu-img info with special backing_file_template: (/opt/stack/data/cinder/mnt/[0-9a-f]+/)?(volume-7ac3c6f4-dd37-4148-b549-9e086c3798cb(.(tmp-snap-)?[0-9a-f-]+)?|volume_from_snapshot_cache/(tmp-snap-)?[0-9a-f-]+(.(child-|parent-)[0-9a-f-]+)?)$ {{(pid=87517) _qemu_img_info_base /opt/stack/cinder/cinder/volume/drivers/remotefs.py:896}}
Sep 06 22:43:58 devstack cinder-volume[87517]: DEBUG oslo.privsep.daemon [-] privsep: reply[ae307324-b8d3-4a17-a7fb-77cbcb3623c9]: (4, 'qcow2') {{(pid=89159) _call_back /opt/stack/data/venv/lib/python3.12/site-packages/oslo_privsep/daemon.py:580}}
Sep 06 22:43:58 devstack cinder-volume[87517]: DEBUG oslo_concurrency.processutils [None req-6c32b3fb-db84-4777-bfb9-662d48b69c24 tempest-SnapshotsActionsTest-1620107680 None] Running cmd (subprocess): /opt/stack/data/venv/bin/python3.12 -m oslo_concurrency.prlimit --as=1073741824 --cpu=60 -- sudo cinder-rootwrap /etc/cinder/rootwrap.conf env LC_ALL=C qemu-img info -f qcow2 --output=json --force-share /opt/stack/data/cinder/mnt/bc657a74c65372104421ce82d1086f99/volume-7ac3c6f4-dd37-4148-b549-9e086c3798cb.07e4054c-0834-41d3-951b-5221750c86b7 {{(pid=87517) execute /opt/stack/data/venv/lib/python3.12/site-packages/oslo_concurrency/processutils.py:440}}
Sep 06 22:43:58 devstack sudo[89522]: pam_unix(sudo:session): session closed for user root
Sep 06 22:43:58 devstack cinder-volume[87517]: DEBUG oslo_concurrency.processutils [req-2e4d63d5-0ee6-4208-b379-d789b545e6d0 req-a21d67fd-f0a7-42ac-ba0c-8db1889b35db tempest-VolumesGetTestJSON-643745672 None] CMD "sudo cinder-rootwrap /etc/cinder/rootwrap.conf chmod ugo+rw /opt/stack/data/cinder/mnt/bc657a74c65372104421ce82d1086f99/volume-a7757b4e-f3f7-4ef9-bebe-b86e8652df43" returned: 0 in 0.523s {{(pid=87517) execute /opt/stack/data/venv/lib/python3.12/site-packages/oslo_concurrency/processutils.py:468}}
Sep 06 22:43:58 devstack cinder-volume[87517]: DEBUG cinder.volume.drivers.quobyte [req-2e4d63d5-0ee6-4208-b379-d789b545e6d0 req-a21d67fd-f0a7-42ac-ba0c-8db1889b35db tempest-VolumesGetTestJSON-643745672 None] <== create_volume: return (1210ms) {'provider_location': 'osci02.corp.quobyte.com/cinder-vol-745b070e-8197-4664-ad67-4382cd2a6e05'} {{(pid=87517) trace_logging_wrapper /opt/stack/cinder/cinder/volume/volume_utils.py:1522}}
Sep 06 22:43:58 devstack cinder-volume[87517]: DEBUG oslo_concurrency.lockutils [req-2e4d63d5-0ee6-4208-b379-d789b545e6d0 req-a21d67fd-f0a7-42ac-ba0c-8db1889b35db tempest-VolumesGetTestJSON-643745672 None] Lock "quobyte" "released" by "cinder.volume.drivers.quobyte.QuobyteDriver.create_volume" :: held 1.213s {{(pid=87517) inner /opt/stack/data/venv/lib/python3.12/site-packages/oslo_concurrency/lockutils.py:544}}
Sep 06 22:43:59 devstack cinder-volume[87517]: DEBUG cinder.volume.manager [req-2e4d63d5-0ee6-4208-b379-d789b545e6d0 req-a21d67fd-f0a7-42ac-ba0c-8db1889b35db tempest-VolumesGetTestJSON-643745672 None] Task 'cinder.volume.flows.manager.create_volume.CreateVolumeFromSpecTask;volume:create' (5d2fcd85-030f-45e8-980c-1c020db67abb) transitioned into state 'SUCCESS' from state 'RUNNING' with result '{'status': 'creating', 'volume_name': 'volume-a7757b4e-f3f7-4ef9-bebe-b86e8652df43', 'volume_size': 1}' {{(pid=87517) _task_receiver /opt/stack/data/venv/lib/python3.12/site-packages/taskflow/listeners/logging.py:218}}
Sep 06 22:43:59 devstack cinder-volume[87517]: DEBUG cinder.volume.manager [req-2e4d63d5-0ee6-4208-b379-d789b545e6d0 req-a21d67fd-f0a7-42ac-ba0c-8db1889b35db tempest-VolumesGetTestJSON-643745672 None] Task 'cinder.volume.flows.manager.create_volume.CreateVolumeOnFinishTask;volume:create, create.end' (4448ef6e-b9a3-4a6e-86f3-fe04e75b3479) transitioned into state 'RUNNING' from state 'PENDING' {{(pid=87517) _task_receiver /opt/stack/data/venv/lib/python3.12/site-packages/taskflow/listeners/logging.py:242}}
Sep 06 22:43:59 devstack cinder-volume[87517]: INFO cinder.volume.flows.manager.create_volume [req-2e4d63d5-0ee6-4208-b379-d789b545e6d0 req-a21d67fd-f0a7-42ac-ba0c-8db1889b35db tempest-VolumesGetTestJSON-643745672 None] Volume volume-a7757b4e-f3f7-4ef9-bebe-b86e8652df43 (a7757b4e-f3f7-4ef9-bebe-b86e8652df43): created successfully
Sep 06 22:43:59 devstack cinder-volume[87517]: DEBUG cinder.volume.manager [req-2e4d63d5-0ee6-4208-b379-d789b545e6d0 req-a21d67fd-f0a7-42ac-ba0c-8db1889b35db tempest-VolumesGetTestJSON-643745672 None] Task 'cinder.volume.flows.manager.create_volume.CreateVolumeOnFinishTask;volume:create, create.end' (4448ef6e-b9a3-4a6e-86f3-fe04e75b3479) transitioned into state 'SUCCESS' from state 'RUNNING' with result 'None' {{(pid=87517) _task_receiver /opt/stack/data/venv/lib/python3.12/site-packages/taskflow/listeners/logging.py:218}}
Sep 06 22:43:59 devstack cinder-volume[87517]: DEBUG cinder.volume.manager [req-2e4d63d5-0ee6-4208-b379-d789b545e6d0 req-a21d67fd-f0a7-42ac-ba0c-8db1889b35db tempest-VolumesGetTestJSON-643745672 None] Flow 'volume_create_manager' (54dca8c2-9ce9-415b-b4b8-13ec3e2e0bfd) transitioned into state 'SUCCESS' from state 'RUNNING' {{(pid=87517) _flow_receiver /opt/stack/data/venv/lib/python3.12/site-packages/taskflow/listeners/logging.py:160}}
Sep 06 22:43:59 devstack cinder-volume[87517]: INFO cinder.volume.manager [req-2e4d63d5-0ee6-4208-b379-d789b545e6d0 req-a21d67fd-f0a7-42ac-ba0c-8db1889b35db tempest-VolumesGetTestJSON-643745672 None] Created volume successfully.
Sep 06 22:43:59 devstack sudo[89531]: quobyte : PWD=/ ; USER=root ; COMMAND=/opt/stack/data/venv/bin/cinder-rootwrap /etc/cinder/rootwrap.conf env LC_ALL=C qemu-img info -f qcow2 --output=json --force-share /opt/stack/data/cinder/mnt/bc657a74c65372104421ce82d1086f99/volume-7ac3c6f4-dd37-4148-b549-9e086c3798cb.07e4054c-0834-41d3-951b-5221750c86b7
Sep 06 22:43:59 devstack sudo[89531]: pam_unix(sudo:session): session opened for user root(uid=0) by (uid=1000)
Sep 06 22:43:59 devstack sudo[89531]: pam_unix(sudo:session): session closed for user root
Sep 06 22:43:59 devstack cinder-volume[87517]: DEBUG oslo_concurrency.processutils [None req-6c32b3fb-db84-4777-bfb9-662d48b69c24 tempest-SnapshotsActionsTest-1620107680 None] CMD "/opt/stack/data/venv/bin/python3.12 -m oslo_concurrency.prlimit --as=1073741824 --cpu=60 -- sudo cinder-rootwrap /etc/cinder/rootwrap.conf env LC_ALL=C qemu-img info -f qcow2 --output=json --force-share /opt/stack/data/cinder/mnt/bc657a74c65372104421ce82d1086f99/volume-7ac3c6f4-dd37-4148-b549-9e086c3798cb.07e4054c-0834-41d3-951b-5221750c86b7" returned: 0 in 0.553s {{(pid=87517) execute /opt/stack/data/venv/lib/python3.12/site-packages/oslo_concurrency/processutils.py:468}}
Sep 06 22:43:59 devstack cinder-volume[87517]: DEBUG cinder.volume.drivers.remotefs [None req-6c32b3fb-db84-4777-bfb9-662d48b69c24 tempest-SnapshotsActionsTest-1620107680 None] Fetching qemu-img info with special backing_file_template: (/opt/stack/data/cinder/mnt/[0-9a-f]+/)?(volume-7ac3c6f4-dd37-4148-b549-9e086c3798cb(.(tmp-snap-)?[0-9a-f-]+)?|volume_from_snapshot_cache/(tmp-snap-)?[0-9a-f-]+(.(child-|parent-)[0-9a-f-]+)?)$ {{(pid=87517) _qemu_img_info_base /opt/stack/cinder/cinder/volume/drivers/remotefs.py:896}}
Sep 06 22:43:59 devstack cinder-volume[87517]: DEBUG oslo_concurrency.processutils [None req-6c32b3fb-db84-4777-bfb9-662d48b69c24 tempest-SnapshotsActionsTest-1620107680 None] Running cmd (subprocess): sudo cinder-rootwrap /etc/cinder/rootwrap.conf qemu-img commit -d /opt/stack/data/cinder/mnt/bc657a74c65372104421ce82d1086f99/volume-7ac3c6f4-dd37-4148-b549-9e086c3798cb.0bafccb0-dfbb-430c-8d90-368a99f3428e {{(pid=87517) execute /opt/stack/data/venv/lib/python3.12/site-packages/oslo_concurrency/processutils.py:440}}
Sep 06 22:43:59 devstack sudo[89537]: quobyte : PWD=/ ; USER=root ; COMMAND=/opt/stack/data/venv/bin/cinder-rootwrap /etc/cinder/rootwrap.conf qemu-img commit -d /opt/stack/data/cinder/mnt/bc657a74c65372104421ce82d1086f99/volume-7ac3c6f4-dd37-4148-b549-9e086c3798cb.0bafccb0-dfbb-430c-8d90-368a99f3428e
Sep 06 22:43:59 devstack sudo[89537]: pam_unix(sudo:session): session opened for user root(uid=0) by (uid=1000)
Sep 06 22:44:00 devstack sudo[89537]: pam_unix(sudo:session): session closed for user root
Sep 06 22:44:00 devstack cinder-volume[87517]: DEBUG oslo_concurrency.processutils [None req-6c32b3fb-db84-4777-bfb9-662d48b69c24 tempest-SnapshotsActionsTest-1620107680 None] CMD "sudo cinder-rootwrap /etc/cinder/rootwrap.conf qemu-img commit -d /opt/stack/data/cinder/mnt/bc657a74c65372104421ce82d1086f99/volume-7ac3c6f4-dd37-4148-b549-9e086c3798cb.0bafccb0-dfbb-430c-8d90-368a99f3428e" returned: 0 in 0.549s {{(pid=87517) execute /opt/stack/data/venv/lib/python3.12/site-packages/oslo_concurrency/processutils.py:468}}
Sep 06 22:44:00 devstack cinder-volume[87517]: DEBUG oslo_concurrency.processutils [None req-6c32b3fb-db84-4777-bfb9-662d48b69c24 tempest-SnapshotsActionsTest-1620107680 None] Running cmd (subprocess): sudo cinder-rootwrap /etc/cinder/rootwrap.conf rm -f /opt/stack/data/cinder/mnt/bc657a74c65372104421ce82d1086f99/volume-7ac3c6f4-dd37-4148-b549-9e086c3798cb.0bafccb0-dfbb-430c-8d90-368a99f3428e {{(pid=87517) execute /opt/stack/data/venv/lib/python3.12/site-packages/oslo_concurrency/processutils.py:440}}
Sep 06 22:44:00 devstack cinder-volume[87517]: DEBUG cinder.coordination [req-4a68c13b-15c0-40f9-b25d-37bb552548b4 req-880ac93d-f828-4753-89cf-346e81f2df18 tempest-VolumesGetTestJSON-643745672 None] Acquiring lock "cinder-a7757b4e-f3f7-4ef9-bebe-b86e8652df43-delete_volume" by "delete_volume" {{(pid=87517) __acquire /opt/stack/cinder/cinder/coordination.py:138}}
Sep 06 22:44:00 devstack sudo[89544]: quobyte : PWD=/ ; USER=root ; COMMAND=/opt/stack/data/venv/bin/cinder-rootwrap /etc/cinder/rootwrap.conf rm -f /opt/stack/data/cinder/mnt/bc657a74c65372104421ce82d1086f99/volume-7ac3c6f4-dd37-4148-b549-9e086c3798cb.0bafccb0-dfbb-430c-8d90-368a99f3428e
Sep 06 22:44:00 devstack sudo[89544]: pam_unix(sudo:session): session opened for user root(uid=0) by (uid=1000)
Sep 06 22:44:00 devstack cinder-volume[87517]: DEBUG cinder.coordination [req-4a68c13b-15c0-40f9-b25d-37bb552548b4 req-880ac93d-f828-4753-89cf-346e81f2df18 tempest-VolumesGetTestJSON-643745672 None] Lock "cinder-a7757b4e-f3f7-4ef9-bebe-b86e8652df43-delete_volume" acquired by "delete_volume" :: waited 0.027s {{(pid=87517) __acquire /opt/stack/cinder/cinder/coordination.py:141}}
Sep 06 22:44:00 devstack cinder-volume[87517]: DEBUG cinder.coordination [req-4a68c13b-15c0-40f9-b25d-37bb552548b4 req-880ac93d-f828-4753-89cf-346e81f2df18 tempest-VolumesGetTestJSON-643745672 None] Acquiring lock "cinder-quobyte-a7757b4e-f3f7-4ef9-bebe-b86e8652df43" by "delete_volume" {{(pid=87517) __acquire /opt/stack/cinder/cinder/coordination.py:138}}
Sep 06 22:44:00 devstack cinder-volume[87517]: DEBUG cinder.coordination [req-4a68c13b-15c0-40f9-b25d-37bb552548b4 req-880ac93d-f828-4753-89cf-346e81f2df18 tempest-VolumesGetTestJSON-643745672 None] Lock "cinder-quobyte-a7757b4e-f3f7-4ef9-bebe-b86e8652df43" acquired by "delete_volume" :: waited 0.037s {{(pid=87517) __acquire /opt/stack/cinder/cinder/coordination.py:141}}
Sep 06 22:44:00 devstack cinder-volume[87517]: DEBUG oslo.privsep.daemon [-] privsep: reply[120d79c9-dc3a-49c0-807f-4e7a2411af5a]: (4, 'qcow2') {{(pid=89159) _call_back /opt/stack/data/venv/lib/python3.12/site-packages/oslo_privsep/daemon.py:580}}
Sep 06 22:44:00 devstack cinder-volume[87517]: DEBUG oslo_concurrency.processutils [req-4a68c13b-15c0-40f9-b25d-37bb552548b4 req-880ac93d-f828-4753-89cf-346e81f2df18 tempest-VolumesGetTestJSON-643745672 None] Running cmd (subprocess): /opt/stack/data/venv/bin/python3.12 -m oslo_concurrency.prlimit --as=1073741824 --cpu=60 -- sudo cinder-rootwrap /etc/cinder/rootwrap.conf env LC_ALL=C qemu-img info -f qcow2 --output=json --force-share /opt/stack/data/cinder/mnt/bc657a74c65372104421ce82d1086f99/volume-a7757b4e-f3f7-4ef9-bebe-b86e8652df43 {{(pid=87517) execute /opt/stack/data/venv/lib/python3.12/site-packages/oslo_concurrency/processutils.py:440}}
Sep 06 22:44:00 devstack sudo[89544]: pam_unix(sudo:session): session closed for user root
Sep 06 22:44:00 devstack cinder-volume[87517]: DEBUG oslo_concurrency.processutils [None req-6c32b3fb-db84-4777-bfb9-662d48b69c24 tempest-SnapshotsActionsTest-1620107680 None] CMD "sudo cinder-rootwrap /etc/cinder/rootwrap.conf rm -f /opt/stack/data/cinder/mnt/bc657a74c65372104421ce82d1086f99/volume-7ac3c6f4-dd37-4148-b549-9e086c3798cb.0bafccb0-dfbb-430c-8d90-368a99f3428e" returned: 0 in 0.415s {{(pid=87517) execute /opt/stack/data/venv/lib/python3.12/site-packages/oslo_concurrency/processutils.py:468}}
Sep 06 22:44:00 devstack cinder-volume[87517]: DEBUG cinder.coordination [None req-6c32b3fb-db84-4777-bfb9-662d48b69c24 tempest-SnapshotsActionsTest-1620107680 None] Lock "cinder-quobyte-0bafccb0-dfbb-430c-8d90-368a99f3428e" released by "_delete_snapshot" :: held 2.331s {{(pid=87517) __release /opt/stack/cinder/cinder/coordination.py:152}}
Sep 06 22:44:00 devstack cinder-volume[87517]: DEBUG cinder.coordination [None req-6c32b3fb-db84-4777-bfb9-662d48b69c24 tempest-SnapshotsActionsTest-1620107680 None] Lock "cinder-quobyte-7ac3c6f4-dd37-4148-b549-9e086c3798cb" released by "delete_snapshot" :: held 2.368s {{(pid=87517) __release /opt/stack/cinder/cinder/coordination.py:152}}
Sep 06 22:44:00 devstack sudo[89546]: quobyte : PWD=/ ; USER=root ; COMMAND=/opt/stack/data/venv/bin/cinder-rootwrap /etc/cinder/rootwrap.conf env LC_ALL=C qemu-img info -f qcow2 --output=json --force-share /opt/stack/data/cinder/mnt/bc657a74c65372104421ce82d1086f99/volume-a7757b4e-f3f7-4ef9-bebe-b86e8652df43
Sep 06 22:44:00 devstack sudo[89546]: pam_unix(sudo:session): session opened for user root(uid=0) by (uid=1000)
Sep 06 22:44:00 devstack cinder-volume[87517]: DEBUG cinder.quota [None req-6c32b3fb-db84-4777-bfb9-662d48b69c24 tempest-SnapshotsActionsTest-1620107680 None] Created reservations ['7b1ccf50-ac49-407f-b5fe-d435b20975c1', 'bb69d59d-54c8-4b64-80f7-002e7a57be36', 'b361106d-61d2-4568-960b-0c54a9db10b4', '741c9fc5-b6a3-44b7-9bfa-69a738ad132a'] {{(pid=87517) reserve /opt/stack/cinder/cinder/quota.py:752}}
Sep 06 22:44:00 devstack cinder-volume[87517]: INFO cinder.volume.manager [None req-6c32b3fb-db84-4777-bfb9-662d48b69c24 tempest-SnapshotsActionsTest-1620107680 None] Delete snapshot completed successfully.
Sep 06 22:44:00 devstack cinder-volume[87517]: DEBUG cinder.coordination [None req-6c32b3fb-db84-4777-bfb9-662d48b69c24 tempest-SnapshotsActionsTest-1620107680 None] Lock "cinder-0bafccb0-dfbb-430c-8d90-368a99f3428e-delete_snapshot" released by "delete_snapshot" :: held 2.651s {{(pid=87517) __release /opt/stack/cinder/cinder/coordination.py:152}}
Sep 06 22:44:00 devstack sudo[89546]: pam_unix(sudo:session): session closed for user root
Sep 06 22:44:01 devstack cinder-volume[87517]: DEBUG oslo_concurrency.processutils [req-4a68c13b-15c0-40f9-b25d-37bb552548b4 req-880ac93d-f828-4753-89cf-346e81f2df18 tempest-VolumesGetTestJSON-643745672 None] CMD "/opt/stack/data/venv/bin/python3.12 -m oslo_concurrency.prlimit --as=1073741824 --cpu=60 -- sudo cinder-rootwrap /etc/cinder/rootwrap.conf env LC_ALL=C qemu-img info -f qcow2 --output=json --force-share /opt/stack/data/cinder/mnt/bc657a74c65372104421ce82d1086f99/volume-a7757b4e-f3f7-4ef9-bebe-b86e8652df43" returned: 0 in 0.699s {{(pid=87517) execute /opt/stack/data/venv/lib/python3.12/site-packages/oslo_concurrency/processutils.py:468}}
Sep 06 22:44:01 devstack cinder-volume[87517]: DEBUG oslo_concurrency.processutils [req-4a68c13b-15c0-40f9-b25d-37bb552548b4 req-880ac93d-f828-4753-89cf-346e81f2df18 tempest-VolumesGetTestJSON-643745672 None] Running cmd (subprocess): sudo cinder-rootwrap /etc/cinder/rootwrap.conf rm -f /opt/stack/data/cinder/mnt/bc657a74c65372104421ce82d1086f99/volume-a7757b4e-f3f7-4ef9-bebe-b86e8652df43 {{(pid=87517) execute /opt/stack/data/venv/lib/python3.12/site-packages/oslo_concurrency/processutils.py:440}}
Sep 06 22:44:01 devstack sudo[89552]: quobyte : PWD=/ ; USER=root ; COMMAND=/opt/stack/data/venv/bin/cinder-rootwrap /etc/cinder/rootwrap.conf rm -f /opt/stack/data/cinder/mnt/bc657a74c65372104421ce82d1086f99/volume-a7757b4e-f3f7-4ef9-bebe-b86e8652df43
Sep 06 22:44:01 devstack sudo[89552]: pam_unix(sudo:session): session opened for user root(uid=0) by (uid=1000)
Sep 06 22:44:01 devstack sudo[89552]: pam_unix(sudo:session): session closed for user root
Sep 06 22:44:01 devstack cinder-volume[87517]: DEBUG oslo_concurrency.processutils [req-4a68c13b-15c0-40f9-b25d-37bb552548b4 req-880ac93d-f828-4753-89cf-346e81f2df18 tempest-VolumesGetTestJSON-643745672 None] CMD "sudo cinder-rootwrap /etc/cinder/rootwrap.conf rm -f /opt/stack/data/cinder/mnt/bc657a74c65372104421ce82d1086f99/volume-a7757b4e-f3f7-4ef9-bebe-b86e8652df43" returned: 0 in 0.368s {{(pid=87517) execute /opt/stack/data/venv/lib/python3.12/site-packages/oslo_concurrency/processutils.py:468}}
Sep 06 22:44:01 devstack cinder-volume[87517]: DEBUG cinder.coordination [req-4a68c13b-15c0-40f9-b25d-37bb552548b4 req-880ac93d-f828-4753-89cf-346e81f2df18 tempest-VolumesGetTestJSON-643745672 None] Lock "cinder-quobyte-a7757b4e-f3f7-4ef9-bebe-b86e8652df43" released by "delete_volume" :: held 1.191s {{(pid=87517) __release /opt/stack/cinder/cinder/coordination.py:152}}
Sep 06 22:44:01 devstack cinder-volume[87517]: DEBUG cinder.quota [req-4a68c13b-15c0-40f9-b25d-37bb552548b4 req-880ac93d-f828-4753-89cf-346e81f2df18 tempest-VolumesGetTestJSON-643745672 None] Created reservations ['d65ebdfc-2d38-411d-9321-6b493359a524', 'a9143843-6943-4371-8134-389baeae1e8b', '09cd5274-59db-4ef6-a881-bf6968df965a', 'e1e8de5d-3892-46ac-8da1-7bdeaac6ca87'] {{(pid=87517) reserve /opt/stack/cinder/cinder/quota.py:752}}
Sep 06 22:44:01 devstack cinder-volume[87517]: DEBUG oslo_concurrency.lockutils [req-4a68c13b-15c0-40f9-b25d-37bb552548b4 req-880ac93d-f828-4753-89cf-346e81f2df18 tempest-VolumesGetTestJSON-643745672 None] Acquiring lock "quobyte_ensure" by "cinder.volume.drivers.quobyte.QuobyteDriver._ensure_shares_mounted" {{(pid=87517) inner /opt/stack/data/venv/lib/python3.12/site-packages/oslo_concurrency/lockutils.py:512}}
Sep 06 22:44:01 devstack cinder-volume[87517]: DEBUG oslo_concurrency.lockutils [req-4a68c13b-15c0-40f9-b25d-37bb552548b4 req-880ac93d-f828-4753-89cf-346e81f2df18 tempest-VolumesGetTestJSON-643745672 None] Lock "quobyte_ensure" acquired by "cinder.volume.drivers.quobyte.QuobyteDriver._ensure_shares_mounted" :: waited 0.001s {{(pid=87517) inner /opt/stack/data/venv/lib/python3.12/site-packages/oslo_concurrency/lockutils.py:525}}
Sep 06 22:44:01 devstack cinder-volume[87517]: DEBUG cinder.volume.drivers.quobyte [req-4a68c13b-15c0-40f9-b25d-37bb552548b4 req-880ac93d-f828-4753-89cf-346e81f2df18 tempest-VolumesGetTestJSON-643745672 None] Quobyte Volume URL set to: {'osci02.corp.quobyte.com/cinder-vol-745b070e-8197-4664-ad67-4382cd2a6e05': None} {{(pid=87517) _load_shares_config /opt/stack/cinder/cinder/volume/drivers/quobyte.py:662}}
Sep 06 22:44:01 devstack cinder-volume[87517]: DEBUG cinder.volume.drivers.quobyte [req-4a68c13b-15c0-40f9-b25d-37bb552548b4 req-880ac93d-f828-4753-89cf-346e81f2df18 tempest-VolumesGetTestJSON-643745672 None] Available shares ['osci02.corp.quobyte.com/cinder-vol-745b070e-8197-4664-ad67-4382cd2a6e05'] {{(pid=87517) _ensure_shares_mounted /opt/stack/cinder/cinder/volume/drivers/quobyte.py:692}}
Sep 06 22:44:01 devstack cinder-volume[87517]: DEBUG oslo_concurrency.lockutils [req-4a68c13b-15c0-40f9-b25d-37bb552548b4 req-880ac93d-f828-4753-89cf-346e81f2df18 tempest-VolumesGetTestJSON-643745672 None] Lock "quobyte_ensure" "released" by "cinder.volume.drivers.quobyte.QuobyteDriver._ensure_shares_mounted" :: held 0.054s {{(pid=87517) inner /opt/stack/data/venv/lib/python3.12/site-packages/oslo_concurrency/lockutils.py:544}}
Sep 06 22:44:01 devstack cinder-volume[87517]: DEBUG oslo_concurrency.processutils [req-4a68c13b-15c0-40f9-b25d-37bb552548b4 req-880ac93d-f828-4753-89cf-346e81f2df18 tempest-VolumesGetTestJSON-643745672 None] Running cmd (subprocess): sudo cinder-rootwrap /etc/cinder/rootwrap.conf df --portability --block-size 1 /opt/stack/data/cinder/mnt/bc657a74c65372104421ce82d1086f99 {{(pid=87517) execute /opt/stack/data/venv/lib/python3.12/site-packages/oslo_concurrency/processutils.py:440}}
Sep 06 22:44:01 devstack sudo[89555]: quobyte : PWD=/ ; USER=root ; COMMAND=/opt/stack/data/venv/bin/cinder-rootwrap /etc/cinder/rootwrap.conf df --portability --block-size 1 /opt/stack/data/cinder/mnt/bc657a74c65372104421ce82d1086f99
Sep 06 22:44:01 devstack sudo[89555]: pam_unix(sudo:session): session opened for user root(uid=0) by (uid=1000)
Sep 06 22:44:02 devstack sudo[89555]: pam_unix(sudo:session): session closed for user root
