Sep 06 22:44:11 devstack cinder-volume[87517]: DEBUG cinder.volume.drivers.quobyte [None req-8b873ce2-0ae8-4054-a1d8-efad48e98253 tempest-GroupSnapshotsTest-1771170664 None] ==> create_volume: call "{'self': , 'volume': Volume(_name_id=None,admin_metadata=,attach_status='detached',availability_zone='nova',bootable=False,cluster=,cluster_name=None,consistencygroup=,consistencygroup_id=6d7c4dff-ce2d-4ab3-bdc6-ea01e7bcb7b7,created_at=2026-09-06T20:44:11Z,deleted=False,deleted_at=None,display_description=None,display_name='tempest-volume-66435698',ec2_id=None,encryption_key_id=None,glance_metadata=,group=,group_id=6d7c4dff-ce2d-4ab3-bdc6-ea01e7bcb7b7,host='devstack@QuobyteHD#QuobyteHD',id=482ac797-5662-4e5c-8a8d-878eec406a79,launched_at=None,metadata={},migration_status=None,multiattach=False,previous_status=None,project_id='ea85615c89154b56b21d356180467279',provider_auth=None,provider_geometry=None,provider_id=None,provider_location=None,replication_driver_data=None,replication_extended_status=None,replication_status=None,scheduled_at=2026-09-06T20:44:12Z,service_uuid=None,shared_targets=True,size=1,snapshot_id=None,snapshots=,source_volid=None,status='creating',terminated_at=None,updated_at=2026-09-06T20:44:12Z,use_quota=True,user_id='8c98f7234a11475ba02eb89b8afd0fd4',volume_attachment=VolumeAttachmentList,volume_type=VolumeType(5d2e16a3-b2b7-411b-be0c-3d252af2564e),volume_type_id=5d2e16a3-b2b7-411b-be0c-3d252af2564e)}" {{(pid=87517) trace_logging_wrapper /opt/stack/cinder/cinder/volume/volume_utils.py:1497}}
Sep 06 22:44:11 devstack cinder-volume[87517]: DEBUG cinder.volume.drivers.remotefs [None req-8b873ce2-0ae8-4054-a1d8-efad48e98253 tempest-GroupSnapshotsTest-1771170664 None] Creating volume 482ac797-5662-4e5c-8a8d-878eec406a79 {{(pid=87517) create_volume /opt/stack/cinder/cinder/volume/drivers/remotefs.py:292}}
Sep 06 22:44:11 devstack cinder-volume[87517]: DEBUG oslo_concurrency.lockutils [None req-8b873ce2-0ae8-4054-a1d8-efad48e98253 tempest-GroupSnapshotsTest-1771170664 None] Acquiring lock "quobyte_ensure" by "cinder.volume.drivers.quobyte.QuobyteDriver._ensure_shares_mounted" {{(pid=87517) inner /opt/stack/data/venv/lib/python3.12/site-packages/oslo_concurrency/lockutils.py:512}}
Sep 06 22:44:11 devstack cinder-volume[87517]: DEBUG oslo_concurrency.lockutils [None req-8b873ce2-0ae8-4054-a1d8-efad48e98253 tempest-GroupSnapshotsTest-1771170664 None] Lock "quobyte_ensure" acquired by "cinder.volume.drivers.quobyte.QuobyteDriver._ensure_shares_mounted" :: waited 0.000s {{(pid=87517) inner /opt/stack/data/venv/lib/python3.12/site-packages/oslo_concurrency/lockutils.py:525}}
Sep 06 22:44:11 devstack cinder-volume[87517]: DEBUG cinder.volume.drivers.quobyte [None req-8b873ce2-0ae8-4054-a1d8-efad48e98253 tempest-GroupSnapshotsTest-1771170664 None] Quobyte Volume URL set to: {'osci02.corp.quobyte.com/cinder-vol-745b070e-8197-4664-ad67-4382cd2a6e05': None} {{(pid=87517) _load_shares_config /opt/stack/cinder/cinder/volume/drivers/quobyte.py:662}}
Sep 06 22:44:11 devstack cinder-volume[87517]: DEBUG cinder.volume.drivers.quobyte [None req-8b873ce2-0ae8-4054-a1d8-efad48e98253 tempest-GroupSnapshotsTest-1771170664 None] Available shares ['osci02.corp.quobyte.com/cinder-vol-745b070e-8197-4664-ad67-4382cd2a6e05'] {{(pid=87517) _ensure_shares_mounted /opt/stack/cinder/cinder/volume/drivers/quobyte.py:692}}
Sep 06 22:44:11 devstack cinder-volume[87517]: DEBUG oslo_concurrency.lockutils [None req-8b873ce2-0ae8-4054-a1d8-efad48e98253 tempest-GroupSnapshotsTest-1771170664 None] Lock "quobyte_ensure" "released" by "cinder.volume.drivers.quobyte.QuobyteDriver._ensure_shares_mounted" :: held 0.006s {{(pid=87517) inner /opt/stack/data/venv/lib/python3.12/site-packages/oslo_concurrency/lockutils.py:544}}
Sep 06 22:44:11 devstack cinder-volume[87517]: DEBUG cinder.volume.drivers.quobyte [None req-8b873ce2-0ae8-4054-a1d8-efad48e98253 tempest-GroupSnapshotsTest-1771170664 None] Selected osci02.corp.quobyte.com/cinder-vol-745b070e-8197-4664-ad67-4382cd2a6e05 as target Quobyte volume. {{(pid=87517) _find_share /opt/stack/cinder/cinder/volume/drivers/quobyte.py:713}}
Sep 06 22:44:11 devstack cinder-volume[87517]: INFO cinder.volume.drivers.remotefs [None req-8b873ce2-0ae8-4054-a1d8-efad48e98253 tempest-GroupSnapshotsTest-1771170664 None] casted to osci02.corp.quobyte.com/cinder-vol-745b070e-8197-4664-ad67-4382cd2a6e05
Sep 06 22:44:11 devstack cinder-volume[87517]: DEBUG oslo_concurrency.processutils [None req-8b873ce2-0ae8-4054-a1d8-efad48e98253 tempest-GroupSnapshotsTest-1771170664 None] Running cmd (subprocess): sudo cinder-rootwrap /etc/cinder/rootwrap.conf qemu-img create -f qcow2 -o preallocation=metadata /opt/stack/data/cinder/mnt/bc657a74c65372104421ce82d1086f99/volume-482ac797-5662-4e5c-8a8d-878eec406a79 1073741824 {{(pid=87517) execute /opt/stack/data/venv/lib/python3.12/site-packages/oslo_concurrency/processutils.py:440}}
Sep 06 22:44:11 devstack sudo[89690]: quobyte : PWD=/ ; USER=root ; COMMAND=/opt/stack/data/venv/bin/cinder-rootwrap /etc/cinder/rootwrap.conf qemu-img create -f qcow2 -o preallocation=metadata /opt/stack/data/cinder/mnt/bc657a74c65372104421ce82d1086f99/volume-482ac797-5662-4e5c-8a8d-878eec406a79 1073741824
Sep 06 22:44:11 devstack sudo[89690]: pam_unix(sudo:session): session opened for user root(uid=0) by (uid=1000)
Sep 06 22:44:12 devstack sudo[89690]: pam_unix(sudo:session): session closed for user root
Sep 06 22:44:12 devstack cinder-volume[87517]: DEBUG oslo_concurrency.processutils [None req-8b873ce2-0ae8-4054-a1d8-efad48e98253 tempest-GroupSnapshotsTest-1771170664 None] CMD "sudo cinder-rootwrap /etc/cinder/rootwrap.conf qemu-img create -f qcow2 -o preallocation=metadata /opt/stack/data/cinder/mnt/bc657a74c65372104421ce82d1086f99/volume-482ac797-5662-4e5c-8a8d-878eec406a79 1073741824" returned: 0 in 0.430s {{(pid=87517) execute /opt/stack/data/venv/lib/python3.12/site-packages/oslo_concurrency/processutils.py:468}}
Sep 06 22:44:12 devstack cinder-volume[87517]: DEBUG oslo_concurrency.processutils [None req-8b873ce2-0ae8-4054-a1d8-efad48e98253 tempest-GroupSnapshotsTest-1771170664 None] Running cmd (subprocess): sudo cinder-rootwrap /etc/cinder/rootwrap.conf chmod ugo+rw /opt/stack/data/cinder/mnt/bc657a74c65372104421ce82d1086f99/volume-482ac797-5662-4e5c-8a8d-878eec406a79 {{(pid=87517) execute /opt/stack/data/venv/lib/python3.12/site-packages/oslo_concurrency/processutils.py:440}}
Sep 06 22:44:12 devstack cinder-volume[87517]: DEBUG cinder.coordination [None req-b536b465-7966-4e8a-a3de-c519c303e1e1 tempest-SnapshotsActionsTest-1808243176 None] Acquiring lock "cinder-7ac3c6f4-dd37-4148-b549-9e086c3798cb-delete_volume" by "delete_volume" {{(pid=87517) __acquire /opt/stack/cinder/cinder/coordination.py:138}}
Sep 06 22:44:12 devstack sudo[89695]: quobyte : PWD=/ ; USER=root ; COMMAND=/opt/stack/data/venv/bin/cinder-rootwrap /etc/cinder/rootwrap.conf chmod ugo+rw /opt/stack/data/cinder/mnt/bc657a74c65372104421ce82d1086f99/volume-482ac797-5662-4e5c-8a8d-878eec406a79
Sep 06 22:44:12 devstack sudo[89695]: pam_unix(sudo:session): session opened for user root(uid=0) by (uid=1000)
Sep 06 22:44:12 devstack cinder-volume[87517]: DEBUG cinder.coordination [None req-b536b465-7966-4e8a-a3de-c519c303e1e1 tempest-SnapshotsActionsTest-1808243176 None] Lock "cinder-7ac3c6f4-dd37-4148-b549-9e086c3798cb-delete_volume" acquired by "delete_volume" :: waited 0.019s {{(pid=87517) __acquire /opt/stack/cinder/cinder/coordination.py:141}}
Sep 06 22:44:12 devstack cinder-volume[87517]: DEBUG cinder.coordination [None req-b536b465-7966-4e8a-a3de-c519c303e1e1 tempest-SnapshotsActionsTest-1808243176 None] Acquiring lock "cinder-quobyte-7ac3c6f4-dd37-4148-b549-9e086c3798cb" by "delete_volume" {{(pid=87517) __acquire /opt/stack/cinder/cinder/coordination.py:138}}
Sep 06 22:44:12 devstack cinder-volume[87517]: DEBUG cinder.coordination [None req-b536b465-7966-4e8a-a3de-c519c303e1e1 tempest-SnapshotsActionsTest-1808243176 None] Lock "cinder-quobyte-7ac3c6f4-dd37-4148-b549-9e086c3798cb" acquired by "delete_volume" :: waited 0.017s {{(pid=87517) __acquire /opt/stack/cinder/cinder/coordination.py:141}}
Sep 06 22:44:12 devstack cinder-volume[87517]: DEBUG oslo.privsep.daemon [-] privsep: reply[e2e48819-d346-48d9-a5a0-8bbcb65854e0]: (4, 'qcow2') {{(pid=89159) _call_back /opt/stack/data/venv/lib/python3.12/site-packages/oslo_privsep/daemon.py:580}}
Sep 06 22:44:12 devstack cinder-volume[87517]: DEBUG oslo_concurrency.processutils [None req-b536b465-7966-4e8a-a3de-c519c303e1e1 tempest-SnapshotsActionsTest-1808243176 None] Running cmd (subprocess): /opt/stack/data/venv/bin/python3.12 -m oslo_concurrency.prlimit --as=1073741824 --cpu=60 -- sudo cinder-rootwrap /etc/cinder/rootwrap.conf env LC_ALL=C qemu-img info -f qcow2 --output=json --force-share /opt/stack/data/cinder/mnt/bc657a74c65372104421ce82d1086f99/volume-7ac3c6f4-dd37-4148-b549-9e086c3798cb {{(pid=87517) execute /opt/stack/data/venv/lib/python3.12/site-packages/oslo_concurrency/processutils.py:440}}
Sep 06 22:44:12 devstack sudo[89697]: quobyte : PWD=/ ; USER=root ; COMMAND=/opt/stack/data/venv/bin/cinder-rootwrap /etc/cinder/rootwrap.conf env LC_ALL=C qemu-img info -f qcow2 --output=json --force-share /opt/stack/data/cinder/mnt/bc657a74c65372104421ce82d1086f99/volume-7ac3c6f4-dd37-4148-b549-9e086c3798cb
Sep 06 22:44:12 devstack sudo[89697]: pam_unix(sudo:session): session opened for user root(uid=0) by (uid=1000)
Sep 06 22:44:12 devstack sudo[89695]: pam_unix(sudo:session): session closed for user root
Sep 06 22:44:12 devstack cinder-volume[87517]: DEBUG oslo_concurrency.processutils [None req-8b873ce2-0ae8-4054-a1d8-efad48e98253 tempest-GroupSnapshotsTest-1771170664 None] CMD "sudo cinder-rootwrap /etc/cinder/rootwrap.conf chmod ugo+rw /opt/stack/data/cinder/mnt/bc657a74c65372104421ce82d1086f99/volume-482ac797-5662-4e5c-8a8d-878eec406a79" returned: 0 in 0.275s {{(pid=87517) execute /opt/stack/data/venv/lib/python3.12/site-packages/oslo_concurrency/processutils.py:468}}
Sep 06 22:44:12 devstack cinder-volume[87517]: DEBUG cinder.volume.drivers.quobyte [None req-8b873ce2-0ae8-4054-a1d8-efad48e98253 tempest-GroupSnapshotsTest-1771170664 None] <== create_volume: return (766ms) {'provider_location': 'osci02.corp.quobyte.com/cinder-vol-745b070e-8197-4664-ad67-4382cd2a6e05'} {{(pid=87517) trace_logging_wrapper /opt/stack/cinder/cinder/volume/volume_utils.py:1522}}
Sep 06 22:44:12 devstack cinder-volume[87517]: DEBUG oslo_concurrency.lockutils [None req-8b873ce2-0ae8-4054-a1d8-efad48e98253 tempest-GroupSnapshotsTest-1771170664 None] Lock "quobyte" "released" by "cinder.volume.drivers.quobyte.QuobyteDriver.create_volume" :: held 0.769s {{(pid=87517) inner /opt/stack/data/venv/lib/python3.12/site-packages/oslo_concurrency/lockutils.py:544}}
Sep 06 22:44:12 devstack cinder-volume[87517]: DEBUG cinder.volume.manager [None req-8b873ce2-0ae8-4054-a1d8-efad48e98253 tempest-GroupSnapshotsTest-1771170664 None] Task 'cinder.volume.flows.manager.create_volume.CreateVolumeFromSpecTask;volume:create' (b000d9eb-9180-487a-b418-6ac509aac820) transitioned into state 'SUCCESS' from state 'RUNNING' with result '{'status': 'creating', 'volume_name': 'volume-482ac797-5662-4e5c-8a8d-878eec406a79', 'volume_size': 1}' {{(pid=87517) _task_receiver /opt/stack/data/venv/lib/python3.12/site-packages/taskflow/listeners/logging.py:218}}
Sep 06 22:44:12 devstack cinder-volume[87517]: DEBUG cinder.volume.manager [None req-8b873ce2-0ae8-4054-a1d8-efad48e98253 tempest-GroupSnapshotsTest-1771170664 None] Task 'cinder.volume.flows.manager.create_volume.CreateVolumeOnFinishTask;volume:create, create.end' (cc7a837b-5b80-4201-bf59-4593b9f1b666) transitioned into state 'RUNNING' from state 'PENDING' {{(pid=87517) _task_receiver /opt/stack/data/venv/lib/python3.12/site-packages/taskflow/listeners/logging.py:242}}
Sep 06 22:44:12 devstack cinder-volume[87517]: INFO cinder.volume.flows.manager.create_volume [None req-8b873ce2-0ae8-4054-a1d8-efad48e98253 tempest-GroupSnapshotsTest-1771170664 None] Volume volume-482ac797-5662-4e5c-8a8d-878eec406a79 (482ac797-5662-4e5c-8a8d-878eec406a79): created successfully
Sep 06 22:44:12 devstack cinder-volume[87517]: DEBUG cinder.volume.manager [None req-8b873ce2-0ae8-4054-a1d8-efad48e98253 tempest-GroupSnapshotsTest-1771170664 None] Task 'cinder.volume.flows.manager.create_volume.CreateVolumeOnFinishTask;volume:create, create.end' (cc7a837b-5b80-4201-bf59-4593b9f1b666) transitioned into state 'SUCCESS' from state 'RUNNING' with result 'None' {{(pid=87517) _task_receiver /opt/stack/data/venv/lib/python3.12/site-packages/taskflow/listeners/logging.py:218}}
Sep 06 22:44:12 devstack cinder-volume[87517]: DEBUG cinder.volume.manager [None req-8b873ce2-0ae8-4054-a1d8-efad48e98253 tempest-GroupSnapshotsTest-1771170664 None] Flow 'volume_create_manager' (e324cc93-1954-4ce2-acd9-c287d56494db) transitioned into state 'SUCCESS' from state 'RUNNING' {{(pid=87517) _flow_receiver /opt/stack/data/venv/lib/python3.12/site-packages/taskflow/listeners/logging.py:160}}
Sep 06 22:44:12 devstack cinder-volume[87517]: INFO cinder.volume.manager [None req-8b873ce2-0ae8-4054-a1d8-efad48e98253 tempest-GroupSnapshotsTest-1771170664 None] Created volume successfully.
Sep 06 22:44:12 devstack sudo[89697]: pam_unix(sudo:session): session closed for user root
Sep 06 22:44:12 devstack cinder-volume[87517]: DEBUG oslo_concurrency.processutils [None req-b536b465-7966-4e8a-a3de-c519c303e1e1 tempest-SnapshotsActionsTest-1808243176 None] CMD "/opt/stack/data/venv/bin/python3.12 -m oslo_concurrency.prlimit --as=1073741824 --cpu=60 -- sudo cinder-rootwrap /etc/cinder/rootwrap.conf env LC_ALL=C qemu-img info -f qcow2 --output=json --force-share /opt/stack/data/cinder/mnt/bc657a74c65372104421ce82d1086f99/volume-7ac3c6f4-dd37-4148-b549-9e086c3798cb" returned: 0 in 0.389s {{(pid=87517) execute /opt/stack/data/venv/lib/python3.12/site-packages/oslo_concurrency/processutils.py:468}}
Sep 06 22:44:12 devstack cinder-volume[87517]: DEBUG oslo_concurrency.processutils [None req-b536b465-7966-4e8a-a3de-c519c303e1e1 tempest-SnapshotsActionsTest-1808243176 None] Running cmd (subprocess): sudo cinder-rootwrap /etc/cinder/rootwrap.conf rm -f /opt/stack/data/cinder/mnt/bc657a74c65372104421ce82d1086f99/volume-7ac3c6f4-dd37-4148-b549-9e086c3798cb {{(pid=87517) execute /opt/stack/data/venv/lib/python3.12/site-packages/oslo_concurrency/processutils.py:440}}
Sep 06 22:44:12 devstack sudo[89703]: quobyte : PWD=/ ; USER=root ; COMMAND=/opt/stack/data/venv/bin/cinder-rootwrap /etc/cinder/rootwrap.conf rm -f /opt/stack/data/cinder/mnt/bc657a74c65372104421ce82d1086f99/volume-7ac3c6f4-dd37-4148-b549-9e086c3798cb
Sep 06 22:44:12 devstack sudo[89703]: pam_unix(sudo:session): session opened for user root(uid=0) by (uid=1000)
Sep 06 22:44:13 devstack sudo[89703]: pam_unix(sudo:session): session closed for user root
Sep 06 22:44:13 devstack cinder-volume[87517]: DEBUG oslo_concurrency.processutils [None req-b536b465-7966-4e8a-a3de-c519c303e1e1 tempest-SnapshotsActionsTest-1808243176 None] CMD "sudo cinder-rootwrap /etc/cinder/rootwrap.conf rm -f /opt/stack/data/cinder/mnt/bc657a74c65372104421ce82d1086f99/volume-7ac3c6f4-dd37-4148-b549-9e086c3798cb" returned: 0 in 0.257s {{(pid=87517) execute /opt/stack/data/venv/lib/python3.12/site-packages/oslo_concurrency/processutils.py:468}}
Sep 06 22:44:13 devstack cinder-volume[87517]: DEBUG cinder.coordination [None req-b536b465-7966-4e8a-a3de-c519c303e1e1 tempest-SnapshotsActionsTest-1808243176 None] Lock "cinder-quobyte-7ac3c6f4-dd37-4148-b549-9e086c3798cb" released by "delete_volume" :: held 0.718s {{(pid=87517) __release /opt/stack/cinder/cinder/coordination.py:152}}
Sep 06 22:44:13 devstack cinder-volume[87517]: INFO cinder.volume.manager [None req-63679036-0db9-4460-a7b1-ac50d67905cf tempest-GroupSnapshotsTest-1771170664 None] GroupSnapshot e826248c-6345-444d-a302-6d2c9fdd0664: creating.
Sep 06 22:44:13 devstack cinder-volume[87517]: DEBUG cinder.quota [None req-b536b465-7966-4e8a-a3de-c519c303e1e1 tempest-SnapshotsActionsTest-1808243176 None] Created reservations ['6088bbb9-af1e-430f-89e1-72f2f187fd4b', 'f7e5bfc1-d2c8-45ea-96d9-30e1a92f0a49', 'be475830-17dd-47f0-9983-5a3c1cbdbaa0', 'c283e7f9-3118-44ae-abfa-7872ed5280e2'] {{(pid=87517) reserve /opt/stack/cinder/cinder/quota.py:752}}
Sep 06 22:44:13 devstack cinder-volume[87517]: DEBUG cinder.volume.manager [None req-63679036-0db9-4460-a7b1-ac50d67905cf tempest-GroupSnapshotsTest-1771170664 None] Group snapshot e826248c-6345-444d-a302-6d2c9fdd0664: creating. {{(pid=87517) create_group_snapshot /opt/stack/cinder/cinder/volume/manager.py:4175}}
Sep 06 22:44:13 devstack cinder-volume[87517]: DEBUG oslo_concurrency.lockutils [None req-63679036-0db9-4460-a7b1-ac50d67905cf tempest-GroupSnapshotsTest-1771170664 None] Acquiring lock "quobyte" by "cinder.volume.drivers.quobyte.QuobyteDriver.create_snapshot" {{(pid=87517) inner /opt/stack/data/venv/lib/python3.12/site-packages/oslo_concurrency/lockutils.py:512}}
Sep 06 22:44:13 devstack cinder-volume[87517]: DEBUG oslo_concurrency.lockutils [None req-63679036-0db9-4460-a7b1-ac50d67905cf tempest-GroupSnapshotsTest-1771170664 None] Lock "quobyte" acquired by "cinder.volume.drivers.quobyte.QuobyteDriver.create_snapshot" :: waited 0.001s {{(pid=87517) inner /opt/stack/data/venv/lib/python3.12/site-packages/oslo_concurrency/lockutils.py:525}}
Sep 06 22:44:13 devstack cinder-volume[87517]: DEBUG cinder.volume.drivers.remotefs [None req-63679036-0db9-4460-a7b1-ac50d67905cf tempest-GroupSnapshotsTest-1771170664 None] Creating offline snapshot a0df716b-0a22-4bb7-b061-ee3348328d26 of volume 482ac797-5662-4e5c-8a8d-878eec406a79 {{(pid=87517) _create_snapshot /opt/stack/cinder/cinder/volume/drivers/remotefs.py:1816}}
Sep 06 22:44:13 devstack cinder-volume[87517]: DEBUG oslo.privsep.daemon [-] privsep: reply[ef421c21-b560-4178-a508-0b613d752034]: (4, 'qcow2') {{(pid=89159) _call_back /opt/stack/data/venv/lib/python3.12/site-packages/oslo_privsep/daemon.py:580}}
Sep 06 22:44:13 devstack cinder-volume[87517]: DEBUG oslo_concurrency.processutils [None req-63679036-0db9-4460-a7b1-ac50d67905cf tempest-GroupSnapshotsTest-1771170664 None] Running cmd (subprocess): /opt/stack/data/venv/bin/python3.12 -m oslo_concurrency.prlimit --as=1073741824 --cpu=60 -- sudo cinder-rootwrap /etc/cinder/rootwrap.conf env LC_ALL=C qemu-img info -f qcow2 --output=json --force-share /opt/stack/data/cinder/mnt/bc657a74c65372104421ce82d1086f99/volume-482ac797-5662-4e5c-8a8d-878eec406a79 {{(pid=87517) execute /opt/stack/data/venv/lib/python3.12/site-packages/oslo_concurrency/processutils.py:440}}
Sep 06 22:44:13 devstack cinder-volume[87517]: DEBUG oslo_concurrency.lockutils [None req-b536b465-7966-4e8a-a3de-c519c303e1e1 tempest-SnapshotsActionsTest-1808243176 None] Acquiring lock "quobyte_ensure" by "cinder.volume.drivers.quobyte.QuobyteDriver._ensure_shares_mounted" {{(pid=87517) inner /opt/stack/data/venv/lib/python3.12/site-packages/oslo_concurrency/lockutils.py:512}}
Sep 06 22:44:13 devstack cinder-volume[87517]: DEBUG oslo_concurrency.lockutils [None req-b536b465-7966-4e8a-a3de-c519c303e1e1 tempest-SnapshotsActionsTest-1808243176 None] Lock "quobyte_ensure" acquired by "cinder.volume.drivers.quobyte.QuobyteDriver._ensure_shares_mounted" :: waited 0.001s {{(pid=87517) inner /opt/stack/data/venv/lib/python3.12/site-packages/oslo_concurrency/lockutils.py:525}}
Sep 06 22:44:13 devstack cinder-volume[87517]: DEBUG cinder.volume.drivers.quobyte [None req-b536b465-7966-4e8a-a3de-c519c303e1e1 tempest-SnapshotsActionsTest-1808243176 None] Quobyte Volume URL set to: {'osci02.corp.quobyte.com/cinder-vol-745b070e-8197-4664-ad67-4382cd2a6e05': None} {{(pid=87517) _load_shares_config /opt/stack/cinder/cinder/volume/drivers/quobyte.py:662}}
Sep 06 22:44:13 devstack cinder-volume[87517]: DEBUG cinder.volume.drivers.quobyte [None req-b536b465-7966-4e8a-a3de-c519c303e1e1 tempest-SnapshotsActionsTest-1808243176 None] Available shares ['osci02.corp.quobyte.com/cinder-vol-745b070e-8197-4664-ad67-4382cd2a6e05'] {{(pid=87517) _ensure_shares_mounted /opt/stack/cinder/cinder/volume/drivers/quobyte.py:692}}
Sep 06 22:44:13 devstack cinder-volume[87517]: DEBUG oslo_concurrency.lockutils [None req-b536b465-7966-4e8a-a3de-c519c303e1e1 tempest-SnapshotsActionsTest-1808243176 None] Lock "quobyte_ensure" "released" by "cinder.volume.drivers.quobyte.QuobyteDriver._ensure_shares_mounted" :: held 0.007s {{(pid=87517) inner /opt/stack/data/venv/lib/python3.12/site-packages/oslo_concurrency/lockutils.py:544}}
Sep 06 22:44:13 devstack cinder-volume[87517]: DEBUG oslo_concurrency.processutils [None req-b536b465-7966-4e8a-a3de-c519c303e1e1 tempest-SnapshotsActionsTest-1808243176 None] Running cmd (subprocess): sudo cinder-rootwrap /etc/cinder/rootwrap.conf df --portability --block-size 1 /opt/stack/data/cinder/mnt/bc657a74c65372104421ce82d1086f99 {{(pid=87517) execute /opt/stack/data/venv/lib/python3.12/site-packages/oslo_concurrency/processutils.py:440}}
Sep 06 22:44:13 devstack sudo[89707]: quobyte : PWD=/ ; USER=root ; COMMAND=/opt/stack/data/venv/bin/cinder-rootwrap /etc/cinder/rootwrap.conf df --portability --block-size 1 /opt/stack/data/cinder/mnt/bc657a74c65372104421ce82d1086f99
Sep 06 22:44:13 devstack sudo[89707]: pam_unix(sudo:session): session opened for user root(uid=0) by (uid=1000)
Sep 06 22:44:13 devstack sudo[89706]: quobyte : PWD=/ ; USER=root ; COMMAND=/opt/stack/data/venv/bin/cinder-rootwrap /etc/cinder/rootwrap.conf env LC_ALL=C qemu-img info -f qcow2 --output=json --force-share /opt/stack/data/cinder/mnt/bc657a74c65372104421ce82d1086f99/volume-482ac797-5662-4e5c-8a8d-878eec406a79
Sep 06 22:44:13 devstack sudo[89706]: pam_unix(sudo:session): session opened for user root(uid=0) by (uid=1000)
Sep 06 22:44:13 devstack sudo[89707]: pam_unix(sudo:session): session closed for user root
Sep 06 22:44:13 devstack cinder-volume[87517]: DEBUG oslo_concurrency.processutils [None req-b536b465-7966-4e8a-a3de-c519c303e1e1 tempest-SnapshotsActionsTest-1808243176 None] CMD "sudo cinder-rootwrap /etc/cinder/rootwrap.conf df --portability --block-size 1 /opt/stack/data/cinder/mnt/bc657a74c65372104421ce82d1086f99" returned: 0 in 0.369s {{(pid=87517) execute /opt/stack/data/venv/lib/python3.12/site-packages/oslo_concurrency/processutils.py:468}}
Sep 06 22:44:13 devstack cinder-volume[87517]: DEBUG cinder.manager [None req-b536b465-7966-4e8a-a3de-c519c303e1e1 tempest-SnapshotsActionsTest-1808243176 None] Notifying Schedulers of capabilities ... {{(pid=87517) _publish_service_capabilities /opt/stack/cinder/cinder/manager.py:219}}
Sep 06 22:44:13 devstack cinder-volume[87517]: INFO cinder.volume.manager [None req-b536b465-7966-4e8a-a3de-c519c303e1e1 tempest-SnapshotsActionsTest-1808243176 None] Deleted volume successfully.
Sep 06 22:44:13 devstack sudo[89706]: pam_unix(sudo:session): session closed for user root
Sep 06 22:44:13 devstack cinder-volume[87517]: DEBUG oslo_concurrency.processutils [None req-63679036-0db9-4460-a7b1-ac50d67905cf tempest-GroupSnapshotsTest-1771170664 None] CMD "/opt/stack/data/venv/bin/python3.12 -m oslo_concurrency.prlimit --as=1073741824 --cpu=60 -- sudo cinder-rootwrap /etc/cinder/rootwrap.conf env LC_ALL=C qemu-img info -f qcow2 --output=json --force-share /opt/stack/data/cinder/mnt/bc657a74c65372104421ce82d1086f99/volume-482ac797-5662-4e5c-8a8d-878eec406a79" returned: 0 in 0.439s {{(pid=87517) execute /opt/stack/data/venv/lib/python3.12/site-packages/oslo_concurrency/processutils.py:468}}
Sep 06 22:44:13 devstack cinder-volume[87517]: DEBUG oslo_concurrency.processutils [None req-63679036-0db9-4460-a7b1-ac50d67905cf tempest-GroupSnapshotsTest-1771170664 None] Running cmd (subprocess): sudo cinder-rootwrap /etc/cinder/rootwrap.conf qemu-img create -f qcow2 -o backing_file=/opt/stack/data/cinder/mnt/bc657a74c65372104421ce82d1086f99/volume-482ac797-5662-4e5c-8a8d-878eec406a79,backing_fmt=qcow2 /opt/stack/data/cinder/mnt/bc657a74c65372104421ce82d1086f99/volume-482ac797-5662-4e5c-8a8d-878eec406a79.a0df716b-0a22-4bb7-b061-ee3348328d26 1G {{(pid=87517) execute /opt/stack/data/venv/lib/python3.12/site-packages/oslo_concurrency/processutils.py:440}}
Sep 06 22:44:13 devstack cinder-volume[87517]: DEBUG cinder.volume.flows.manager.create_volume [None req-d41743e2-1050-4f09-b4b1-e7e097893a2d tempest-TaggedAttachmentsTest-1470021961 None] Volume reschedule parameters: True retry: {'num_attempts': 1, 'backends': ['devstack@QuobyteHD#QuobyteHD'], 'hosts': ['devstack@QuobyteHD#QuobyteHD']} {{(pid=87517) get_flow /opt/stack/cinder/cinder/volume/flows/manager/create_volume.py:1397}}
Sep 06 22:44:13 devstack sudo[89715]: quobyte : PWD=/ ; USER=root ; COMMAND=/opt/stack/data/venv/bin/cinder-rootwrap /etc/cinder/rootwrap.conf qemu-img create -f qcow2 -o backing_file=/opt/stack/data/cinder/mnt/bc657a74c65372104421ce82d1086f99/volume-482ac797-5662-4e5c-8a8d-878eec406a79,backing_fmt=qcow2 /opt/stack/data/cinder/mnt/bc657a74c65372104421ce82d1086f99/volume-482ac797-5662-4e5c-8a8d-878eec406a79.a0df716b-0a22-4bb7-b061-ee3348328d26 1G
Sep 06 22:44:13 devstack sudo[89715]: pam_unix(sudo:session): session opened for user root(uid=0) by (uid=1000)
Sep 06 22:44:13 devstack cinder-volume[87517]: DEBUG cinder.volume.manager [None req-d41743e2-1050-4f09-b4b1-e7e097893a2d tempest-TaggedAttachmentsTest-1470021961 None] Flow 'volume_create_manager' (ac0dd672-31b7-4edb-acfd-7a9d149e5717) transitioned into state 'RUNNING' from state 'PENDING' {{(pid=87517) _flow_receiver /opt/stack/data/venv/lib/python3.12/site-packages/taskflow/listeners/logging.py:160}}
Sep 06 22:44:13 devstack cinder-volume[87517]: DEBUG cinder.volume.manager [None req-d41743e2-1050-4f09-b4b1-e7e097893a2d tempest-TaggedAttachmentsTest-1470021961 None] Task 'cinder.volume.flows.manager.create_volume.ExtractVolumeRefTask;volume:create' (1408522c-57fd-4cbf-bffb-5b62426688b1) transitioned into state 'RUNNING' from state 'PENDING' {{(pid=87517) _task_receiver /opt/stack/data/venv/lib/python3.12/site-packages/taskflow/listeners/logging.py:242}}
Sep 06 22:44:13 devstack cinder-volume[87517]: DEBUG cinder.volume.manager [None req-d41743e2-1050-4f09-b4b1-e7e097893a2d tempest-TaggedAttachmentsTest-1470021961 None] Task 'cinder.volume.flows.manager.create_volume.ExtractVolumeRefTask;volume:create' (1408522c-57fd-4cbf-bffb-5b62426688b1) transitioned into state 'SUCCESS' from state 'RUNNING' with result 'Volume(_name_id=None,admin_metadata=,attach_status='detached',availability_zone='nova',bootable=False,cluster=,cluster_name=None,consistencygroup=,consistencygroup_id=None,created_at=2026-09-06T20:44:13Z,deleted=False,deleted_at=None,display_description=None,display_name='tempest-TaggedAttachmentsTest-volume-282548054',ec2_id=None,encryption_key_id=None,glance_metadata=,group=,group_id=None,host='devstack@QuobyteHD#QuobyteHD',id=6fa2831b-1252-4f95-ad75-da43f25d0962,launched_at=None,metadata={},migration_status=None,multiattach=False,previous_status=None,project_id='6e567c304b284354af82b5eec8ab50d0',provider_auth=None,provider_geometry=None,provider_id=None,provider_location=None,replication_driver_data=None,replication_extended_status=None,replication_status=None,scheduled_at=2026-09-06T20:44:14Z,service_uuid=None,shared_targets=True,size=1,snapshot_id=None,snapshots=,source_volid=None,status='creating',terminated_at=None,updated_at=2026-09-06T20:44:14Z,use_quota=True,user_id='cfb8de09f03e40959bd79ab7ff66d85f',volume_attachment=VolumeAttachmentList,volume_type=VolumeType(4ffb410a-6e03-4641-a554-82566b5a064d),volume_type_id=4ffb410a-6e03-4641-a554-82566b5a064d)' {{(pid=87517) _task_receiver /opt/stack/data/venv/lib/python3.12/site-packages/taskflow/listeners/logging.py:218}}
Sep 06 22:44:13 devstack cinder-volume[87517]: DEBUG cinder.volume.manager [None req-d41743e2-1050-4f09-b4b1-e7e097893a2d tempest-TaggedAttachmentsTest-1470021961 None] Task 'cinder.volume.flows.manager.create_volume.OnFailureRescheduleTask;volume:create' (2946208c-4349-43a8-9a2e-7cddfee5a865) transitioned into state 'RUNNING' from state 'PENDING' {{(pid=87517) _task_receiver /opt/stack/data/venv/lib/python3.12/site-packages/taskflow/listeners/logging.py:242}}
Sep 06 22:44:13 devstack cinder-volume[87517]: DEBUG cinder.volume.manager [None req-d41743e2-1050-4f09-b4b1-e7e097893a2d tempest-TaggedAttachmentsTest-1470021961 None] Task 'cinder.volume.flows.manager.create_volume.OnFailureRescheduleTask;volume:create' (2946208c-4349-43a8-9a2e-7cddfee5a865) transitioned into state 'SUCCESS' from state 'RUNNING' with result 'None' {{(pid=87517) _task_receiver /opt/stack/data/venv/lib/python3.12/site-packages/taskflow/listeners/logging.py:218}}
Sep 06 22:44:13 devstack cinder-volume[87517]: DEBUG cinder.volume.manager [None req-d41743e2-1050-4f09-b4b1-e7e097893a2d tempest-TaggedAttachmentsTest-1470021961 None] Task 'cinder.volume.flows.manager.create_volume.ExtractVolumeSpecTask;volume:create' (e787dc88-b860-4895-a672-d6587b4df737) transitioned into state 'RUNNING' from state 'PENDING' {{(pid=87517) _task_receiver /opt/stack/data/venv/lib/python3.12/site-packages/taskflow/listeners/logging.py:242}}
Sep 06 22:44:13 devstack cinder-volume[87517]: DEBUG cinder.volume.manager [None req-d41743e2-1050-4f09-b4b1-e7e097893a2d tempest-TaggedAttachmentsTest-1470021961 None] Task 'cinder.volume.flows.manager.create_volume.ExtractVolumeSpecTask;volume:create' (e787dc88-b860-4895-a672-d6587b4df737) transitioned into state 'SUCCESS' from state 'RUNNING' with result '{'status': 'creating', 'type': 'raw', 'volume_id': '6fa2831b-1252-4f95-ad75-da43f25d0962', 'volume_name': 'volume-6fa2831b-1252-4f95-ad75-da43f25d0962', 'volume_size': 1}' {{(pid=87517) _task_receiver /opt/stack/data/venv/lib/python3.12/site-packages/taskflow/listeners/logging.py:218}}
Sep 06 22:44:13 devstack cinder-volume[87517]: DEBUG cinder.volume.manager [None req-d41743e2-1050-4f09-b4b1-e7e097893a2d tempest-TaggedAttachmentsTest-1470021961 None] Task 'cinder.volume.flows.manager.create_volume.NotifyVolumeActionTask;volume:create, create.start' (0327de01-b0df-4240-b04b-bd44d4fd0813) transitioned into state 'RUNNING' from state 'PENDING' {{(pid=87517) _task_receiver /opt/stack/data/venv/lib/python3.12/site-packages/taskflow/listeners/logging.py:242}}
Sep 06 22:44:13 devstack cinder-volume[87517]: DEBUG cinder.volume.manager [None req-d41743e2-1050-4f09-b4b1-e7e097893a2d tempest-TaggedAttachmentsTest-1470021961 None] Task 'cinder.volume.flows.manager.create_volume.NotifyVolumeActionTask;volume:create, create.start' (0327de01-b0df-4240-b04b-bd44d4fd0813) transitioned into state 'SUCCESS' from state 'RUNNING' with result 'None' {{(pid=87517) _task_receiver /opt/stack/data/venv/lib/python3.12/site-packages/taskflow/listeners/logging.py:218}}
Sep 06 22:44:13 devstack cinder-volume[87517]: DEBUG cinder.volume.manager [None req-d41743e2-1050-4f09-b4b1-e7e097893a2d tempest-TaggedAttachmentsTest-1470021961 None] Task 'cinder.volume.flows.manager.create_volume.CreateVolumeFromSpecTask;volume:create' (81762cd1-ba51-4d35-b6df-a50903c92844) transitioned into state 'RUNNING' from state 'PENDING' {{(pid=87517) _task_receiver /opt/stack/data/venv/lib/python3.12/site-packages/taskflow/listeners/logging.py:242}}
Sep 06 22:44:13 devstack cinder-volume[87517]: INFO cinder.volume.flows.manager.create_volume [None req-d41743e2-1050-4f09-b4b1-e7e097893a2d tempest-TaggedAttachmentsTest-1470021961 None] Volume 6fa2831b-1252-4f95-ad75-da43f25d0962: being created as raw with specification: {'status': 'creating', 'volume_name': 'volume-6fa2831b-1252-4f95-ad75-da43f25d0962', 'volume_size': 1}
Sep 06 22:44:13 devstack cinder-volume[87517]: DEBUG oslo_concurrency.lockutils [None req-d41743e2-1050-4f09-b4b1-e7e097893a2d tempest-TaggedAttachmentsTest-1470021961 None] Acquiring lock "quobyte" by "cinder.volume.drivers.quobyte.QuobyteDriver.create_volume" {{(pid=87517) inner /opt/stack/data/venv/lib/python3.12/site-packages/oslo_concurrency/lockutils.py:512}}
Sep 06 22:44:13 devstack cinder-volume[87517]: DEBUG cinder.coordination [None req-b536b465-7966-4e8a-a3de-c519c303e1e1 tempest-SnapshotsActionsTest-1808243176 None] Lock "cinder-7ac3c6f4-dd37-4148-b549-9e086c3798cb-delete_volume" released by "delete_volume" :: held 1.489s {{(pid=87517) __release /opt/stack/cinder/cinder/coordination.py:152}}
Sep 06 22:44:14 devstack sudo[89715]: pam_unix(sudo:session): session closed for user root
Sep 06 22:44:14 devstack cinder-volume[87517]: DEBUG oslo_concurrency.processutils [None req-63679036-0db9-4460-a7b1-ac50d67905cf tempest-GroupSnapshotsTest-1771170664 None] CMD "sudo cinder-rootwrap /etc/cinder/rootwrap.conf qemu-img create -f qcow2 -o backing_file=/opt/stack/data/cinder/mnt/bc657a74c65372104421ce82d1086f99/volume-482ac797-5662-4e5c-8a8d-878eec406a79,backing_fmt=qcow2 /opt/stack/data/cinder/mnt/bc657a74c65372104421ce82d1086f99/volume-482ac797-5662-4e5c-8a8d-878eec406a79.a0df716b-0a22-4bb7-b061-ee3348328d26 1G" returned: 0 in 0.395s {{(pid=87517) execute /opt/stack/data/venv/lib/python3.12/site-packages/oslo_concurrency/processutils.py:468}}
Sep 06 22:44:14 devstack cinder-volume[87517]: DEBUG oslo_concurrency.processutils [None req-63679036-0db9-4460-a7b1-ac50d67905cf tempest-GroupSnapshotsTest-1771170664 None] Running cmd (subprocess): sudo cinder-rootwrap /etc/cinder/rootwrap.conf qemu-img rebase -u -b volume-482ac797-5662-4e5c-8a8d-878eec406a79 -F qcow2 /opt/stack/data/cinder/mnt/bc657a74c65372104421ce82d1086f99/volume-482ac797-5662-4e5c-8a8d-878eec406a79.a0df716b-0a22-4bb7-b061-ee3348328d26 {{(pid=87517) execute /opt/stack/data/venv/lib/python3.12/site-packages/oslo_concurrency/processutils.py:440}}
Sep 06 22:44:14 devstack sudo[89721]: quobyte : PWD=/ ; USER=root ; COMMAND=/opt/stack/data/venv/bin/cinder-rootwrap /etc/cinder/rootwrap.conf qemu-img rebase -u -b volume-482ac797-5662-4e5c-8a8d-878eec406a79 -F qcow2 /opt/stack/data/cinder/mnt/bc657a74c65372104421ce82d1086f99/volume-482ac797-5662-4e5c-8a8d-878eec406a79.a0df716b-0a22-4bb7-b061-ee3348328d26
Sep 06 22:44:14 devstack sudo[89721]: pam_unix(sudo:session): session opened for user root(uid=0) by (uid=1000)
Sep 06 22:44:14 devstack sudo[89721]: pam_unix(sudo:session): session closed for user root
Sep 06 22:44:14 devstack cinder-volume[87517]: DEBUG oslo_concurrency.processutils [None req-63679036-0db9-4460-a7b1-ac50d67905cf tempest-GroupSnapshotsTest-1771170664 None] CMD "sudo cinder-rootwrap /etc/cinder/rootwrap.conf qemu-img rebase -u -b volume-482ac797-5662-4e5c-8a8d-878eec406a79 -F qcow2 /opt/stack/data/cinder/mnt/bc657a74c65372104421ce82d1086f99/volume-482ac797-5662-4e5c-8a8d-878eec406a79.a0df716b-0a22-4bb7-b061-ee3348328d26" returned: 0 in 0.298s {{(pid=87517) execute /opt/stack/data/venv/lib/python3.12/site-packages/oslo_concurrency/processutils.py:468}}
Sep 06 22:44:14 devstack cinder-volume[87517]: WARNING cinder.volume.drivers.remotefs [None req-63679036-0db9-4460-a7b1-ac50d67905cf tempest-GroupSnapshotsTest-1771170664 None] /opt/stack/data/cinder/mnt/bc657a74c65372104421ce82d1086f99/volume-482ac797-5662-4e5c-8a8d-878eec406a79.a0df716b-0a22-4bb7-b061-ee3348328d26 is being set with open permissions: ugo+rw: NotImplementedError
Sep 06 22:44:14 devstack cinder-volume[87517]: DEBUG oslo_concurrency.processutils [None req-63679036-0db9-4460-a7b1-ac50d67905cf tempest-GroupSnapshotsTest-1771170664 None] Running cmd (subprocess): sudo cinder-rootwrap /etc/cinder/rootwrap.conf chmod ugo+rw /opt/stack/data/cinder/mnt/bc657a74c65372104421ce82d1086f99/volume-482ac797-5662-4e5c-8a8d-878eec406a79.a0df716b-0a22-4bb7-b061-ee3348328d26 {{(pid=87517) execute /opt/stack/data/venv/lib/python3.12/site-packages/oslo_concurrency/processutils.py:440}}
Sep 06 22:44:14 devstack sudo[89726]: quobyte : PWD=/ ; USER=root ; COMMAND=/opt/stack/data/venv/bin/cinder-rootwrap /etc/cinder/rootwrap.conf chmod ugo+rw /opt/stack/data/cinder/mnt/bc657a74c65372104421ce82d1086f99/volume-482ac797-5662-4e5c-8a8d-878eec406a79.a0df716b-0a22-4bb7-b061-ee3348328d26
Sep 06 22:44:14 devstack sudo[89726]: pam_unix(sudo:session): session opened for user root(uid=0) by (uid=1000)
Sep 06 22:44:14 devstack sudo[89726]: pam_unix(sudo:session): session closed for user root
Sep 06 22:44:14 devstack cinder-volume[87517]: DEBUG oslo_concurrency.processutils [None req-63679036-0db9-4460-a7b1-ac50d67905cf tempest-GroupSnapshotsTest-1771170664 None] CMD "sudo cinder-rootwrap /etc/cinder/rootwrap.conf chmod ugo+rw /opt/stack/data/cinder/mnt/bc657a74c65372104421ce82d1086f99/volume-482ac797-5662-4e5c-8a8d-878eec406a79.a0df716b-0a22-4bb7-b061-ee3348328d26" returned: 0 in 0.253s {{(pid=87517) execute /opt/stack/data/venv/lib/python3.12/site-packages/oslo_concurrency/processutils.py:468}}
Sep 06 22:44:14 devstack cinder-volume[87517]: DEBUG oslo_concurrency.processutils [None req-63679036-0db9-4460-a7b1-ac50d67905cf tempest-GroupSnapshotsTest-1771170664 None] Running cmd (subprocess): sudo cinder-rootwrap /etc/cinder/rootwrap.conf truncate -s0 /opt/stack/data/cinder/mnt/bc657a74c65372104421ce82d1086f99/volume-482ac797-5662-4e5c-8a8d-878eec406a79.info {{(pid=87517) execute /opt/stack/data/venv/lib/python3.12/site-packages/oslo_concurrency/processutils.py:440}}
Sep 06 22:44:14 devstack sudo[89729]: quobyte : PWD=/ ; USER=root ; COMMAND=/opt/stack/data/venv/bin/cinder-rootwrap /etc/cinder/rootwrap.conf truncate -s0 /opt/stack/data/cinder/mnt/bc657a74c65372104421ce82d1086f99/volume-482ac797-5662-4e5c-8a8d-878eec406a79.info
Sep 06 22:44:14 devstack sudo[89729]: pam_unix(sudo:session): session opened for user root(uid=0) by (uid=1000)
Sep 06 22:44:15 devstack sudo[89729]: pam_unix(sudo:session): session closed for user root
Sep 06 22:44:15 devstack cinder-volume[87517]: DEBUG oslo_concurrency.processutils [None req-63679036-0db9-4460-a7b1-ac50d67905cf tempest-GroupSnapshotsTest-1771170664 None] CMD "sudo cinder-rootwrap /etc/cinder/rootwrap.conf truncate -s0 /opt/stack/data/cinder/mnt/bc657a74c65372104421ce82d1086f99/volume-482ac797-5662-4e5c-8a8d-878eec406a79.info" returned: 0 in 0.265s {{(pid=87517) execute /opt/stack/data/venv/lib/python3.12/site-packages/oslo_concurrency/processutils.py:468}}
Sep 06 22:44:15 devstack cinder-volume[87517]: WARNING cinder.volume.drivers.remotefs [None req-63679036-0db9-4460-a7b1-ac50d67905cf tempest-GroupSnapshotsTest-1771170664 None] /opt/stack/data/cinder/mnt/bc657a74c65372104421ce82d1086f99/volume-482ac797-5662-4e5c-8a8d-878eec406a79.info is being set with open permissions: ugo+rw: NotImplementedError
Sep 06 22:44:15 devstack cinder-volume[87517]: DEBUG oslo_concurrency.processutils [None req-63679036-0db9-4460-a7b1-ac50d67905cf tempest-GroupSnapshotsTest-1771170664 None] Running cmd (subprocess): sudo cinder-rootwrap /etc/cinder/rootwrap.conf chmod ugo+rw /opt/stack/data/cinder/mnt/bc657a74c65372104421ce82d1086f99/volume-482ac797-5662-4e5c-8a8d-878eec406a79.info {{(pid=87517) execute /opt/stack/data/venv/lib/python3.12/site-packages/oslo_concurrency/processutils.py:440}}
Sep 06 22:44:15 devstack sudo[89732]: quobyte : PWD=/ ; USER=root ; COMMAND=/opt/stack/data/venv/bin/cinder-rootwrap /etc/cinder/rootwrap.conf chmod ugo+rw /opt/stack/data/cinder/mnt/bc657a74c65372104421ce82d1086f99/volume-482ac797-5662-4e5c-8a8d-878eec406a79.info
Sep 06 22:44:15 devstack sudo[89732]: pam_unix(sudo:session): session opened for user root(uid=0) by (uid=1000)
Sep 06 22:44:15 devstack sudo[89732]: pam_unix(sudo:session): session closed for user root
Sep 06 22:44:15 devstack cinder-volume[87517]: DEBUG oslo_concurrency.processutils [None req-63679036-0db9-4460-a7b1-ac50d67905cf tempest-GroupSnapshotsTest-1771170664 None] CMD "sudo cinder-rootwrap /etc/cinder/rootwrap.conf chmod ugo+rw /opt/stack/data/cinder/mnt/bc657a74c65372104421ce82d1086f99/volume-482ac797-5662-4e5c-8a8d-878eec406a79.info" returned: 0 in 0.251s {{(pid=87517) execute /opt/stack/data/venv/lib/python3.12/site-packages/oslo_concurrency/processutils.py:468}}
Sep 06 22:44:15 devstack cinder-volume[87517]: DEBUG oslo_concurrency.lockutils [None req-63679036-0db9-4460-a7b1-ac50d67905cf tempest-GroupSnapshotsTest-1771170664 None] Lock "quobyte" "released" by "cinder.volume.drivers.quobyte.QuobyteDriver.create_snapshot" :: held 2.002s {{(pid=87517) inner /opt/stack/data/venv/lib/python3.12/site-packages/oslo_concurrency/lockutils.py:544}}
Sep 06 22:44:15 devstack cinder-volume[87517]: DEBUG oslo_concurrency.lockutils [None req-d41743e2-1050-4f09-b4b1-e7e097893a2d tempest-TaggedAttachmentsTest-1470021961 None] Lock "quobyte" acquired by "cinder.volume.drivers.quobyte.QuobyteDriver.create_volume" :: waited 1.421s {{(pid=87517) inner /opt/stack/data/venv/lib/python3.12/site-packages/oslo_concurrency/lockutils.py:525}}
Sep 06 22:44:15 devstack cinder-volume[87517]: DEBUG cinder.volume.drivers.quobyte [None req-d41743e2-1050-4f09-b4b1-e7e097893a2d tempest-TaggedAttachmentsTest-1470021961 None] ==> create_volume: call "{'self': , 'volume': Volume(_name_id=None,admin_metadata=,attach_status='detached',availability_zone='nova',bootable=False,cluster=,cluster_name=None,consistencygroup=,consistencygroup_id=None,created_at=2026-09-06T20:44:13Z,deleted=False,deleted_at=None,display_description=None,display_name='tempest-TaggedAttachmentsTest-volume-282548054',ec2_id=None,encryption_key_id=None,glance_metadata=,group=,group_id=None,host='devstack@QuobyteHD#QuobyteHD',id=6fa2831b-1252-4f95-ad75-da43f25d0962,launched_at=None,metadata={},migration_status=None,multiattach=False,previous_status=None,project_id='6e567c304b284354af82b5eec8ab50d0',provider_auth=None,provider_geometry=None,provider_id=None,provider_location=None,replication_driver_data=None,replication_extended_status=None,replication_status=None,scheduled_at=2026-09-06T20:44:14Z,service_uuid=None,shared_targets=True,size=1,snapshot_id=None,snapshots=,source_volid=None,status='creating',terminated_at=None,updated_at=2026-09-06T20:44:14Z,use_quota=True,user_id='cfb8de09f03e40959bd79ab7ff66d85f',volume_attachment=VolumeAttachmentList,volume_type=VolumeType(4ffb410a-6e03-4641-a554-82566b5a064d),volume_type_id=4ffb410a-6e03-4641-a554-82566b5a064d)}" {{(pid=87517) trace_logging_wrapper /opt/stack/cinder/cinder/volume/volume_utils.py:1497}}
Sep 06 22:44:15 devstack cinder-volume[87517]: DEBUG cinder.volume.drivers.remotefs [None req-d41743e2-1050-4f09-b4b1-e7e097893a2d tempest-TaggedAttachmentsTest-1470021961 None] Creating volume 6fa2831b-1252-4f95-ad75-da43f25d0962 {{(pid=87517) create_volume /opt/stack/cinder/cinder/volume/drivers/remotefs.py:292}}
Sep 06 22:44:15 devstack cinder-volume[87517]: DEBUG oslo_concurrency.lockutils [None req-d41743e2-1050-4f09-b4b1-e7e097893a2d tempest-TaggedAttachmentsTest-1470021961 None] Acquiring lock "quobyte_ensure" by "cinder.volume.drivers.quobyte.QuobyteDriver._ensure_shares_mounted" {{(pid=87517) inner /opt/stack/data/venv/lib/python3.12/site-packages/oslo_concurrency/lockutils.py:512}}
Sep 06 22:44:15 devstack cinder-volume[87517]: DEBUG oslo_concurrency.lockutils [None req-d41743e2-1050-4f09-b4b1-e7e097893a2d tempest-TaggedAttachmentsTest-1470021961 None] Lock "quobyte_ensure" acquired by "cinder.volume.drivers.quobyte.QuobyteDriver._ensure_shares_mounted" :: waited 0.000s {{(pid=87517) inner /opt/stack/data/venv/lib/python3.12/site-packages/oslo_concurrency/lockutils.py:525}}
Sep 06 22:44:15 devstack cinder-volume[87517]: DEBUG cinder.volume.drivers.quobyte [None req-d41743e2-1050-4f09-b4b1-e7e097893a2d tempest-TaggedAttachmentsTest-1470021961 None] Quobyte Volume URL set to: {'osci02.corp.quobyte.com/cinder-vol-745b070e-8197-4664-ad67-4382cd2a6e05': None} {{(pid=87517) _load_shares_config /opt/stack/cinder/cinder/volume/drivers/quobyte.py:662}}
Sep 06 22:44:15 devstack cinder-volume[87517]: DEBUG cinder.volume.drivers.quobyte [None req-d41743e2-1050-4f09-b4b1-e7e097893a2d tempest-TaggedAttachmentsTest-1470021961 None] Available shares ['osci02.corp.quobyte.com/cinder-vol-745b070e-8197-4664-ad67-4382cd2a6e05'] {{(pid=87517) _ensure_shares_mounted /opt/stack/cinder/cinder/volume/drivers/quobyte.py:692}}
Sep 06 22:44:15 devstack cinder-volume[87517]: DEBUG oslo_concurrency.lockutils [None req-d41743e2-1050-4f09-b4b1-e7e097893a2d tempest-TaggedAttachmentsTest-1470021961 None] Lock "quobyte_ensure" "released" by "cinder.volume.drivers.quobyte.QuobyteDriver._ensure_shares_mounted" :: held 0.006s {{(pid=87517) inner /opt/stack/data/venv/lib/python3.12/site-packages/oslo_concurrency/lockutils.py:544}}
Sep 06 22:44:15 devstack cinder-volume[87517]: DEBUG cinder.volume.drivers.quobyte [None req-d41743e2-1050-4f09-b4b1-e7e097893a2d tempest-TaggedAttachmentsTest-1470021961 None] Selected osci02.corp.quobyte.com/cinder-vol-745b070e-8197-4664-ad67-4382cd2a6e05 as target Quobyte volume. {{(pid=87517) _find_share /opt/stack/cinder/cinder/volume/drivers/quobyte.py:713}}
Sep 06 22:44:15 devstack cinder-volume[87517]: INFO cinder.volume.drivers.remotefs [None req-d41743e2-1050-4f09-b4b1-e7e097893a2d tempest-TaggedAttachmentsTest-1470021961 None] casted to osci02.corp.quobyte.com/cinder-vol-745b070e-8197-4664-ad67-4382cd2a6e05
Sep 06 22:44:15 devstack cinder-volume[87517]: DEBUG oslo_concurrency.processutils [None req-d41743e2-1050-4f09-b4b1-e7e097893a2d tempest-TaggedAttachmentsTest-1470021961 None] Running cmd (subprocess): sudo cinder-rootwrap /etc/cinder/rootwrap.conf qemu-img create -f qcow2 -o preallocation=metadata /opt/stack/data/cinder/mnt/bc657a74c65372104421ce82d1086f99/volume-6fa2831b-1252-4f95-ad75-da43f25d0962 1073741824 {{(pid=87517) execute /opt/stack/data/venv/lib/python3.12/site-packages/oslo_concurrency/processutils.py:440}}
Sep 06 22:44:15 devstack sudo[89735]: quobyte : PWD=/ ; USER=root ; COMMAND=/opt/stack/data/venv/bin/cinder-rootwrap /etc/cinder/rootwrap.conf qemu-img create -f qcow2 -o preallocation=metadata /opt/stack/data/cinder/mnt/bc657a74c65372104421ce82d1086f99/volume-6fa2831b-1252-4f95-ad75-da43f25d0962 1073741824
Sep 06 22:44:15 devstack sudo[89735]: pam_unix(sudo:session): session opened for user root(uid=0) by (uid=1000)
Sep 06 22:44:15 devstack cinder-volume[87517]: INFO cinder.volume.manager [None req-63679036-0db9-4460-a7b1-ac50d67905cf tempest-GroupSnapshotsTest-1771170664 None] group_snapshot e826248c-6345-444d-a302-6d2c9fdd0664: created successfully
Sep 06 22:44:15 devstack sudo[89735]: pam_unix(sudo:session): session closed for user root
Sep 06 22:44:15 devstack cinder-volume[87517]: DEBUG oslo_concurrency.processutils [None req-d41743e2-1050-4f09-b4b1-e7e097893a2d tempest-TaggedAttachmentsTest-1470021961 None] CMD "sudo cinder-rootwrap /etc/cinder/rootwrap.conf qemu-img create -f qcow2 -o preallocation=metadata /opt/stack/data/cinder/mnt/bc657a74c65372104421ce82d1086f99/volume-6fa2831b-1252-4f95-ad75-da43f25d0962 1073741824" returned: 0 in 0.478s {{(pid=87517) execute /opt/stack/data/venv/lib/python3.12/site-packages/oslo_concurrency/processutils.py:468}}
Sep 06 22:44:15 devstack cinder-volume[87517]: DEBUG oslo_concurrency.processutils [None req-d41743e2-1050-4f09-b4b1-e7e097893a2d tempest-TaggedAttachmentsTest-1470021961 None] Running cmd (subprocess): sudo cinder-rootwrap /etc/cinder/rootwrap.conf chmod ugo+rw /opt/stack/data/cinder/mnt/bc657a74c65372104421ce82d1086f99/volume-6fa2831b-1252-4f95-ad75-da43f25d0962 {{(pid=87517) execute /opt/stack/data/venv/lib/python3.12/site-packages/oslo_concurrency/processutils.py:440}}
Sep 06 22:44:15 devstack sudo[89741]: quobyte : PWD=/ ; USER=root ; COMMAND=/opt/stack/data/venv/bin/cinder-rootwrap /etc/cinder/rootwrap.conf chmod ugo+rw /opt/stack/data/cinder/mnt/bc657a74c65372104421ce82d1086f99/volume-6fa2831b-1252-4f95-ad75-da43f25d0962
Sep 06 22:44:15 devstack sudo[89741]: pam_unix(sudo:session): session opened for user root(uid=0) by (uid=1000)
Sep 06 22:44:16 devstack sudo[89741]: pam_unix(sudo:session): session closed for user root
Sep 06 22:44:16 devstack cinder-volume[87517]: DEBUG oslo_concurrency.processutils [None req-d41743e2-1050-4f09-b4b1-e7e097893a2d tempest-TaggedAttachmentsTest-1470021961 None] CMD "sudo cinder-rootwrap /etc/cinder/rootwrap.conf chmod ugo+rw /opt/stack/data/cinder/mnt/bc657a74c65372104421ce82d1086f99/volume-6fa2831b-1252-4f95-ad75-da43f25d0962" returned: 0 in 0.260s {{(pid=87517) execute /opt/stack/data/venv/lib/python3.12/site-packages/oslo_concurrency/processutils.py:468}}
Sep 06 22:44:16 devstack cinder-volume[87517]: DEBUG cinder.volume.drivers.quobyte [None req-d41743e2-1050-4f09-b4b1-e7e097893a2d tempest-TaggedAttachmentsTest-1470021961 None] <== create_volume: return (776ms) {'provider_location': 'osci02.corp.quobyte.com/cinder-vol-745b070e-8197-4664-ad67-4382cd2a6e05'} {{(pid=87517) trace_logging_wrapper /opt/stack/cinder/cinder/volume/volume_utils.py:1522}}
Sep 06 22:44:16 devstack cinder-volume[87517]: DEBUG oslo_concurrency.lockutils [None req-d41743e2-1050-4f09-b4b1-e7e097893a2d tempest-TaggedAttachmentsTest-1470021961 None] Lock "quobyte" "released" by "cinder.volume.drivers.quobyte.QuobyteDriver.create_volume" :: held 0.779s {{(pid=87517) inner /opt/stack/data/venv/lib/python3.12/site-packages/oslo_concurrency/lockutils.py:544}}
Sep 06 22:44:16 devstack cinder-volume[87517]: DEBUG cinder.volume.manager [None req-d41743e2-1050-4f09-b4b1-e7e097893a2d tempest-TaggedAttachmentsTest-1470021961 None] Task 'cinder.volume.flows.manager.create_volume.CreateVolumeFromSpecTask;volume:create' (81762cd1-ba51-4d35-b6df-a50903c92844) transitioned into state 'SUCCESS' from state 'RUNNING' with result '{'status': 'creating', 'volume_name': 'volume-6fa2831b-1252-4f95-ad75-da43f25d0962', 'volume_size': 1}' {{(pid=87517) _task_receiver /opt/stack/data/venv/lib/python3.12/site-packages/taskflow/listeners/logging.py:218}}
