Sep 06 22:46:00 devstack sudo[92756]: quobyte : PWD=/ ; USER=root ; COMMAND=/opt/stack/data/venv/bin/cinder-rootwrap /etc/cinder/rootwrap.conf qemu-img create -f qcow2 -o backing_file=/opt/stack/data/cinder/mnt/bc657a74c65372104421ce82d1086f99/volume-bd9f59dc-6ebb-432b-8e0e-5e55c154a87a,backing_fmt=qcow2 /opt/stack/data/cinder/mnt/bc657a74c65372104421ce82d1086f99/volume-bd9f59dc-6ebb-432b-8e0e-5e55c154a87a.9b7b0f29-a5ac-41d1-b27f-3114acfd36f7 1G
Sep 06 22:46:00 devstack sudo[92756]: pam_unix(sudo:session): session opened for user root(uid=0) by (uid=1000)
Sep 06 22:46:01 devstack cinder-volume[87517]: DEBUG oslo_concurrency.processutils [None req-7face576-6423-4785-8153-8eb4c5352c0a tempest-VolumesDeleteCascade-783810103 None] CMD "sudo cinder-rootwrap /etc/cinder/rootwrap.conf qemu-img create -f qcow2 -o backing_file=/opt/stack/data/cinder/mnt/bc657a74c65372104421ce82d1086f99/volume-bd9f59dc-6ebb-432b-8e0e-5e55c154a87a,backing_fmt=qcow2 /opt/stack/data/cinder/mnt/bc657a74c65372104421ce82d1086f99/volume-bd9f59dc-6ebb-432b-8e0e-5e55c154a87a.9b7b0f29-a5ac-41d1-b27f-3114acfd36f7 1G" returned: 0 in 1.130s {{(pid=87517) execute /opt/stack/data/venv/lib/python3.12/site-packages/oslo_concurrency/processutils.py:468}}
Sep 06 22:46:01 devstack sudo[92756]: pam_unix(sudo:session): session closed for user root
Sep 06 22:46:01 devstack cinder-volume[87517]: DEBUG oslo_concurrency.processutils [None req-7face576-6423-4785-8153-8eb4c5352c0a tempest-VolumesDeleteCascade-783810103 None] Running cmd (subprocess): sudo cinder-rootwrap /etc/cinder/rootwrap.conf qemu-img rebase -u -b volume-bd9f59dc-6ebb-432b-8e0e-5e55c154a87a -F qcow2 /opt/stack/data/cinder/mnt/bc657a74c65372104421ce82d1086f99/volume-bd9f59dc-6ebb-432b-8e0e-5e55c154a87a.9b7b0f29-a5ac-41d1-b27f-3114acfd36f7 {{(pid=87517) execute /opt/stack/data/venv/lib/python3.12/site-packages/oslo_concurrency/processutils.py:440}}
Sep 06 22:46:01 devstack sudo[92794]: quobyte : PWD=/ ; USER=root ; COMMAND=/opt/stack/data/venv/bin/cinder-rootwrap /etc/cinder/rootwrap.conf qemu-img rebase -u -b volume-bd9f59dc-6ebb-432b-8e0e-5e55c154a87a -F qcow2 /opt/stack/data/cinder/mnt/bc657a74c65372104421ce82d1086f99/volume-bd9f59dc-6ebb-432b-8e0e-5e55c154a87a.9b7b0f29-a5ac-41d1-b27f-3114acfd36f7
Sep 06 22:46:01 devstack sudo[92794]: pam_unix(sudo:session): session opened for user root(uid=0) by (uid=1000)
Sep 06 22:46:02 devstack sudo[92794]: pam_unix(sudo:session): session closed for user root
Sep 06 22:46:02 devstack cinder-volume[87517]: DEBUG oslo_concurrency.processutils [None req-7face576-6423-4785-8153-8eb4c5352c0a tempest-VolumesDeleteCascade-783810103 None] CMD "sudo cinder-rootwrap /etc/cinder/rootwrap.conf qemu-img rebase -u -b volume-bd9f59dc-6ebb-432b-8e0e-5e55c154a87a -F qcow2 /opt/stack/data/cinder/mnt/bc657a74c65372104421ce82d1086f99/volume-bd9f59dc-6ebb-432b-8e0e-5e55c154a87a.9b7b0f29-a5ac-41d1-b27f-3114acfd36f7" returned: 0 in 0.637s {{(pid=87517) execute /opt/stack/data/venv/lib/python3.12/site-packages/oslo_concurrency/processutils.py:468}}
Sep 06 22:46:02 devstack cinder-volume[87517]: WARNING cinder.volume.drivers.remotefs [None req-7face576-6423-4785-8153-8eb4c5352c0a tempest-VolumesDeleteCascade-783810103 None] /opt/stack/data/cinder/mnt/bc657a74c65372104421ce82d1086f99/volume-bd9f59dc-6ebb-432b-8e0e-5e55c154a87a.9b7b0f29-a5ac-41d1-b27f-3114acfd36f7 is being set with open permissions: ugo+rw
Sep 06 22:46:02 devstack cinder-volume[87517]: DEBUG oslo_concurrency.processutils [None req-7face576-6423-4785-8153-8eb4c5352c0a tempest-VolumesDeleteCascade-783810103 None] Running cmd (subprocess): sudo cinder-rootwrap /etc/cinder/rootwrap.conf chmod ugo+rw /opt/stack/data/cinder/mnt/bc657a74c65372104421ce82d1086f99/volume-bd9f59dc-6ebb-432b-8e0e-5e55c154a87a.9b7b0f29-a5ac-41d1-b27f-3114acfd36f7 {{(pid=87517) execute /opt/stack/data/venv/lib/python3.12/site-packages/oslo_concurrency/processutils.py:440}}
Sep 06 22:46:02 devstack sudo[92802]: quobyte : PWD=/ ; USER=root ; COMMAND=/opt/stack/data/venv/bin/cinder-rootwrap /etc/cinder/rootwrap.conf chmod ugo+rw /opt/stack/data/cinder/mnt/bc657a74c65372104421ce82d1086f99/volume-bd9f59dc-6ebb-432b-8e0e-5e55c154a87a.9b7b0f29-a5ac-41d1-b27f-3114acfd36f7
Sep 06 22:46:02 devstack sudo[92802]: pam_unix(sudo:session): session opened for user root(uid=0) by (uid=1000)
Sep 06 22:46:02 devstack sudo[92802]: pam_unix(sudo:session): session closed for user root
Sep 06 22:46:02 devstack cinder-volume[87517]: DEBUG oslo_concurrency.processutils [None req-7face576-6423-4785-8153-8eb4c5352c0a tempest-VolumesDeleteCascade-783810103 None] CMD "sudo cinder-rootwrap /etc/cinder/rootwrap.conf chmod ugo+rw /opt/stack/data/cinder/mnt/bc657a74c65372104421ce82d1086f99/volume-bd9f59dc-6ebb-432b-8e0e-5e55c154a87a.9b7b0f29-a5ac-41d1-b27f-3114acfd36f7" returned: 0 in 0.440s {{(pid=87517) execute /opt/stack/data/venv/lib/python3.12/site-packages/oslo_concurrency/processutils.py:468}}
Sep 06 22:46:02 devstack cinder-volume[87517]: DEBUG oslo_concurrency.processutils [None req-7face576-6423-4785-8153-8eb4c5352c0a tempest-VolumesDeleteCascade-783810103 None] Running cmd (subprocess): sudo cinder-rootwrap /etc/cinder/rootwrap.conf truncate -s0 /opt/stack/data/cinder/mnt/bc657a74c65372104421ce82d1086f99/volume-bd9f59dc-6ebb-432b-8e0e-5e55c154a87a.info {{(pid=87517) execute /opt/stack/data/venv/lib/python3.12/site-packages/oslo_concurrency/processutils.py:440}}
Sep 06 22:46:02 devstack sudo[92807]: quobyte : PWD=/ ; USER=root ; COMMAND=/opt/stack/data/venv/bin/cinder-rootwrap /etc/cinder/rootwrap.conf truncate -s0 /opt/stack/data/cinder/mnt/bc657a74c65372104421ce82d1086f99/volume-bd9f59dc-6ebb-432b-8e0e-5e55c154a87a.info
Sep 06 22:46:02 devstack sudo[92807]: pam_unix(sudo:session): session opened for user root(uid=0) by (uid=1000)
Sep 06 22:46:03 devstack sudo[92807]: pam_unix(sudo:session): session closed for user root
Sep 06 22:46:03 devstack cinder-volume[87517]: DEBUG oslo_concurrency.processutils [None req-7face576-6423-4785-8153-8eb4c5352c0a tempest-VolumesDeleteCascade-783810103 None] CMD "sudo cinder-rootwrap /etc/cinder/rootwrap.conf truncate -s0 /opt/stack/data/cinder/mnt/bc657a74c65372104421ce82d1086f99/volume-bd9f59dc-6ebb-432b-8e0e-5e55c154a87a.info" returned: 0 in 0.595s {{(pid=87517) execute /opt/stack/data/venv/lib/python3.12/site-packages/oslo_concurrency/processutils.py:468}}
Sep 06 22:46:03 devstack cinder-volume[87517]: WARNING cinder.volume.drivers.remotefs [None req-7face576-6423-4785-8153-8eb4c5352c0a tempest-VolumesDeleteCascade-783810103 None] /opt/stack/data/cinder/mnt/bc657a74c65372104421ce82d1086f99/volume-bd9f59dc-6ebb-432b-8e0e-5e55c154a87a.info is being set with open permissions: ugo+rw
Sep 06 22:46:03 devstack cinder-volume[87517]: DEBUG oslo_concurrency.processutils [None req-7face576-6423-4785-8153-8eb4c5352c0a tempest-VolumesDeleteCascade-783810103 None] Running cmd (subprocess): sudo cinder-rootwrap /etc/cinder/rootwrap.conf chmod ugo+rw /opt/stack/data/cinder/mnt/bc657a74c65372104421ce82d1086f99/volume-bd9f59dc-6ebb-432b-8e0e-5e55c154a87a.info {{(pid=87517) execute /opt/stack/data/venv/lib/python3.12/site-packages/oslo_concurrency/processutils.py:440}}
Sep 06 22:46:03 devstack sudo[92811]: quobyte : PWD=/ ; USER=root ; COMMAND=/opt/stack/data/venv/bin/cinder-rootwrap /etc/cinder/rootwrap.conf chmod ugo+rw /opt/stack/data/cinder/mnt/bc657a74c65372104421ce82d1086f99/volume-bd9f59dc-6ebb-432b-8e0e-5e55c154a87a.info
Sep 06 22:46:03 devstack sudo[92811]: pam_unix(sudo:session): session opened for user root(uid=0) by (uid=1000)
Sep 06 22:46:03 devstack sudo[92811]: pam_unix(sudo:session): session closed for user root
Sep 06 22:46:03 devstack cinder-volume[87517]: DEBUG oslo_concurrency.processutils [None req-7face576-6423-4785-8153-8eb4c5352c0a tempest-VolumesDeleteCascade-783810103 None] CMD "sudo cinder-rootwrap /etc/cinder/rootwrap.conf chmod ugo+rw /opt/stack/data/cinder/mnt/bc657a74c65372104421ce82d1086f99/volume-bd9f59dc-6ebb-432b-8e0e-5e55c154a87a.info" returned: 0 in 0.348s {{(pid=87517) execute /opt/stack/data/venv/lib/python3.12/site-packages/oslo_concurrency/processutils.py:468}}
Sep 06 22:46:03 devstack cinder-volume[87517]: DEBUG oslo_concurrency.lockutils [None req-7face576-6423-4785-8153-8eb4c5352c0a tempest-VolumesDeleteCascade-783810103 None] Lock "quobyte" "released" by "cinder.volume.drivers.quobyte.QuobyteDriver.create_snapshot" :: held 4.467s {{(pid=87517) inner /opt/stack/data/venv/lib/python3.12/site-packages/oslo_concurrency/lockutils.py:544}}
Sep 06 22:46:03 devstack cinder-volume[87517]: INFO cinder.volume.manager [None req-7face576-6423-4785-8153-8eb4c5352c0a tempest-VolumesDeleteCascade-783810103 None] Create snapshot completed successfully
Sep 06 22:46:05 devstack cinder-volume[87517]: DEBUG oslo_concurrency.lockutils [None req-ece27d77-44a4-4739-bbd3-b71cac917663 tempest-VolumesDeleteCascade-783810103 None] Acquiring lock "quobyte" by "cinder.volume.drivers.quobyte.QuobyteDriver.create_snapshot" {{(pid=87517) inner /opt/stack/data/venv/lib/python3.12/site-packages/oslo_concurrency/lockutils.py:512}}
Sep 06 22:46:05 devstack cinder-volume[87517]: DEBUG oslo_concurrency.lockutils [None req-ece27d77-44a4-4739-bbd3-b71cac917663 tempest-VolumesDeleteCascade-783810103 None] Lock "quobyte" acquired by "cinder.volume.drivers.quobyte.QuobyteDriver.create_snapshot" :: waited 0.002s {{(pid=87517) inner /opt/stack/data/venv/lib/python3.12/site-packages/oslo_concurrency/lockutils.py:525}}
Sep 06 22:46:05 devstack cinder-volume[87517]: DEBUG cinder.volume.drivers.remotefs [None req-ece27d77-44a4-4739-bbd3-b71cac917663 tempest-VolumesDeleteCascade-783810103 None] Creating offline snapshot d5823766-596b-4260-aff5-d96e2cea339e of volume bd9f59dc-6ebb-432b-8e0e-5e55c154a87a {{(pid=87517) _create_snapshot /opt/stack/cinder/cinder/volume/drivers/remotefs.py:1816}}
Sep 06 22:46:05 devstack cinder-volume[87517]: DEBUG oslo.privsep.daemon [-] privsep: reply[86d4a557-795b-4257-aec4-89bf05e70f01]: (4, 'qcow2') {{(pid=89159) _call_back /opt/stack/data/venv/lib/python3.12/site-packages/oslo_privsep/daemon.py:580}}
Sep 06 22:46:05 devstack cinder-volume[87517]: DEBUG oslo_concurrency.processutils [None req-ece27d77-44a4-4739-bbd3-b71cac917663 tempest-VolumesDeleteCascade-783810103 None] Running cmd (subprocess): /opt/stack/data/venv/bin/python3.12 -m oslo_concurrency.prlimit --as=1073741824 --cpu=60 -- sudo cinder-rootwrap /etc/cinder/rootwrap.conf env LC_ALL=C qemu-img info -f qcow2 --output=json --force-share /opt/stack/data/cinder/mnt/bc657a74c65372104421ce82d1086f99/volume-bd9f59dc-6ebb-432b-8e0e-5e55c154a87a.9b7b0f29-a5ac-41d1-b27f-3114acfd36f7 {{(pid=87517) execute /opt/stack/data/venv/lib/python3.12/site-packages/oslo_concurrency/processutils.py:440}}
Sep 06 22:46:05 devstack sudo[92814]: quobyte : PWD=/ ; USER=root ; COMMAND=/opt/stack/data/venv/bin/cinder-rootwrap /etc/cinder/rootwrap.conf env LC_ALL=C qemu-img info -f qcow2 --output=json --force-share /opt/stack/data/cinder/mnt/bc657a74c65372104421ce82d1086f99/volume-bd9f59dc-6ebb-432b-8e0e-5e55c154a87a.9b7b0f29-a5ac-41d1-b27f-3114acfd36f7
Sep 06 22:46:05 devstack sudo[92814]: pam_unix(sudo:session): session opened for user root(uid=0) by (uid=1000)
Sep 06 22:46:05 devstack cinder-volume[87517]: DEBUG oslo_service.periodic_task [None req-55b1fde2-363a-4dae-a432-b0322e49aea6 None None] Running periodic task VolumeManager.publish_service_capabilities {{(pid=87517) run_periodic_tasks /opt/stack/data/venv/lib/python3.12/site-packages/oslo_service/periodic_task.py:254}}
Sep 06 22:46:05 devstack cinder-volume[87517]: DEBUG oslo_concurrency.lockutils [None req-55b1fde2-363a-4dae-a432-b0322e49aea6 None None] Acquiring lock "quobyte_ensure" by "cinder.volume.drivers.quobyte.QuobyteDriver._ensure_shares_mounted" {{(pid=87517) inner /opt/stack/data/venv/lib/python3.12/site-packages/oslo_concurrency/lockutils.py:512}}
Sep 06 22:46:05 devstack cinder-volume[87517]: DEBUG oslo_concurrency.lockutils [None req-55b1fde2-363a-4dae-a432-b0322e49aea6 None None] Lock "quobyte_ensure" acquired by "cinder.volume.drivers.quobyte.QuobyteDriver._ensure_shares_mounted" :: waited 0.001s {{(pid=87517) inner /opt/stack/data/venv/lib/python3.12/site-packages/oslo_concurrency/lockutils.py:525}}
Sep 06 22:46:05 devstack cinder-volume[87517]: DEBUG cinder.volume.drivers.quobyte [None req-55b1fde2-363a-4dae-a432-b0322e49aea6 None None] Quobyte Volume URL set to: {'osci02.corp.quobyte.com/cinder-vol-745b070e-8197-4664-ad67-4382cd2a6e05': None} {{(pid=87517) _load_shares_config /opt/stack/cinder/cinder/volume/drivers/quobyte.py:662}}
Sep 06 22:46:05 devstack cinder-volume[87517]: DEBUG cinder.volume.drivers.quobyte [None req-55b1fde2-363a-4dae-a432-b0322e49aea6 None None] Available shares ['osci02.corp.quobyte.com/cinder-vol-745b070e-8197-4664-ad67-4382cd2a6e05'] {{(pid=87517) _ensure_shares_mounted /opt/stack/cinder/cinder/volume/drivers/quobyte.py:692}}
Sep 06 22:46:05 devstack cinder-volume[87517]: DEBUG oslo_concurrency.lockutils [None req-55b1fde2-363a-4dae-a432-b0322e49aea6 None None] Lock "quobyte_ensure" "released" by "cinder.volume.drivers.quobyte.QuobyteDriver._ensure_shares_mounted" :: held 0.019s {{(pid=87517) inner /opt/stack/data/venv/lib/python3.12/site-packages/oslo_concurrency/lockutils.py:544}}
Sep 06 22:46:05 devstack cinder-volume[87517]: DEBUG oslo_concurrency.processutils [None req-55b1fde2-363a-4dae-a432-b0322e49aea6 None None] Running cmd (subprocess): sudo cinder-rootwrap /etc/cinder/rootwrap.conf df --portability --block-size 1 /opt/stack/data/cinder/mnt/bc657a74c65372104421ce82d1086f99 {{(pid=87517) execute /opt/stack/data/venv/lib/python3.12/site-packages/oslo_concurrency/processutils.py:440}}
Sep 06 22:46:05 devstack sudo[92816]: quobyte : PWD=/ ; USER=root ; COMMAND=/opt/stack/data/venv/bin/cinder-rootwrap /etc/cinder/rootwrap.conf df --portability --block-size 1 /opt/stack/data/cinder/mnt/bc657a74c65372104421ce82d1086f99
Sep 06 22:46:05 devstack sudo[92816]: pam_unix(sudo:session): session opened for user root(uid=0) by (uid=1000)
Sep 06 22:46:06 devstack sudo[92814]: pam_unix(sudo:session): session closed for user root
Sep 06 22:46:06 devstack cinder-volume[87517]: DEBUG oslo_concurrency.processutils [None req-ece27d77-44a4-4739-bbd3-b71cac917663 tempest-VolumesDeleteCascade-783810103 None] CMD "/opt/stack/data/venv/bin/python3.12 -m oslo_concurrency.prlimit --as=1073741824 --cpu=60 -- sudo cinder-rootwrap /etc/cinder/rootwrap.conf env LC_ALL=C qemu-img info -f qcow2 --output=json --force-share /opt/stack/data/cinder/mnt/bc657a74c65372104421ce82d1086f99/volume-bd9f59dc-6ebb-432b-8e0e-5e55c154a87a.9b7b0f29-a5ac-41d1-b27f-3114acfd36f7" returned: 0 in 0.961s {{(pid=87517) execute /opt/stack/data/venv/lib/python3.12/site-packages/oslo_concurrency/processutils.py:468}}
Sep 06 22:46:06 devstack cinder-volume[87517]: DEBUG cinder.volume.drivers.remotefs [None req-ece27d77-44a4-4739-bbd3-b71cac917663 tempest-VolumesDeleteCascade-783810103 None] Fetching qemu-img info with special backing_file_template: (/opt/stack/data/cinder/mnt/[0-9a-f]+/)?(volume-bd9f59dc-6ebb-432b-8e0e-5e55c154a87a(.(tmp-snap-)?[0-9a-f-]+)?|volume_from_snapshot_cache/(tmp-snap-)?[0-9a-f-]+(.(child-|parent-)[0-9a-f-]+)?)$ {{(pid=87517) _qemu_img_info_base /opt/stack/cinder/cinder/volume/drivers/remotefs.py:896}}
Sep 06 22:46:06 devstack cinder-volume[87517]: DEBUG oslo_concurrency.processutils [None req-ece27d77-44a4-4739-bbd3-b71cac917663 tempest-VolumesDeleteCascade-783810103 None] Running cmd (subprocess): sudo cinder-rootwrap /etc/cinder/rootwrap.conf qemu-img create -f qcow2 -o backing_file=/opt/stack/data/cinder/mnt/bc657a74c65372104421ce82d1086f99/volume-bd9f59dc-6ebb-432b-8e0e-5e55c154a87a.9b7b0f29-a5ac-41d1-b27f-3114acfd36f7,backing_fmt=qcow2 /opt/stack/data/cinder/mnt/bc657a74c65372104421ce82d1086f99/volume-bd9f59dc-6ebb-432b-8e0e-5e55c154a87a.d5823766-596b-4260-aff5-d96e2cea339e 1G {{(pid=87517) execute /opt/stack/data/venv/lib/python3.12/site-packages/oslo_concurrency/processutils.py:440}}
Sep 06 22:46:06 devstack sudo[92822]: quobyte : PWD=/ ; USER=root ; COMMAND=/opt/stack/data/venv/bin/cinder-rootwrap /etc/cinder/rootwrap.conf qemu-img create -f qcow2 -o backing_file=/opt/stack/data/cinder/mnt/bc657a74c65372104421ce82d1086f99/volume-bd9f59dc-6ebb-432b-8e0e-5e55c154a87a.9b7b0f29-a5ac-41d1-b27f-3114acfd36f7,backing_fmt=qcow2 /opt/stack/data/cinder/mnt/bc657a74c65372104421ce82d1086f99/volume-bd9f59dc-6ebb-432b-8e0e-5e55c154a87a.d5823766-596b-4260-aff5-d96e2cea339e 1G
Sep 06 22:46:06 devstack sudo[92822]: pam_unix(sudo:session): session opened for user root(uid=0) by (uid=1000)
Sep 06 22:46:06 devstack sudo[92816]: pam_unix(sudo:session): session closed for user root
Sep 06 22:46:06 devstack cinder-volume[87517]: DEBUG oslo_concurrency.processutils [None req-55b1fde2-363a-4dae-a432-b0322e49aea6 None None] CMD "sudo cinder-rootwrap /etc/cinder/rootwrap.conf df --portability --block-size 1 /opt/stack/data/cinder/mnt/bc657a74c65372104421ce82d1086f99" returned: 0 in 0.724s {{(pid=87517) execute /opt/stack/data/venv/lib/python3.12/site-packages/oslo_concurrency/processutils.py:468}}
Sep 06 22:46:06 devstack cinder-volume[87517]: DEBUG cinder.manager [None req-55b1fde2-363a-4dae-a432-b0322e49aea6 None None] Notifying Schedulers of capabilities ... {{(pid=87517) _publish_service_capabilities /opt/stack/cinder/cinder/manager.py:219}}
Sep 06 22:46:06 devstack cinder-volume[87517]: DEBUG oslo_service.periodic_task [None req-55b1fde2-363a-4dae-a432-b0322e49aea6 None None] Running periodic task VolumeManager._thread_info {{(pid=87517) run_periodic_tasks /opt/stack/data/venv/lib/python3.12/site-packages/oslo_service/periodic_task.py:254}}
Sep 06 22:46:06 devstack cinder-volume[87517]: DEBUG cinder.volume.manager [None req-55b1fde2-363a-4dae-a432-b0322e49aea6 None None] thread count: 28 {{(pid=87517) _thread_info /opt/stack/cinder/cinder/volume/manager.py:5472}}
Sep 06 22:46:06 devstack cinder-volume[87517]: DEBUG cinder.volume.manager [None req-55b1fde2-363a-4dae-a432-b0322e49aea6 None None] thread info: [<_MainThread(MainThread, started 135530692214912)>, , , , , , , , , , , , , , , , , , , , , , , , , , , ] {{(pid=87517) _thread_info /opt/stack/cinder/cinder/volume/manager.py:5473}}
Sep 06 22:46:07 devstack sudo[92822]: pam_unix(sudo:session): session closed for user root
Sep 06 22:46:07 devstack cinder-volume[87517]: DEBUG oslo_concurrency.processutils [None req-ece27d77-44a4-4739-bbd3-b71cac917663 tempest-VolumesDeleteCascade-783810103 None] CMD "sudo cinder-rootwrap /etc/cinder/rootwrap.conf qemu-img create -f qcow2 -o backing_file=/opt/stack/data/cinder/mnt/bc657a74c65372104421ce82d1086f99/volume-bd9f59dc-6ebb-432b-8e0e-5e55c154a87a.9b7b0f29-a5ac-41d1-b27f-3114acfd36f7,backing_fmt=qcow2 /opt/stack/data/cinder/mnt/bc657a74c65372104421ce82d1086f99/volume-bd9f59dc-6ebb-432b-8e0e-5e55c154a87a.d5823766-596b-4260-aff5-d96e2cea339e 1G" returned: 0 in 0.887s {{(pid=87517) execute /opt/stack/data/venv/lib/python3.12/site-packages/oslo_concurrency/processutils.py:468}}
Sep 06 22:46:07 devstack cinder-volume[87517]: DEBUG oslo_concurrency.processutils [None req-ece27d77-44a4-4739-bbd3-b71cac917663 tempest-VolumesDeleteCascade-783810103 None] Running cmd (subprocess): sudo cinder-rootwrap /etc/cinder/rootwrap.conf qemu-img rebase -u -b volume-bd9f59dc-6ebb-432b-8e0e-5e55c154a87a.9b7b0f29-a5ac-41d1-b27f-3114acfd36f7 -F qcow2 /opt/stack/data/cinder/mnt/bc657a74c65372104421ce82d1086f99/volume-bd9f59dc-6ebb-432b-8e0e-5e55c154a87a.d5823766-596b-4260-aff5-d96e2cea339e {{(pid=87517) execute /opt/stack/data/venv/lib/python3.12/site-packages/oslo_concurrency/processutils.py:440}}
Sep 06 22:46:07 devstack sudo[92831]: quobyte : PWD=/ ; USER=root ; COMMAND=/opt/stack/data/venv/bin/cinder-rootwrap /etc/cinder/rootwrap.conf qemu-img rebase -u -b volume-bd9f59dc-6ebb-432b-8e0e-5e55c154a87a.9b7b0f29-a5ac-41d1-b27f-3114acfd36f7 -F qcow2 /opt/stack/data/cinder/mnt/bc657a74c65372104421ce82d1086f99/volume-bd9f59dc-6ebb-432b-8e0e-5e55c154a87a.d5823766-596b-4260-aff5-d96e2cea339e
Sep 06 22:46:07 devstack sudo[92831]: pam_unix(sudo:session): session opened for user root(uid=0) by (uid=1000)
Sep 06 22:46:07 devstack sudo[92831]: pam_unix(sudo:session): session closed for user root
Sep 06 22:46:07 devstack cinder-volume[87517]: DEBUG oslo_concurrency.processutils [None req-ece27d77-44a4-4739-bbd3-b71cac917663 tempest-VolumesDeleteCascade-783810103 None] CMD "sudo cinder-rootwrap /etc/cinder/rootwrap.conf qemu-img rebase -u -b volume-bd9f59dc-6ebb-432b-8e0e-5e55c154a87a.9b7b0f29-a5ac-41d1-b27f-3114acfd36f7 -F qcow2 /opt/stack/data/cinder/mnt/bc657a74c65372104421ce82d1086f99/volume-bd9f59dc-6ebb-432b-8e0e-5e55c154a87a.d5823766-596b-4260-aff5-d96e2cea339e" returned: 0 in 0.607s {{(pid=87517) execute /opt/stack/data/venv/lib/python3.12/site-packages/oslo_concurrency/processutils.py:468}}
Sep 06 22:46:07 devstack cinder-volume[87517]: WARNING cinder.volume.drivers.remotefs [None req-ece27d77-44a4-4739-bbd3-b71cac917663 tempest-VolumesDeleteCascade-783810103 None] /opt/stack/data/cinder/mnt/bc657a74c65372104421ce82d1086f99/volume-bd9f59dc-6ebb-432b-8e0e-5e55c154a87a.d5823766-596b-4260-aff5-d96e2cea339e is being set with open permissions: ugo+rw
Sep 06 22:46:07 devstack cinder-volume[87517]: DEBUG oslo_concurrency.processutils [None req-ece27d77-44a4-4739-bbd3-b71cac917663 tempest-VolumesDeleteCascade-783810103 None] Running cmd (subprocess): sudo cinder-rootwrap /etc/cinder/rootwrap.conf chmod ugo+rw /opt/stack/data/cinder/mnt/bc657a74c65372104421ce82d1086f99/volume-bd9f59dc-6ebb-432b-8e0e-5e55c154a87a.d5823766-596b-4260-aff5-d96e2cea339e {{(pid=87517) execute /opt/stack/data/venv/lib/python3.12/site-packages/oslo_concurrency/processutils.py:440}}
Sep 06 22:46:07 devstack sudo[92837]: quobyte : PWD=/ ; USER=root ; COMMAND=/opt/stack/data/venv/bin/cinder-rootwrap /etc/cinder/rootwrap.conf chmod ugo+rw /opt/stack/data/cinder/mnt/bc657a74c65372104421ce82d1086f99/volume-bd9f59dc-6ebb-432b-8e0e-5e55c154a87a.d5823766-596b-4260-aff5-d96e2cea339e
Sep 06 22:46:07 devstack sudo[92837]: pam_unix(sudo:session): session opened for user root(uid=0) by (uid=1000)
Sep 06 22:46:08 devstack sudo[92837]: pam_unix(sudo:session): session closed for user root
Sep 06 22:46:08 devstack cinder-volume[87517]: DEBUG oslo_concurrency.processutils [None req-ece27d77-44a4-4739-bbd3-b71cac917663 tempest-VolumesDeleteCascade-783810103 None] CMD "sudo cinder-rootwrap /etc/cinder/rootwrap.conf chmod ugo+rw /opt/stack/data/cinder/mnt/bc657a74c65372104421ce82d1086f99/volume-bd9f59dc-6ebb-432b-8e0e-5e55c154a87a.d5823766-596b-4260-aff5-d96e2cea339e" returned: 0 in 0.414s {{(pid=87517) execute /opt/stack/data/venv/lib/python3.12/site-packages/oslo_concurrency/processutils.py:468}}
Sep 06 22:46:08 devstack cinder-volume[87517]: DEBUG oslo_concurrency.lockutils [None req-ece27d77-44a4-4739-bbd3-b71cac917663 tempest-VolumesDeleteCascade-783810103 None] Lock "quobyte" "released" by "cinder.volume.drivers.quobyte.QuobyteDriver.create_snapshot" :: held 3.071s {{(pid=87517) inner /opt/stack/data/venv/lib/python3.12/site-packages/oslo_concurrency/lockutils.py:544}}
Sep 06 22:46:08 devstack cinder-volume[87517]: INFO cinder.volume.manager [None req-ece27d77-44a4-4739-bbd3-b71cac917663 tempest-VolumesDeleteCascade-783810103 None] Create snapshot completed successfully
Sep 06 22:46:08 devstack cinder-volume[87517]: DEBUG cinder.coordination [None req-3a9b0de3-107e-40cd-9477-6033f2c0aa25 tempest-VolumesDeleteCascade-783810103 None] Acquiring lock "cinder-bd9f59dc-6ebb-432b-8e0e-5e55c154a87a-delete_volume" by "delete_volume" {{(pid=87517) __acquire /opt/stack/cinder/cinder/coordination.py:138}}
Sep 06 22:46:08 devstack cinder-volume[87517]: DEBUG cinder.coordination [None req-3a9b0de3-107e-40cd-9477-6033f2c0aa25 tempest-VolumesDeleteCascade-783810103 None] Lock "cinder-bd9f59dc-6ebb-432b-8e0e-5e55c154a87a-delete_volume" acquired by "delete_volume" :: waited 0.041s {{(pid=87517) __acquire /opt/stack/cinder/cinder/coordination.py:141}}
Sep 06 22:46:08 devstack cinder-volume[87517]: DEBUG cinder.volume.manager [None req-3a9b0de3-107e-40cd-9477-6033f2c0aa25 tempest-VolumesDeleteCascade-783810103 None] Performing cascade delete. {{(pid=87517) delete_volume /opt/stack/cinder/cinder/volume/manager.py:995}}
Sep 06 22:46:08 devstack cinder-volume[87517]: DEBUG cinder.coordination [None req-3a9b0de3-107e-40cd-9477-6033f2c0aa25 tempest-VolumesDeleteCascade-783810103 None] Acquiring lock "cinder-9b7b0f29-a5ac-41d1-b27f-3114acfd36f7-delete_snapshot" by "delete_snapshot" {{(pid=87517) __acquire /opt/stack/cinder/cinder/coordination.py:138}}
Sep 06 22:46:08 devstack cinder-volume[87517]: DEBUG cinder.coordination [None req-3a9b0de3-107e-40cd-9477-6033f2c0aa25 tempest-VolumesDeleteCascade-783810103 None] Lock "cinder-9b7b0f29-a5ac-41d1-b27f-3114acfd36f7-delete_snapshot" acquired by "delete_snapshot" :: waited 0.018s {{(pid=87517) __acquire /opt/stack/cinder/cinder/coordination.py:141}}
Sep 06 22:46:08 devstack cinder-volume[87517]: DEBUG cinder.coordination [None req-3a9b0de3-107e-40cd-9477-6033f2c0aa25 tempest-VolumesDeleteCascade-783810103 None] Acquiring lock "cinder-quobyte-bd9f59dc-6ebb-432b-8e0e-5e55c154a87a" by "delete_snapshot" {{(pid=87517) __acquire /opt/stack/cinder/cinder/coordination.py:138}}
Sep 06 22:46:08 devstack cinder-volume[87517]: DEBUG cinder.coordination [None req-3a9b0de3-107e-40cd-9477-6033f2c0aa25 tempest-VolumesDeleteCascade-783810103 None] Lock "cinder-quobyte-bd9f59dc-6ebb-432b-8e0e-5e55c154a87a" acquired by "delete_snapshot" :: waited 0.038s {{(pid=87517) __acquire /opt/stack/cinder/cinder/coordination.py:141}}
Sep 06 22:46:08 devstack cinder-volume[87517]: DEBUG cinder.coordination [None req-3a9b0de3-107e-40cd-9477-6033f2c0aa25 tempest-VolumesDeleteCascade-783810103 None] Acquiring lock "cinder-quobyte-9b7b0f29-a5ac-41d1-b27f-3114acfd36f7" by "_delete_snapshot" {{(pid=87517) __acquire /opt/stack/cinder/cinder/coordination.py:138}}
Sep 06 22:46:08 devstack cinder-volume[87517]: DEBUG cinder.coordination [None req-3a9b0de3-107e-40cd-9477-6033f2c0aa25 tempest-VolumesDeleteCascade-783810103 None] Lock "cinder-quobyte-9b7b0f29-a5ac-41d1-b27f-3114acfd36f7" acquired by "_delete_snapshot" :: waited 0.035s {{(pid=87517) __acquire /opt/stack/cinder/cinder/coordination.py:141}}
Sep 06 22:46:08 devstack cinder-volume[87517]: DEBUG cinder.volume.drivers.remotefs [None req-3a9b0de3-107e-40cd-9477-6033f2c0aa25 tempest-VolumesDeleteCascade-783810103 None] Deleting offline snapshot 9b7b0f29-a5ac-41d1-b27f-3114acfd36f7 of volume bd9f59dc-6ebb-432b-8e0e-5e55c154a87a {{(pid=87517) _delete_snapshot /opt/stack/cinder/cinder/volume/drivers/remotefs.py:1288}}
Sep 06 22:46:08 devstack cinder-volume[87517]: DEBUG cinder.volume.drivers.remotefs [None req-3a9b0de3-107e-40cd-9477-6033f2c0aa25 tempest-VolumesDeleteCascade-783810103 None] snapshot_file for this snap is: volume-bd9f59dc-6ebb-432b-8e0e-5e55c154a87a.9b7b0f29-a5ac-41d1-b27f-3114acfd36f7 {{(pid=87517) _delete_snapshot /opt/stack/cinder/cinder/volume/drivers/remotefs.py:1317}}
Sep 06 22:46:08 devstack cinder-volume[87517]: DEBUG oslo.privsep.daemon [-] privsep: reply[a6ff8e09-0b3f-4546-b532-7f74737109fa]: (4, 'qcow2') {{(pid=89159) _call_back /opt/stack/data/venv/lib/python3.12/site-packages/oslo_privsep/daemon.py:580}}
Sep 06 22:46:08 devstack cinder-volume[87517]: DEBUG oslo_concurrency.processutils [None req-3a9b0de3-107e-40cd-9477-6033f2c0aa25 tempest-VolumesDeleteCascade-783810103 None] Running cmd (subprocess): /opt/stack/data/venv/bin/python3.12 -m oslo_concurrency.prlimit --as=1073741824 --cpu=60 -- sudo cinder-rootwrap /etc/cinder/rootwrap.conf env LC_ALL=C qemu-img info -f qcow2 --output=json --force-share /opt/stack/data/cinder/mnt/bc657a74c65372104421ce82d1086f99/volume-bd9f59dc-6ebb-432b-8e0e-5e55c154a87a.9b7b0f29-a5ac-41d1-b27f-3114acfd36f7 {{(pid=87517) execute /opt/stack/data/venv/lib/python3.12/site-packages/oslo_concurrency/processutils.py:440}}
Sep 06 22:46:09 devstack sudo[92841]: quobyte : PWD=/ ; USER=root ; COMMAND=/opt/stack/data/venv/bin/cinder-rootwrap /etc/cinder/rootwrap.conf env LC_ALL=C qemu-img info -f qcow2 --output=json --force-share /opt/stack/data/cinder/mnt/bc657a74c65372104421ce82d1086f99/volume-bd9f59dc-6ebb-432b-8e0e-5e55c154a87a.9b7b0f29-a5ac-41d1-b27f-3114acfd36f7
Sep 06 22:46:09 devstack sudo[92841]: pam_unix(sudo:session): session opened for user root(uid=0) by (uid=1000)
Sep 06 22:46:09 devstack sudo[92841]: pam_unix(sudo:session): session closed for user root
Sep 06 22:46:09 devstack cinder-volume[87517]: DEBUG oslo_concurrency.processutils [None req-3a9b0de3-107e-40cd-9477-6033f2c0aa25 tempest-VolumesDeleteCascade-783810103 None] CMD "/opt/stack/data/venv/bin/python3.12 -m oslo_concurrency.prlimit --as=1073741824 --cpu=60 -- sudo cinder-rootwrap /etc/cinder/rootwrap.conf env LC_ALL=C qemu-img info -f qcow2 --output=json --force-share /opt/stack/data/cinder/mnt/bc657a74c65372104421ce82d1086f99/volume-bd9f59dc-6ebb-432b-8e0e-5e55c154a87a.9b7b0f29-a5ac-41d1-b27f-3114acfd36f7" returned: 0 in 0.785s {{(pid=87517) execute /opt/stack/data/venv/lib/python3.12/site-packages/oslo_concurrency/processutils.py:468}}
Sep 06 22:46:09 devstack cinder-volume[87517]: DEBUG cinder.volume.drivers.remotefs [None req-3a9b0de3-107e-40cd-9477-6033f2c0aa25 tempest-VolumesDeleteCascade-783810103 None] Fetching qemu-img info with special backing_file_template: (/opt/stack/data/cinder/mnt/[0-9a-f]+/)?(volume-bd9f59dc-6ebb-432b-8e0e-5e55c154a87a(.(tmp-snap-)?[0-9a-f-]+)?|volume_from_snapshot_cache/(tmp-snap-)?[0-9a-f-]+(.(child-|parent-)[0-9a-f-]+)?)$ {{(pid=87517) _qemu_img_info_base /opt/stack/cinder/cinder/volume/drivers/remotefs.py:896}}
Sep 06 22:46:09 devstack cinder-volume[87517]: DEBUG oslo.privsep.daemon [-] privsep: reply[44785c78-756c-46d4-a876-725ba76adebd]: (4, 'qcow2') {{(pid=89159) _call_back /opt/stack/data/venv/lib/python3.12/site-packages/oslo_privsep/daemon.py:580}}
Sep 06 22:46:09 devstack cinder-volume[87517]: DEBUG oslo_concurrency.processutils [None req-3a9b0de3-107e-40cd-9477-6033f2c0aa25 tempest-VolumesDeleteCascade-783810103 None] Running cmd (subprocess): /opt/stack/data/venv/bin/python3.12 -m oslo_concurrency.prlimit --as=1073741824 --cpu=60 -- sudo cinder-rootwrap /etc/cinder/rootwrap.conf env LC_ALL=C qemu-img info -f qcow2 --output=json --force-share /opt/stack/data/cinder/mnt/bc657a74c65372104421ce82d1086f99/volume-bd9f59dc-6ebb-432b-8e0e-5e55c154a87a {{(pid=87517) execute /opt/stack/data/venv/lib/python3.12/site-packages/oslo_concurrency/processutils.py:440}}
Sep 06 22:46:09 devstack sudo[92885]: quobyte : PWD=/ ; USER=root ; COMMAND=/opt/stack/data/venv/bin/cinder-rootwrap /etc/cinder/rootwrap.conf env LC_ALL=C qemu-img info -f qcow2 --output=json --force-share /opt/stack/data/cinder/mnt/bc657a74c65372104421ce82d1086f99/volume-bd9f59dc-6ebb-432b-8e0e-5e55c154a87a
Sep 06 22:46:09 devstack sudo[92885]: pam_unix(sudo:session): session opened for user root(uid=0) by (uid=1000)
Sep 06 22:46:10 devstack sudo[92885]: pam_unix(sudo:session): session closed for user root
Sep 06 22:46:10 devstack cinder-volume[87517]: DEBUG oslo_concurrency.processutils [None req-3a9b0de3-107e-40cd-9477-6033f2c0aa25 tempest-VolumesDeleteCascade-783810103 None] CMD "/opt/stack/data/venv/bin/python3.12 -m oslo_concurrency.prlimit --as=1073741824 --cpu=60 -- sudo cinder-rootwrap /etc/cinder/rootwrap.conf env LC_ALL=C qemu-img info -f qcow2 --output=json --force-share /opt/stack/data/cinder/mnt/bc657a74c65372104421ce82d1086f99/volume-bd9f59dc-6ebb-432b-8e0e-5e55c154a87a" returned: 0 in 1.153s {{(pid=87517) execute /opt/stack/data/venv/lib/python3.12/site-packages/oslo_concurrency/processutils.py:468}}
Sep 06 22:46:11 devstack cinder-volume[87517]: DEBUG oslo.privsep.daemon [-] privsep: reply[b304ce90-64ad-4b2a-8464-c095b500f685]: (4, 'qcow2') {{(pid=89159) _call_back /opt/stack/data/venv/lib/python3.12/site-packages/oslo_privsep/daemon.py:580}}
Sep 06 22:46:11 devstack cinder-volume[87517]: DEBUG oslo_concurrency.processutils [None req-3a9b0de3-107e-40cd-9477-6033f2c0aa25 tempest-VolumesDeleteCascade-783810103 None] Running cmd (subprocess): /opt/stack/data/venv/bin/python3.12 -m oslo_concurrency.prlimit --as=1073741824 --cpu=60 -- sudo cinder-rootwrap /etc/cinder/rootwrap.conf env LC_ALL=C qemu-img info -f qcow2 --output=json --force-share /opt/stack/data/cinder/mnt/bc657a74c65372104421ce82d1086f99/volume-bd9f59dc-6ebb-432b-8e0e-5e55c154a87a.d5823766-596b-4260-aff5-d96e2cea339e {{(pid=87517) execute /opt/stack/data/venv/lib/python3.12/site-packages/oslo_concurrency/processutils.py:440}}
Sep 06 22:46:11 devstack sudo[92899]: quobyte : PWD=/ ; USER=root ; COMMAND=/opt/stack/data/venv/bin/cinder-rootwrap /etc/cinder/rootwrap.conf env LC_ALL=C qemu-img info -f qcow2 --output=json --force-share /opt/stack/data/cinder/mnt/bc657a74c65372104421ce82d1086f99/volume-bd9f59dc-6ebb-432b-8e0e-5e55c154a87a.d5823766-596b-4260-aff5-d96e2cea339e
Sep 06 22:46:11 devstack sudo[92899]: pam_unix(sudo:session): session opened for user root(uid=0) by (uid=1000)
Sep 06 22:46:12 devstack sudo[92899]: pam_unix(sudo:session): session closed for user root
Sep 06 22:46:12 devstack cinder-volume[87517]: DEBUG oslo_concurrency.processutils [None req-3a9b0de3-107e-40cd-9477-6033f2c0aa25 tempest-VolumesDeleteCascade-783810103 None] CMD "/opt/stack/data/venv/bin/python3.12 -m oslo_concurrency.prlimit --as=1073741824 --cpu=60 -- sudo cinder-rootwrap /etc/cinder/rootwrap.conf env LC_ALL=C qemu-img info -f qcow2 --output=json --force-share /opt/stack/data/cinder/mnt/bc657a74c65372104421ce82d1086f99/volume-bd9f59dc-6ebb-432b-8e0e-5e55c154a87a.d5823766-596b-4260-aff5-d96e2cea339e" returned: 0 in 1.236s {{(pid=87517) execute /opt/stack/data/venv/lib/python3.12/site-packages/oslo_concurrency/processutils.py:468}}
Sep 06 22:46:12 devstack cinder-volume[87517]: DEBUG cinder.volume.drivers.remotefs [None req-3a9b0de3-107e-40cd-9477-6033f2c0aa25 tempest-VolumesDeleteCascade-783810103 None] Fetching qemu-img info with special backing_file_template: (/opt/stack/data/cinder/mnt/[0-9a-f]+/)?(volume-bd9f59dc-6ebb-432b-8e0e-5e55c154a87a(.(tmp-snap-)?[0-9a-f-]+)?|volume_from_snapshot_cache/(tmp-snap-)?[0-9a-f-]+(.(child-|parent-)[0-9a-f-]+)?)$ {{(pid=87517) _qemu_img_info_base /opt/stack/cinder/cinder/volume/drivers/remotefs.py:896}}
Sep 06 22:46:12 devstack cinder-volume[87517]: DEBUG oslo.privsep.daemon [-] privsep: reply[4c67235e-c516-45bf-a9ac-43f4970b5873]: (4, 'qcow2') {{(pid=89159) _call_back /opt/stack/data/venv/lib/python3.12/site-packages/oslo_privsep/daemon.py:580}}
Sep 06 22:46:12 devstack cinder-volume[87517]: DEBUG oslo_concurrency.processutils [None req-3a9b0de3-107e-40cd-9477-6033f2c0aa25 tempest-VolumesDeleteCascade-783810103 None] Running cmd (subprocess): /opt/stack/data/venv/bin/python3.12 -m oslo_concurrency.prlimit --as=1073741824 --cpu=60 -- sudo cinder-rootwrap /etc/cinder/rootwrap.conf env LC_ALL=C qemu-img info -f qcow2 --output=json --force-share /opt/stack/data/cinder/mnt/bc657a74c65372104421ce82d1086f99/volume-bd9f59dc-6ebb-432b-8e0e-5e55c154a87a.9b7b0f29-a5ac-41d1-b27f-3114acfd36f7 {{(pid=87517) execute /opt/stack/data/venv/lib/python3.12/site-packages/oslo_concurrency/processutils.py:440}}
Sep 06 22:46:12 devstack sudo[92934]: quobyte : PWD=/ ; USER=root ; COMMAND=/opt/stack/data/venv/bin/cinder-rootwrap /etc/cinder/rootwrap.conf env LC_ALL=C qemu-img info -f qcow2 --output=json --force-share /opt/stack/data/cinder/mnt/bc657a74c65372104421ce82d1086f99/volume-bd9f59dc-6ebb-432b-8e0e-5e55c154a87a.9b7b0f29-a5ac-41d1-b27f-3114acfd36f7
Sep 06 22:46:12 devstack sudo[92934]: pam_unix(sudo:session): session opened for user root(uid=0) by (uid=1000)
Sep 06 22:46:12 devstack sudo[92934]: pam_unix(sudo:session): session closed for user root
Sep 06 22:46:12 devstack cinder-volume[87517]: DEBUG oslo_concurrency.processutils [None req-3a9b0de3-107e-40cd-9477-6033f2c0aa25 tempest-VolumesDeleteCascade-783810103 None] CMD "/opt/stack/data/venv/bin/python3.12 -m oslo_concurrency.prlimit --as=1073741824 --cpu=60 -- sudo cinder-rootwrap /etc/cinder/rootwrap.conf env LC_ALL=C qemu-img info -f qcow2 --output=json --force-share /opt/stack/data/cinder/mnt/bc657a74c65372104421ce82d1086f99/volume-bd9f59dc-6ebb-432b-8e0e-5e55c154a87a.9b7b0f29-a5ac-41d1-b27f-3114acfd36f7" returned: 0 in 0.569s {{(pid=87517) execute /opt/stack/data/venv/lib/python3.12/site-packages/oslo_concurrency/processutils.py:468}}
Sep 06 22:46:12 devstack cinder-volume[87517]: DEBUG cinder.volume.drivers.remotefs [None req-3a9b0de3-107e-40cd-9477-6033f2c0aa25 tempest-VolumesDeleteCascade-783810103 None] Fetching qemu-img info with special backing_file_template: (/opt/stack/data/cinder/mnt/[0-9a-f]+/)?(volume-bd9f59dc-6ebb-432b-8e0e-5e55c154a87a(.(tmp-snap-)?[0-9a-f-]+)?|volume_from_snapshot_cache/(tmp-snap-)?[0-9a-f-]+(.(child-|parent-)[0-9a-f-]+)?)$ {{(pid=87517) _qemu_img_info_base /opt/stack/cinder/cinder/volume/drivers/remotefs.py:896}}
Sep 06 22:46:12 devstack cinder-volume[87517]: DEBUG oslo.privsep.daemon [-] privsep: reply[6748305b-2df6-424a-a9a5-503e7247b917]: (4, 'qcow2') {{(pid=89159) _call_back /opt/stack/data/venv/lib/python3.12/site-packages/oslo_privsep/daemon.py:580}}
Sep 06 22:46:12 devstack cinder-volume[87517]: DEBUG oslo_concurrency.processutils [None req-3a9b0de3-107e-40cd-9477-6033f2c0aa25 tempest-VolumesDeleteCascade-783810103 None] Running cmd (subprocess): /opt/stack/data/venv/bin/python3.12 -m oslo_concurrency.prlimit --as=1073741824 --cpu=60 -- sudo cinder-rootwrap /etc/cinder/rootwrap.conf env LC_ALL=C qemu-img info -f qcow2 --output=json --force-share /opt/stack/data/cinder/mnt/bc657a74c65372104421ce82d1086f99/volume-bd9f59dc-6ebb-432b-8e0e-5e55c154a87a {{(pid=87517) execute /opt/stack/data/venv/lib/python3.12/site-packages/oslo_concurrency/processutils.py:440}}
Sep 06 22:46:13 devstack sudo[92944]: quobyte : PWD=/ ; USER=root ; COMMAND=/opt/stack/data/venv/bin/cinder-rootwrap /etc/cinder/rootwrap.conf env LC_ALL=C qemu-img info -f qcow2 --output=json --force-share /opt/stack/data/cinder/mnt/bc657a74c65372104421ce82d1086f99/volume-bd9f59dc-6ebb-432b-8e0e-5e55c154a87a
Sep 06 22:46:13 devstack sudo[92944]: pam_unix(sudo:session): session opened for user root(uid=0) by (uid=1000)
Sep 06 22:46:13 devstack sudo[92944]: pam_unix(sudo:session): session closed for user root
Sep 06 22:46:13 devstack cinder-volume[87517]: DEBUG oslo_concurrency.processutils [None req-3a9b0de3-107e-40cd-9477-6033f2c0aa25 tempest-VolumesDeleteCascade-783810103 None] CMD "/opt/stack/data/venv/bin/python3.12 -m oslo_concurrency.prlimit --as=1073741824 --cpu=60 -- sudo cinder-rootwrap /etc/cinder/rootwrap.conf env LC_ALL=C qemu-img info -f qcow2 --output=json --force-share /opt/stack/data/cinder/mnt/bc657a74c65372104421ce82d1086f99/volume-bd9f59dc-6ebb-432b-8e0e-5e55c154a87a" returned: 0 in 0.778s {{(pid=87517) execute /opt/stack/data/venv/lib/python3.12/site-packages/oslo_concurrency/processutils.py:468}}
Sep 06 22:46:13 devstack cinder-volume[87517]: DEBUG oslo_concurrency.processutils [None req-3a9b0de3-107e-40cd-9477-6033f2c0aa25 tempest-VolumesDeleteCascade-783810103 None] Running cmd (subprocess): sudo cinder-rootwrap /etc/cinder/rootwrap.conf qemu-img commit -d /opt/stack/data/cinder/mnt/bc657a74c65372104421ce82d1086f99/volume-bd9f59dc-6ebb-432b-8e0e-5e55c154a87a.9b7b0f29-a5ac-41d1-b27f-3114acfd36f7 {{(pid=87517) execute /opt/stack/data/venv/lib/python3.12/site-packages/oslo_concurrency/processutils.py:440}}
Sep 06 22:46:13 devstack sudo[92950]: quobyte : PWD=/ ; USER=root ; COMMAND=/opt/stack/data/venv/bin/cinder-rootwrap /etc/cinder/rootwrap.conf qemu-img commit -d /opt/stack/data/cinder/mnt/bc657a74c65372104421ce82d1086f99/volume-bd9f59dc-6ebb-432b-8e0e-5e55c154a87a.9b7b0f29-a5ac-41d1-b27f-3114acfd36f7
Sep 06 22:46:13 devstack sudo[92950]: pam_unix(sudo:session): session opened for user root(uid=0) by (uid=1000)
Sep 06 22:46:14 devstack sudo[92950]: pam_unix(sudo:session): session closed for user root
Sep 06 22:46:14 devstack cinder-volume[87517]: DEBUG oslo_concurrency.processutils [None req-3a9b0de3-107e-40cd-9477-6033f2c0aa25 tempest-VolumesDeleteCascade-783810103 None] CMD "sudo cinder-rootwrap /etc/cinder/rootwrap.conf qemu-img commit -d /opt/stack/data/cinder/mnt/bc657a74c65372104421ce82d1086f99/volume-bd9f59dc-6ebb-432b-8e0e-5e55c154a87a.9b7b0f29-a5ac-41d1-b27f-3114acfd36f7" returned: 0 in 0.663s {{(pid=87517) execute /opt/stack/data/venv/lib/python3.12/site-packages/oslo_concurrency/processutils.py:468}}
Sep 06 22:46:14 devstack cinder-volume[87517]: DEBUG oslo_concurrency.processutils [None req-3a9b0de3-107e-40cd-9477-6033f2c0aa25 tempest-VolumesDeleteCascade-783810103 None] Running cmd (subprocess): sudo cinder-rootwrap /etc/cinder/rootwrap.conf rm -f /opt/stack/data/cinder/mnt/bc657a74c65372104421ce82d1086f99/volume-bd9f59dc-6ebb-432b-8e0e-5e55c154a87a.9b7b0f29-a5ac-41d1-b27f-3114acfd36f7 {{(pid=87517) execute /opt/stack/data/venv/lib/python3.12/site-packages/oslo_concurrency/processutils.py:440}}
Sep 06 22:46:14 devstack sudo[92966]: quobyte : PWD=/ ; USER=root ; COMMAND=/opt/stack/data/venv/bin/cinder-rootwrap /etc/cinder/rootwrap.conf rm -f /opt/stack/data/cinder/mnt/bc657a74c65372104421ce82d1086f99/volume-bd9f59dc-6ebb-432b-8e0e-5e55c154a87a.9b7b0f29-a5ac-41d1-b27f-3114acfd36f7
Sep 06 22:46:14 devstack sudo[92966]: pam_unix(sudo:session): session opened for user root(uid=0) by (uid=1000)
Sep 06 22:46:15 devstack sudo[92966]: pam_unix(sudo:session): session closed for user root
Sep 06 22:46:15 devstack cinder-volume[87517]: DEBUG oslo_concurrency.processutils [None req-3a9b0de3-107e-40cd-9477-6033f2c0aa25 tempest-VolumesDeleteCascade-783810103 None] CMD "sudo cinder-rootwrap /etc/cinder/rootwrap.conf rm -f /opt/stack/data/cinder/mnt/bc657a74c65372104421ce82d1086f99/volume-bd9f59dc-6ebb-432b-8e0e-5e55c154a87a.9b7b0f29-a5ac-41d1-b27f-3114acfd36f7" returned: 0 in 0.752s {{(pid=87517) execute /opt/stack/data/venv/lib/python3.12/site-packages/oslo_concurrency/processutils.py:468}}
Sep 06 22:46:15 devstack cinder-volume[87517]: DEBUG oslo_concurrency.processutils [None req-3a9b0de3-107e-40cd-9477-6033f2c0aa25 tempest-VolumesDeleteCascade-783810103 None] Running cmd (subprocess): sudo cinder-rootwrap /etc/cinder/rootwrap.conf qemu-img rebase -u -b volume-bd9f59dc-6ebb-432b-8e0e-5e55c154a87a /opt/stack/data/cinder/mnt/bc657a74c65372104421ce82d1086f99/volume-bd9f59dc-6ebb-432b-8e0e-5e55c154a87a.d5823766-596b-4260-aff5-d96e2cea339e -F qcow2 {{(pid=87517) execute /opt/stack/data/venv/lib/python3.12/site-packages/oslo_concurrency/processutils.py:440}}
Sep 06 22:46:15 devstack sudo[92984]: quobyte : PWD=/ ; USER=root ; COMMAND=/opt/stack/data/venv/bin/cinder-rootwrap /etc/cinder/rootwrap.conf qemu-img rebase -u -b volume-bd9f59dc-6ebb-432b-8e0e-5e55c154a87a /opt/stack/data/cinder/mnt/bc657a74c65372104421ce82d1086f99/volume-bd9f59dc-6ebb-432b-8e0e-5e55c154a87a.d5823766-596b-4260-aff5-d96e2cea339e -F qcow2
Sep 06 22:46:15 devstack sudo[92984]: pam_unix(sudo:session): session opened for user root(uid=0) by (uid=1000)
Sep 06 22:46:15 devstack sudo[92984]: pam_unix(sudo:session): session closed for user root
Sep 06 22:46:15 devstack cinder-volume[87517]: DEBUG oslo_concurrency.processutils [None req-3a9b0de3-107e-40cd-9477-6033f2c0aa25 tempest-VolumesDeleteCascade-783810103 None] CMD "sudo cinder-rootwrap /etc/cinder/rootwrap.conf qemu-img rebase -u -b volume-bd9f59dc-6ebb-432b-8e0e-5e55c154a87a /opt/stack/data/cinder/mnt/bc657a74c65372104421ce82d1086f99/volume-bd9f59dc-6ebb-432b-8e0e-5e55c154a87a.d5823766-596b-4260-aff5-d96e2cea339e -F qcow2" returned: 0 in 0.890s {{(pid=87517) execute /opt/stack/data/venv/lib/python3.12/site-packages/oslo_concurrency/processutils.py:468}}
Sep 06 22:46:16 devstack cinder-volume[87517]: DEBUG cinder.coordination [None req-3a9b0de3-107e-40cd-9477-6033f2c0aa25 tempest-VolumesDeleteCascade-783810103 None] Lock "cinder-quobyte-9b7b0f29-a5ac-41d1-b27f-3114acfd36f7" released by "_delete_snapshot" :: held 7.281s {{(pid=87517) __release /opt/stack/cinder/cinder/coordination.py:152}}
Sep 06 22:46:16 devstack cinder-volume[87517]: DEBUG cinder.coordination [None req-3a9b0de3-107e-40cd-9477-6033f2c0aa25 tempest-VolumesDeleteCascade-783810103 None] Lock "cinder-quobyte-bd9f59dc-6ebb-432b-8e0e-5e55c154a87a" released by "delete_snapshot" :: held 7.330s {{(pid=87517) __release /opt/stack/cinder/cinder/coordination.py:152}}
Sep 06 22:46:16 devstack cinder-volume[87517]: DEBUG dbcounter [-] [87517] Writing DB stats cinder:SELECT=131,cinder:INSERT=40,cinder:UPDATE=127,cinder:DELETE=6 {{(pid=87517) stat_writer /opt/stack/data/venv/lib/python3.12/site-packages/dbcounter.py:115}}
Sep 06 22:46:16 devstack cinder-volume[87517]: DEBUG dbcounter [-] [87517] Writing DB stats cinder:UPDATE=105,cinder:SELECT=113,cinder:INSERT=28,cinder:DELETE=8 {{(pid=87517) stat_writer /opt/stack/data/venv/lib/python3.12/site-packages/dbcounter.py:115}}
Sep 06 22:46:16 devstack cinder-volume[87517]: DEBUG cinder.quota [None req-3a9b0de3-107e-40cd-9477-6033f2c0aa25 tempest-VolumesDeleteCascade-783810103 None] Created reservations ['2cceb418-baa5-4136-aa27-ebd031284d55', '1a9ba2cf-90ef-4b57-9d3c-7c8ab783b4b0', 'd3566058-7285-446f-97cb-21e3560a67c2', '2226b9b8-b4ca-42dd-826e-c19aefd5580b'] {{(pid=87517) reserve /opt/stack/cinder/cinder/quota.py:752}}
Sep 06 22:46:16 devstack cinder-volume[87517]: INFO cinder.volume.manager [None req-3a9b0de3-107e-40cd-9477-6033f2c0aa25 tempest-VolumesDeleteCascade-783810103 None] Delete snapshot completed successfully.
Sep 06 22:46:16 devstack cinder-volume[87517]: DEBUG cinder.coordination [None req-3a9b0de3-107e-40cd-9477-6033f2c0aa25 tempest-VolumesDeleteCascade-783810103 None] Lock "cinder-9b7b0f29-a5ac-41d1-b27f-3114acfd36f7-delete_snapshot" released by "delete_snapshot" :: held 7.659s {{(pid=87517) __release /opt/stack/cinder/cinder/coordination.py:152}}
Sep 06 22:46:16 devstack cinder-volume[87517]: DEBUG cinder.coordination [None req-3a9b0de3-107e-40cd-9477-6033f2c0aa25 tempest-VolumesDeleteCascade-783810103 None] Acquiring lock "cinder-d5823766-596b-4260-aff5-d96e2cea339e-delete_snapshot" by "delete_snapshot" {{(pid=87517) __acquire /opt/stack/cinder/cinder/coordination.py:138}}
Sep 06 22:46:16 devstack cinder-volume[87517]: DEBUG cinder.coordination [None req-3a9b0de3-107e-40cd-9477-6033f2c0aa25 tempest-VolumesDeleteCascade-783810103 None] Lock "cinder-d5823766-596b-4260-aff5-d96e2cea339e-delete_snapshot" acquired by "delete_snapshot" :: waited 0.017s {{(pid=87517) __acquire /opt/stack/cinder/cinder/coordination.py:141}}
Sep 06 22:46:16 devstack cinder-volume[87517]: DEBUG cinder.coordination [None req-3a9b0de3-107e-40cd-9477-6033f2c0aa25 tempest-VolumesDeleteCascade-783810103 None] Acquiring lock "cinder-quobyte-bd9f59dc-6ebb-432b-8e0e-5e55c154a87a" by "delete_snapshot" {{(pid=87517) __acquire /opt/stack/cinder/cinder/coordination.py:138}}
Sep 06 22:46:16 devstack cinder-volume[87517]: DEBUG cinder.coordination [None req-3a9b0de3-107e-40cd-9477-6033f2c0aa25 tempest-VolumesDeleteCascade-783810103 None] Lock "cinder-quobyte-bd9f59dc-6ebb-432b-8e0e-5e55c154a87a" acquired by "delete_snapshot" :: waited 0.029s {{(pid=87517) __acquire /opt/stack/cinder/cinder/coordination.py:141}}
Sep 06 22:46:16 devstack cinder-volume[87517]: DEBUG cinder.coordination [None req-3a9b0de3-107e-40cd-9477-6033f2c0aa25 tempest-VolumesDeleteCascade-783810103 None] Acquiring lock "cinder-quobyte-d5823766-596b-4260-aff5-d96e2cea339e" by "_delete_snapshot" {{(pid=87517) __acquire /opt/stack/cinder/cinder/coordination.py:138}}
Sep 06 22:46:16 devstack cinder-volume[87517]: DEBUG cinder.coordination [None req-3a9b0de3-107e-40cd-9477-6033f2c0aa25 tempest-VolumesDeleteCascade-783810103 None] Lock "cinder-quobyte-d5823766-596b-4260-aff5-d96e2cea339e" acquired by "_delete_snapshot" :: waited 0.022s {{(pid=87517) __acquire /opt/stack/cinder/cinder/coordination.py:141}}
Sep 06 22:46:16 devstack cinder-volume[87517]: DEBUG cinder.volume.drivers.remotefs [None req-3a9b0de3-107e-40cd-9477-6033f2c0aa25 tempest-VolumesDeleteCascade-783810103 None] Deleting offline snapshot d5823766-596b-4260-aff5-d96e2cea339e of volume bd9f59dc-6ebb-432b-8e0e-5e55c154a87a {{(pid=87517) _delete_snapshot /opt/stack/cinder/cinder/volume/drivers/remotefs.py:1288}}
Sep 06 22:46:16 devstack cinder-volume[87517]: DEBUG cinder.volume.drivers.remotefs [None req-3a9b0de3-107e-40cd-9477-6033f2c0aa25 tempest-VolumesDeleteCascade-783810103 None] snapshot_file for this snap is: volume-bd9f59dc-6ebb-432b-8e0e-5e55c154a87a.d5823766-596b-4260-aff5-d96e2cea339e {{(pid=87517) _delete_snapshot /opt/stack/cinder/cinder/volume/drivers/remotefs.py:1317}}
Sep 06 22:46:16 devstack cinder-volume[87517]: DEBUG oslo.privsep.daemon [-] privsep: reply[7025685a-79f1-43d9-a096-a1cfbf804f49]: (4, 'qcow2') {{(pid=89159) _call_back /opt/stack/data/venv/lib/python3.12/site-packages/oslo_privsep/daemon.py:580}}
Sep 06 22:46:16 devstack cinder-volume[87517]: DEBUG oslo_concurrency.processutils [None req-3a9b0de3-107e-40cd-9477-6033f2c0aa25 tempest-VolumesDeleteCascade-783810103 None] Running cmd (subprocess): /opt/stack/data/venv/bin/python3.12 -m oslo_concurrency.prlimit --as=1073741824 --cpu=60 -- sudo cinder-rootwrap /etc/cinder/rootwrap.conf env LC_ALL=C qemu-img info -f qcow2 --output=json --force-share /opt/stack/data/cinder/mnt/bc657a74c65372104421ce82d1086f99/volume-bd9f59dc-6ebb-432b-8e0e-5e55c154a87a.d5823766-596b-4260-aff5-d96e2cea339e {{(pid=87517) execute /opt/stack/data/venv/lib/python3.12/site-packages/oslo_concurrency/processutils.py:440}}
Sep 06 22:46:16 devstack sudo[93018]: quobyte : PWD=/ ; USER=root ; COMMAND=/opt/stack/data/venv/bin/cinder-rootwrap /etc/cinder/rootwrap.conf env LC_ALL=C qemu-img info -f qcow2 --output=json --force-share /opt/stack/data/cinder/mnt/bc657a74c65372104421ce82d1086f99/volume-bd9f59dc-6ebb-432b-8e0e-5e55c154a87a.d5823766-596b-4260-aff5-d96e2cea339e
