Jul 06 20:50:17 devstack sudo[93616]: quobyte : PWD=/ ; USER=root ; COMMAND=/opt/stack/data/venv/bin/cinder-rootwrap /etc/cinder/rootwrap.conf env LC_ALL=C qemu-img info -f qcow2 --output=json --force-share /opt/stack/data/cinder/mnt/8be5be4513ebc597f9b7a0bd7f3f3beb/volume-fda8ff1a-b43d-4ef7-8b9e-a1cb73bb3dcf
Jul 06 20:50:17 devstack sudo[93616]: pam_unix(sudo:session): session opened for user root(uid=0) by (uid=1000)
Jul 06 20:50:17 devstack sudo[93614]: pam_unix(sudo:session): session closed for user root
Jul 06 20:50:17 devstack cinder-volume[87207]: DEBUG oslo_concurrency.processutils [None req-972df45d-988e-461d-8546-30ace17fc337 tempest-VolumesTestJSON-849305645 None] CMD "sudo cinder-rootwrap /etc/cinder/rootwrap.conf df --portability --block-size 1 /opt/stack/data/cinder/mnt/8be5be4513ebc597f9b7a0bd7f3f3beb" returned: 0 in 0.794s {{(pid=87207) execute /opt/stack/data/venv/lib/python3.12/site-packages/oslo_concurrency/processutils.py:468}}
Jul 06 20:50:17 devstack cinder-volume[87207]: DEBUG cinder.manager [None req-972df45d-988e-461d-8546-30ace17fc337 tempest-VolumesTestJSON-849305645 None] Notifying Schedulers of capabilities ... {{(pid=87207) _publish_service_capabilities /opt/stack/cinder/cinder/manager.py:219}}
Jul 06 20:50:17 devstack cinder-volume[87207]: INFO cinder.volume.manager [None req-972df45d-988e-461d-8546-30ace17fc337 tempest-VolumesTestJSON-849305645 None] Deleted volume successfully.
Jul 06 20:50:17 devstack cinder-volume[87207]: DEBUG cinder.coordination [None req-972df45d-988e-461d-8546-30ace17fc337 tempest-VolumesTestJSON-849305645 None] Lock "cinder-76974d10-24e7-4241-9bac-00f88d03d726-delete_volume" released by "delete_volume" :: held 2.696s {{(pid=87207) __release /opt/stack/cinder/cinder/coordination.py:152}}
Jul 06 20:50:18 devstack sudo[93616]: pam_unix(sudo:session): session closed for user root
Jul 06 20:50:18 devstack cinder-volume[87207]: DEBUG oslo_concurrency.processutils [None req-99099adc-6b37-4222-92db-cc6779cfefbc tempest-VolumesCloneTest-53377576 None] CMD "/opt/stack/data/venv/bin/python3.12 -m oslo_concurrency.prlimit --as=1073741824 --cpu=60 -- sudo cinder-rootwrap /etc/cinder/rootwrap.conf env LC_ALL=C qemu-img info -f qcow2 --output=json --force-share /opt/stack/data/cinder/mnt/8be5be4513ebc597f9b7a0bd7f3f3beb/volume-fda8ff1a-b43d-4ef7-8b9e-a1cb73bb3dcf" returned: 0 in 0.994s {{(pid=87207) execute /opt/stack/data/venv/lib/python3.12/site-packages/oslo_concurrency/processutils.py:468}}
Jul 06 20:50:18 devstack cinder-volume[87207]: DEBUG oslo_concurrency.processutils [None req-99099adc-6b37-4222-92db-cc6779cfefbc tempest-VolumesCloneTest-53377576 None] Running cmd (subprocess): sudo cinder-rootwrap /etc/cinder/rootwrap.conf qemu-img create -f qcow2 -o backing_file=/opt/stack/data/cinder/mnt/8be5be4513ebc597f9b7a0bd7f3f3beb/volume-fda8ff1a-b43d-4ef7-8b9e-a1cb73bb3dcf,backing_fmt=qcow2 /opt/stack/data/cinder/mnt/8be5be4513ebc597f9b7a0bd7f3f3beb/volume-fda8ff1a-b43d-4ef7-8b9e-a1cb73bb3dcf.54b35e8d-af1c-4d57-ad28-8535b8b8b7a0 1G {{(pid=87207) execute /opt/stack/data/venv/lib/python3.12/site-packages/oslo_concurrency/processutils.py:440}}
Jul 06 20:50:18 devstack sudo[93623]: quobyte : PWD=/ ; USER=root ; COMMAND=/opt/stack/data/venv/bin/cinder-rootwrap /etc/cinder/rootwrap.conf qemu-img create -f qcow2 -o backing_file=/opt/stack/data/cinder/mnt/8be5be4513ebc597f9b7a0bd7f3f3beb/volume-fda8ff1a-b43d-4ef7-8b9e-a1cb73bb3dcf,backing_fmt=qcow2 /opt/stack/data/cinder/mnt/8be5be4513ebc597f9b7a0bd7f3f3beb/volume-fda8ff1a-b43d-4ef7-8b9e-a1cb73bb3dcf.54b35e8d-af1c-4d57-ad28-8535b8b8b7a0 1G
Jul 06 20:50:18 devstack sudo[93623]: pam_unix(sudo:session): session opened for user root(uid=0) by (uid=1000)
Jul 06 20:50:19 devstack sudo[93623]: pam_unix(sudo:session): session closed for user root
Jul 06 20:50:19 devstack cinder-volume[87207]: DEBUG oslo_concurrency.processutils [None req-99099adc-6b37-4222-92db-cc6779cfefbc tempest-VolumesCloneTest-53377576 None] CMD "sudo cinder-rootwrap /etc/cinder/rootwrap.conf qemu-img create -f qcow2 -o backing_file=/opt/stack/data/cinder/mnt/8be5be4513ebc597f9b7a0bd7f3f3beb/volume-fda8ff1a-b43d-4ef7-8b9e-a1cb73bb3dcf,backing_fmt=qcow2 /opt/stack/data/cinder/mnt/8be5be4513ebc597f9b7a0bd7f3f3beb/volume-fda8ff1a-b43d-4ef7-8b9e-a1cb73bb3dcf.54b35e8d-af1c-4d57-ad28-8535b8b8b7a0 1G" returned: 0 in 1.276s {{(pid=87207) execute /opt/stack/data/venv/lib/python3.12/site-packages/oslo_concurrency/processutils.py:468}}
Jul 06 20:50:19 devstack cinder-volume[87207]: DEBUG oslo_concurrency.processutils [None req-99099adc-6b37-4222-92db-cc6779cfefbc tempest-VolumesCloneTest-53377576 None] Running cmd (subprocess): sudo cinder-rootwrap /etc/cinder/rootwrap.conf qemu-img rebase -u -b volume-fda8ff1a-b43d-4ef7-8b9e-a1cb73bb3dcf -F qcow2 /opt/stack/data/cinder/mnt/8be5be4513ebc597f9b7a0bd7f3f3beb/volume-fda8ff1a-b43d-4ef7-8b9e-a1cb73bb3dcf.54b35e8d-af1c-4d57-ad28-8535b8b8b7a0 {{(pid=87207) execute /opt/stack/data/venv/lib/python3.12/site-packages/oslo_concurrency/processutils.py:440}}
Jul 06 20:50:19 devstack sudo[93672]: quobyte : PWD=/ ; USER=root ; COMMAND=/opt/stack/data/venv/bin/cinder-rootwrap /etc/cinder/rootwrap.conf qemu-img rebase -u -b volume-fda8ff1a-b43d-4ef7-8b9e-a1cb73bb3dcf -F qcow2 /opt/stack/data/cinder/mnt/8be5be4513ebc597f9b7a0bd7f3f3beb/volume-fda8ff1a-b43d-4ef7-8b9e-a1cb73bb3dcf.54b35e8d-af1c-4d57-ad28-8535b8b8b7a0
Jul 06 20:50:19 devstack sudo[93672]: pam_unix(sudo:session): session opened for user root(uid=0) by (uid=1000)
Jul 06 20:50:20 devstack sudo[93672]: pam_unix(sudo:session): session closed for user root
Jul 06 20:50:20 devstack cinder-volume[87207]: DEBUG oslo_concurrency.processutils [None req-99099adc-6b37-4222-92db-cc6779cfefbc tempest-VolumesCloneTest-53377576 None] CMD "sudo cinder-rootwrap /etc/cinder/rootwrap.conf qemu-img rebase -u -b volume-fda8ff1a-b43d-4ef7-8b9e-a1cb73bb3dcf -F qcow2 /opt/stack/data/cinder/mnt/8be5be4513ebc597f9b7a0bd7f3f3beb/volume-fda8ff1a-b43d-4ef7-8b9e-a1cb73bb3dcf.54b35e8d-af1c-4d57-ad28-8535b8b8b7a0" returned: 0 in 1.089s {{(pid=87207) execute /opt/stack/data/venv/lib/python3.12/site-packages/oslo_concurrency/processutils.py:468}}
Jul 06 20:50:20 devstack cinder-volume[87207]: WARNING cinder.volume.drivers.remotefs [None req-99099adc-6b37-4222-92db-cc6779cfefbc tempest-VolumesCloneTest-53377576 None] /opt/stack/data/cinder/mnt/8be5be4513ebc597f9b7a0bd7f3f3beb/volume-fda8ff1a-b43d-4ef7-8b9e-a1cb73bb3dcf.54b35e8d-af1c-4d57-ad28-8535b8b8b7a0 is being set with open permissions: ugo+rw
Jul 06 20:50:20 devstack cinder-volume[87207]: DEBUG oslo_concurrency.processutils [None req-99099adc-6b37-4222-92db-cc6779cfefbc tempest-VolumesCloneTest-53377576 None] Running cmd (subprocess): sudo cinder-rootwrap /etc/cinder/rootwrap.conf chmod ugo+rw /opt/stack/data/cinder/mnt/8be5be4513ebc597f9b7a0bd7f3f3beb/volume-fda8ff1a-b43d-4ef7-8b9e-a1cb73bb3dcf.54b35e8d-af1c-4d57-ad28-8535b8b8b7a0 {{(pid=87207) execute /opt/stack/data/venv/lib/python3.12/site-packages/oslo_concurrency/processutils.py:440}}
Jul 06 20:50:20 devstack sudo[93758]: quobyte : PWD=/ ; USER=root ; COMMAND=/opt/stack/data/venv/bin/cinder-rootwrap /etc/cinder/rootwrap.conf chmod ugo+rw /opt/stack/data/cinder/mnt/8be5be4513ebc597f9b7a0bd7f3f3beb/volume-fda8ff1a-b43d-4ef7-8b9e-a1cb73bb3dcf.54b35e8d-af1c-4d57-ad28-8535b8b8b7a0
Jul 06 20:50:20 devstack sudo[93758]: pam_unix(sudo:session): session opened for user root(uid=0) by (uid=1000)
Jul 06 20:50:21 devstack sudo[93758]: pam_unix(sudo:session): session closed for user root
Jul 06 20:50:21 devstack cinder-volume[87207]: DEBUG oslo_concurrency.processutils [None req-99099adc-6b37-4222-92db-cc6779cfefbc tempest-VolumesCloneTest-53377576 None] CMD "sudo cinder-rootwrap /etc/cinder/rootwrap.conf chmod ugo+rw /opt/stack/data/cinder/mnt/8be5be4513ebc597f9b7a0bd7f3f3beb/volume-fda8ff1a-b43d-4ef7-8b9e-a1cb73bb3dcf.54b35e8d-af1c-4d57-ad28-8535b8b8b7a0" returned: 0 in 0.956s {{(pid=87207) execute /opt/stack/data/venv/lib/python3.12/site-packages/oslo_concurrency/processutils.py:468}}
Jul 06 20:50:21 devstack cinder-volume[87207]: DEBUG oslo_concurrency.processutils [None req-99099adc-6b37-4222-92db-cc6779cfefbc tempest-VolumesCloneTest-53377576 None] Running cmd (subprocess): sudo cinder-rootwrap /etc/cinder/rootwrap.conf truncate -s0 /opt/stack/data/cinder/mnt/8be5be4513ebc597f9b7a0bd7f3f3beb/volume-fda8ff1a-b43d-4ef7-8b9e-a1cb73bb3dcf.info {{(pid=87207) execute /opt/stack/data/venv/lib/python3.12/site-packages/oslo_concurrency/processutils.py:440}}
Jul 06 20:50:21 devstack sudo[93776]: quobyte : PWD=/ ; USER=root ; COMMAND=/opt/stack/data/venv/bin/cinder-rootwrap /etc/cinder/rootwrap.conf truncate -s0 /opt/stack/data/cinder/mnt/8be5be4513ebc597f9b7a0bd7f3f3beb/volume-fda8ff1a-b43d-4ef7-8b9e-a1cb73bb3dcf.info
Jul 06 20:50:21 devstack sudo[93776]: pam_unix(sudo:session): session opened for user root(uid=0) by (uid=1000)
Jul 06 20:50:22 devstack sudo[93776]: pam_unix(sudo:session): session closed for user root
Jul 06 20:50:22 devstack cinder-volume[87207]: DEBUG oslo_concurrency.processutils [None req-99099adc-6b37-4222-92db-cc6779cfefbc tempest-VolumesCloneTest-53377576 None] CMD "sudo cinder-rootwrap /etc/cinder/rootwrap.conf truncate -s0 /opt/stack/data/cinder/mnt/8be5be4513ebc597f9b7a0bd7f3f3beb/volume-fda8ff1a-b43d-4ef7-8b9e-a1cb73bb3dcf.info" returned: 0 in 0.683s {{(pid=87207) execute /opt/stack/data/venv/lib/python3.12/site-packages/oslo_concurrency/processutils.py:468}}
Jul 06 20:50:22 devstack cinder-volume[87207]: WARNING cinder.volume.drivers.remotefs [None req-99099adc-6b37-4222-92db-cc6779cfefbc tempest-VolumesCloneTest-53377576 None] /opt/stack/data/cinder/mnt/8be5be4513ebc597f9b7a0bd7f3f3beb/volume-fda8ff1a-b43d-4ef7-8b9e-a1cb73bb3dcf.info is being set with open permissions: ugo+rw
Jul 06 20:50:22 devstack cinder-volume[87207]: DEBUG oslo_concurrency.processutils [None req-99099adc-6b37-4222-92db-cc6779cfefbc tempest-VolumesCloneTest-53377576 None] Running cmd (subprocess): sudo cinder-rootwrap /etc/cinder/rootwrap.conf chmod ugo+rw /opt/stack/data/cinder/mnt/8be5be4513ebc597f9b7a0bd7f3f3beb/volume-fda8ff1a-b43d-4ef7-8b9e-a1cb73bb3dcf.info {{(pid=87207) execute /opt/stack/data/venv/lib/python3.12/site-packages/oslo_concurrency/processutils.py:440}}
Jul 06 20:50:22 devstack sudo[93783]: quobyte : PWD=/ ; USER=root ; COMMAND=/opt/stack/data/venv/bin/cinder-rootwrap /etc/cinder/rootwrap.conf chmod ugo+rw /opt/stack/data/cinder/mnt/8be5be4513ebc597f9b7a0bd7f3f3beb/volume-fda8ff1a-b43d-4ef7-8b9e-a1cb73bb3dcf.info
Jul 06 20:50:22 devstack sudo[93783]: pam_unix(sudo:session): session opened for user root(uid=0) by (uid=1000)
Jul 06 20:50:22 devstack sudo[93783]: pam_unix(sudo:session): session closed for user root
Jul 06 20:50:22 devstack cinder-volume[87207]: DEBUG oslo_concurrency.processutils [None req-99099adc-6b37-4222-92db-cc6779cfefbc tempest-VolumesCloneTest-53377576 None] CMD "sudo cinder-rootwrap /etc/cinder/rootwrap.conf chmod ugo+rw /opt/stack/data/cinder/mnt/8be5be4513ebc597f9b7a0bd7f3f3beb/volume-fda8ff1a-b43d-4ef7-8b9e-a1cb73bb3dcf.info" returned: 0 in 0.792s {{(pid=87207) execute /opt/stack/data/venv/lib/python3.12/site-packages/oslo_concurrency/processutils.py:468}}
Jul 06 20:50:22 devstack cinder-volume[87207]: DEBUG cinder.coordination [None req-99099adc-6b37-4222-92db-cc6779cfefbc tempest-VolumesCloneTest-53377576 None] Acquiring lock "cinder-quobyte-8bd59d21-9f2c-440e-8ca2-b6bdef608f34" by "_copy_volume_from_snapshot" {{(pid=87207) __acquire /opt/stack/cinder/cinder/coordination.py:138}}
Jul 06 20:50:23 devstack cinder-volume[87207]: DEBUG cinder.coordination [None req-99099adc-6b37-4222-92db-cc6779cfefbc tempest-VolumesCloneTest-53377576 None] Lock "cinder-quobyte-8bd59d21-9f2c-440e-8ca2-b6bdef608f34" acquired by "_copy_volume_from_snapshot" :: waited 0.027s {{(pid=87207) __acquire /opt/stack/cinder/cinder/coordination.py:141}}
Jul 06 20:50:23 devstack cinder-volume[87207]: DEBUG cinder.volume.drivers.quobyte [None req-99099adc-6b37-4222-92db-cc6779cfefbc tempest-VolumesCloneTest-53377576 None] snapshot: 54b35e8d-af1c-4d57-ad28-8535b8b8b7a0, volume: 8bd59d21-9f2c-440e-8ca2-b6bdef608f34, {{(pid=87207) _copy_volume_from_snapshot /opt/stack/cinder/cinder/volume/drivers/quobyte.py:401}}
Jul 06 20:50:23 devstack cinder-volume[87207]: DEBUG oslo_concurrency.lockutils [None req-99099adc-6b37-4222-92db-cc6779cfefbc tempest-VolumesCloneTest-53377576 None] Acquiring lock "quobyte_ensure" by "cinder.volume.drivers.quobyte.QuobyteDriver._ensure_shares_mounted" {{(pid=87207) inner /opt/stack/data/venv/lib/python3.12/site-packages/oslo_concurrency/lockutils.py:511}}
Jul 06 20:50:23 devstack cinder-volume[87207]: DEBUG oslo_concurrency.lockutils [None req-99099adc-6b37-4222-92db-cc6779cfefbc tempest-VolumesCloneTest-53377576 None] Lock "quobyte_ensure" acquired by "cinder.volume.drivers.quobyte.QuobyteDriver._ensure_shares_mounted" :: waited 0.001s {{(pid=87207) inner /opt/stack/data/venv/lib/python3.12/site-packages/oslo_concurrency/lockutils.py:524}}
Jul 06 20:50:23 devstack cinder-volume[87207]: DEBUG cinder.volume.drivers.quobyte [None req-99099adc-6b37-4222-92db-cc6779cfefbc tempest-VolumesCloneTest-53377576 None] Quobyte Volume URL set to: {'osci02.corp.quobyte.com/cinder-vol-07a6a206-87fa-46a0-9c0f-0b25dbf24a15': None} {{(pid=87207) _load_shares_config /opt/stack/cinder/cinder/volume/drivers/quobyte.py:617}}
Jul 06 20:50:23 devstack cinder-volume[87207]: DEBUG cinder.volume.drivers.quobyte [None req-99099adc-6b37-4222-92db-cc6779cfefbc tempest-VolumesCloneTest-53377576 None] Available shares ['osci02.corp.quobyte.com/cinder-vol-07a6a206-87fa-46a0-9c0f-0b25dbf24a15'] {{(pid=87207) _ensure_shares_mounted /opt/stack/cinder/cinder/volume/drivers/quobyte.py:647}}
Jul 06 20:50:23 devstack cinder-volume[87207]: DEBUG oslo_concurrency.lockutils [None req-99099adc-6b37-4222-92db-cc6779cfefbc tempest-VolumesCloneTest-53377576 None] Lock "quobyte_ensure" "released" by "cinder.volume.drivers.quobyte.QuobyteDriver._ensure_shares_mounted" :: held 0.026s {{(pid=87207) inner /opt/stack/data/venv/lib/python3.12/site-packages/oslo_concurrency/lockutils.py:543}}
Jul 06 20:50:23 devstack cinder-volume[87207]: DEBUG oslo.privsep.daemon [-] privsep: reply[e41fc3d8-0ced-4224-909f-dfdd73a0e08c]: (4, 'qcow2') {{(pid=88368) _call_back /opt/stack/data/venv/lib/python3.12/site-packages/oslo_privsep/daemon.py:580}}
Jul 06 20:50:23 devstack cinder-volume[87207]: DEBUG oslo_concurrency.processutils [None req-99099adc-6b37-4222-92db-cc6779cfefbc tempest-VolumesCloneTest-53377576 None] Running cmd (subprocess): /opt/stack/data/venv/bin/python3.12 -m oslo_concurrency.prlimit --as=1073741824 --cpu=60 -- sudo cinder-rootwrap /etc/cinder/rootwrap.conf env LC_ALL=C qemu-img info -f qcow2 --output=json --force-share /opt/stack/data/cinder/mnt/8be5be4513ebc597f9b7a0bd7f3f3beb/volume-fda8ff1a-b43d-4ef7-8b9e-a1cb73bb3dcf.54b35e8d-af1c-4d57-ad28-8535b8b8b7a0 {{(pid=87207) execute /opt/stack/data/venv/lib/python3.12/site-packages/oslo_concurrency/processutils.py:440}}
Jul 06 20:50:23 devstack cinder-volume[87207]: DEBUG cinder.volume.manager [None req-afee5635-0e60-400f-9a1d-b9a1a4e43564 tempest-BackendsCapabilitiesAdminTestsJSON-205435891 None] Obtained capabilities list: {'volume_backend_name': 'QuobyteHD', 'vendor_name': 'Open Source', 'driver_version': '1.1.14', 'storage_protocol': 'quobyte', 'total_capacity_gb': 1775.75777053833, 'free_capacity_gb': 1775.75777053833, 'reserved_percentage': 0, 'QoS_support': False, 'properties': {'thin_provisioning': {'title': 'Thin Provisioning', 'description': 'Sets thin provisioning.', 'type': 'boolean'}, 'compression': {'title': 'Compression', 'description': 'Enables compression.', 'type': 'boolean'}, 'qos': {'title': 'QoS', 'description': 'Enables QoS.', 'type': 'boolean'}, 'replication_enabled': {'title': 'Replication', 'description': 'Enables replication.', 'type': 'boolean'}}}. {{(pid=87207) get_capabilities /opt/stack/cinder/cinder/volume/manager.py:4830}}
Jul 06 20:50:23 devstack sudo[94134]: quobyte : PWD=/ ; USER=root ; COMMAND=/opt/stack/data/venv/bin/cinder-rootwrap /etc/cinder/rootwrap.conf env LC_ALL=C qemu-img info -f qcow2 --output=json --force-share /opt/stack/data/cinder/mnt/8be5be4513ebc597f9b7a0bd7f3f3beb/volume-fda8ff1a-b43d-4ef7-8b9e-a1cb73bb3dcf.54b35e8d-af1c-4d57-ad28-8535b8b8b7a0
Jul 06 20:50:23 devstack sudo[94134]: pam_unix(sudo:session): session opened for user root(uid=0) by (uid=1000)
Jul 06 20:50:23 devstack cinder-volume[87207]: DEBUG cinder.volume.manager [None req-5124e0d7-2cd8-47d8-90db-43bc62ef501d tempest-BackendsCapabilitiesAdminTestsJSON-205435891 None] Obtained capabilities list: {'volume_backend_name': 'QuobyteHD', 'vendor_name': 'Open Source', 'driver_version': '1.1.14', 'storage_protocol': 'quobyte', 'total_capacity_gb': 1775.75777053833, 'free_capacity_gb': 1775.75777053833, 'reserved_percentage': 0, 'QoS_support': False, 'properties': {'thin_provisioning': {'title': 'Thin Provisioning', 'description': 'Sets thin provisioning.', 'type': 'boolean'}, 'compression': {'title': 'Compression', 'description': 'Enables compression.', 'type': 'boolean'}, 'qos': {'title': 'QoS', 'description': 'Enables QoS.', 'type': 'boolean'}, 'replication_enabled': {'title': 'Replication', 'description': 'Enables replication.', 'type': 'boolean'}}}. {{(pid=87207) get_capabilities /opt/stack/cinder/cinder/volume/manager.py:4830}}
Jul 06 20:50:24 devstack sudo[94134]: pam_unix(sudo:session): session closed for user root
Jul 06 20:50:24 devstack cinder-volume[87207]: DEBUG oslo_concurrency.processutils [None req-99099adc-6b37-4222-92db-cc6779cfefbc tempest-VolumesCloneTest-53377576 None] CMD "/opt/stack/data/venv/bin/python3.12 -m oslo_concurrency.prlimit --as=1073741824 --cpu=60 -- sudo cinder-rootwrap /etc/cinder/rootwrap.conf env LC_ALL=C qemu-img info -f qcow2 --output=json --force-share /opt/stack/data/cinder/mnt/8be5be4513ebc597f9b7a0bd7f3f3beb/volume-fda8ff1a-b43d-4ef7-8b9e-a1cb73bb3dcf.54b35e8d-af1c-4d57-ad28-8535b8b8b7a0" returned: 0 in 1.577s {{(pid=87207) execute /opt/stack/data/venv/lib/python3.12/site-packages/oslo_concurrency/processutils.py:468}}
Jul 06 20:50:24 devstack cinder-volume[87207]: DEBUG cinder.volume.drivers.remotefs [None req-99099adc-6b37-4222-92db-cc6779cfefbc tempest-VolumesCloneTest-53377576 None] Fetching qemu-img info with special backing_file_template: (/opt/stack/data/cinder/mnt/[0-9a-f]+/)?(volume-fda8ff1a-b43d-4ef7-8b9e-a1cb73bb3dcf(.(tmp-snap-)?[0-9a-f-]+)?|volume_from_snapshot_cache/(tmp-snap-)?[0-9a-f-]+(.(child-|parent-)[0-9a-f-]+)?)$ {{(pid=87207) _qemu_img_info_base /opt/stack/cinder/cinder/volume/drivers/remotefs.py:896}}
Jul 06 20:50:24 devstack cinder-volume[87207]: DEBUG cinder.volume.drivers.quobyte [None req-99099adc-6b37-4222-92db-cc6779cfefbc tempest-VolumesCloneTest-53377576 None] will copy from snapshot at /opt/stack/data/cinder/mnt/8be5be4513ebc597f9b7a0bd7f3f3beb/volume-fda8ff1a-b43d-4ef7-8b9e-a1cb73bb3dcf {{(pid=87207) _copy_volume_from_snapshot /opt/stack/cinder/cinder/volume/drivers/quobyte.py:420}}
Jul 06 20:50:24 devstack cinder-volume[87207]: DEBUG cinder.volume.drivers.quobyte [None req-99099adc-6b37-4222-92db-cc6779cfefbc tempest-VolumesCloneTest-53377576 None] Creating direct copy from snapshot {{(pid=87207) _copy_volume_from_snapshot /opt/stack/cinder/cinder/volume/drivers/quobyte.py:428}}
Jul 06 20:50:24 devstack cinder-volume[87207]: DEBUG oslo.privsep.daemon [-] privsep: reply[9b40b446-0a3c-4be4-a71b-c96e82a931f5]: (4, 'qcow2') {{(pid=88368) _call_back /opt/stack/data/venv/lib/python3.12/site-packages/oslo_privsep/daemon.py:580}}
Jul 06 20:50:24 devstack cinder-volume[87207]: DEBUG oslo_concurrency.processutils [None req-99099adc-6b37-4222-92db-cc6779cfefbc tempest-VolumesCloneTest-53377576 None] Running cmd (subprocess): /opt/stack/data/venv/bin/python3.12 -m oslo_concurrency.prlimit --as=1073741824 --cpu=60 -- sudo cinder-rootwrap /etc/cinder/rootwrap.conf env LC_ALL=C qemu-img info -f qcow2 --output=json /opt/stack/data/cinder/mnt/8be5be4513ebc597f9b7a0bd7f3f3beb/volume-fda8ff1a-b43d-4ef7-8b9e-a1cb73bb3dcf {{(pid=87207) execute /opt/stack/data/venv/lib/python3.12/site-packages/oslo_concurrency/processutils.py:440}}
Jul 06 20:50:25 devstack sudo[94195]: quobyte : PWD=/ ; USER=root ; COMMAND=/opt/stack/data/venv/bin/cinder-rootwrap /etc/cinder/rootwrap.conf env LC_ALL=C qemu-img info -f qcow2 --output=json /opt/stack/data/cinder/mnt/8be5be4513ebc597f9b7a0bd7f3f3beb/volume-fda8ff1a-b43d-4ef7-8b9e-a1cb73bb3dcf
Jul 06 20:50:25 devstack sudo[94195]: pam_unix(sudo:session): session opened for user root(uid=0) by (uid=1000)
Jul 06 20:50:26 devstack sudo[94195]: pam_unix(sudo:session): session closed for user root
Jul 06 20:50:26 devstack cinder-volume[87207]: DEBUG oslo_concurrency.processutils [None req-99099adc-6b37-4222-92db-cc6779cfefbc tempest-VolumesCloneTest-53377576 None] CMD "/opt/stack/data/venv/bin/python3.12 -m oslo_concurrency.prlimit --as=1073741824 --cpu=60 -- sudo cinder-rootwrap /etc/cinder/rootwrap.conf env LC_ALL=C qemu-img info -f qcow2 --output=json /opt/stack/data/cinder/mnt/8be5be4513ebc597f9b7a0bd7f3f3beb/volume-fda8ff1a-b43d-4ef7-8b9e-a1cb73bb3dcf" returned: 0 in 1.479s {{(pid=87207) execute /opt/stack/data/venv/lib/python3.12/site-packages/oslo_concurrency/processutils.py:468}}
Jul 06 20:50:26 devstack cinder-volume[87207]: DEBUG cinder.utils [None req-99099adc-6b37-4222-92db-cc6779cfefbc tempest-VolumesCloneTest-53377576 None] Path /opt/stack/data/cinder/mnt/8be5be4513ebc597f9b7a0bd7f3f3beb/volume-8bd59d21-9f2c-440e-8ca2-b6bdef608f34 not found in is_blk_device check {{(pid=87207) is_blk_device /opt/stack/cinder/cinder/utils.py:615}}
Jul 06 20:50:26 devstack cinder-volume[87207]: DEBUG oslo_concurrency.processutils [None req-99099adc-6b37-4222-92db-cc6779cfefbc tempest-VolumesCloneTest-53377576 None] Running cmd (subprocess): sudo cinder-rootwrap /etc/cinder/rootwrap.conf qemu-img convert -O qcow2 /opt/stack/data/cinder/mnt/8be5be4513ebc597f9b7a0bd7f3f3beb/volume-fda8ff1a-b43d-4ef7-8b9e-a1cb73bb3dcf /opt/stack/data/cinder/mnt/8be5be4513ebc597f9b7a0bd7f3f3beb/volume-8bd59d21-9f2c-440e-8ca2-b6bdef608f34 {{(pid=87207) execute /opt/stack/data/venv/lib/python3.12/site-packages/oslo_concurrency/processutils.py:440}}
Jul 06 20:50:26 devstack sudo[94238]: quobyte : PWD=/ ; USER=root ; COMMAND=/opt/stack/data/venv/bin/cinder-rootwrap /etc/cinder/rootwrap.conf qemu-img convert -O qcow2 /opt/stack/data/cinder/mnt/8be5be4513ebc597f9b7a0bd7f3f3beb/volume-fda8ff1a-b43d-4ef7-8b9e-a1cb73bb3dcf /opt/stack/data/cinder/mnt/8be5be4513ebc597f9b7a0bd7f3f3beb/volume-8bd59d21-9f2c-440e-8ca2-b6bdef608f34
Jul 06 20:50:26 devstack sudo[94238]: pam_unix(sudo:session): session opened for user root(uid=0) by (uid=1000)
Jul 06 20:50:31 devstack cinder-volume[87207]: DEBUG dbcounter [-] [87207] Writing DB stats cinder:SELECT=41,cinder:UPDATE=49,cinder:DELETE=3,cinder:INSERT=10 {{(pid=87207) stat_writer /opt/stack/data/venv/lib/python3.12/site-packages/dbcounter.py:115}}
Jul 06 20:50:31 devstack cinder-volume[87207]: DEBUG dbcounter [-] [87207] Writing DB stats cinder:SELECT=43,cinder:UPDATE=51,cinder:INSERT=13,cinder:DELETE=6 {{(pid=87207) stat_writer /opt/stack/data/venv/lib/python3.12/site-packages/dbcounter.py:115}}
Jul 06 20:50:36 devstack sudo[94238]: pam_unix(sudo:session): session closed for user root
Jul 06 20:50:36 devstack cinder-volume[87207]: DEBUG oslo_concurrency.processutils [None req-99099adc-6b37-4222-92db-cc6779cfefbc tempest-VolumesCloneTest-53377576 None] CMD "sudo cinder-rootwrap /etc/cinder/rootwrap.conf qemu-img convert -O qcow2 /opt/stack/data/cinder/mnt/8be5be4513ebc597f9b7a0bd7f3f3beb/volume-fda8ff1a-b43d-4ef7-8b9e-a1cb73bb3dcf /opt/stack/data/cinder/mnt/8be5be4513ebc597f9b7a0bd7f3f3beb/volume-8bd59d21-9f2c-440e-8ca2-b6bdef608f34" returned: 0 in 10.063s {{(pid=87207) execute /opt/stack/data/venv/lib/python3.12/site-packages/oslo_concurrency/processutils.py:468}}
Jul 06 20:50:36 devstack cinder-volume[87207]: DEBUG oslo.privsep.daemon [-] privsep: reply[696b720b-71ab-4903-92cf-1063b786b72a]: (4, 'qcow2') {{(pid=88368) _call_back /opt/stack/data/venv/lib/python3.12/site-packages/oslo_privsep/daemon.py:580}}
Jul 06 20:50:36 devstack cinder-volume[87207]: DEBUG oslo_concurrency.processutils [None req-99099adc-6b37-4222-92db-cc6779cfefbc tempest-VolumesCloneTest-53377576 None] Running cmd (subprocess): /opt/stack/data/venv/bin/python3.12 -m oslo_concurrency.prlimit --as=1073741824 --cpu=60 -- sudo cinder-rootwrap /etc/cinder/rootwrap.conf env LC_ALL=C qemu-img info -f qcow2 --output=json /opt/stack/data/cinder/mnt/8be5be4513ebc597f9b7a0bd7f3f3beb/volume-fda8ff1a-b43d-4ef7-8b9e-a1cb73bb3dcf {{(pid=87207) execute /opt/stack/data/venv/lib/python3.12/site-packages/oslo_concurrency/processutils.py:440}}
Jul 06 20:50:36 devstack sudo[94291]: quobyte : PWD=/ ; USER=root ; COMMAND=/opt/stack/data/venv/bin/cinder-rootwrap /etc/cinder/rootwrap.conf env LC_ALL=C qemu-img info -f qcow2 --output=json /opt/stack/data/cinder/mnt/8be5be4513ebc597f9b7a0bd7f3f3beb/volume-fda8ff1a-b43d-4ef7-8b9e-a1cb73bb3dcf
Jul 06 20:50:36 devstack sudo[94291]: pam_unix(sudo:session): session opened for user root(uid=0) by (uid=1000)
Jul 06 20:50:38 devstack sudo[94291]: pam_unix(sudo:session): session closed for user root
Jul 06 20:50:38 devstack cinder-volume[87207]: DEBUG oslo_concurrency.processutils [None req-99099adc-6b37-4222-92db-cc6779cfefbc tempest-VolumesCloneTest-53377576 None] CMD "/opt/stack/data/venv/bin/python3.12 -m oslo_concurrency.prlimit --as=1073741824 --cpu=60 -- sudo cinder-rootwrap /etc/cinder/rootwrap.conf env LC_ALL=C qemu-img info -f qcow2 --output=json /opt/stack/data/cinder/mnt/8be5be4513ebc597f9b7a0bd7f3f3beb/volume-fda8ff1a-b43d-4ef7-8b9e-a1cb73bb3dcf" returned: 0 in 1.911s {{(pid=87207) execute /opt/stack/data/venv/lib/python3.12/site-packages/oslo_concurrency/processutils.py:468}}
Jul 06 20:50:38 devstack cinder-volume[87207]: DEBUG cinder.image.image_utils [None req-99099adc-6b37-4222-92db-cc6779cfefbc tempest-VolumesCloneTest-53377576 None] Image conversion details: src /opt/stack/data/cinder/mnt/8be5be4513ebc597f9b7a0bd7f3f3beb/volume-fda8ff1a-b43d-4ef7-8b9e-a1cb73bb3dcf, size 1024.00 MB, duration 10.07 sec, destination /opt/stack/data/cinder/mnt/8be5be4513ebc597f9b7a0bd7f3f3beb/volume-8bd59d21-9f2c-440e-8ca2-b6bdef608f34 {{(pid=87207) _convert_image /opt/stack/cinder/cinder/image/image_utils.py:536}}
Jul 06 20:50:38 devstack cinder-volume[87207]: INFO cinder.image.image_utils [None req-99099adc-6b37-4222-92db-cc6779cfefbc tempest-VolumesCloneTest-53377576 None] Converted 1024.00 MB image at 101.73 MB/s
Jul 06 20:50:38 devstack cinder-volume[87207]: WARNING cinder.volume.drivers.remotefs [None req-99099adc-6b37-4222-92db-cc6779cfefbc tempest-VolumesCloneTest-53377576 None] /opt/stack/data/cinder/mnt/8be5be4513ebc597f9b7a0bd7f3f3beb/volume-8bd59d21-9f2c-440e-8ca2-b6bdef608f34 is being set with open permissions: ugo+rw
Jul 06 20:50:38 devstack cinder-volume[87207]: DEBUG oslo_concurrency.processutils [None req-99099adc-6b37-4222-92db-cc6779cfefbc tempest-VolumesCloneTest-53377576 None] Running cmd (subprocess): sudo cinder-rootwrap /etc/cinder/rootwrap.conf chmod ugo+rw /opt/stack/data/cinder/mnt/8be5be4513ebc597f9b7a0bd7f3f3beb/volume-8bd59d21-9f2c-440e-8ca2-b6bdef608f34 {{(pid=87207) execute /opt/stack/data/venv/lib/python3.12/site-packages/oslo_concurrency/processutils.py:440}}
Jul 06 20:50:38 devstack sudo[94302]: quobyte : PWD=/ ; USER=root ; COMMAND=/opt/stack/data/venv/bin/cinder-rootwrap /etc/cinder/rootwrap.conf chmod ugo+rw /opt/stack/data/cinder/mnt/8be5be4513ebc597f9b7a0bd7f3f3beb/volume-8bd59d21-9f2c-440e-8ca2-b6bdef608f34
Jul 06 20:50:38 devstack sudo[94302]: pam_unix(sudo:session): session opened for user root(uid=0) by (uid=1000)
Jul 06 20:50:39 devstack sudo[94302]: pam_unix(sudo:session): session closed for user root
Jul 06 20:50:39 devstack cinder-volume[87207]: DEBUG oslo_concurrency.processutils [None req-99099adc-6b37-4222-92db-cc6779cfefbc tempest-VolumesCloneTest-53377576 None] CMD "sudo cinder-rootwrap /etc/cinder/rootwrap.conf chmod ugo+rw /opt/stack/data/cinder/mnt/8be5be4513ebc597f9b7a0bd7f3f3beb/volume-8bd59d21-9f2c-440e-8ca2-b6bdef608f34" returned: 0 in 1.001s {{(pid=87207) execute /opt/stack/data/venv/lib/python3.12/site-packages/oslo_concurrency/processutils.py:468}}
Jul 06 20:50:39 devstack cinder-volume[87207]: DEBUG cinder.coordination [None req-99099adc-6b37-4222-92db-cc6779cfefbc tempest-VolumesCloneTest-53377576 None] Lock "cinder-quobyte-8bd59d21-9f2c-440e-8ca2-b6bdef608f34" released by "_copy_volume_from_snapshot" :: held 16.225s {{(pid=87207) __release /opt/stack/cinder/cinder/coordination.py:152}}
Jul 06 20:50:39 devstack cinder-volume[87207]: DEBUG cinder.coordination [None req-99099adc-6b37-4222-92db-cc6779cfefbc tempest-VolumesCloneTest-53377576 None] Acquiring lock "cinder-quobyte-54b35e8d-af1c-4d57-ad28-8535b8b8b7a0" by "_delete_snapshot" {{(pid=87207) __acquire /opt/stack/cinder/cinder/coordination.py:138}}
Jul 06 20:50:39 devstack cinder-volume[87207]: DEBUG cinder.coordination [None req-99099adc-6b37-4222-92db-cc6779cfefbc tempest-VolumesCloneTest-53377576 None] Lock "cinder-quobyte-54b35e8d-af1c-4d57-ad28-8535b8b8b7a0" acquired by "_delete_snapshot" :: waited 0.029s {{(pid=87207) __acquire /opt/stack/cinder/cinder/coordination.py:141}}
Jul 06 20:50:39 devstack cinder-volume[87207]: DEBUG cinder.volume.drivers.remotefs [None req-99099adc-6b37-4222-92db-cc6779cfefbc tempest-VolumesCloneTest-53377576 None] Deleting offline snapshot 54b35e8d-af1c-4d57-ad28-8535b8b8b7a0 of volume fda8ff1a-b43d-4ef7-8b9e-a1cb73bb3dcf {{(pid=87207) _delete_snapshot /opt/stack/cinder/cinder/volume/drivers/remotefs.py:1288}}
Jul 06 20:50:39 devstack cinder-volume[87207]: DEBUG cinder.volume.drivers.remotefs [None req-99099adc-6b37-4222-92db-cc6779cfefbc tempest-VolumesCloneTest-53377576 None] snapshot_file for this snap is: volume-fda8ff1a-b43d-4ef7-8b9e-a1cb73bb3dcf.54b35e8d-af1c-4d57-ad28-8535b8b8b7a0 {{(pid=87207) _delete_snapshot /opt/stack/cinder/cinder/volume/drivers/remotefs.py:1317}}
Jul 06 20:50:39 devstack cinder-volume[87207]: DEBUG oslo.privsep.daemon [-] privsep: reply[85f24b19-15d4-4c1a-b642-41cb2a681fbb]: (4, 'qcow2') {{(pid=88368) _call_back /opt/stack/data/venv/lib/python3.12/site-packages/oslo_privsep/daemon.py:580}}
Jul 06 20:50:39 devstack cinder-volume[87207]: DEBUG oslo_concurrency.processutils [None req-99099adc-6b37-4222-92db-cc6779cfefbc tempest-VolumesCloneTest-53377576 None] Running cmd (subprocess): /opt/stack/data/venv/bin/python3.12 -m oslo_concurrency.prlimit --as=1073741824 --cpu=60 -- sudo cinder-rootwrap /etc/cinder/rootwrap.conf env LC_ALL=C qemu-img info -f qcow2 --output=json --force-share /opt/stack/data/cinder/mnt/8be5be4513ebc597f9b7a0bd7f3f3beb/volume-fda8ff1a-b43d-4ef7-8b9e-a1cb73bb3dcf.54b35e8d-af1c-4d57-ad28-8535b8b8b7a0 {{(pid=87207) execute /opt/stack/data/venv/lib/python3.12/site-packages/oslo_concurrency/processutils.py:440}}
Jul 06 20:50:39 devstack sudo[94306]: quobyte : PWD=/ ; USER=root ; COMMAND=/opt/stack/data/venv/bin/cinder-rootwrap /etc/cinder/rootwrap.conf env LC_ALL=C qemu-img info -f qcow2 --output=json --force-share /opt/stack/data/cinder/mnt/8be5be4513ebc597f9b7a0bd7f3f3beb/volume-fda8ff1a-b43d-4ef7-8b9e-a1cb73bb3dcf.54b35e8d-af1c-4d57-ad28-8535b8b8b7a0
Jul 06 20:50:39 devstack sudo[94306]: pam_unix(sudo:session): session opened for user root(uid=0) by (uid=1000)
Jul 06 20:50:39 devstack cinder-volume[87207]: INFO cinder.volume.manager [None req-b3626299-bde4-4f0a-8128-3ca5d1e7c5bd tempest-GroupSnapshotsV319Test-348611754 None] Group tempest-GroupSnapshotsV319Test-Group-823756232: creating
Jul 06 20:50:39 devstack cinder-volume[87207]: INFO cinder.volume.manager [None req-b3626299-bde4-4f0a-8128-3ca5d1e7c5bd tempest-GroupSnapshotsV319Test-348611754 None] Group tempest-GroupSnapshotsV319Test-Group-823756232: created successfully
Jul 06 20:50:39 devstack cinder-volume[87207]: INFO cinder.volume.manager [None req-b3626299-bde4-4f0a-8128-3ca5d1e7c5bd tempest-GroupSnapshotsV319Test-348611754 None] Create group completed successfully.
Jul 06 20:50:40 devstack sudo[94306]: pam_unix(sudo:session): session closed for user root
Jul 06 20:50:40 devstack cinder-volume[87207]: DEBUG oslo_concurrency.processutils [None req-99099adc-6b37-4222-92db-cc6779cfefbc tempest-VolumesCloneTest-53377576 None] CMD "/opt/stack/data/venv/bin/python3.12 -m oslo_concurrency.prlimit --as=1073741824 --cpu=60 -- sudo cinder-rootwrap /etc/cinder/rootwrap.conf env LC_ALL=C qemu-img info -f qcow2 --output=json --force-share /opt/stack/data/cinder/mnt/8be5be4513ebc597f9b7a0bd7f3f3beb/volume-fda8ff1a-b43d-4ef7-8b9e-a1cb73bb3dcf.54b35e8d-af1c-4d57-ad28-8535b8b8b7a0" returned: 0 in 0.978s {{(pid=87207) execute /opt/stack/data/venv/lib/python3.12/site-packages/oslo_concurrency/processutils.py:468}}
Jul 06 20:50:40 devstack cinder-volume[87207]: DEBUG cinder.volume.drivers.remotefs [None req-99099adc-6b37-4222-92db-cc6779cfefbc tempest-VolumesCloneTest-53377576 None] Fetching qemu-img info with special backing_file_template: (/opt/stack/data/cinder/mnt/[0-9a-f]+/)?(volume-fda8ff1a-b43d-4ef7-8b9e-a1cb73bb3dcf(.(tmp-snap-)?[0-9a-f-]+)?|volume_from_snapshot_cache/(tmp-snap-)?[0-9a-f-]+(.(child-|parent-)[0-9a-f-]+)?)$ {{(pid=87207) _qemu_img_info_base /opt/stack/cinder/cinder/volume/drivers/remotefs.py:896}}
Jul 06 20:50:40 devstack cinder-volume[87207]: DEBUG oslo.privsep.daemon [-] privsep: reply[cc95bdd8-2e28-40e1-a7b4-1d8d83d41342]: (4, 'qcow2') {{(pid=88368) _call_back /opt/stack/data/venv/lib/python3.12/site-packages/oslo_privsep/daemon.py:580}}
Jul 06 20:50:40 devstack cinder-volume[87207]: DEBUG oslo_concurrency.processutils [None req-99099adc-6b37-4222-92db-cc6779cfefbc tempest-VolumesCloneTest-53377576 None] Running cmd (subprocess): /opt/stack/data/venv/bin/python3.12 -m oslo_concurrency.prlimit --as=1073741824 --cpu=60 -- sudo cinder-rootwrap /etc/cinder/rootwrap.conf env LC_ALL=C qemu-img info -f qcow2 --output=json --force-share /opt/stack/data/cinder/mnt/8be5be4513ebc597f9b7a0bd7f3f3beb/volume-fda8ff1a-b43d-4ef7-8b9e-a1cb73bb3dcf {{(pid=87207) execute /opt/stack/data/venv/lib/python3.12/site-packages/oslo_concurrency/processutils.py:440}}
Jul 06 20:50:40 devstack sudo[94336]: quobyte : PWD=/ ; USER=root ; COMMAND=/opt/stack/data/venv/bin/cinder-rootwrap /etc/cinder/rootwrap.conf env LC_ALL=C qemu-img info -f qcow2 --output=json --force-share /opt/stack/data/cinder/mnt/8be5be4513ebc597f9b7a0bd7f3f3beb/volume-fda8ff1a-b43d-4ef7-8b9e-a1cb73bb3dcf
Jul 06 20:50:40 devstack sudo[94336]: pam_unix(sudo:session): session opened for user root(uid=0) by (uid=1000)
Jul 06 20:50:41 devstack sudo[94336]: pam_unix(sudo:session): session closed for user root
Jul 06 20:50:41 devstack cinder-volume[87207]: DEBUG oslo_concurrency.processutils [None req-99099adc-6b37-4222-92db-cc6779cfefbc tempest-VolumesCloneTest-53377576 None] CMD "/opt/stack/data/venv/bin/python3.12 -m oslo_concurrency.prlimit --as=1073741824 --cpu=60 -- sudo cinder-rootwrap /etc/cinder/rootwrap.conf env LC_ALL=C qemu-img info -f qcow2 --output=json --force-share /opt/stack/data/cinder/mnt/8be5be4513ebc597f9b7a0bd7f3f3beb/volume-fda8ff1a-b43d-4ef7-8b9e-a1cb73bb3dcf" returned: 0 in 0.898s {{(pid=87207) execute /opt/stack/data/venv/lib/python3.12/site-packages/oslo_concurrency/processutils.py:468}}
Jul 06 20:50:41 devstack cinder-volume[87207]: DEBUG oslo_concurrency.processutils [None req-99099adc-6b37-4222-92db-cc6779cfefbc tempest-VolumesCloneTest-53377576 None] Running cmd (subprocess): sudo cinder-rootwrap /etc/cinder/rootwrap.conf qemu-img commit -d /opt/stack/data/cinder/mnt/8be5be4513ebc597f9b7a0bd7f3f3beb/volume-fda8ff1a-b43d-4ef7-8b9e-a1cb73bb3dcf.54b35e8d-af1c-4d57-ad28-8535b8b8b7a0 {{(pid=87207) execute /opt/stack/data/venv/lib/python3.12/site-packages/oslo_concurrency/processutils.py:440}}
Jul 06 20:50:41 devstack sudo[94346]: quobyte : PWD=/ ; USER=root ; COMMAND=/opt/stack/data/venv/bin/cinder-rootwrap /etc/cinder/rootwrap.conf qemu-img commit -d /opt/stack/data/cinder/mnt/8be5be4513ebc597f9b7a0bd7f3f3beb/volume-fda8ff1a-b43d-4ef7-8b9e-a1cb73bb3dcf.54b35e8d-af1c-4d57-ad28-8535b8b8b7a0
Jul 06 20:50:41 devstack sudo[94346]: pam_unix(sudo:session): session opened for user root(uid=0) by (uid=1000)
Jul 06 20:50:41 devstack cinder-volume[87207]: DEBUG cinder.volume.flows.manager.create_volume [None req-318a70b7-5371-4061-b20c-f15e05385a74 tempest-GroupSnapshotsV319Test-348611754 None] Volume reschedule parameters: True retry: {'num_attempts': 1, 'backends': ['devstack@QuobyteHD#QuobyteHD'], 'hosts': ['devstack@QuobyteHD#QuobyteHD']} {{(pid=87207) get_flow /opt/stack/cinder/cinder/volume/flows/manager/create_volume.py:1397}}
Jul 06 20:50:41 devstack cinder-volume[87207]: DEBUG cinder.volume.manager [None req-318a70b7-5371-4061-b20c-f15e05385a74 tempest-GroupSnapshotsV319Test-348611754 None] Flow 'volume_create_manager' (d21e2645-7472-4fbb-9c05-a02adc854d67) transitioned into state 'RUNNING' from state 'PENDING' {{(pid=87207) _flow_receiver /opt/stack/data/venv/lib/python3.12/site-packages/taskflow/listeners/logging.py:160}}
Jul 06 20:50:41 devstack cinder-volume[87207]: DEBUG cinder.volume.manager [None req-318a70b7-5371-4061-b20c-f15e05385a74 tempest-GroupSnapshotsV319Test-348611754 None] Task 'cinder.volume.flows.manager.create_volume.ExtractVolumeRefTask;volume:create' (b263b08c-44a7-49c1-a65d-31de1412d600) transitioned into state 'RUNNING' from state 'PENDING' {{(pid=87207) _task_receiver /opt/stack/data/venv/lib/python3.12/site-packages/taskflow/listeners/logging.py:242}}
Jul 06 20:50:41 devstack cinder-volume[87207]: DEBUG cinder.volume.manager [None req-318a70b7-5371-4061-b20c-f15e05385a74 tempest-GroupSnapshotsV319Test-348611754 None] Task 'cinder.volume.flows.manager.create_volume.ExtractVolumeRefTask;volume:create' (b263b08c-44a7-49c1-a65d-31de1412d600) transitioned into state 'SUCCESS' from state 'RUNNING' with result 'Volume(_name_id=None,admin_metadata=,attach_status='detached',availability_zone='nova',bootable=False,cluster=,cluster_name=None,consistencygroup=,consistencygroup_id=None,created_at=2026-07-06T18:50:41Z,deleted=False,deleted_at=None,display_description=None,display_name='tempest-volume-1674819432',ec2_id=None,encryption_key_id=None,glance_metadata=,group=,group_id=1b07c656-3d74-414d-80cc-01bb4c5c1418,host='devstack@QuobyteHD#QuobyteHD',id=8bdf16b9-badc-4c59-a05b-a2743f4c34bb,launched_at=None,metadata={},migration_status=None,multiattach=False,previous_status=None,project_id='33803d222e264b2c81a6f88410a4873a',provider_auth=None,provider_geometry=None,provider_id=None,provider_location=None,replication_driver_data=None,replication_extended_status=None,replication_status=None,scheduled_at=2026-07-06T18:50:41Z,service_uuid=None,shared_targets=True,size=1,snapshot_id=None,snapshots=,source_volid=None,status='creating',terminated_at=None,updated_at=2026-07-06T18:50:41Z,use_quota=True,user_id='81552c8e0ee645c496127cb06a1e7308',volume_attachment=VolumeAttachmentList,volume_type=VolumeType(fd2e1920-d835-4fe7-9ffc-9a6ae1514757),volume_type_id=fd2e1920-d835-4fe7-9ffc-9a6ae1514757)' {{(pid=87207) _task_receiver /opt/stack/data/venv/lib/python3.12/site-packages/taskflow/listeners/logging.py:218}}
Jul 06 20:50:41 devstack cinder-volume[87207]: DEBUG cinder.volume.manager [None req-318a70b7-5371-4061-b20c-f15e05385a74 tempest-GroupSnapshotsV319Test-348611754 None] Task 'cinder.volume.flows.manager.create_volume.OnFailureRescheduleTask;volume:create' (58999a0f-6c66-493b-addf-f1dd0375af9b) transitioned into state 'RUNNING' from state 'PENDING' {{(pid=87207) _task_receiver /opt/stack/data/venv/lib/python3.12/site-packages/taskflow/listeners/logging.py:242}}
Jul 06 20:50:41 devstack cinder-volume[87207]: DEBUG cinder.volume.manager [None req-318a70b7-5371-4061-b20c-f15e05385a74 tempest-GroupSnapshotsV319Test-348611754 None] Task 'cinder.volume.flows.manager.create_volume.OnFailureRescheduleTask;volume:create' (58999a0f-6c66-493b-addf-f1dd0375af9b) transitioned into state 'SUCCESS' from state 'RUNNING' with result 'None' {{(pid=87207) _task_receiver /opt/stack/data/venv/lib/python3.12/site-packages/taskflow/listeners/logging.py:218}}
Jul 06 20:50:41 devstack cinder-volume[87207]: DEBUG cinder.volume.manager [None req-318a70b7-5371-4061-b20c-f15e05385a74 tempest-GroupSnapshotsV319Test-348611754 None] Task 'cinder.volume.flows.manager.create_volume.ExtractVolumeSpecTask;volume:create' (6e685a9e-f0c4-45a9-a824-b4fa3cc486cb) transitioned into state 'RUNNING' from state 'PENDING' {{(pid=87207) _task_receiver /opt/stack/data/venv/lib/python3.12/site-packages/taskflow/listeners/logging.py:242}}
Jul 06 20:50:41 devstack cinder-volume[87207]: DEBUG cinder.volume.manager [None req-318a70b7-5371-4061-b20c-f15e05385a74 tempest-GroupSnapshotsV319Test-348611754 None] Task 'cinder.volume.flows.manager.create_volume.ExtractVolumeSpecTask;volume:create' (6e685a9e-f0c4-45a9-a824-b4fa3cc486cb) transitioned into state 'SUCCESS' from state 'RUNNING' with result '{'status': 'creating', 'type': 'raw', 'volume_id': '8bdf16b9-badc-4c59-a05b-a2743f4c34bb', 'volume_name': 'volume-8bdf16b9-badc-4c59-a05b-a2743f4c34bb', 'volume_size': 1}' {{(pid=87207) _task_receiver /opt/stack/data/venv/lib/python3.12/site-packages/taskflow/listeners/logging.py:218}}
Jul 06 20:50:41 devstack cinder-volume[87207]: DEBUG cinder.volume.manager [None req-318a70b7-5371-4061-b20c-f15e05385a74 tempest-GroupSnapshotsV319Test-348611754 None] Task 'cinder.volume.flows.manager.create_volume.NotifyVolumeActionTask;volume:create, create.start' (2fb83b30-714c-408a-9d0c-f63773ffba21) transitioned into state 'RUNNING' from state 'PENDING' {{(pid=87207) _task_receiver /opt/stack/data/venv/lib/python3.12/site-packages/taskflow/listeners/logging.py:242}}
Jul 06 20:50:41 devstack cinder-volume[87207]: DEBUG cinder.volume.manager [None req-318a70b7-5371-4061-b20c-f15e05385a74 tempest-GroupSnapshotsV319Test-348611754 None] Task 'cinder.volume.flows.manager.create_volume.NotifyVolumeActionTask;volume:create, create.start' (2fb83b30-714c-408a-9d0c-f63773ffba21) transitioned into state 'SUCCESS' from state 'RUNNING' with result 'None' {{(pid=87207) _task_receiver /opt/stack/data/venv/lib/python3.12/site-packages/taskflow/listeners/logging.py:218}}
Jul 06 20:50:41 devstack cinder-volume[87207]: DEBUG cinder.volume.manager [None req-318a70b7-5371-4061-b20c-f15e05385a74 tempest-GroupSnapshotsV319Test-348611754 None] Task 'cinder.volume.flows.manager.create_volume.CreateVolumeFromSpecTask;volume:create' (4dacacc5-c86b-4132-814c-6ad35320963c) transitioned into state 'RUNNING' from state 'PENDING' {{(pid=87207) _task_receiver /opt/stack/data/venv/lib/python3.12/site-packages/taskflow/listeners/logging.py:242}}
Jul 06 20:50:41 devstack cinder-volume[87207]: INFO cinder.volume.flows.manager.create_volume [None req-318a70b7-5371-4061-b20c-f15e05385a74 tempest-GroupSnapshotsV319Test-348611754 None] Volume 8bdf16b9-badc-4c59-a05b-a2743f4c34bb: being created as raw with specification: {'status': 'creating', 'volume_name': 'volume-8bdf16b9-badc-4c59-a05b-a2743f4c34bb', 'volume_size': 1}
Jul 06 20:50:41 devstack cinder-volume[87207]: DEBUG oslo_concurrency.lockutils [None req-318a70b7-5371-4061-b20c-f15e05385a74 tempest-GroupSnapshotsV319Test-348611754 None] Acquiring lock "quobyte" by "cinder.volume.drivers.quobyte.QuobyteDriver.create_volume" {{(pid=87207) inner /opt/stack/data/venv/lib/python3.12/site-packages/oslo_concurrency/lockutils.py:511}}
Jul 06 20:50:42 devstack sudo[94346]: pam_unix(sudo:session): session closed for user root
Jul 06 20:50:42 devstack cinder-volume[87207]: DEBUG oslo_concurrency.processutils [None req-99099adc-6b37-4222-92db-cc6779cfefbc tempest-VolumesCloneTest-53377576 None] CMD "sudo cinder-rootwrap /etc/cinder/rootwrap.conf qemu-img commit -d /opt/stack/data/cinder/mnt/8be5be4513ebc597f9b7a0bd7f3f3beb/volume-fda8ff1a-b43d-4ef7-8b9e-a1cb73bb3dcf.54b35e8d-af1c-4d57-ad28-8535b8b8b7a0" returned: 0 in 0.978s {{(pid=87207) execute /opt/stack/data/venv/lib/python3.12/site-packages/oslo_concurrency/processutils.py:468}}
Jul 06 20:50:42 devstack cinder-volume[87207]: DEBUG oslo_concurrency.processutils [None req-99099adc-6b37-4222-92db-cc6779cfefbc tempest-VolumesCloneTest-53377576 None] Running cmd (subprocess): sudo cinder-rootwrap /etc/cinder/rootwrap.conf rm -f /opt/stack/data/cinder/mnt/8be5be4513ebc597f9b7a0bd7f3f3beb/volume-fda8ff1a-b43d-4ef7-8b9e-a1cb73bb3dcf.54b35e8d-af1c-4d57-ad28-8535b8b8b7a0 {{(pid=87207) execute /opt/stack/data/venv/lib/python3.12/site-packages/oslo_concurrency/processutils.py:440}}
Jul 06 20:50:42 devstack sudo[94408]: quobyte : PWD=/ ; USER=root ; COMMAND=/opt/stack/data/venv/bin/cinder-rootwrap /etc/cinder/rootwrap.conf rm -f /opt/stack/data/cinder/mnt/8be5be4513ebc597f9b7a0bd7f3f3beb/volume-fda8ff1a-b43d-4ef7-8b9e-a1cb73bb3dcf.54b35e8d-af1c-4d57-ad28-8535b8b8b7a0
Jul 06 20:50:42 devstack sudo[94408]: pam_unix(sudo:session): session opened for user root(uid=0) by (uid=1000)
Jul 06 20:50:42 devstack sudo[94408]: pam_unix(sudo:session): session closed for user root
Jul 06 20:50:42 devstack cinder-volume[87207]: DEBUG oslo_concurrency.processutils [None req-99099adc-6b37-4222-92db-cc6779cfefbc tempest-VolumesCloneTest-53377576 None] CMD "sudo cinder-rootwrap /etc/cinder/rootwrap.conf rm -f /opt/stack/data/cinder/mnt/8be5be4513ebc597f9b7a0bd7f3f3beb/volume-fda8ff1a-b43d-4ef7-8b9e-a1cb73bb3dcf.54b35e8d-af1c-4d57-ad28-8535b8b8b7a0" returned: 0 in 0.662s {{(pid=87207) execute /opt/stack/data/venv/lib/python3.12/site-packages/oslo_concurrency/processutils.py:468}}
Jul 06 20:50:42 devstack cinder-volume[87207]: DEBUG cinder.coordination [None req-99099adc-6b37-4222-92db-cc6779cfefbc tempest-VolumesCloneTest-53377576 None] Lock "cinder-quobyte-54b35e8d-af1c-4d57-ad28-8535b8b8b7a0" released by "_delete_snapshot" :: held 3.616s {{(pid=87207) __release /opt/stack/cinder/cinder/coordination.py:152}}
Jul 06 20:50:42 devstack cinder-volume[87207]: DEBUG oslo_concurrency.lockutils [None req-99099adc-6b37-4222-92db-cc6779cfefbc tempest-VolumesCloneTest-53377576 None] Lock "quobyte" "released" by "cinder.volume.drivers.quobyte.QuobyteDriver.create_cloned_volume" :: held 25.868s {{(pid=87207) inner /opt/stack/data/venv/lib/python3.12/site-packages/oslo_concurrency/lockutils.py:543}}
Jul 06 20:50:42 devstack cinder-volume[87207]: DEBUG oslo_concurrency.lockutils [None req-318a70b7-5371-4061-b20c-f15e05385a74 tempest-GroupSnapshotsV319Test-348611754 None] Lock "quobyte" acquired by "cinder.volume.drivers.quobyte.QuobyteDriver.create_volume" :: waited 1.260s {{(pid=87207) inner /opt/stack/data/venv/lib/python3.12/site-packages/oslo_concurrency/lockutils.py:524}}
Jul 06 20:50:42 devstack cinder-volume[87207]: DEBUG cinder.volume.drivers.quobyte [None req-318a70b7-5371-4061-b20c-f15e05385a74 tempest-GroupSnapshotsV319Test-348611754 None] ==> create_volume: call "{'self': , 'volume': Volume(_name_id=None,admin_metadata=,attach_status='detached',availability_zone='nova',bootable=False,cluster=,cluster_name=None,consistencygroup=,consistencygroup_id=1b07c656-3d74-414d-80cc-01bb4c5c1418,created_at=2026-07-06T18:50:41Z,deleted=False,deleted_at=None,display_description=None,display_name='tempest-volume-1674819432',ec2_id=None,encryption_key_id=None,glance_metadata=,group=,group_id=1b07c656-3d74-414d-80cc-01bb4c5c1418,host='devstack@QuobyteHD#QuobyteHD',id=8bdf16b9-badc-4c59-a05b-a2743f4c34bb,launched_at=None,metadata={},migration_status=None,multiattach=False,previous_status=None,project_id='33803d222e264b2c81a6f88410a4873a',provider_auth=None,provider_geometry=None,provider_id=None,provider_location=None,replication_driver_data=None,replication_extended_status=None,replication_status=None,scheduled_at=2026-07-06T18:50:41Z,service_uuid=None,shared_targets=True,size=1,snapshot_id=None,snapshots=,source_volid=None,status='creating',terminated_at=None,updated_at=2026-07-06T18:50:41Z,use_quota=True,user_id='81552c8e0ee645c496127cb06a1e7308',volume_attachment=VolumeAttachmentList,volume_type=VolumeType(fd2e1920-d835-4fe7-9ffc-9a6ae1514757),volume_type_id=fd2e1920-d835-4fe7-9ffc-9a6ae1514757)}" {{(pid=87207) trace_logging_wrapper /opt/stack/cinder/cinder/volume/volume_utils.py:1497}}
Jul 06 20:50:42 devstack cinder-volume[87207]: DEBUG cinder.volume.drivers.remotefs [None req-318a70b7-5371-4061-b20c-f15e05385a74 tempest-GroupSnapshotsV319Test-348611754 None] Creating volume 8bdf16b9-badc-4c59-a05b-a2743f4c34bb {{(pid=87207) create_volume /opt/stack/cinder/cinder/volume/drivers/remotefs.py:292}}
Jul 06 20:50:42 devstack cinder-volume[87207]: DEBUG oslo_concurrency.lockutils [None req-318a70b7-5371-4061-b20c-f15e05385a74 tempest-GroupSnapshotsV319Test-348611754 None] Acquiring lock "quobyte_ensure" by "cinder.volume.drivers.quobyte.QuobyteDriver._ensure_shares_mounted" {{(pid=87207) inner /opt/stack/data/venv/lib/python3.12/site-packages/oslo_concurrency/lockutils.py:511}}
Jul 06 20:50:42 devstack cinder-volume[87207]: DEBUG oslo_concurrency.lockutils [None req-318a70b7-5371-4061-b20c-f15e05385a74 tempest-GroupSnapshotsV319Test-348611754 None] Lock "quobyte_ensure" acquired by "cinder.volume.drivers.quobyte.QuobyteDriver._ensure_shares_mounted" :: waited 0.000s {{(pid=87207) inner /opt/stack/data/venv/lib/python3.12/site-packages/oslo_concurrency/lockutils.py:524}}
Jul 06 20:50:42 devstack cinder-volume[87207]: DEBUG cinder.volume.drivers.quobyte [None req-318a70b7-5371-4061-b20c-f15e05385a74 tempest-GroupSnapshotsV319Test-348611754 None] Quobyte Volume URL set to: {'osci02.corp.quobyte.com/cinder-vol-07a6a206-87fa-46a0-9c0f-0b25dbf24a15': None} {{(pid=87207) _load_shares_config /opt/stack/cinder/cinder/volume/drivers/quobyte.py:617}}
