Jul 06 20:44:57 devstack cinder-volume[87207]: DEBUG cinder.volume.drivers.quobyte [None req-05f71dc9-7d64-4bdc-89f6-d2f77aca0cd7 None None] Available shares ['osci02.corp.quobyte.com/cinder-vol-07a6a206-87fa-46a0-9c0f-0b25dbf24a15'] {{(pid=87207) _ensure_shares_mounted /opt/stack/cinder/cinder/volume/drivers/quobyte.py:647}}
Jul 06 20:44:57 devstack cinder-volume[87207]: DEBUG oslo_concurrency.lockutils [None req-05f71dc9-7d64-4bdc-89f6-d2f77aca0cd7 None None] Lock "quobyte_ensure" "released" by "cinder.volume.drivers.quobyte.QuobyteDriver._ensure_shares_mounted" :: held 0.011s {{(pid=87207) inner /opt/stack/data/venv/lib/python3.12/site-packages/oslo_concurrency/lockutils.py:543}}
Jul 06 20:44:57 devstack cinder-volume[87207]: DEBUG oslo_concurrency.processutils [None req-05f71dc9-7d64-4bdc-89f6-d2f77aca0cd7 None None] Running cmd (subprocess): sudo cinder-rootwrap /etc/cinder/rootwrap.conf df --portability --block-size 1 /opt/stack/data/cinder/mnt/8be5be4513ebc597f9b7a0bd7f3f3beb {{(pid=87207) execute /opt/stack/data/venv/lib/python3.12/site-packages/oslo_concurrency/processutils.py:440}}
Jul 06 20:44:58 devstack sudo[88968]: quobyte : PWD=/ ; USER=root ; COMMAND=/opt/stack/data/venv/bin/cinder-rootwrap /etc/cinder/rootwrap.conf df --portability --block-size 1 /opt/stack/data/cinder/mnt/8be5be4513ebc597f9b7a0bd7f3f3beb
Jul 06 20:44:58 devstack sudo[88968]: pam_unix(sudo:session): session opened for user root(uid=0) by (uid=1000)
Jul 06 20:44:59 devstack sudo[88968]: pam_unix(sudo:session): session closed for user root
Jul 06 20:44:59 devstack cinder-volume[87207]: DEBUG oslo_concurrency.processutils [None req-05f71dc9-7d64-4bdc-89f6-d2f77aca0cd7 None None] CMD "sudo cinder-rootwrap /etc/cinder/rootwrap.conf df --portability --block-size 1 /opt/stack/data/cinder/mnt/8be5be4513ebc597f9b7a0bd7f3f3beb" returned: 0 in 1.703s {{(pid=87207) execute /opt/stack/data/venv/lib/python3.12/site-packages/oslo_concurrency/processutils.py:468}}
Jul 06 20:44:59 devstack cinder-volume[87207]: DEBUG cinder.manager [None req-05f71dc9-7d64-4bdc-89f6-d2f77aca0cd7 None None] Notifying Schedulers of capabilities ... {{(pid=87207) _publish_service_capabilities /opt/stack/cinder/cinder/manager.py:219}}
Jul 06 20:44:59 devstack cinder-volume[87207]: DEBUG oslo_service.periodic_task [None req-05f71dc9-7d64-4bdc-89f6-d2f77aca0cd7 None None] Running periodic task VolumeManager._thread_info {{(pid=87207) run_periodic_tasks /opt/stack/data/venv/lib/python3.12/site-packages/oslo_service/periodic_task.py:225}}
Jul 06 20:44:59 devstack cinder-volume[87207]: DEBUG cinder.volume.manager [None req-05f71dc9-7d64-4bdc-89f6-d2f77aca0cd7 None None] thread count: 8 {{(pid=87207) _thread_info /opt/stack/cinder/cinder/volume/manager.py:5472}}
Jul 06 20:44:59 devstack cinder-volume[87207]: DEBUG cinder.volume.manager [None req-05f71dc9-7d64-4bdc-89f6-d2f77aca0cd7 None None] thread info: [<_MainThread(MainThread, started 138307652206720)>, , , , , , , ] {{(pid=87207) _thread_info /opt/stack/cinder/cinder/volume/manager.py:5473}}
Jul 06 20:45:00 devstack cinder-volume[87207]: DEBUG dbcounter [-] [87207] Writing DB stats cinder:SELECT=13,cinder:UPDATE=12,cinder:INSERT=3,cinder:DELETE=1 {{(pid=87207) stat_writer /opt/stack/data/venv/lib/python3.12/site-packages/dbcounter.py:115}}
Jul 06 20:45:01 devstack cinder-volume[87207]: DEBUG dbcounter [-] [87207] Writing DB stats cinder:SELECT=14,cinder:UPDATE=13,cinder:INSERT=2,cinder:DELETE=1 {{(pid=87207) stat_writer /opt/stack/data/venv/lib/python3.12/site-packages/dbcounter.py:115}}
Jul 06 20:45:07 devstack cinder-volume[87207]: DEBUG cinder.volume.flows.manager.create_volume [req-50a1b372-199e-4a7f-a071-5f755c8772c3 req-9157463e-f641-4fca-ac7e-41c47fce11f2 tempest-VolumesSnapshotsTestJSON-1045829067 None] Volume reschedule parameters: True retry: {'num_attempts': 1, 'backends': ['devstack@QuobyteHD#QuobyteHD'], 'hosts': ['devstack@QuobyteHD#QuobyteHD']} {{(pid=87207) get_flow /opt/stack/cinder/cinder/volume/flows/manager/create_volume.py:1397}}
Jul 06 20:45:07 devstack cinder-volume[87207]: DEBUG cinder.volume.manager [req-50a1b372-199e-4a7f-a071-5f755c8772c3 req-9157463e-f641-4fca-ac7e-41c47fce11f2 tempest-VolumesSnapshotsTestJSON-1045829067 None] Flow 'volume_create_manager' (5a7b8723-5691-47f4-b0cd-eb3e16a3a22d) transitioned into state 'RUNNING' from state 'PENDING' {{(pid=87207) _flow_receiver /opt/stack/data/venv/lib/python3.12/site-packages/taskflow/listeners/logging.py:160}}
Jul 06 20:45:07 devstack cinder-volume[87207]: DEBUG cinder.volume.manager [req-50a1b372-199e-4a7f-a071-5f755c8772c3 req-9157463e-f641-4fca-ac7e-41c47fce11f2 tempest-VolumesSnapshotsTestJSON-1045829067 None] Task 'cinder.volume.flows.manager.create_volume.ExtractVolumeRefTask;volume:create' (15f1470b-0f7e-4714-81c2-5bcffc5353d3) transitioned into state 'RUNNING' from state 'PENDING' {{(pid=87207) _task_receiver /opt/stack/data/venv/lib/python3.12/site-packages/taskflow/listeners/logging.py:242}}
Jul 06 20:45:07 devstack cinder-volume[87207]: DEBUG cinder.volume.manager [req-50a1b372-199e-4a7f-a071-5f755c8772c3 req-9157463e-f641-4fca-ac7e-41c47fce11f2 tempest-VolumesSnapshotsTestJSON-1045829067 None] Task 'cinder.volume.flows.manager.create_volume.ExtractVolumeRefTask;volume:create' (15f1470b-0f7e-4714-81c2-5bcffc5353d3) transitioned into state 'SUCCESS' from state 'RUNNING' with result 'Volume(_name_id=None,admin_metadata=,attach_status='detached',availability_zone='nova',bootable=False,cluster=,cluster_name=None,consistencygroup=,consistencygroup_id=None,created_at=2026-07-06T18:45:07Z,deleted=False,deleted_at=None,display_description=None,display_name='tempest-VolumesSnapshotsTestJSON-volume-1992657931',ec2_id=None,encryption_key_id=None,glance_metadata=,group=,group_id=None,host='devstack@QuobyteHD#QuobyteHD',id=bca9f981-159e-4d6b-8a84-36ce1100c0e1,launched_at=None,metadata={},migration_status=None,multiattach=False,previous_status=None,project_id='b078faf8201f4191baf22b9e3c556d8e',provider_auth=None,provider_geometry=None,provider_id=None,provider_location=None,replication_driver_data=None,replication_extended_status=None,replication_status=None,scheduled_at=2026-07-06T18:45:07Z,service_uuid=None,shared_targets=True,size=1,snapshot_id=None,snapshots=,source_volid=None,status='creating',terminated_at=None,updated_at=2026-07-06T18:45:07Z,use_quota=True,user_id='aac23e309cab45bc89d56edab5a455c1',volume_attachment=VolumeAttachmentList,volume_type=VolumeType(98b0b86d-ff79-4940-9875-51edb977bc93),volume_type_id=98b0b86d-ff79-4940-9875-51edb977bc93)' {{(pid=87207) _task_receiver /opt/stack/data/venv/lib/python3.12/site-packages/taskflow/listeners/logging.py:218}}
Jul 06 20:45:07 devstack cinder-volume[87207]: DEBUG cinder.volume.manager [req-50a1b372-199e-4a7f-a071-5f755c8772c3 req-9157463e-f641-4fca-ac7e-41c47fce11f2 tempest-VolumesSnapshotsTestJSON-1045829067 None] Task 'cinder.volume.flows.manager.create_volume.OnFailureRescheduleTask;volume:create' (a0282dc7-4f79-4b90-a9a3-230a6ec11a45) transitioned into state 'RUNNING' from state 'PENDING' {{(pid=87207) _task_receiver /opt/stack/data/venv/lib/python3.12/site-packages/taskflow/listeners/logging.py:242}}
Jul 06 20:45:07 devstack cinder-volume[87207]: DEBUG cinder.volume.manager [req-50a1b372-199e-4a7f-a071-5f755c8772c3 req-9157463e-f641-4fca-ac7e-41c47fce11f2 tempest-VolumesSnapshotsTestJSON-1045829067 None] Task 'cinder.volume.flows.manager.create_volume.OnFailureRescheduleTask;volume:create' (a0282dc7-4f79-4b90-a9a3-230a6ec11a45) transitioned into state 'SUCCESS' from state 'RUNNING' with result 'None' {{(pid=87207) _task_receiver /opt/stack/data/venv/lib/python3.12/site-packages/taskflow/listeners/logging.py:218}}
Jul 06 20:45:07 devstack cinder-volume[87207]: DEBUG cinder.volume.manager [req-50a1b372-199e-4a7f-a071-5f755c8772c3 req-9157463e-f641-4fca-ac7e-41c47fce11f2 tempest-VolumesSnapshotsTestJSON-1045829067 None] Task 'cinder.volume.flows.manager.create_volume.ExtractVolumeSpecTask;volume:create' (62278395-db8e-4e76-9e83-cf69098937a4) transitioned into state 'RUNNING' from state 'PENDING' {{(pid=87207) _task_receiver /opt/stack/data/venv/lib/python3.12/site-packages/taskflow/listeners/logging.py:242}}
Jul 06 20:45:07 devstack cinder-volume[87207]: DEBUG cinder.volume.manager [req-50a1b372-199e-4a7f-a071-5f755c8772c3 req-9157463e-f641-4fca-ac7e-41c47fce11f2 tempest-VolumesSnapshotsTestJSON-1045829067 None] Task 'cinder.volume.flows.manager.create_volume.ExtractVolumeSpecTask;volume:create' (62278395-db8e-4e76-9e83-cf69098937a4) transitioned into state 'SUCCESS' from state 'RUNNING' with result '{'status': 'creating', 'type': 'raw', 'volume_id': 'bca9f981-159e-4d6b-8a84-36ce1100c0e1', 'volume_name': 'volume-bca9f981-159e-4d6b-8a84-36ce1100c0e1', 'volume_size': 1}' {{(pid=87207) _task_receiver /opt/stack/data/venv/lib/python3.12/site-packages/taskflow/listeners/logging.py:218}}
Jul 06 20:45:07 devstack cinder-volume[87207]: DEBUG cinder.volume.manager [req-50a1b372-199e-4a7f-a071-5f755c8772c3 req-9157463e-f641-4fca-ac7e-41c47fce11f2 tempest-VolumesSnapshotsTestJSON-1045829067 None] Task 'cinder.volume.flows.manager.create_volume.NotifyVolumeActionTask;volume:create, create.start' (7cd65fe6-db71-457d-a228-2b48cb1a2019) transitioned into state 'RUNNING' from state 'PENDING' {{(pid=87207) _task_receiver /opt/stack/data/venv/lib/python3.12/site-packages/taskflow/listeners/logging.py:242}}
Jul 06 20:45:07 devstack cinder-volume[87207]: DEBUG cinder.volume.manager [req-50a1b372-199e-4a7f-a071-5f755c8772c3 req-9157463e-f641-4fca-ac7e-41c47fce11f2 tempest-VolumesSnapshotsTestJSON-1045829067 None] Task 'cinder.volume.flows.manager.create_volume.NotifyVolumeActionTask;volume:create, create.start' (7cd65fe6-db71-457d-a228-2b48cb1a2019) transitioned into state 'SUCCESS' from state 'RUNNING' with result 'None' {{(pid=87207) _task_receiver /opt/stack/data/venv/lib/python3.12/site-packages/taskflow/listeners/logging.py:218}}
Jul 06 20:45:07 devstack cinder-volume[87207]: DEBUG cinder.volume.manager [req-50a1b372-199e-4a7f-a071-5f755c8772c3 req-9157463e-f641-4fca-ac7e-41c47fce11f2 tempest-VolumesSnapshotsTestJSON-1045829067 None] Task 'cinder.volume.flows.manager.create_volume.CreateVolumeFromSpecTask;volume:create' (12474a09-258d-4ffd-a071-98e27227a7b6) transitioned into state 'RUNNING' from state 'PENDING' {{(pid=87207) _task_receiver /opt/stack/data/venv/lib/python3.12/site-packages/taskflow/listeners/logging.py:242}}
Jul 06 20:45:07 devstack cinder-volume[87207]: INFO cinder.volume.flows.manager.create_volume [req-50a1b372-199e-4a7f-a071-5f755c8772c3 req-9157463e-f641-4fca-ac7e-41c47fce11f2 tempest-VolumesSnapshotsTestJSON-1045829067 None] Volume bca9f981-159e-4d6b-8a84-36ce1100c0e1: being created as raw with specification: {'status': 'creating', 'volume_name': 'volume-bca9f981-159e-4d6b-8a84-36ce1100c0e1', 'volume_size': 1}
Jul 06 20:45:07 devstack cinder-volume[87207]: DEBUG oslo_concurrency.lockutils [req-50a1b372-199e-4a7f-a071-5f755c8772c3 req-9157463e-f641-4fca-ac7e-41c47fce11f2 tempest-VolumesSnapshotsTestJSON-1045829067 None] Acquiring lock "quobyte" by "cinder.volume.drivers.quobyte.QuobyteDriver.create_volume" {{(pid=87207) inner /opt/stack/data/venv/lib/python3.12/site-packages/oslo_concurrency/lockutils.py:511}}
Jul 06 20:45:07 devstack cinder-volume[87207]: DEBUG oslo_concurrency.lockutils [req-50a1b372-199e-4a7f-a071-5f755c8772c3 req-9157463e-f641-4fca-ac7e-41c47fce11f2 tempest-VolumesSnapshotsTestJSON-1045829067 None] Lock "quobyte" acquired by "cinder.volume.drivers.quobyte.QuobyteDriver.create_volume" :: waited 0.000s {{(pid=87207) inner /opt/stack/data/venv/lib/python3.12/site-packages/oslo_concurrency/lockutils.py:524}}
Jul 06 20:45:07 devstack cinder-volume[87207]: DEBUG cinder.volume.drivers.quobyte [req-50a1b372-199e-4a7f-a071-5f755c8772c3 req-9157463e-f641-4fca-ac7e-41c47fce11f2 tempest-VolumesSnapshotsTestJSON-1045829067 None] ==> create_volume: call "{'self': , 'volume': Volume(_name_id=None,admin_metadata=,attach_status='detached',availability_zone='nova',bootable=False,cluster=,cluster_name=None,consistencygroup=,consistencygroup_id=None,created_at=2026-07-06T18:45:07Z,deleted=False,deleted_at=None,display_description=None,display_name='tempest-VolumesSnapshotsTestJSON-volume-1992657931',ec2_id=None,encryption_key_id=None,glance_metadata=,group=,group_id=None,host='devstack@QuobyteHD#QuobyteHD',id=bca9f981-159e-4d6b-8a84-36ce1100c0e1,launched_at=None,metadata={},migration_status=None,multiattach=False,previous_status=None,project_id='b078faf8201f4191baf22b9e3c556d8e',provider_auth=None,provider_geometry=None,provider_id=None,provider_location=None,replication_driver_data=None,replication_extended_status=None,replication_status=None,scheduled_at=2026-07-06T18:45:07Z,service_uuid=None,shared_targets=True,size=1,snapshot_id=None,snapshots=,source_volid=None,status='creating',terminated_at=None,updated_at=2026-07-06T18:45:07Z,use_quota=True,user_id='aac23e309cab45bc89d56edab5a455c1',volume_attachment=VolumeAttachmentList,volume_type=VolumeType(98b0b86d-ff79-4940-9875-51edb977bc93),volume_type_id=98b0b86d-ff79-4940-9875-51edb977bc93)}" {{(pid=87207) trace_logging_wrapper /opt/stack/cinder/cinder/volume/volume_utils.py:1497}}
Jul 06 20:45:07 devstack cinder-volume[87207]: DEBUG cinder.volume.drivers.remotefs [req-50a1b372-199e-4a7f-a071-5f755c8772c3 req-9157463e-f641-4fca-ac7e-41c47fce11f2 tempest-VolumesSnapshotsTestJSON-1045829067 None] Creating volume bca9f981-159e-4d6b-8a84-36ce1100c0e1 {{(pid=87207) create_volume /opt/stack/cinder/cinder/volume/drivers/remotefs.py:292}}
Jul 06 20:45:07 devstack cinder-volume[87207]: DEBUG oslo_concurrency.lockutils [req-50a1b372-199e-4a7f-a071-5f755c8772c3 req-9157463e-f641-4fca-ac7e-41c47fce11f2 tempest-VolumesSnapshotsTestJSON-1045829067 None] Acquiring lock "quobyte_ensure" by "cinder.volume.drivers.quobyte.QuobyteDriver._ensure_shares_mounted" {{(pid=87207) inner /opt/stack/data/venv/lib/python3.12/site-packages/oslo_concurrency/lockutils.py:511}}
Jul 06 20:45:07 devstack cinder-volume[87207]: DEBUG oslo_concurrency.lockutils [req-50a1b372-199e-4a7f-a071-5f755c8772c3 req-9157463e-f641-4fca-ac7e-41c47fce11f2 tempest-VolumesSnapshotsTestJSON-1045829067 None] Lock "quobyte_ensure" acquired by "cinder.volume.drivers.quobyte.QuobyteDriver._ensure_shares_mounted" :: waited 0.001s {{(pid=87207) inner /opt/stack/data/venv/lib/python3.12/site-packages/oslo_concurrency/lockutils.py:524}}
Jul 06 20:45:07 devstack cinder-volume[87207]: DEBUG cinder.volume.drivers.quobyte [req-50a1b372-199e-4a7f-a071-5f755c8772c3 req-9157463e-f641-4fca-ac7e-41c47fce11f2 tempest-VolumesSnapshotsTestJSON-1045829067 None] Quobyte Volume URL set to: {'osci02.corp.quobyte.com/cinder-vol-07a6a206-87fa-46a0-9c0f-0b25dbf24a15': None} {{(pid=87207) _load_shares_config /opt/stack/cinder/cinder/volume/drivers/quobyte.py:617}}
Jul 06 20:45:07 devstack cinder-volume[87207]: DEBUG cinder.volume.drivers.quobyte [req-50a1b372-199e-4a7f-a071-5f755c8772c3 req-9157463e-f641-4fca-ac7e-41c47fce11f2 tempest-VolumesSnapshotsTestJSON-1045829067 None] Available shares ['osci02.corp.quobyte.com/cinder-vol-07a6a206-87fa-46a0-9c0f-0b25dbf24a15'] {{(pid=87207) _ensure_shares_mounted /opt/stack/cinder/cinder/volume/drivers/quobyte.py:647}}
Jul 06 20:45:07 devstack cinder-volume[87207]: DEBUG oslo_concurrency.lockutils [req-50a1b372-199e-4a7f-a071-5f755c8772c3 req-9157463e-f641-4fca-ac7e-41c47fce11f2 tempest-VolumesSnapshotsTestJSON-1045829067 None] Lock "quobyte_ensure" "released" by "cinder.volume.drivers.quobyte.QuobyteDriver._ensure_shares_mounted" :: held 0.018s {{(pid=87207) inner /opt/stack/data/venv/lib/python3.12/site-packages/oslo_concurrency/lockutils.py:543}}
Jul 06 20:45:07 devstack cinder-volume[87207]: DEBUG cinder.volume.drivers.quobyte [req-50a1b372-199e-4a7f-a071-5f755c8772c3 req-9157463e-f641-4fca-ac7e-41c47fce11f2 tempest-VolumesSnapshotsTestJSON-1045829067 None] Selected osci02.corp.quobyte.com/cinder-vol-07a6a206-87fa-46a0-9c0f-0b25dbf24a15 as target Quobyte volume. {{(pid=87207) _find_share /opt/stack/cinder/cinder/volume/drivers/quobyte.py:668}}
Jul 06 20:45:07 devstack cinder-volume[87207]: INFO cinder.volume.drivers.remotefs [req-50a1b372-199e-4a7f-a071-5f755c8772c3 req-9157463e-f641-4fca-ac7e-41c47fce11f2 tempest-VolumesSnapshotsTestJSON-1045829067 None] casted to osci02.corp.quobyte.com/cinder-vol-07a6a206-87fa-46a0-9c0f-0b25dbf24a15
Jul 06 20:45:07 devstack cinder-volume[87207]: DEBUG oslo_concurrency.processutils [req-50a1b372-199e-4a7f-a071-5f755c8772c3 req-9157463e-f641-4fca-ac7e-41c47fce11f2 tempest-VolumesSnapshotsTestJSON-1045829067 None] Running cmd (subprocess): sudo cinder-rootwrap /etc/cinder/rootwrap.conf qemu-img create -f qcow2 -o preallocation=metadata /opt/stack/data/cinder/mnt/8be5be4513ebc597f9b7a0bd7f3f3beb/volume-bca9f981-159e-4d6b-8a84-36ce1100c0e1 1073741824 {{(pid=87207) execute /opt/stack/data/venv/lib/python3.12/site-packages/oslo_concurrency/processutils.py:440}}
Jul 06 20:45:07 devstack sudo[89040]: quobyte : PWD=/ ; USER=root ; COMMAND=/opt/stack/data/venv/bin/cinder-rootwrap /etc/cinder/rootwrap.conf qemu-img create -f qcow2 -o preallocation=metadata /opt/stack/data/cinder/mnt/8be5be4513ebc597f9b7a0bd7f3f3beb/volume-bca9f981-159e-4d6b-8a84-36ce1100c0e1 1073741824
Jul 06 20:45:07 devstack sudo[89040]: pam_unix(sudo:session): session opened for user root(uid=0) by (uid=1000)
Jul 06 20:45:07 devstack cinder-volume[87207]: DEBUG cinder.coordination [None req-e035ef19-511d-4171-a00c-2dcb85c8aeeb tempest-ServerRescueNegativeTestJSON-2110522466 None] Acquiring lock "cinder-da444140-7124-4730-ac94-112b3a59049d-delete_volume" by "delete_volume" {{(pid=87207) __acquire /opt/stack/cinder/cinder/coordination.py:138}}
Jul 06 20:45:07 devstack cinder-volume[87207]: DEBUG cinder.coordination [None req-e035ef19-511d-4171-a00c-2dcb85c8aeeb tempest-ServerRescueNegativeTestJSON-2110522466 None] Lock "cinder-da444140-7124-4730-ac94-112b3a59049d-delete_volume" acquired by "delete_volume" :: waited 0.039s {{(pid=87207) __acquire /opt/stack/cinder/cinder/coordination.py:141}}
Jul 06 20:45:07 devstack cinder-volume[87207]: DEBUG cinder.coordination [None req-e035ef19-511d-4171-a00c-2dcb85c8aeeb tempest-ServerRescueNegativeTestJSON-2110522466 None] Acquiring lock "cinder-quobyte-da444140-7124-4730-ac94-112b3a59049d" by "delete_volume" {{(pid=87207) __acquire /opt/stack/cinder/cinder/coordination.py:138}}
Jul 06 20:45:07 devstack cinder-volume[87207]: DEBUG cinder.coordination [None req-e035ef19-511d-4171-a00c-2dcb85c8aeeb tempest-ServerRescueNegativeTestJSON-2110522466 None] Lock "cinder-quobyte-da444140-7124-4730-ac94-112b3a59049d" acquired by "delete_volume" :: waited 0.025s {{(pid=87207) __acquire /opt/stack/cinder/cinder/coordination.py:141}}
Jul 06 20:45:07 devstack cinder-volume[87207]: DEBUG oslo.privsep.daemon [-] privsep: reply[01d53c35-ed6a-4d9d-bdb2-009a38ca73cc]: (4, 'qcow2') {{(pid=88368) _call_back /opt/stack/data/venv/lib/python3.12/site-packages/oslo_privsep/daemon.py:580}}
Jul 06 20:45:07 devstack cinder-volume[87207]: DEBUG oslo_concurrency.processutils [None req-e035ef19-511d-4171-a00c-2dcb85c8aeeb tempest-ServerRescueNegativeTestJSON-2110522466 None] Running cmd (subprocess): /opt/stack/data/venv/bin/python3.12 -m oslo_concurrency.prlimit --as=1073741824 --cpu=60 -- sudo cinder-rootwrap /etc/cinder/rootwrap.conf env LC_ALL=C qemu-img info -f qcow2 --output=json --force-share /opt/stack/data/cinder/mnt/8be5be4513ebc597f9b7a0bd7f3f3beb/volume-da444140-7124-4730-ac94-112b3a59049d {{(pid=87207) execute /opt/stack/data/venv/lib/python3.12/site-packages/oslo_concurrency/processutils.py:440}}
Jul 06 20:45:08 devstack sudo[89042]: quobyte : PWD=/ ; USER=root ; COMMAND=/opt/stack/data/venv/bin/cinder-rootwrap /etc/cinder/rootwrap.conf env LC_ALL=C qemu-img info -f qcow2 --output=json --force-share /opt/stack/data/cinder/mnt/8be5be4513ebc597f9b7a0bd7f3f3beb/volume-da444140-7124-4730-ac94-112b3a59049d
Jul 06 20:45:08 devstack sudo[89042]: pam_unix(sudo:session): session opened for user root(uid=0) by (uid=1000)
Jul 06 20:45:09 devstack sudo[89042]: pam_unix(sudo:session): session closed for user root
Jul 06 20:45:09 devstack cinder-volume[87207]: DEBUG oslo_concurrency.processutils [None req-e035ef19-511d-4171-a00c-2dcb85c8aeeb tempest-ServerRescueNegativeTestJSON-2110522466 None] CMD "/opt/stack/data/venv/bin/python3.12 -m oslo_concurrency.prlimit --as=1073741824 --cpu=60 -- sudo cinder-rootwrap /etc/cinder/rootwrap.conf env LC_ALL=C qemu-img info -f qcow2 --output=json --force-share /opt/stack/data/cinder/mnt/8be5be4513ebc597f9b7a0bd7f3f3beb/volume-da444140-7124-4730-ac94-112b3a59049d" returned: 0 in 1.358s {{(pid=87207) execute /opt/stack/data/venv/lib/python3.12/site-packages/oslo_concurrency/processutils.py:468}}
Jul 06 20:45:09 devstack cinder-volume[87207]: DEBUG oslo_concurrency.processutils [None req-e035ef19-511d-4171-a00c-2dcb85c8aeeb tempest-ServerRescueNegativeTestJSON-2110522466 None] Running cmd (subprocess): sudo cinder-rootwrap /etc/cinder/rootwrap.conf rm -f /opt/stack/data/cinder/mnt/8be5be4513ebc597f9b7a0bd7f3f3beb/volume-da444140-7124-4730-ac94-112b3a59049d {{(pid=87207) execute /opt/stack/data/venv/lib/python3.12/site-packages/oslo_concurrency/processutils.py:440}}
Jul 06 20:45:09 devstack sudo[89040]: pam_unix(sudo:session): session closed for user root
Jul 06 20:45:09 devstack cinder-volume[87207]: DEBUG oslo_concurrency.processutils [req-50a1b372-199e-4a7f-a071-5f755c8772c3 req-9157463e-f641-4fca-ac7e-41c47fce11f2 tempest-VolumesSnapshotsTestJSON-1045829067 None] CMD "sudo cinder-rootwrap /etc/cinder/rootwrap.conf qemu-img create -f qcow2 -o preallocation=metadata /opt/stack/data/cinder/mnt/8be5be4513ebc597f9b7a0bd7f3f3beb/volume-bca9f981-159e-4d6b-8a84-36ce1100c0e1 1073741824" returned: 0 in 1.942s {{(pid=87207) execute /opt/stack/data/venv/lib/python3.12/site-packages/oslo_concurrency/processutils.py:468}}
Jul 06 20:45:09 devstack sudo[89052]: quobyte : PWD=/ ; USER=root ; COMMAND=/opt/stack/data/venv/bin/cinder-rootwrap /etc/cinder/rootwrap.conf rm -f /opt/stack/data/cinder/mnt/8be5be4513ebc597f9b7a0bd7f3f3beb/volume-da444140-7124-4730-ac94-112b3a59049d
Jul 06 20:45:09 devstack sudo[89052]: pam_unix(sudo:session): session opened for user root(uid=0) by (uid=1000)
Jul 06 20:45:09 devstack cinder-volume[87207]: DEBUG oslo_concurrency.processutils [req-50a1b372-199e-4a7f-a071-5f755c8772c3 req-9157463e-f641-4fca-ac7e-41c47fce11f2 tempest-VolumesSnapshotsTestJSON-1045829067 None] Running cmd (subprocess): sudo cinder-rootwrap /etc/cinder/rootwrap.conf chmod ugo+rw /opt/stack/data/cinder/mnt/8be5be4513ebc597f9b7a0bd7f3f3beb/volume-bca9f981-159e-4d6b-8a84-36ce1100c0e1 {{(pid=87207) execute /opt/stack/data/venv/lib/python3.12/site-packages/oslo_concurrency/processutils.py:440}}
Jul 06 20:45:09 devstack sudo[89054]: quobyte : PWD=/ ; USER=root ; COMMAND=/opt/stack/data/venv/bin/cinder-rootwrap /etc/cinder/rootwrap.conf chmod ugo+rw /opt/stack/data/cinder/mnt/8be5be4513ebc597f9b7a0bd7f3f3beb/volume-bca9f981-159e-4d6b-8a84-36ce1100c0e1
Jul 06 20:45:09 devstack sudo[89054]: pam_unix(sudo:session): session opened for user root(uid=0) by (uid=1000)
Jul 06 20:45:10 devstack sudo[89054]: pam_unix(sudo:session): session closed for user root
Jul 06 20:45:10 devstack cinder-volume[87207]: DEBUG oslo_concurrency.processutils [req-50a1b372-199e-4a7f-a071-5f755c8772c3 req-9157463e-f641-4fca-ac7e-41c47fce11f2 tempest-VolumesSnapshotsTestJSON-1045829067 None] CMD "sudo cinder-rootwrap /etc/cinder/rootwrap.conf chmod ugo+rw /opt/stack/data/cinder/mnt/8be5be4513ebc597f9b7a0bd7f3f3beb/volume-bca9f981-159e-4d6b-8a84-36ce1100c0e1" returned: 0 in 0.845s {{(pid=87207) execute /opt/stack/data/venv/lib/python3.12/site-packages/oslo_concurrency/processutils.py:468}}
Jul 06 20:45:10 devstack cinder-volume[87207]: DEBUG cinder.volume.drivers.quobyte [req-50a1b372-199e-4a7f-a071-5f755c8772c3 req-9157463e-f641-4fca-ac7e-41c47fce11f2 tempest-VolumesSnapshotsTestJSON-1045829067 None] <== create_volume: return (2892ms) {'provider_location': 'osci02.corp.quobyte.com/cinder-vol-07a6a206-87fa-46a0-9c0f-0b25dbf24a15'} {{(pid=87207) trace_logging_wrapper /opt/stack/cinder/cinder/volume/volume_utils.py:1522}}
Jul 06 20:45:10 devstack cinder-volume[87207]: DEBUG oslo_concurrency.lockutils [req-50a1b372-199e-4a7f-a071-5f755c8772c3 req-9157463e-f641-4fca-ac7e-41c47fce11f2 tempest-VolumesSnapshotsTestJSON-1045829067 None] Lock "quobyte" "released" by "cinder.volume.drivers.quobyte.QuobyteDriver.create_volume" :: held 2.896s {{(pid=87207) inner /opt/stack/data/venv/lib/python3.12/site-packages/oslo_concurrency/lockutils.py:543}}
Jul 06 20:45:10 devstack cinder-volume[87207]: DEBUG cinder.volume.manager [req-50a1b372-199e-4a7f-a071-5f755c8772c3 req-9157463e-f641-4fca-ac7e-41c47fce11f2 tempest-VolumesSnapshotsTestJSON-1045829067 None] Task 'cinder.volume.flows.manager.create_volume.CreateVolumeFromSpecTask;volume:create' (12474a09-258d-4ffd-a071-98e27227a7b6) transitioned into state 'SUCCESS' from state 'RUNNING' with result '{'status': 'creating', 'volume_name': 'volume-bca9f981-159e-4d6b-8a84-36ce1100c0e1', 'volume_size': 1}' {{(pid=87207) _task_receiver /opt/stack/data/venv/lib/python3.12/site-packages/taskflow/listeners/logging.py:218}}
Jul 06 20:45:10 devstack cinder-volume[87207]: DEBUG cinder.volume.manager [req-50a1b372-199e-4a7f-a071-5f755c8772c3 req-9157463e-f641-4fca-ac7e-41c47fce11f2 tempest-VolumesSnapshotsTestJSON-1045829067 None] Task 'cinder.volume.flows.manager.create_volume.CreateVolumeOnFinishTask;volume:create, create.end' (694207ba-00ac-4319-b54b-b1652792d54e) transitioned into state 'RUNNING' from state 'PENDING' {{(pid=87207) _task_receiver /opt/stack/data/venv/lib/python3.12/site-packages/taskflow/listeners/logging.py:242}}
Jul 06 20:45:10 devstack cinder-volume[87207]: INFO cinder.volume.flows.manager.create_volume [req-50a1b372-199e-4a7f-a071-5f755c8772c3 req-9157463e-f641-4fca-ac7e-41c47fce11f2 tempest-VolumesSnapshotsTestJSON-1045829067 None] Volume volume-bca9f981-159e-4d6b-8a84-36ce1100c0e1 (bca9f981-159e-4d6b-8a84-36ce1100c0e1): created successfully
Jul 06 20:45:10 devstack cinder-volume[87207]: DEBUG cinder.volume.manager [req-50a1b372-199e-4a7f-a071-5f755c8772c3 req-9157463e-f641-4fca-ac7e-41c47fce11f2 tempest-VolumesSnapshotsTestJSON-1045829067 None] Task 'cinder.volume.flows.manager.create_volume.CreateVolumeOnFinishTask;volume:create, create.end' (694207ba-00ac-4319-b54b-b1652792d54e) transitioned into state 'SUCCESS' from state 'RUNNING' with result 'None' {{(pid=87207) _task_receiver /opt/stack/data/venv/lib/python3.12/site-packages/taskflow/listeners/logging.py:218}}
Jul 06 20:45:10 devstack cinder-volume[87207]: DEBUG cinder.volume.manager [req-50a1b372-199e-4a7f-a071-5f755c8772c3 req-9157463e-f641-4fca-ac7e-41c47fce11f2 tempest-VolumesSnapshotsTestJSON-1045829067 None] Flow 'volume_create_manager' (5a7b8723-5691-47f4-b0cd-eb3e16a3a22d) transitioned into state 'SUCCESS' from state 'RUNNING' {{(pid=87207) _flow_receiver /opt/stack/data/venv/lib/python3.12/site-packages/taskflow/listeners/logging.py:160}}
Jul 06 20:45:10 devstack cinder-volume[87207]: INFO cinder.volume.manager [req-50a1b372-199e-4a7f-a071-5f755c8772c3 req-9157463e-f641-4fca-ac7e-41c47fce11f2 tempest-VolumesSnapshotsTestJSON-1045829067 None] Created volume successfully.
Jul 06 20:45:10 devstack sudo[89052]: pam_unix(sudo:session): session closed for user root
Jul 06 20:45:10 devstack cinder-volume[87207]: DEBUG oslo_concurrency.processutils [None req-e035ef19-511d-4171-a00c-2dcb85c8aeeb tempest-ServerRescueNegativeTestJSON-2110522466 None] CMD "sudo cinder-rootwrap /etc/cinder/rootwrap.conf rm -f /opt/stack/data/cinder/mnt/8be5be4513ebc597f9b7a0bd7f3f3beb/volume-da444140-7124-4730-ac94-112b3a59049d" returned: 0 in 1.356s {{(pid=87207) execute /opt/stack/data/venv/lib/python3.12/site-packages/oslo_concurrency/processutils.py:468}}
Jul 06 20:45:10 devstack cinder-volume[87207]: DEBUG cinder.coordination [None req-e035ef19-511d-4171-a00c-2dcb85c8aeeb tempest-ServerRescueNegativeTestJSON-2110522466 None] Lock "cinder-quobyte-da444140-7124-4730-ac94-112b3a59049d" released by "delete_volume" :: held 2.786s {{(pid=87207) __release /opt/stack/cinder/cinder/coordination.py:152}}
Jul 06 20:45:10 devstack cinder-volume[87207]: DEBUG cinder.quota [None req-e035ef19-511d-4171-a00c-2dcb85c8aeeb tempest-ServerRescueNegativeTestJSON-2110522466 None] Created reservations ['84e0e9b7-eabd-4017-9ea3-eee0c7da5e6d', '2260c506-3b51-4250-8e8f-970da971f955', '57d3bc08-ed65-4275-bd16-b83bfe022a2d', 'cc47c8e1-846d-4d71-8d73-c50437bad135'] {{(pid=87207) reserve /opt/stack/cinder/cinder/quota.py:752}}
Jul 06 20:45:10 devstack cinder-volume[87207]: DEBUG oslo_concurrency.lockutils [None req-e035ef19-511d-4171-a00c-2dcb85c8aeeb tempest-ServerRescueNegativeTestJSON-2110522466 None] Acquiring lock "quobyte_ensure" by "cinder.volume.drivers.quobyte.QuobyteDriver._ensure_shares_mounted" {{(pid=87207) inner /opt/stack/data/venv/lib/python3.12/site-packages/oslo_concurrency/lockutils.py:511}}
Jul 06 20:45:10 devstack cinder-volume[87207]: DEBUG oslo_concurrency.lockutils [None req-e035ef19-511d-4171-a00c-2dcb85c8aeeb tempest-ServerRescueNegativeTestJSON-2110522466 None] Lock "quobyte_ensure" acquired by "cinder.volume.drivers.quobyte.QuobyteDriver._ensure_shares_mounted" :: waited 0.001s {{(pid=87207) inner /opt/stack/data/venv/lib/python3.12/site-packages/oslo_concurrency/lockutils.py:524}}
Jul 06 20:45:10 devstack cinder-volume[87207]: DEBUG cinder.volume.drivers.quobyte [None req-e035ef19-511d-4171-a00c-2dcb85c8aeeb tempest-ServerRescueNegativeTestJSON-2110522466 None] Quobyte Volume URL set to: {'osci02.corp.quobyte.com/cinder-vol-07a6a206-87fa-46a0-9c0f-0b25dbf24a15': None} {{(pid=87207) _load_shares_config /opt/stack/cinder/cinder/volume/drivers/quobyte.py:617}}
Jul 06 20:45:10 devstack cinder-volume[87207]: DEBUG cinder.volume.drivers.quobyte [None req-e035ef19-511d-4171-a00c-2dcb85c8aeeb tempest-ServerRescueNegativeTestJSON-2110522466 None] Available shares ['osci02.corp.quobyte.com/cinder-vol-07a6a206-87fa-46a0-9c0f-0b25dbf24a15'] {{(pid=87207) _ensure_shares_mounted /opt/stack/cinder/cinder/volume/drivers/quobyte.py:647}}
Jul 06 20:45:10 devstack cinder-volume[87207]: DEBUG oslo_concurrency.lockutils [None req-e035ef19-511d-4171-a00c-2dcb85c8aeeb tempest-ServerRescueNegativeTestJSON-2110522466 None] Lock "quobyte_ensure" "released" by "cinder.volume.drivers.quobyte.QuobyteDriver._ensure_shares_mounted" :: held 0.011s {{(pid=87207) inner /opt/stack/data/venv/lib/python3.12/site-packages/oslo_concurrency/lockutils.py:543}}
Jul 06 20:45:10 devstack cinder-volume[87207]: DEBUG oslo_concurrency.processutils [None req-e035ef19-511d-4171-a00c-2dcb85c8aeeb tempest-ServerRescueNegativeTestJSON-2110522466 None] Running cmd (subprocess): sudo cinder-rootwrap /etc/cinder/rootwrap.conf df --portability --block-size 1 /opt/stack/data/cinder/mnt/8be5be4513ebc597f9b7a0bd7f3f3beb {{(pid=87207) execute /opt/stack/data/venv/lib/python3.12/site-packages/oslo_concurrency/processutils.py:440}}
Jul 06 20:45:10 devstack sudo[89059]: quobyte : PWD=/ ; USER=root ; COMMAND=/opt/stack/data/venv/bin/cinder-rootwrap /etc/cinder/rootwrap.conf df --portability --block-size 1 /opt/stack/data/cinder/mnt/8be5be4513ebc597f9b7a0bd7f3f3beb
Jul 06 20:45:10 devstack sudo[89059]: pam_unix(sudo:session): session opened for user root(uid=0) by (uid=1000)
Jul 06 20:45:11 devstack cinder-volume[87207]: DEBUG oslo_concurrency.lockutils [req-55dfe1f9-8643-466f-a38f-ae997d3f8b49 req-90e684cb-acb7-4b1c-9a6e-2762b6bb0555 tempest-VolumesSnapshotsTestJSON-1045829067 None] Acquiring lock "quobyte" by "cinder.volume.drivers.quobyte.QuobyteDriver.create_snapshot" {{(pid=87207) inner /opt/stack/data/venv/lib/python3.12/site-packages/oslo_concurrency/lockutils.py:511}}
Jul 06 20:45:11 devstack cinder-volume[87207]: DEBUG oslo_concurrency.lockutils [req-55dfe1f9-8643-466f-a38f-ae997d3f8b49 req-90e684cb-acb7-4b1c-9a6e-2762b6bb0555 tempest-VolumesSnapshotsTestJSON-1045829067 None] Lock "quobyte" acquired by "cinder.volume.drivers.quobyte.QuobyteDriver.create_snapshot" :: waited 0.001s {{(pid=87207) inner /opt/stack/data/venv/lib/python3.12/site-packages/oslo_concurrency/lockutils.py:524}}
Jul 06 20:45:11 devstack cinder-volume[87207]: DEBUG cinder.volume.drivers.remotefs [req-55dfe1f9-8643-466f-a38f-ae997d3f8b49 req-90e684cb-acb7-4b1c-9a6e-2762b6bb0555 tempest-VolumesSnapshotsTestJSON-1045829067 None] Creating offline snapshot b470d9f1-96d8-4edf-b27c-738757ab393b of volume bca9f981-159e-4d6b-8a84-36ce1100c0e1 {{(pid=87207) _create_snapshot /opt/stack/cinder/cinder/volume/drivers/remotefs.py:1816}}
Jul 06 20:45:11 devstack cinder-volume[87207]: DEBUG oslo.privsep.daemon [-] privsep: reply[6c699b92-d5a3-4490-a1ee-75c882285a68]: (4, 'qcow2') {{(pid=88368) _call_back /opt/stack/data/venv/lib/python3.12/site-packages/oslo_privsep/daemon.py:580}}
Jul 06 20:45:11 devstack cinder-volume[87207]: DEBUG oslo_concurrency.processutils [req-55dfe1f9-8643-466f-a38f-ae997d3f8b49 req-90e684cb-acb7-4b1c-9a6e-2762b6bb0555 tempest-VolumesSnapshotsTestJSON-1045829067 None] Running cmd (subprocess): /opt/stack/data/venv/bin/python3.12 -m oslo_concurrency.prlimit --as=1073741824 --cpu=60 -- sudo cinder-rootwrap /etc/cinder/rootwrap.conf env LC_ALL=C qemu-img info -f qcow2 --output=json --force-share /opt/stack/data/cinder/mnt/8be5be4513ebc597f9b7a0bd7f3f3beb/volume-bca9f981-159e-4d6b-8a84-36ce1100c0e1 {{(pid=87207) execute /opt/stack/data/venv/lib/python3.12/site-packages/oslo_concurrency/processutils.py:440}}
Jul 06 20:45:11 devstack sudo[89059]: pam_unix(sudo:session): session closed for user root
Jul 06 20:45:11 devstack cinder-volume[87207]: DEBUG oslo_concurrency.processutils [None req-e035ef19-511d-4171-a00c-2dcb85c8aeeb tempest-ServerRescueNegativeTestJSON-2110522466 None] CMD "sudo cinder-rootwrap /etc/cinder/rootwrap.conf df --portability --block-size 1 /opt/stack/data/cinder/mnt/8be5be4513ebc597f9b7a0bd7f3f3beb" returned: 0 in 1.053s {{(pid=87207) execute /opt/stack/data/venv/lib/python3.12/site-packages/oslo_concurrency/processutils.py:468}}
Jul 06 20:45:11 devstack cinder-volume[87207]: DEBUG cinder.manager [None req-e035ef19-511d-4171-a00c-2dcb85c8aeeb tempest-ServerRescueNegativeTestJSON-2110522466 None] Notifying Schedulers of capabilities ... {{(pid=87207) _publish_service_capabilities /opt/stack/cinder/cinder/manager.py:219}}
Jul 06 20:45:11 devstack cinder-volume[87207]: INFO cinder.volume.manager [None req-e035ef19-511d-4171-a00c-2dcb85c8aeeb tempest-ServerRescueNegativeTestJSON-2110522466 None] Deleted volume successfully.
Jul 06 20:45:11 devstack sudo[89064]: quobyte : PWD=/ ; USER=root ; COMMAND=/opt/stack/data/venv/bin/cinder-rootwrap /etc/cinder/rootwrap.conf env LC_ALL=C qemu-img info -f qcow2 --output=json --force-share /opt/stack/data/cinder/mnt/8be5be4513ebc597f9b7a0bd7f3f3beb/volume-bca9f981-159e-4d6b-8a84-36ce1100c0e1
Jul 06 20:45:11 devstack sudo[89064]: pam_unix(sudo:session): session opened for user root(uid=0) by (uid=1000)
Jul 06 20:45:11 devstack cinder-volume[87207]: DEBUG cinder.coordination [None req-e035ef19-511d-4171-a00c-2dcb85c8aeeb tempest-ServerRescueNegativeTestJSON-2110522466 None] Lock "cinder-da444140-7124-4730-ac94-112b3a59049d-delete_volume" released by "delete_volume" :: held 4.180s {{(pid=87207) __release /opt/stack/cinder/cinder/coordination.py:152}}
Jul 06 20:45:12 devstack sudo[89064]: pam_unix(sudo:session): session closed for user root
Jul 06 20:45:12 devstack cinder-volume[87207]: DEBUG oslo_concurrency.processutils [req-55dfe1f9-8643-466f-a38f-ae997d3f8b49 req-90e684cb-acb7-4b1c-9a6e-2762b6bb0555 tempest-VolumesSnapshotsTestJSON-1045829067 None] CMD "/opt/stack/data/venv/bin/python3.12 -m oslo_concurrency.prlimit --as=1073741824 --cpu=60 -- sudo cinder-rootwrap /etc/cinder/rootwrap.conf env LC_ALL=C qemu-img info -f qcow2 --output=json --force-share /opt/stack/data/cinder/mnt/8be5be4513ebc597f9b7a0bd7f3f3beb/volume-bca9f981-159e-4d6b-8a84-36ce1100c0e1" returned: 0 in 1.297s {{(pid=87207) execute /opt/stack/data/venv/lib/python3.12/site-packages/oslo_concurrency/processutils.py:468}}
Jul 06 20:45:12 devstack cinder-volume[87207]: DEBUG oslo_concurrency.processutils [req-55dfe1f9-8643-466f-a38f-ae997d3f8b49 req-90e684cb-acb7-4b1c-9a6e-2762b6bb0555 tempest-VolumesSnapshotsTestJSON-1045829067 None] Running cmd (subprocess): sudo cinder-rootwrap /etc/cinder/rootwrap.conf qemu-img create -f qcow2 -o backing_file=/opt/stack/data/cinder/mnt/8be5be4513ebc597f9b7a0bd7f3f3beb/volume-bca9f981-159e-4d6b-8a84-36ce1100c0e1,backing_fmt=qcow2 /opt/stack/data/cinder/mnt/8be5be4513ebc597f9b7a0bd7f3f3beb/volume-bca9f981-159e-4d6b-8a84-36ce1100c0e1.b470d9f1-96d8-4edf-b27c-738757ab393b 1G {{(pid=87207) execute /opt/stack/data/venv/lib/python3.12/site-packages/oslo_concurrency/processutils.py:440}}
Jul 06 20:45:13 devstack sudo[89070]: quobyte : PWD=/ ; USER=root ; COMMAND=/opt/stack/data/venv/bin/cinder-rootwrap /etc/cinder/rootwrap.conf qemu-img create -f qcow2 -o backing_file=/opt/stack/data/cinder/mnt/8be5be4513ebc597f9b7a0bd7f3f3beb/volume-bca9f981-159e-4d6b-8a84-36ce1100c0e1,backing_fmt=qcow2 /opt/stack/data/cinder/mnt/8be5be4513ebc597f9b7a0bd7f3f3beb/volume-bca9f981-159e-4d6b-8a84-36ce1100c0e1.b470d9f1-96d8-4edf-b27c-738757ab393b 1G
Jul 06 20:45:13 devstack sudo[89070]: pam_unix(sudo:session): session opened for user root(uid=0) by (uid=1000)
Jul 06 20:45:14 devstack sudo[89070]: pam_unix(sudo:session): session closed for user root
Jul 06 20:45:14 devstack cinder-volume[87207]: DEBUG oslo_concurrency.processutils [req-55dfe1f9-8643-466f-a38f-ae997d3f8b49 req-90e684cb-acb7-4b1c-9a6e-2762b6bb0555 tempest-VolumesSnapshotsTestJSON-1045829067 None] CMD "sudo cinder-rootwrap /etc/cinder/rootwrap.conf qemu-img create -f qcow2 -o backing_file=/opt/stack/data/cinder/mnt/8be5be4513ebc597f9b7a0bd7f3f3beb/volume-bca9f981-159e-4d6b-8a84-36ce1100c0e1,backing_fmt=qcow2 /opt/stack/data/cinder/mnt/8be5be4513ebc597f9b7a0bd7f3f3beb/volume-bca9f981-159e-4d6b-8a84-36ce1100c0e1.b470d9f1-96d8-4edf-b27c-738757ab393b 1G" returned: 0 in 1.269s {{(pid=87207) execute /opt/stack/data/venv/lib/python3.12/site-packages/oslo_concurrency/processutils.py:468}}
Jul 06 20:45:14 devstack cinder-volume[87207]: DEBUG oslo_concurrency.processutils [req-55dfe1f9-8643-466f-a38f-ae997d3f8b49 req-90e684cb-acb7-4b1c-9a6e-2762b6bb0555 tempest-VolumesSnapshotsTestJSON-1045829067 None] Running cmd (subprocess): sudo cinder-rootwrap /etc/cinder/rootwrap.conf qemu-img rebase -u -b volume-bca9f981-159e-4d6b-8a84-36ce1100c0e1 -F qcow2 /opt/stack/data/cinder/mnt/8be5be4513ebc597f9b7a0bd7f3f3beb/volume-bca9f981-159e-4d6b-8a84-36ce1100c0e1.b470d9f1-96d8-4edf-b27c-738757ab393b {{(pid=87207) execute /opt/stack/data/venv/lib/python3.12/site-packages/oslo_concurrency/processutils.py:440}}
Jul 06 20:45:14 devstack sudo[89098]: quobyte : PWD=/ ; USER=root ; COMMAND=/opt/stack/data/venv/bin/cinder-rootwrap /etc/cinder/rootwrap.conf qemu-img rebase -u -b volume-bca9f981-159e-4d6b-8a84-36ce1100c0e1 -F qcow2 /opt/stack/data/cinder/mnt/8be5be4513ebc597f9b7a0bd7f3f3beb/volume-bca9f981-159e-4d6b-8a84-36ce1100c0e1.b470d9f1-96d8-4edf-b27c-738757ab393b
Jul 06 20:45:14 devstack sudo[89098]: pam_unix(sudo:session): session opened for user root(uid=0) by (uid=1000)
Jul 06 20:45:15 devstack sudo[89098]: pam_unix(sudo:session): session closed for user root
Jul 06 20:45:15 devstack cinder-volume[87207]: DEBUG oslo_concurrency.processutils [req-55dfe1f9-8643-466f-a38f-ae997d3f8b49 req-90e684cb-acb7-4b1c-9a6e-2762b6bb0555 tempest-VolumesSnapshotsTestJSON-1045829067 None] CMD "sudo cinder-rootwrap /etc/cinder/rootwrap.conf qemu-img rebase -u -b volume-bca9f981-159e-4d6b-8a84-36ce1100c0e1 -F qcow2 /opt/stack/data/cinder/mnt/8be5be4513ebc597f9b7a0bd7f3f3beb/volume-bca9f981-159e-4d6b-8a84-36ce1100c0e1.b470d9f1-96d8-4edf-b27c-738757ab393b" returned: 0 in 1.511s {{(pid=87207) execute /opt/stack/data/venv/lib/python3.12/site-packages/oslo_concurrency/processutils.py:468}}
Jul 06 20:45:15 devstack cinder-volume[87207]: WARNING cinder.volume.drivers.remotefs [req-55dfe1f9-8643-466f-a38f-ae997d3f8b49 req-90e684cb-acb7-4b1c-9a6e-2762b6bb0555 tempest-VolumesSnapshotsTestJSON-1045829067 None] /opt/stack/data/cinder/mnt/8be5be4513ebc597f9b7a0bd7f3f3beb/volume-bca9f981-159e-4d6b-8a84-36ce1100c0e1.b470d9f1-96d8-4edf-b27c-738757ab393b is being set with open permissions: ugo+rw
Jul 06 20:45:15 devstack cinder-volume[87207]: DEBUG oslo_concurrency.processutils [req-55dfe1f9-8643-466f-a38f-ae997d3f8b49 req-90e684cb-acb7-4b1c-9a6e-2762b6bb0555 tempest-VolumesSnapshotsTestJSON-1045829067 None] Running cmd (subprocess): sudo cinder-rootwrap /etc/cinder/rootwrap.conf chmod ugo+rw /opt/stack/data/cinder/mnt/8be5be4513ebc597f9b7a0bd7f3f3beb/volume-bca9f981-159e-4d6b-8a84-36ce1100c0e1.b470d9f1-96d8-4edf-b27c-738757ab393b {{(pid=87207) execute /opt/stack/data/venv/lib/python3.12/site-packages/oslo_concurrency/processutils.py:440}}
Jul 06 20:45:15 devstack sudo[89134]: quobyte : PWD=/ ; USER=root ; COMMAND=/opt/stack/data/venv/bin/cinder-rootwrap /etc/cinder/rootwrap.conf chmod ugo+rw /opt/stack/data/cinder/mnt/8be5be4513ebc597f9b7a0bd7f3f3beb/volume-bca9f981-159e-4d6b-8a84-36ce1100c0e1.b470d9f1-96d8-4edf-b27c-738757ab393b
Jul 06 20:45:15 devstack sudo[89134]: pam_unix(sudo:session): session opened for user root(uid=0) by (uid=1000)
Jul 06 20:45:17 devstack sudo[89134]: pam_unix(sudo:session): session closed for user root
Jul 06 20:45:17 devstack cinder-volume[87207]: DEBUG oslo_concurrency.processutils [req-55dfe1f9-8643-466f-a38f-ae997d3f8b49 req-90e684cb-acb7-4b1c-9a6e-2762b6bb0555 tempest-VolumesSnapshotsTestJSON-1045829067 None] CMD "sudo cinder-rootwrap /etc/cinder/rootwrap.conf chmod ugo+rw /opt/stack/data/cinder/mnt/8be5be4513ebc597f9b7a0bd7f3f3beb/volume-bca9f981-159e-4d6b-8a84-36ce1100c0e1.b470d9f1-96d8-4edf-b27c-738757ab393b" returned: 0 in 1.348s {{(pid=87207) execute /opt/stack/data/venv/lib/python3.12/site-packages/oslo_concurrency/processutils.py:468}}
Jul 06 20:45:17 devstack cinder-volume[87207]: DEBUG oslo_concurrency.processutils [req-55dfe1f9-8643-466f-a38f-ae997d3f8b49 req-90e684cb-acb7-4b1c-9a6e-2762b6bb0555 tempest-VolumesSnapshotsTestJSON-1045829067 None] Running cmd (subprocess): sudo cinder-rootwrap /etc/cinder/rootwrap.conf truncate -s0 /opt/stack/data/cinder/mnt/8be5be4513ebc597f9b7a0bd7f3f3beb/volume-bca9f981-159e-4d6b-8a84-36ce1100c0e1.info {{(pid=87207) execute /opt/stack/data/venv/lib/python3.12/site-packages/oslo_concurrency/processutils.py:440}}
Jul 06 20:45:17 devstack sudo[89162]: quobyte : PWD=/ ; USER=root ; COMMAND=/opt/stack/data/venv/bin/cinder-rootwrap /etc/cinder/rootwrap.conf truncate -s0 /opt/stack/data/cinder/mnt/8be5be4513ebc597f9b7a0bd7f3f3beb/volume-bca9f981-159e-4d6b-8a84-36ce1100c0e1.info
Jul 06 20:45:17 devstack sudo[89162]: pam_unix(sudo:session): session opened for user root(uid=0) by (uid=1000)
Jul 06 20:45:18 devstack sudo[89162]: pam_unix(sudo:session): session closed for user root
Jul 06 20:45:18 devstack cinder-volume[87207]: DEBUG oslo_concurrency.processutils [req-55dfe1f9-8643-466f-a38f-ae997d3f8b49 req-90e684cb-acb7-4b1c-9a6e-2762b6bb0555 tempest-VolumesSnapshotsTestJSON-1045829067 None] CMD "sudo cinder-rootwrap /etc/cinder/rootwrap.conf truncate -s0 /opt/stack/data/cinder/mnt/8be5be4513ebc597f9b7a0bd7f3f3beb/volume-bca9f981-159e-4d6b-8a84-36ce1100c0e1.info" returned: 0 in 0.975s {{(pid=87207) execute /opt/stack/data/venv/lib/python3.12/site-packages/oslo_concurrency/processutils.py:468}}
Jul 06 20:45:18 devstack cinder-volume[87207]: WARNING cinder.volume.drivers.remotefs [req-55dfe1f9-8643-466f-a38f-ae997d3f8b49 req-90e684cb-acb7-4b1c-9a6e-2762b6bb0555 tempest-VolumesSnapshotsTestJSON-1045829067 None] /opt/stack/data/cinder/mnt/8be5be4513ebc597f9b7a0bd7f3f3beb/volume-bca9f981-159e-4d6b-8a84-36ce1100c0e1.info is being set with open permissions: ugo+rw
Jul 06 20:45:18 devstack cinder-volume[87207]: DEBUG oslo_concurrency.processutils [req-55dfe1f9-8643-466f-a38f-ae997d3f8b49 req-90e684cb-acb7-4b1c-9a6e-2762b6bb0555 tempest-VolumesSnapshotsTestJSON-1045829067 None] Running cmd (subprocess): sudo cinder-rootwrap /etc/cinder/rootwrap.conf chmod ugo+rw /opt/stack/data/cinder/mnt/8be5be4513ebc597f9b7a0bd7f3f3beb/volume-bca9f981-159e-4d6b-8a84-36ce1100c0e1.info {{(pid=87207) execute /opt/stack/data/venv/lib/python3.12/site-packages/oslo_concurrency/processutils.py:440}}
Jul 06 20:45:18 devstack sudo[89167]: quobyte : PWD=/ ; USER=root ; COMMAND=/opt/stack/data/venv/bin/cinder-rootwrap /etc/cinder/rootwrap.conf chmod ugo+rw /opt/stack/data/cinder/mnt/8be5be4513ebc597f9b7a0bd7f3f3beb/volume-bca9f981-159e-4d6b-8a84-36ce1100c0e1.info
Jul 06 20:45:18 devstack sudo[89167]: pam_unix(sudo:session): session opened for user root(uid=0) by (uid=1000)
Jul 06 20:45:19 devstack sudo[89167]: pam_unix(sudo:session): session closed for user root
Jul 06 20:45:19 devstack cinder-volume[87207]: DEBUG oslo_concurrency.processutils [req-55dfe1f9-8643-466f-a38f-ae997d3f8b49 req-90e684cb-acb7-4b1c-9a6e-2762b6bb0555 tempest-VolumesSnapshotsTestJSON-1045829067 None] CMD "sudo cinder-rootwrap /etc/cinder/rootwrap.conf chmod ugo+rw /opt/stack/data/cinder/mnt/8be5be4513ebc597f9b7a0bd7f3f3beb/volume-bca9f981-159e-4d6b-8a84-36ce1100c0e1.info" returned: 0 in 0.886s {{(pid=87207) execute /opt/stack/data/venv/lib/python3.12/site-packages/oslo_concurrency/processutils.py:468}}
Jul 06 20:45:19 devstack cinder-volume[87207]: DEBUG oslo_concurrency.lockutils [req-55dfe1f9-8643-466f-a38f-ae997d3f8b49 req-90e684cb-acb7-4b1c-9a6e-2762b6bb0555 tempest-VolumesSnapshotsTestJSON-1045829067 None] Lock "quobyte" "released" by "cinder.volume.drivers.quobyte.QuobyteDriver.create_snapshot" :: held 7.453s {{(pid=87207) inner /opt/stack/data/venv/lib/python3.12/site-packages/oslo_concurrency/lockutils.py:543}}
Jul 06 20:45:19 devstack cinder-volume[87207]: INFO cinder.volume.manager [req-55dfe1f9-8643-466f-a38f-ae997d3f8b49 req-90e684cb-acb7-4b1c-9a6e-2762b6bb0555 tempest-VolumesSnapshotsTestJSON-1045829067 None] Create snapshot completed successfully
Jul 06 20:45:20 devstack cinder-volume[87207]: DEBUG cinder.coordination [req-22ac1825-5cb3-448c-9cf8-378b5d1f13bb req-67999c6c-cdec-4871-b826-0e0f3e76f357 tempest-VolumesSnapshotsTestJSON-1045829067 None] Acquiring lock "cinder-b470d9f1-96d8-4edf-b27c-738757ab393b-delete_snapshot" by "delete_snapshot" {{(pid=87207) __acquire /opt/stack/cinder/cinder/coordination.py:138}}
Jul 06 20:45:20 devstack cinder-volume[87207]: DEBUG cinder.coordination [req-22ac1825-5cb3-448c-9cf8-378b5d1f13bb req-67999c6c-cdec-4871-b826-0e0f3e76f357 tempest-VolumesSnapshotsTestJSON-1045829067 None] Lock "cinder-b470d9f1-96d8-4edf-b27c-738757ab393b-delete_snapshot" acquired by "delete_snapshot" :: waited 0.022s {{(pid=87207) __acquire /opt/stack/cinder/cinder/coordination.py:141}}
Jul 06 20:45:20 devstack cinder-volume[87207]: DEBUG cinder.coordination [req-22ac1825-5cb3-448c-9cf8-378b5d1f13bb req-67999c6c-cdec-4871-b826-0e0f3e76f357 tempest-VolumesSnapshotsTestJSON-1045829067 None] Acquiring lock "cinder-quobyte-bca9f981-159e-4d6b-8a84-36ce1100c0e1" by "delete_snapshot" {{(pid=87207) __acquire /opt/stack/cinder/cinder/coordination.py:138}}
Jul 06 20:45:20 devstack cinder-volume[87207]: DEBUG cinder.coordination [req-22ac1825-5cb3-448c-9cf8-378b5d1f13bb req-67999c6c-cdec-4871-b826-0e0f3e76f357 tempest-VolumesSnapshotsTestJSON-1045829067 None] Lock "cinder-quobyte-bca9f981-159e-4d6b-8a84-36ce1100c0e1" acquired by "delete_snapshot" :: waited 0.022s {{(pid=87207) __acquire /opt/stack/cinder/cinder/coordination.py:141}}
Jul 06 20:45:20 devstack cinder-volume[87207]: DEBUG cinder.coordination [req-22ac1825-5cb3-448c-9cf8-378b5d1f13bb req-67999c6c-cdec-4871-b826-0e0f3e76f357 tempest-VolumesSnapshotsTestJSON-1045829067 None] Acquiring lock "cinder-quobyte-b470d9f1-96d8-4edf-b27c-738757ab393b" by "_delete_snapshot" {{(pid=87207) __acquire /opt/stack/cinder/cinder/coordination.py:138}}
Jul 06 20:45:20 devstack cinder-volume[87207]: DEBUG cinder.coordination [req-22ac1825-5cb3-448c-9cf8-378b5d1f13bb req-67999c6c-cdec-4871-b826-0e0f3e76f357 tempest-VolumesSnapshotsTestJSON-1045829067 None] Lock "cinder-quobyte-b470d9f1-96d8-4edf-b27c-738757ab393b" acquired by "_delete_snapshot" :: waited 0.023s {{(pid=87207) __acquire /opt/stack/cinder/cinder/coordination.py:141}}
Jul 06 20:45:20 devstack cinder-volume[87207]: DEBUG cinder.volume.drivers.remotefs [req-22ac1825-5cb3-448c-9cf8-378b5d1f13bb req-67999c6c-cdec-4871-b826-0e0f3e76f357 tempest-VolumesSnapshotsTestJSON-1045829067 None] Deleting offline snapshot b470d9f1-96d8-4edf-b27c-738757ab393b of volume bca9f981-159e-4d6b-8a84-36ce1100c0e1 {{(pid=87207) _delete_snapshot /opt/stack/cinder/cinder/volume/drivers/remotefs.py:1288}}
Jul 06 20:45:20 devstack cinder-volume[87207]: DEBUG cinder.volume.drivers.remotefs [req-22ac1825-5cb3-448c-9cf8-378b5d1f13bb req-67999c6c-cdec-4871-b826-0e0f3e76f357 tempest-VolumesSnapshotsTestJSON-1045829067 None] snapshot_file for this snap is: volume-bca9f981-159e-4d6b-8a84-36ce1100c0e1.b470d9f1-96d8-4edf-b27c-738757ab393b {{(pid=87207) _delete_snapshot /opt/stack/cinder/cinder/volume/drivers/remotefs.py:1317}}
Jul 06 20:45:20 devstack cinder-volume[87207]: DEBUG oslo.privsep.daemon [-] privsep: reply[6221d124-4a72-445a-8152-e879a0b43e01]: (4, 'qcow2') {{(pid=88368) _call_back /opt/stack/data/venv/lib/python3.12/site-packages/oslo_privsep/daemon.py:580}}
