Apr 27 10:06:34 devstack cinder-volume[81350]: DEBUG cinder.volume.drivers.quobyte [None req-191cedb0-97fe-4fac-ae50-46b998083692 tempest-VolumesCloneTest-1415444166 None] Available shares ['osci02.corp.quobyte.com/cinder-vol-03ac2fa0-723e-494d-aa71-5920eef41bc4'] {{(pid=81350) _ensure_shares_mounted /opt/stack/cinder/cinder/volume/drivers/quobyte.py:647}}
Apr 27 10:06:34 devstack cinder-volume[81350]: DEBUG oslo_concurrency.lockutils [None req-191cedb0-97fe-4fac-ae50-46b998083692 tempest-VolumesCloneTest-1415444166 None] Lock "quobyte_ensure" "released" by "cinder.volume.drivers.quobyte.QuobyteDriver._ensure_shares_mounted" :: held 0.006s {{(pid=81350) inner /opt/stack/data/venv/lib/python3.10/site-packages/oslo_concurrency/lockutils.py:538}}
Apr 27 10:06:34 devstack cinder-volume[81350]: DEBUG oslo.privsep.daemon [-] privsep: reply[32a2244e-b8b4-4c33-8454-9078b42eab5c]: (4, 'qcow2') {{(pid=82279) _call_back /opt/stack/data/venv/lib/python3.10/site-packages/oslo_privsep/daemon.py:573}}
Apr 27 10:06:34 devstack cinder-volume[81350]: DEBUG oslo_concurrency.processutils [None req-191cedb0-97fe-4fac-ae50-46b998083692 tempest-VolumesCloneTest-1415444166 None] Running cmd (subprocess): /opt/stack/data/venv/bin/python3.10 -m oslo_concurrency.prlimit --as=1073741824 --cpu=60 -- sudo cinder-rootwrap /etc/cinder/rootwrap.conf env LC_ALL=C qemu-img info -f qcow2 --output=json --force-share /opt/stack/data/cinder/mnt/46d1430f5ca3d2271c6b4894fc68694c/volume-7dba418b-4a2c-45ce-a046-99727aeb653f.2a284ffc-c6be-4453-8668-f3a1667a89b5 {{(pid=81350) execute /opt/stack/data/venv/lib/python3.10/site-packages/oslo_concurrency/processutils.py:440}}
Apr 27 10:06:34 devstack sudo[83643]: quobyte : PWD=/ ; USER=root ; COMMAND=/opt/stack/data/venv/bin/cinder-rootwrap /etc/cinder/rootwrap.conf env LC_ALL=C qemu-img info -f qcow2 --output=json --force-share /opt/stack/data/cinder/mnt/46d1430f5ca3d2271c6b4894fc68694c/volume-7dba418b-4a2c-45ce-a046-99727aeb653f.2a284ffc-c6be-4453-8668-f3a1667a89b5
Apr 27 10:06:34 devstack sudo[83643]: pam_unix(sudo:session): session opened for user root(uid=0) by (uid=1000)
Apr 27 10:06:35 devstack sudo[83643]: pam_unix(sudo:session): session closed for user root
Apr 27 10:06:35 devstack cinder-volume[81350]: DEBUG oslo_concurrency.processutils [None req-191cedb0-97fe-4fac-ae50-46b998083692 tempest-VolumesCloneTest-1415444166 None] CMD "/opt/stack/data/venv/bin/python3.10 -m oslo_concurrency.prlimit --as=1073741824 --cpu=60 -- sudo cinder-rootwrap /etc/cinder/rootwrap.conf env LC_ALL=C qemu-img info -f qcow2 --output=json --force-share /opt/stack/data/cinder/mnt/46d1430f5ca3d2271c6b4894fc68694c/volume-7dba418b-4a2c-45ce-a046-99727aeb653f.2a284ffc-c6be-4453-8668-f3a1667a89b5" returned: 0 in 0.978s {{(pid=81350) execute /opt/stack/data/venv/lib/python3.10/site-packages/oslo_concurrency/processutils.py:468}}
Apr 27 10:06:35 devstack cinder-volume[81350]: DEBUG cinder.volume.drivers.remotefs [None req-191cedb0-97fe-4fac-ae50-46b998083692 tempest-VolumesCloneTest-1415444166 None] Fetching qemu-img info with special backing_file_template: (/opt/stack/data/cinder/mnt/[0-9a-f]+/)?(volume-7dba418b-4a2c-45ce-a046-99727aeb653f(.(tmp-snap-)?[0-9a-f-]+)?|volume_from_snapshot_cache/(tmp-snap-)?[0-9a-f-]+(.(child-|parent-)[0-9a-f-]+)?)$ {{(pid=81350) _qemu_img_info_base /opt/stack/cinder/cinder/volume/drivers/remotefs.py:896}}
Apr 27 10:06:35 devstack cinder-volume[81350]: DEBUG cinder.volume.drivers.quobyte [None req-191cedb0-97fe-4fac-ae50-46b998083692 tempest-VolumesCloneTest-1415444166 None] will copy from snapshot at /opt/stack/data/cinder/mnt/46d1430f5ca3d2271c6b4894fc68694c/volume-7dba418b-4a2c-45ce-a046-99727aeb653f {{(pid=81350) _copy_volume_from_snapshot /opt/stack/cinder/cinder/volume/drivers/quobyte.py:420}}
Apr 27 10:06:35 devstack cinder-volume[81350]: DEBUG cinder.volume.drivers.quobyte [None req-191cedb0-97fe-4fac-ae50-46b998083692 tempest-VolumesCloneTest-1415444166 None] Creating direct copy from snapshot {{(pid=81350) _copy_volume_from_snapshot /opt/stack/cinder/cinder/volume/drivers/quobyte.py:428}}
Apr 27 10:06:35 devstack cinder-volume[81350]: DEBUG oslo.privsep.daemon [-] privsep: reply[902b01fb-e6ed-4013-89bf-676827d791e1]: (4, 'qcow2') {{(pid=82279) _call_back /opt/stack/data/venv/lib/python3.10/site-packages/oslo_privsep/daemon.py:573}}
Apr 27 10:06:35 devstack cinder-volume[81350]: DEBUG oslo_concurrency.processutils [None req-191cedb0-97fe-4fac-ae50-46b998083692 tempest-VolumesCloneTest-1415444166 None] Running cmd (subprocess): /opt/stack/data/venv/bin/python3.10 -m oslo_concurrency.prlimit --as=1073741824 --cpu=60 -- sudo cinder-rootwrap /etc/cinder/rootwrap.conf env LC_ALL=C qemu-img info -f qcow2 --output=json /opt/stack/data/cinder/mnt/46d1430f5ca3d2271c6b4894fc68694c/volume-7dba418b-4a2c-45ce-a046-99727aeb653f {{(pid=81350) execute /opt/stack/data/venv/lib/python3.10/site-packages/oslo_concurrency/processutils.py:440}}
Apr 27 10:06:35 devstack sudo[83663]: quobyte : PWD=/ ; USER=root ; COMMAND=/opt/stack/data/venv/bin/cinder-rootwrap /etc/cinder/rootwrap.conf env LC_ALL=C qemu-img info -f qcow2 --output=json /opt/stack/data/cinder/mnt/46d1430f5ca3d2271c6b4894fc68694c/volume-7dba418b-4a2c-45ce-a046-99727aeb653f
Apr 27 10:06:35 devstack sudo[83663]: pam_unix(sudo:session): session opened for user root(uid=0) by (uid=1000)
Apr 27 10:06:37 devstack sudo[83663]: pam_unix(sudo:session): session closed for user root
Apr 27 10:06:37 devstack cinder-volume[81350]: DEBUG oslo_concurrency.processutils [None req-191cedb0-97fe-4fac-ae50-46b998083692 tempest-VolumesCloneTest-1415444166 None] CMD "/opt/stack/data/venv/bin/python3.10 -m oslo_concurrency.prlimit --as=1073741824 --cpu=60 -- sudo cinder-rootwrap /etc/cinder/rootwrap.conf env LC_ALL=C qemu-img info -f qcow2 --output=json /opt/stack/data/cinder/mnt/46d1430f5ca3d2271c6b4894fc68694c/volume-7dba418b-4a2c-45ce-a046-99727aeb653f" returned: 0 in 1.971s {{(pid=81350) execute /opt/stack/data/venv/lib/python3.10/site-packages/oslo_concurrency/processutils.py:468}}
Apr 27 10:06:37 devstack cinder-volume[81350]: DEBUG cinder.utils [None req-191cedb0-97fe-4fac-ae50-46b998083692 tempest-VolumesCloneTest-1415444166 None] Path /opt/stack/data/cinder/mnt/46d1430f5ca3d2271c6b4894fc68694c/volume-a2d1fba1-2b46-42a8-9ed5-4a602f5708ec not found in is_blk_device check {{(pid=81350) is_blk_device /opt/stack/cinder/cinder/utils.py:602}}
Apr 27 10:06:37 devstack cinder-volume[81350]: DEBUG oslo_concurrency.processutils [None req-191cedb0-97fe-4fac-ae50-46b998083692 tempest-VolumesCloneTest-1415444166 None] Running cmd (subprocess): sudo cinder-rootwrap /etc/cinder/rootwrap.conf qemu-img convert -O qcow2 /opt/stack/data/cinder/mnt/46d1430f5ca3d2271c6b4894fc68694c/volume-7dba418b-4a2c-45ce-a046-99727aeb653f /opt/stack/data/cinder/mnt/46d1430f5ca3d2271c6b4894fc68694c/volume-a2d1fba1-2b46-42a8-9ed5-4a602f5708ec {{(pid=81350) execute /opt/stack/data/venv/lib/python3.10/site-packages/oslo_concurrency/processutils.py:440}}
Apr 27 10:06:37 devstack sudo[83690]: quobyte : PWD=/ ; USER=root ; COMMAND=/opt/stack/data/venv/bin/cinder-rootwrap /etc/cinder/rootwrap.conf qemu-img convert -O qcow2 /opt/stack/data/cinder/mnt/46d1430f5ca3d2271c6b4894fc68694c/volume-7dba418b-4a2c-45ce-a046-99727aeb653f /opt/stack/data/cinder/mnt/46d1430f5ca3d2271c6b4894fc68694c/volume-a2d1fba1-2b46-42a8-9ed5-4a602f5708ec
Apr 27 10:06:37 devstack sudo[83690]: pam_unix(sudo:session): session opened for user root(uid=0) by (uid=1000)
Apr 27 10:06:42 devstack cinder-volume[81350]: DEBUG dbcounter [-] [81350] Writing DB stats cinder:SELECT=33,cinder:UPDATE=52,cinder:INSERT=9,cinder:DELETE=2 {{(pid=81350) stat_writer /opt/stack/data/venv/lib/python3.10/site-packages/dbcounter.py:115}}
Apr 27 10:06:42 devstack cinder-volume[81350]: DEBUG dbcounter [-] [81350] Writing DB stats cinder:SELECT=19,cinder:INSERT=12,cinder:UPDATE=21,cinder:DELETE=3 {{(pid=81350) stat_writer /opt/stack/data/venv/lib/python3.10/site-packages/dbcounter.py:115}}
Apr 27 10:06:45 devstack cinder-volume[81350]: DEBUG cinder.volume.flows.manager.create_volume [None req-185524c0-b1f5-49a7-93f3-d92777e7a41b tempest-ServerRescueNegativeTestJSON-1281626689 None] Volume reschedule parameters: True retry: {'num_attempts': 1, 'backends': ['devstack@QuobyteHD#QuobyteHD'], 'hosts': ['devstack@QuobyteHD#QuobyteHD']} {{(pid=81350) get_flow /opt/stack/cinder/cinder/volume/flows/manager/create_volume.py:1395}}
Apr 27 10:06:46 devstack cinder-volume[81350]: DEBUG cinder.volume.manager [None req-185524c0-b1f5-49a7-93f3-d92777e7a41b tempest-ServerRescueNegativeTestJSON-1281626689 None] Flow 'volume_create_manager' (b919b6f4-6960-4241-ae13-e23b4916993f) transitioned into state 'RUNNING' from state 'PENDING' {{(pid=81350) _flow_receiver /opt/stack/data/venv/lib/python3.10/site-packages/taskflow/listeners/logging.py:145}}
Apr 27 10:06:46 devstack cinder-volume[81350]: DEBUG cinder.volume.manager [None req-185524c0-b1f5-49a7-93f3-d92777e7a41b tempest-ServerRescueNegativeTestJSON-1281626689 None] Task 'cinder.volume.flows.manager.create_volume.ExtractVolumeRefTask;volume:create' (34dedc9e-5d8f-47c3-9a2b-bf2fd1d556b2) transitioned into state 'RUNNING' from state 'PENDING' {{(pid=81350) _task_receiver /opt/stack/data/venv/lib/python3.10/site-packages/taskflow/listeners/logging.py:194}}
Apr 27 10:06:46 devstack cinder-volume[81350]: DEBUG cinder.volume.manager [None req-185524c0-b1f5-49a7-93f3-d92777e7a41b tempest-ServerRescueNegativeTestJSON-1281626689 None] Task 'cinder.volume.flows.manager.create_volume.ExtractVolumeRefTask;volume:create' (34dedc9e-5d8f-47c3-9a2b-bf2fd1d556b2) transitioned into state 'SUCCESS' from state 'RUNNING' with result 'Volume(_name_id=None,admin_metadata=,attach_status='detached',availability_zone='nova',bootable=False,cluster=,cluster_name=None,consistencygroup=,consistencygroup_id=None,created_at=2026-04-27T08:06:45Z,deleted=False,deleted_at=None,display_description=None,display_name='tempest-ServerRescueNegativeTestJSON-volume-2107192924',ec2_id=None,encryption_key_id=None,glance_metadata=,group=,group_id=None,host='devstack@QuobyteHD#QuobyteHD',id=1caeff10-d51b-4bd7-9c36-a511a29c9182,launched_at=None,metadata={},migration_status=None,multiattach=False,previous_status=None,project_id='63ed840455e746eb85bddb5330602bb4',provider_auth=None,provider_geometry=None,provider_id=None,provider_location=None,replication_driver_data=None,replication_extended_status=None,replication_status=None,scheduled_at=2026-04-27T08:06:46Z,service_uuid=None,shared_targets=True,size=1,snapshot_id=None,snapshots=,source_volid=None,status='creating',terminated_at=None,updated_at=2026-04-27T08:06:46Z,use_quota=True,user_id='f8c4f92fc09341c3a44c4b13ccc08d1d',volume_attachment=VolumeAttachmentList,volume_type=VolumeType(febc605f-a017-4522-a03e-8d75411afc2f),volume_type_id=febc605f-a017-4522-a03e-8d75411afc2f)' {{(pid=81350) _task_receiver /opt/stack/data/venv/lib/python3.10/site-packages/taskflow/listeners/logging.py:182}}
Apr 27 10:06:46 devstack cinder-volume[81350]: DEBUG cinder.volume.manager [None req-185524c0-b1f5-49a7-93f3-d92777e7a41b tempest-ServerRescueNegativeTestJSON-1281626689 None] Task 'cinder.volume.flows.manager.create_volume.OnFailureRescheduleTask;volume:create' (7b62213e-8a4e-48ef-83df-75e6db355221) transitioned into state 'RUNNING' from state 'PENDING' {{(pid=81350) _task_receiver /opt/stack/data/venv/lib/python3.10/site-packages/taskflow/listeners/logging.py:194}}
Apr 27 10:06:46 devstack cinder-volume[81350]: DEBUG cinder.volume.manager [None req-185524c0-b1f5-49a7-93f3-d92777e7a41b tempest-ServerRescueNegativeTestJSON-1281626689 None] Task 'cinder.volume.flows.manager.create_volume.OnFailureRescheduleTask;volume:create' (7b62213e-8a4e-48ef-83df-75e6db355221) transitioned into state 'SUCCESS' from state 'RUNNING' with result 'None' {{(pid=81350) _task_receiver /opt/stack/data/venv/lib/python3.10/site-packages/taskflow/listeners/logging.py:182}}
Apr 27 10:06:46 devstack cinder-volume[81350]: DEBUG cinder.volume.manager [None req-185524c0-b1f5-49a7-93f3-d92777e7a41b tempest-ServerRescueNegativeTestJSON-1281626689 None] Task 'cinder.volume.flows.manager.create_volume.ExtractVolumeSpecTask;volume:create' (7886cc35-85f3-4a8d-a21f-d34eee16c9d3) transitioned into state 'RUNNING' from state 'PENDING' {{(pid=81350) _task_receiver /opt/stack/data/venv/lib/python3.10/site-packages/taskflow/listeners/logging.py:194}}
Apr 27 10:06:46 devstack cinder-volume[81350]: DEBUG cinder.volume.manager [None req-185524c0-b1f5-49a7-93f3-d92777e7a41b tempest-ServerRescueNegativeTestJSON-1281626689 None] Task 'cinder.volume.flows.manager.create_volume.ExtractVolumeSpecTask;volume:create' (7886cc35-85f3-4a8d-a21f-d34eee16c9d3) transitioned into state 'SUCCESS' from state 'RUNNING' with result '{'status': 'creating', 'type': 'raw', 'volume_id': '1caeff10-d51b-4bd7-9c36-a511a29c9182', 'volume_name': 'volume-1caeff10-d51b-4bd7-9c36-a511a29c9182', 'volume_size': 1}' {{(pid=81350) _task_receiver /opt/stack/data/venv/lib/python3.10/site-packages/taskflow/listeners/logging.py:182}}
Apr 27 10:06:46 devstack cinder-volume[81350]: DEBUG cinder.volume.manager [None req-185524c0-b1f5-49a7-93f3-d92777e7a41b tempest-ServerRescueNegativeTestJSON-1281626689 None] Task 'cinder.volume.flows.manager.create_volume.NotifyVolumeActionTask;volume:create, create.start' (cd05d532-c92b-4e34-b838-bec49ec8a242) transitioned into state 'RUNNING' from state 'PENDING' {{(pid=81350) _task_receiver /opt/stack/data/venv/lib/python3.10/site-packages/taskflow/listeners/logging.py:194}}
Apr 27 10:06:46 devstack cinder-volume[81350]: DEBUG cinder.volume.manager [None req-185524c0-b1f5-49a7-93f3-d92777e7a41b tempest-ServerRescueNegativeTestJSON-1281626689 None] Task 'cinder.volume.flows.manager.create_volume.NotifyVolumeActionTask;volume:create, create.start' (cd05d532-c92b-4e34-b838-bec49ec8a242) transitioned into state 'SUCCESS' from state 'RUNNING' with result 'None' {{(pid=81350) _task_receiver /opt/stack/data/venv/lib/python3.10/site-packages/taskflow/listeners/logging.py:182}}
Apr 27 10:06:46 devstack cinder-volume[81350]: DEBUG cinder.volume.manager [None req-185524c0-b1f5-49a7-93f3-d92777e7a41b tempest-ServerRescueNegativeTestJSON-1281626689 None] Task 'cinder.volume.flows.manager.create_volume.CreateVolumeFromSpecTask;volume:create' (c9a25f00-88ae-43a3-9fe9-1ef3db4f8770) transitioned into state 'RUNNING' from state 'PENDING' {{(pid=81350) _task_receiver /opt/stack/data/venv/lib/python3.10/site-packages/taskflow/listeners/logging.py:194}}
Apr 27 10:06:46 devstack cinder-volume[81350]: INFO cinder.volume.flows.manager.create_volume [None req-185524c0-b1f5-49a7-93f3-d92777e7a41b tempest-ServerRescueNegativeTestJSON-1281626689 None] Volume 1caeff10-d51b-4bd7-9c36-a511a29c9182: being created as raw with specification: {'status': 'creating', 'volume_name': 'volume-1caeff10-d51b-4bd7-9c36-a511a29c9182', 'volume_size': 1}
Apr 27 10:06:46 devstack cinder-volume[81350]: DEBUG oslo_concurrency.lockutils [None req-185524c0-b1f5-49a7-93f3-d92777e7a41b tempest-ServerRescueNegativeTestJSON-1281626689 None] Acquiring lock "quobyte" by "cinder.volume.drivers.quobyte.QuobyteDriver.create_volume" {{(pid=81350) inner /opt/stack/data/venv/lib/python3.10/site-packages/oslo_concurrency/lockutils.py:506}}
Apr 27 10:06:50 devstack sudo[83690]: pam_unix(sudo:session): session closed for user root
Apr 27 10:06:50 devstack cinder-volume[81350]: DEBUG oslo_concurrency.processutils [None req-191cedb0-97fe-4fac-ae50-46b998083692 tempest-VolumesCloneTest-1415444166 None] CMD "sudo cinder-rootwrap /etc/cinder/rootwrap.conf qemu-img convert -O qcow2 /opt/stack/data/cinder/mnt/46d1430f5ca3d2271c6b4894fc68694c/volume-7dba418b-4a2c-45ce-a046-99727aeb653f /opt/stack/data/cinder/mnt/46d1430f5ca3d2271c6b4894fc68694c/volume-a2d1fba1-2b46-42a8-9ed5-4a602f5708ec" returned: 0 in 12.585s {{(pid=81350) execute /opt/stack/data/venv/lib/python3.10/site-packages/oslo_concurrency/processutils.py:468}}
Apr 27 10:06:50 devstack cinder-volume[81350]: DEBUG oslo.privsep.daemon [-] privsep: reply[c68d99f0-cadf-481d-8dab-f59d38864b0b]: (4, 'qcow2') {{(pid=82279) _call_back /opt/stack/data/venv/lib/python3.10/site-packages/oslo_privsep/daemon.py:573}}
Apr 27 10:06:50 devstack cinder-volume[81350]: DEBUG oslo_concurrency.processutils [None req-191cedb0-97fe-4fac-ae50-46b998083692 tempest-VolumesCloneTest-1415444166 None] Running cmd (subprocess): /opt/stack/data/venv/bin/python3.10 -m oslo_concurrency.prlimit --as=1073741824 --cpu=60 -- sudo cinder-rootwrap /etc/cinder/rootwrap.conf env LC_ALL=C qemu-img info -f qcow2 --output=json /opt/stack/data/cinder/mnt/46d1430f5ca3d2271c6b4894fc68694c/volume-7dba418b-4a2c-45ce-a046-99727aeb653f {{(pid=81350) execute /opt/stack/data/venv/lib/python3.10/site-packages/oslo_concurrency/processutils.py:440}}
Apr 27 10:06:50 devstack sudo[83830]: quobyte : PWD=/ ; USER=root ; COMMAND=/opt/stack/data/venv/bin/cinder-rootwrap /etc/cinder/rootwrap.conf env LC_ALL=C qemu-img info -f qcow2 --output=json /opt/stack/data/cinder/mnt/46d1430f5ca3d2271c6b4894fc68694c/volume-7dba418b-4a2c-45ce-a046-99727aeb653f
Apr 27 10:06:50 devstack sudo[83830]: pam_unix(sudo:session): session opened for user root(uid=0) by (uid=1000)
Apr 27 10:06:51 devstack sudo[83830]: pam_unix(sudo:session): session closed for user root
Apr 27 10:06:51 devstack cinder-volume[81350]: DEBUG oslo_concurrency.processutils [None req-191cedb0-97fe-4fac-ae50-46b998083692 tempest-VolumesCloneTest-1415444166 None] CMD "/opt/stack/data/venv/bin/python3.10 -m oslo_concurrency.prlimit --as=1073741824 --cpu=60 -- sudo cinder-rootwrap /etc/cinder/rootwrap.conf env LC_ALL=C qemu-img info -f qcow2 --output=json /opt/stack/data/cinder/mnt/46d1430f5ca3d2271c6b4894fc68694c/volume-7dba418b-4a2c-45ce-a046-99727aeb653f" returned: 0 in 1.460s {{(pid=81350) execute /opt/stack/data/venv/lib/python3.10/site-packages/oslo_concurrency/processutils.py:468}}
Apr 27 10:06:51 devstack cinder-volume[81350]: DEBUG cinder.image.image_utils [None req-191cedb0-97fe-4fac-ae50-46b998083692 tempest-VolumesCloneTest-1415444166 None] Image conversion details: src /opt/stack/data/cinder/mnt/46d1430f5ca3d2271c6b4894fc68694c/volume-7dba418b-4a2c-45ce-a046-99727aeb653f, size 1024.00 MB, duration 12.59 sec, destination /opt/stack/data/cinder/mnt/46d1430f5ca3d2271c6b4894fc68694c/volume-a2d1fba1-2b46-42a8-9ed5-4a602f5708ec {{(pid=81350) _convert_image /opt/stack/cinder/cinder/image/image_utils.py:533}}
Apr 27 10:06:51 devstack cinder-volume[81350]: INFO cinder.image.image_utils [None req-191cedb0-97fe-4fac-ae50-46b998083692 tempest-VolumesCloneTest-1415444166 None] Converted 1024.00 MB image at 81.36 MB/s
Apr 27 10:06:51 devstack cinder-volume[81350]: WARNING cinder.volume.drivers.remotefs [None req-191cedb0-97fe-4fac-ae50-46b998083692 tempest-VolumesCloneTest-1415444166 None] /opt/stack/data/cinder/mnt/46d1430f5ca3d2271c6b4894fc68694c/volume-a2d1fba1-2b46-42a8-9ed5-4a602f5708ec is being set with open permissions: ugo+rw
Apr 27 10:06:51 devstack cinder-volume[81350]: DEBUG oslo_concurrency.processutils [None req-191cedb0-97fe-4fac-ae50-46b998083692 tempest-VolumesCloneTest-1415444166 None] Running cmd (subprocess): sudo cinder-rootwrap /etc/cinder/rootwrap.conf chmod ugo+rw /opt/stack/data/cinder/mnt/46d1430f5ca3d2271c6b4894fc68694c/volume-a2d1fba1-2b46-42a8-9ed5-4a602f5708ec {{(pid=81350) execute /opt/stack/data/venv/lib/python3.10/site-packages/oslo_concurrency/processutils.py:440}}
Apr 27 10:06:51 devstack sudo[83869]: quobyte : PWD=/ ; USER=root ; COMMAND=/opt/stack/data/venv/bin/cinder-rootwrap /etc/cinder/rootwrap.conf chmod ugo+rw /opt/stack/data/cinder/mnt/46d1430f5ca3d2271c6b4894fc68694c/volume-a2d1fba1-2b46-42a8-9ed5-4a602f5708ec
Apr 27 10:06:51 devstack sudo[83869]: pam_unix(sudo:session): session opened for user root(uid=0) by (uid=1000)
Apr 27 10:06:53 devstack sudo[83869]: pam_unix(sudo:session): session closed for user root
Apr 27 10:06:53 devstack cinder-volume[81350]: DEBUG oslo_concurrency.processutils [None req-191cedb0-97fe-4fac-ae50-46b998083692 tempest-VolumesCloneTest-1415444166 None] CMD "sudo cinder-rootwrap /etc/cinder/rootwrap.conf chmod ugo+rw /opt/stack/data/cinder/mnt/46d1430f5ca3d2271c6b4894fc68694c/volume-a2d1fba1-2b46-42a8-9ed5-4a602f5708ec" returned: 0 in 1.151s {{(pid=81350) execute /opt/stack/data/venv/lib/python3.10/site-packages/oslo_concurrency/processutils.py:468}}
Apr 27 10:06:53 devstack cinder-volume[81350]: DEBUG cinder.coordination [None req-191cedb0-97fe-4fac-ae50-46b998083692 tempest-VolumesCloneTest-1415444166 None] Lock "cinder-quobyte-a2d1fba1-2b46-42a8-9ed5-4a602f5708ec" released by "_copy_volume_from_snapshot" :: held 18.346s {{(pid=81350) __release /opt/stack/cinder/cinder/coordination.py:152}}
Apr 27 10:06:53 devstack cinder-volume[81350]: DEBUG cinder.coordination [None req-191cedb0-97fe-4fac-ae50-46b998083692 tempest-VolumesCloneTest-1415444166 None] Acquiring lock "cinder-quobyte-2a284ffc-c6be-4453-8668-f3a1667a89b5" by "_delete_snapshot" {{(pid=81350) __acquire /opt/stack/cinder/cinder/coordination.py:138}}
Apr 27 10:06:53 devstack cinder-volume[81350]: DEBUG cinder.coordination [None req-191cedb0-97fe-4fac-ae50-46b998083692 tempest-VolumesCloneTest-1415444166 None] Lock "cinder-quobyte-2a284ffc-c6be-4453-8668-f3a1667a89b5" acquired by "_delete_snapshot" :: waited 0.022s {{(pid=81350) __acquire /opt/stack/cinder/cinder/coordination.py:141}}
Apr 27 10:06:53 devstack cinder-volume[81350]: DEBUG cinder.volume.drivers.remotefs [None req-191cedb0-97fe-4fac-ae50-46b998083692 tempest-VolumesCloneTest-1415444166 None] Deleting offline snapshot 2a284ffc-c6be-4453-8668-f3a1667a89b5 of volume 7dba418b-4a2c-45ce-a046-99727aeb653f {{(pid=81350) _delete_snapshot /opt/stack/cinder/cinder/volume/drivers/remotefs.py:1288}}
Apr 27 10:06:53 devstack cinder-volume[81350]: DEBUG cinder.volume.drivers.remotefs [None req-191cedb0-97fe-4fac-ae50-46b998083692 tempest-VolumesCloneTest-1415444166 None] snapshot_file for this snap is: volume-7dba418b-4a2c-45ce-a046-99727aeb653f.2a284ffc-c6be-4453-8668-f3a1667a89b5 {{(pid=81350) _delete_snapshot /opt/stack/cinder/cinder/volume/drivers/remotefs.py:1317}}
Apr 27 10:06:53 devstack cinder-volume[81350]: DEBUG oslo.privsep.daemon [-] privsep: reply[b61f8233-82dc-47e5-a519-c00c0690a4d8]: (4, 'qcow2') {{(pid=82279) _call_back /opt/stack/data/venv/lib/python3.10/site-packages/oslo_privsep/daemon.py:573}}
Apr 27 10:06:53 devstack cinder-volume[81350]: DEBUG oslo_concurrency.processutils [None req-191cedb0-97fe-4fac-ae50-46b998083692 tempest-VolumesCloneTest-1415444166 None] Running cmd (subprocess): /opt/stack/data/venv/bin/python3.10 -m oslo_concurrency.prlimit --as=1073741824 --cpu=60 -- sudo cinder-rootwrap /etc/cinder/rootwrap.conf env LC_ALL=C qemu-img info -f qcow2 --output=json --force-share /opt/stack/data/cinder/mnt/46d1430f5ca3d2271c6b4894fc68694c/volume-7dba418b-4a2c-45ce-a046-99727aeb653f.2a284ffc-c6be-4453-8668-f3a1667a89b5 {{(pid=81350) execute /opt/stack/data/venv/lib/python3.10/site-packages/oslo_concurrency/processutils.py:440}}
Apr 27 10:06:53 devstack sudo[83921]: quobyte : PWD=/ ; USER=root ; COMMAND=/opt/stack/data/venv/bin/cinder-rootwrap /etc/cinder/rootwrap.conf env LC_ALL=C qemu-img info -f qcow2 --output=json --force-share /opt/stack/data/cinder/mnt/46d1430f5ca3d2271c6b4894fc68694c/volume-7dba418b-4a2c-45ce-a046-99727aeb653f.2a284ffc-c6be-4453-8668-f3a1667a89b5
Apr 27 10:06:53 devstack sudo[83921]: pam_unix(sudo:session): session opened for user root(uid=0) by (uid=1000)
Apr 27 10:06:53 devstack sudo[83921]: pam_unix(sudo:session): session closed for user root
Apr 27 10:06:53 devstack cinder-volume[81350]: DEBUG oslo_concurrency.processutils [None req-191cedb0-97fe-4fac-ae50-46b998083692 tempest-VolumesCloneTest-1415444166 None] CMD "/opt/stack/data/venv/bin/python3.10 -m oslo_concurrency.prlimit --as=1073741824 --cpu=60 -- sudo cinder-rootwrap /etc/cinder/rootwrap.conf env LC_ALL=C qemu-img info -f qcow2 --output=json --force-share /opt/stack/data/cinder/mnt/46d1430f5ca3d2271c6b4894fc68694c/volume-7dba418b-4a2c-45ce-a046-99727aeb653f.2a284ffc-c6be-4453-8668-f3a1667a89b5" returned: 0 in 0.774s {{(pid=81350) execute /opt/stack/data/venv/lib/python3.10/site-packages/oslo_concurrency/processutils.py:468}}
Apr 27 10:06:53 devstack cinder-volume[81350]: DEBUG cinder.volume.drivers.remotefs [None req-191cedb0-97fe-4fac-ae50-46b998083692 tempest-VolumesCloneTest-1415444166 None] Fetching qemu-img info with special backing_file_template: (/opt/stack/data/cinder/mnt/[0-9a-f]+/)?(volume-7dba418b-4a2c-45ce-a046-99727aeb653f(.(tmp-snap-)?[0-9a-f-]+)?|volume_from_snapshot_cache/(tmp-snap-)?[0-9a-f-]+(.(child-|parent-)[0-9a-f-]+)?)$ {{(pid=81350) _qemu_img_info_base /opt/stack/cinder/cinder/volume/drivers/remotefs.py:896}}
Apr 27 10:06:54 devstack cinder-volume[81350]: DEBUG oslo.privsep.daemon [-] privsep: reply[57800c3c-5898-4435-b21a-52d4c6a36d3e]: (4, 'qcow2') {{(pid=82279) _call_back /opt/stack/data/venv/lib/python3.10/site-packages/oslo_privsep/daemon.py:573}}
Apr 27 10:06:54 devstack cinder-volume[81350]: DEBUG oslo_concurrency.processutils [None req-191cedb0-97fe-4fac-ae50-46b998083692 tempest-VolumesCloneTest-1415444166 None] Running cmd (subprocess): /opt/stack/data/venv/bin/python3.10 -m oslo_concurrency.prlimit --as=1073741824 --cpu=60 -- sudo cinder-rootwrap /etc/cinder/rootwrap.conf env LC_ALL=C qemu-img info -f qcow2 --output=json --force-share /opt/stack/data/cinder/mnt/46d1430f5ca3d2271c6b4894fc68694c/volume-7dba418b-4a2c-45ce-a046-99727aeb653f {{(pid=81350) execute /opt/stack/data/venv/lib/python3.10/site-packages/oslo_concurrency/processutils.py:440}}
Apr 27 10:06:54 devstack sudo[83928]: quobyte : PWD=/ ; USER=root ; COMMAND=/opt/stack/data/venv/bin/cinder-rootwrap /etc/cinder/rootwrap.conf env LC_ALL=C qemu-img info -f qcow2 --output=json --force-share /opt/stack/data/cinder/mnt/46d1430f5ca3d2271c6b4894fc68694c/volume-7dba418b-4a2c-45ce-a046-99727aeb653f
Apr 27 10:06:54 devstack sudo[83928]: pam_unix(sudo:session): session opened for user root(uid=0) by (uid=1000)
Apr 27 10:06:54 devstack sudo[83928]: pam_unix(sudo:session): session closed for user root
Apr 27 10:06:54 devstack cinder-volume[81350]: DEBUG oslo_concurrency.processutils [None req-191cedb0-97fe-4fac-ae50-46b998083692 tempest-VolumesCloneTest-1415444166 None] CMD "/opt/stack/data/venv/bin/python3.10 -m oslo_concurrency.prlimit --as=1073741824 --cpu=60 -- sudo cinder-rootwrap /etc/cinder/rootwrap.conf env LC_ALL=C qemu-img info -f qcow2 --output=json --force-share /opt/stack/data/cinder/mnt/46d1430f5ca3d2271c6b4894fc68694c/volume-7dba418b-4a2c-45ce-a046-99727aeb653f" returned: 0 in 0.845s {{(pid=81350) execute /opt/stack/data/venv/lib/python3.10/site-packages/oslo_concurrency/processutils.py:468}}
Apr 27 10:06:54 devstack cinder-volume[81350]: DEBUG oslo_concurrency.processutils [None req-191cedb0-97fe-4fac-ae50-46b998083692 tempest-VolumesCloneTest-1415444166 None] Running cmd (subprocess): sudo cinder-rootwrap /etc/cinder/rootwrap.conf qemu-img commit -d /opt/stack/data/cinder/mnt/46d1430f5ca3d2271c6b4894fc68694c/volume-7dba418b-4a2c-45ce-a046-99727aeb653f.2a284ffc-c6be-4453-8668-f3a1667a89b5 {{(pid=81350) execute /opt/stack/data/venv/lib/python3.10/site-packages/oslo_concurrency/processutils.py:440}}
Apr 27 10:06:54 devstack sudo[83934]: quobyte : PWD=/ ; USER=root ; COMMAND=/opt/stack/data/venv/bin/cinder-rootwrap /etc/cinder/rootwrap.conf qemu-img commit -d /opt/stack/data/cinder/mnt/46d1430f5ca3d2271c6b4894fc68694c/volume-7dba418b-4a2c-45ce-a046-99727aeb653f.2a284ffc-c6be-4453-8668-f3a1667a89b5
Apr 27 10:06:54 devstack sudo[83934]: pam_unix(sudo:session): session opened for user root(uid=0) by (uid=1000)
Apr 27 10:06:55 devstack sudo[83934]: pam_unix(sudo:session): session closed for user root
Apr 27 10:06:55 devstack cinder-volume[81350]: DEBUG oslo_concurrency.processutils [None req-191cedb0-97fe-4fac-ae50-46b998083692 tempest-VolumesCloneTest-1415444166 None] CMD "sudo cinder-rootwrap /etc/cinder/rootwrap.conf qemu-img commit -d /opt/stack/data/cinder/mnt/46d1430f5ca3d2271c6b4894fc68694c/volume-7dba418b-4a2c-45ce-a046-99727aeb653f.2a284ffc-c6be-4453-8668-f3a1667a89b5" returned: 0 in 0.986s {{(pid=81350) execute /opt/stack/data/venv/lib/python3.10/site-packages/oslo_concurrency/processutils.py:468}}
Apr 27 10:06:55 devstack cinder-volume[81350]: DEBUG oslo_concurrency.processutils [None req-191cedb0-97fe-4fac-ae50-46b998083692 tempest-VolumesCloneTest-1415444166 None] Running cmd (subprocess): sudo cinder-rootwrap /etc/cinder/rootwrap.conf rm -f /opt/stack/data/cinder/mnt/46d1430f5ca3d2271c6b4894fc68694c/volume-7dba418b-4a2c-45ce-a046-99727aeb653f.2a284ffc-c6be-4453-8668-f3a1667a89b5 {{(pid=81350) execute /opt/stack/data/venv/lib/python3.10/site-packages/oslo_concurrency/processutils.py:440}}
Apr 27 10:06:55 devstack sudo[83959]: quobyte : PWD=/ ; USER=root ; COMMAND=/opt/stack/data/venv/bin/cinder-rootwrap /etc/cinder/rootwrap.conf rm -f /opt/stack/data/cinder/mnt/46d1430f5ca3d2271c6b4894fc68694c/volume-7dba418b-4a2c-45ce-a046-99727aeb653f.2a284ffc-c6be-4453-8668-f3a1667a89b5
Apr 27 10:06:55 devstack sudo[83959]: pam_unix(sudo:session): session opened for user root(uid=0) by (uid=1000)
Apr 27 10:06:56 devstack cinder-volume[81350]: DEBUG dbcounter [-] [81350] Writing DB stats cinder:SELECT=2 {{(pid=81350) stat_writer /opt/stack/data/venv/lib/python3.10/site-packages/dbcounter.py:115}}
Apr 27 10:06:56 devstack sudo[83959]: pam_unix(sudo:session): session closed for user root
Apr 27 10:06:56 devstack cinder-volume[81350]: DEBUG oslo_concurrency.processutils [None req-191cedb0-97fe-4fac-ae50-46b998083692 tempest-VolumesCloneTest-1415444166 None] CMD "sudo cinder-rootwrap /etc/cinder/rootwrap.conf rm -f /opt/stack/data/cinder/mnt/46d1430f5ca3d2271c6b4894fc68694c/volume-7dba418b-4a2c-45ce-a046-99727aeb653f.2a284ffc-c6be-4453-8668-f3a1667a89b5" returned: 0 in 0.637s {{(pid=81350) execute /opt/stack/data/venv/lib/python3.10/site-packages/oslo_concurrency/processutils.py:468}}
Apr 27 10:06:56 devstack cinder-volume[81350]: DEBUG cinder.coordination [None req-191cedb0-97fe-4fac-ae50-46b998083692 tempest-VolumesCloneTest-1415444166 None] Lock "cinder-quobyte-2a284ffc-c6be-4453-8668-f3a1667a89b5" released by "_delete_snapshot" :: held 3.364s {{(pid=81350) __release /opt/stack/cinder/cinder/coordination.py:152}}
Apr 27 10:06:56 devstack cinder-volume[81350]: DEBUG oslo_concurrency.lockutils [None req-191cedb0-97fe-4fac-ae50-46b998083692 tempest-VolumesCloneTest-1415444166 None] Lock "quobyte" "released" by "cinder.volume.drivers.quobyte.QuobyteDriver.create_cloned_volume" :: held 28.785s {{(pid=81350) inner /opt/stack/data/venv/lib/python3.10/site-packages/oslo_concurrency/lockutils.py:538}}
Apr 27 10:06:56 devstack cinder-volume[81350]: DEBUG oslo_concurrency.lockutils [None req-185524c0-b1f5-49a7-93f3-d92777e7a41b tempest-ServerRescueNegativeTestJSON-1281626689 None] Lock "quobyte" acquired by "cinder.volume.drivers.quobyte.QuobyteDriver.create_volume" :: waited 10.157s {{(pid=81350) inner /opt/stack/data/venv/lib/python3.10/site-packages/oslo_concurrency/lockutils.py:519}}
Apr 27 10:06:56 devstack cinder-volume[81350]: DEBUG cinder.volume.drivers.quobyte [None req-185524c0-b1f5-49a7-93f3-d92777e7a41b tempest-ServerRescueNegativeTestJSON-1281626689 None] ==> create_volume: call "{'self': , 'volume': Volume(_name_id=None,admin_metadata=,attach_status='detached',availability_zone='nova',bootable=False,cluster=,cluster_name=None,consistencygroup=,consistencygroup_id=None,created_at=2026-04-27T08:06:45Z,deleted=False,deleted_at=None,display_description=None,display_name='tempest-ServerRescueNegativeTestJSON-volume-2107192924',ec2_id=None,encryption_key_id=None,glance_metadata=,group=,group_id=None,host='devstack@QuobyteHD#QuobyteHD',id=1caeff10-d51b-4bd7-9c36-a511a29c9182,launched_at=None,metadata={},migration_status=None,multiattach=False,previous_status=None,project_id='63ed840455e746eb85bddb5330602bb4',provider_auth=None,provider_geometry=None,provider_id=None,provider_location=None,replication_driver_data=None,replication_extended_status=None,replication_status=None,scheduled_at=2026-04-27T08:06:46Z,service_uuid=None,shared_targets=True,size=1,snapshot_id=None,snapshots=,source_volid=None,status='creating',terminated_at=None,updated_at=2026-04-27T08:06:46Z,use_quota=True,user_id='f8c4f92fc09341c3a44c4b13ccc08d1d',volume_attachment=VolumeAttachmentList,volume_type=VolumeType(febc605f-a017-4522-a03e-8d75411afc2f),volume_type_id=febc605f-a017-4522-a03e-8d75411afc2f)}" {{(pid=81350) trace_logging_wrapper /opt/stack/cinder/cinder/volume/volume_utils.py:1498}}
Apr 27 10:06:56 devstack cinder-volume[81350]: DEBUG cinder.volume.drivers.remotefs [None req-185524c0-b1f5-49a7-93f3-d92777e7a41b tempest-ServerRescueNegativeTestJSON-1281626689 None] Creating volume 1caeff10-d51b-4bd7-9c36-a511a29c9182 {{(pid=81350) create_volume /opt/stack/cinder/cinder/volume/drivers/remotefs.py:292}}
Apr 27 10:06:56 devstack cinder-volume[81350]: DEBUG oslo_concurrency.lockutils [None req-185524c0-b1f5-49a7-93f3-d92777e7a41b tempest-ServerRescueNegativeTestJSON-1281626689 None] Acquiring lock "quobyte_ensure" by "cinder.volume.drivers.quobyte.QuobyteDriver._ensure_shares_mounted" {{(pid=81350) inner /opt/stack/data/venv/lib/python3.10/site-packages/oslo_concurrency/lockutils.py:506}}
Apr 27 10:06:56 devstack cinder-volume[81350]: DEBUG oslo_concurrency.lockutils [None req-185524c0-b1f5-49a7-93f3-d92777e7a41b tempest-ServerRescueNegativeTestJSON-1281626689 None] Lock "quobyte_ensure" acquired by "cinder.volume.drivers.quobyte.QuobyteDriver._ensure_shares_mounted" :: waited 0.001s {{(pid=81350) inner /opt/stack/data/venv/lib/python3.10/site-packages/oslo_concurrency/lockutils.py:519}}
Apr 27 10:06:56 devstack cinder-volume[81350]: DEBUG cinder.volume.drivers.quobyte [None req-185524c0-b1f5-49a7-93f3-d92777e7a41b tempest-ServerRescueNegativeTestJSON-1281626689 None] Quobyte Volume URL set to: {'osci02.corp.quobyte.com/cinder-vol-03ac2fa0-723e-494d-aa71-5920eef41bc4': None} {{(pid=81350) _load_shares_config /opt/stack/cinder/cinder/volume/drivers/quobyte.py:617}}
Apr 27 10:06:56 devstack cinder-volume[81350]: DEBUG cinder.volume.drivers.quobyte [None req-185524c0-b1f5-49a7-93f3-d92777e7a41b tempest-ServerRescueNegativeTestJSON-1281626689 None] Available shares ['osci02.corp.quobyte.com/cinder-vol-03ac2fa0-723e-494d-aa71-5920eef41bc4'] {{(pid=81350) _ensure_shares_mounted /opt/stack/cinder/cinder/volume/drivers/quobyte.py:647}}
Apr 27 10:06:56 devstack cinder-volume[81350]: DEBUG oslo_concurrency.lockutils [None req-185524c0-b1f5-49a7-93f3-d92777e7a41b tempest-ServerRescueNegativeTestJSON-1281626689 None] Lock "quobyte_ensure" "released" by "cinder.volume.drivers.quobyte.QuobyteDriver._ensure_shares_mounted" :: held 0.005s {{(pid=81350) inner /opt/stack/data/venv/lib/python3.10/site-packages/oslo_concurrency/lockutils.py:538}}
Apr 27 10:06:56 devstack cinder-volume[81350]: DEBUG cinder.volume.drivers.quobyte [None req-185524c0-b1f5-49a7-93f3-d92777e7a41b tempest-ServerRescueNegativeTestJSON-1281626689 None] Selected osci02.corp.quobyte.com/cinder-vol-03ac2fa0-723e-494d-aa71-5920eef41bc4 as target Quobyte volume. {{(pid=81350) _find_share /opt/stack/cinder/cinder/volume/drivers/quobyte.py:668}}
Apr 27 10:06:56 devstack cinder-volume[81350]: INFO cinder.volume.drivers.remotefs [None req-185524c0-b1f5-49a7-93f3-d92777e7a41b tempest-ServerRescueNegativeTestJSON-1281626689 None] casted to osci02.corp.quobyte.com/cinder-vol-03ac2fa0-723e-494d-aa71-5920eef41bc4
Apr 27 10:06:56 devstack cinder-volume[81350]: DEBUG oslo_concurrency.processutils [None req-185524c0-b1f5-49a7-93f3-d92777e7a41b tempest-ServerRescueNegativeTestJSON-1281626689 None] Running cmd (subprocess): sudo cinder-rootwrap /etc/cinder/rootwrap.conf qemu-img create -f qcow2 -o preallocation=metadata /opt/stack/data/cinder/mnt/46d1430f5ca3d2271c6b4894fc68694c/volume-1caeff10-d51b-4bd7-9c36-a511a29c9182 1073741824 {{(pid=81350) execute /opt/stack/data/venv/lib/python3.10/site-packages/oslo_concurrency/processutils.py:440}}
Apr 27 10:06:56 devstack cinder-volume[81350]: DEBUG cinder.volume.manager [None req-191cedb0-97fe-4fac-ae50-46b998083692 tempest-VolumesCloneTest-1415444166 None] Task 'cinder.volume.flows.manager.create_volume.CreateVolumeFromSpecTask;volume:create' (ca0bd519-eeb5-44fa-8868-e9fe725d4b1a) transitioned into state 'SUCCESS' from state 'RUNNING' with result '{'status': 'creating', 'volume_name': 'volume-a2d1fba1-2b46-42a8-9ed5-4a602f5708ec', 'volume_size': 2, 'source_volid': '7dba418b-4a2c-45ce-a046-99727aeb653f', 'source_volstatus': 'available'}' {{(pid=81350) _task_receiver /opt/stack/data/venv/lib/python3.10/site-packages/taskflow/listeners/logging.py:182}}
Apr 27 10:06:56 devstack cinder-volume[81350]: DEBUG cinder.volume.manager [None req-191cedb0-97fe-4fac-ae50-46b998083692 tempest-VolumesCloneTest-1415444166 None] Task 'cinder.volume.flows.manager.create_volume.CreateVolumeOnFinishTask;volume:create, create.end' (10c8fc84-9c66-4900-b6ea-3395e4ce959d) transitioned into state 'RUNNING' from state 'PENDING' {{(pid=81350) _task_receiver /opt/stack/data/venv/lib/python3.10/site-packages/taskflow/listeners/logging.py:194}}
Apr 27 10:06:56 devstack sudo[83962]: quobyte : PWD=/ ; USER=root ; COMMAND=/opt/stack/data/venv/bin/cinder-rootwrap /etc/cinder/rootwrap.conf qemu-img create -f qcow2 -o preallocation=metadata /opt/stack/data/cinder/mnt/46d1430f5ca3d2271c6b4894fc68694c/volume-1caeff10-d51b-4bd7-9c36-a511a29c9182 1073741824
Apr 27 10:06:56 devstack sudo[83962]: pam_unix(sudo:session): session opened for user root(uid=0) by (uid=1000)
Apr 27 10:06:56 devstack cinder-volume[81350]: INFO cinder.volume.flows.manager.create_volume [None req-191cedb0-97fe-4fac-ae50-46b998083692 tempest-VolumesCloneTest-1415444166 None] Volume volume-a2d1fba1-2b46-42a8-9ed5-4a602f5708ec (a2d1fba1-2b46-42a8-9ed5-4a602f5708ec): created successfully
Apr 27 10:06:56 devstack cinder-volume[81350]: DEBUG cinder.volume.manager [None req-191cedb0-97fe-4fac-ae50-46b998083692 tempest-VolumesCloneTest-1415444166 None] Task 'cinder.volume.flows.manager.create_volume.CreateVolumeOnFinishTask;volume:create, create.end' (10c8fc84-9c66-4900-b6ea-3395e4ce959d) transitioned into state 'SUCCESS' from state 'RUNNING' with result 'None' {{(pid=81350) _task_receiver /opt/stack/data/venv/lib/python3.10/site-packages/taskflow/listeners/logging.py:182}}
Apr 27 10:06:56 devstack cinder-volume[81350]: DEBUG cinder.volume.manager [None req-191cedb0-97fe-4fac-ae50-46b998083692 tempest-VolumesCloneTest-1415444166 None] Flow 'volume_create_manager' (27536b90-9cda-470b-b1a5-99e08e3d85a5) transitioned into state 'SUCCESS' from state 'RUNNING' {{(pid=81350) _flow_receiver /opt/stack/data/venv/lib/python3.10/site-packages/taskflow/listeners/logging.py:145}}
Apr 27 10:06:56 devstack cinder-volume[81350]: INFO cinder.volume.manager [None req-191cedb0-97fe-4fac-ae50-46b998083692 tempest-VolumesCloneTest-1415444166 None] Created volume successfully.
Apr 27 10:06:57 devstack sudo[83962]: pam_unix(sudo:session): session closed for user root
Apr 27 10:06:57 devstack cinder-volume[81350]: DEBUG oslo_concurrency.processutils [None req-185524c0-b1f5-49a7-93f3-d92777e7a41b tempest-ServerRescueNegativeTestJSON-1281626689 None] CMD "sudo cinder-rootwrap /etc/cinder/rootwrap.conf qemu-img create -f qcow2 -o preallocation=metadata /opt/stack/data/cinder/mnt/46d1430f5ca3d2271c6b4894fc68694c/volume-1caeff10-d51b-4bd7-9c36-a511a29c9182 1073741824" returned: 0 in 0.804s {{(pid=81350) execute /opt/stack/data/venv/lib/python3.10/site-packages/oslo_concurrency/processutils.py:468}}
Apr 27 10:06:57 devstack cinder-volume[81350]: DEBUG oslo_concurrency.processutils [None req-185524c0-b1f5-49a7-93f3-d92777e7a41b tempest-ServerRescueNegativeTestJSON-1281626689 None] Running cmd (subprocess): sudo cinder-rootwrap /etc/cinder/rootwrap.conf chmod ugo+rw /opt/stack/data/cinder/mnt/46d1430f5ca3d2271c6b4894fc68694c/volume-1caeff10-d51b-4bd7-9c36-a511a29c9182 {{(pid=81350) execute /opt/stack/data/venv/lib/python3.10/site-packages/oslo_concurrency/processutils.py:440}}
Apr 27 10:06:57 devstack sudo[83967]: quobyte : PWD=/ ; USER=root ; COMMAND=/opt/stack/data/venv/bin/cinder-rootwrap /etc/cinder/rootwrap.conf chmod ugo+rw /opt/stack/data/cinder/mnt/46d1430f5ca3d2271c6b4894fc68694c/volume-1caeff10-d51b-4bd7-9c36-a511a29c9182
Apr 27 10:06:57 devstack sudo[83967]: pam_unix(sudo:session): session opened for user root(uid=0) by (uid=1000)
Apr 27 10:06:57 devstack cinder-volume[81350]: DEBUG cinder.coordination [None req-9bbccde5-b944-4593-979d-3524d89882f0 tempest-VolumesCloneTest-1415444166 None] Acquiring lock "cinder-a2d1fba1-2b46-42a8-9ed5-4a602f5708ec-delete_volume" by "delete_volume" {{(pid=81350) __acquire /opt/stack/cinder/cinder/coordination.py:138}}
Apr 27 10:06:57 devstack cinder-volume[81350]: DEBUG cinder.coordination [None req-9bbccde5-b944-4593-979d-3524d89882f0 tempest-VolumesCloneTest-1415444166 None] Lock "cinder-a2d1fba1-2b46-42a8-9ed5-4a602f5708ec-delete_volume" acquired by "delete_volume" :: waited 0.032s {{(pid=81350) __acquire /opt/stack/cinder/cinder/coordination.py:141}}
Apr 27 10:06:57 devstack cinder-volume[81350]: DEBUG cinder.coordination [None req-9bbccde5-b944-4593-979d-3524d89882f0 tempest-VolumesCloneTest-1415444166 None] Acquiring lock "cinder-quobyte-a2d1fba1-2b46-42a8-9ed5-4a602f5708ec" by "delete_volume" {{(pid=81350) __acquire /opt/stack/cinder/cinder/coordination.py:138}}
Apr 27 10:06:57 devstack cinder-volume[81350]: DEBUG cinder.coordination [None req-9bbccde5-b944-4593-979d-3524d89882f0 tempest-VolumesCloneTest-1415444166 None] Lock "cinder-quobyte-a2d1fba1-2b46-42a8-9ed5-4a602f5708ec" acquired by "delete_volume" :: waited 0.022s {{(pid=81350) __acquire /opt/stack/cinder/cinder/coordination.py:141}}
Apr 27 10:06:57 devstack cinder-volume[81350]: DEBUG oslo.privsep.daemon [-] privsep: reply[d0e97406-abb4-45ff-8144-49c51cec6446]: (4, 'qcow2') {{(pid=82279) _call_back /opt/stack/data/venv/lib/python3.10/site-packages/oslo_privsep/daemon.py:573}}
Apr 27 10:06:57 devstack cinder-volume[81350]: DEBUG oslo_concurrency.processutils [None req-9bbccde5-b944-4593-979d-3524d89882f0 tempest-VolumesCloneTest-1415444166 None] Running cmd (subprocess): /opt/stack/data/venv/bin/python3.10 -m oslo_concurrency.prlimit --as=1073741824 --cpu=60 -- sudo cinder-rootwrap /etc/cinder/rootwrap.conf env LC_ALL=C qemu-img info -f qcow2 --output=json --force-share /opt/stack/data/cinder/mnt/46d1430f5ca3d2271c6b4894fc68694c/volume-a2d1fba1-2b46-42a8-9ed5-4a602f5708ec {{(pid=81350) execute /opt/stack/data/venv/lib/python3.10/site-packages/oslo_concurrency/processutils.py:440}}
Apr 27 10:06:57 devstack sudo[83969]: quobyte : PWD=/ ; USER=root ; COMMAND=/opt/stack/data/venv/bin/cinder-rootwrap /etc/cinder/rootwrap.conf env LC_ALL=C qemu-img info -f qcow2 --output=json --force-share /opt/stack/data/cinder/mnt/46d1430f5ca3d2271c6b4894fc68694c/volume-a2d1fba1-2b46-42a8-9ed5-4a602f5708ec
Apr 27 10:06:57 devstack sudo[83969]: pam_unix(sudo:session): session opened for user root(uid=0) by (uid=1000)
Apr 27 10:06:57 devstack sudo[83967]: pam_unix(sudo:session): session closed for user root
Apr 27 10:06:57 devstack cinder-volume[81350]: DEBUG oslo_concurrency.processutils [None req-185524c0-b1f5-49a7-93f3-d92777e7a41b tempest-ServerRescueNegativeTestJSON-1281626689 None] CMD "sudo cinder-rootwrap /etc/cinder/rootwrap.conf chmod ugo+rw /opt/stack/data/cinder/mnt/46d1430f5ca3d2271c6b4894fc68694c/volume-1caeff10-d51b-4bd7-9c36-a511a29c9182" returned: 0 in 0.602s {{(pid=81350) execute /opt/stack/data/venv/lib/python3.10/site-packages/oslo_concurrency/processutils.py:468}}
Apr 27 10:06:57 devstack cinder-volume[81350]: DEBUG cinder.volume.drivers.quobyte [None req-185524c0-b1f5-49a7-93f3-d92777e7a41b tempest-ServerRescueNegativeTestJSON-1281626689 None] <== create_volume: return (1440ms) {'provider_location': 'osci02.corp.quobyte.com/cinder-vol-03ac2fa0-723e-494d-aa71-5920eef41bc4'} {{(pid=81350) trace_logging_wrapper /opt/stack/cinder/cinder/volume/volume_utils.py:1523}}
Apr 27 10:06:57 devstack cinder-volume[81350]: DEBUG oslo_concurrency.lockutils [None req-185524c0-b1f5-49a7-93f3-d92777e7a41b tempest-ServerRescueNegativeTestJSON-1281626689 None] Lock "quobyte" "released" by "cinder.volume.drivers.quobyte.QuobyteDriver.create_volume" :: held 1.443s {{(pid=81350) inner /opt/stack/data/venv/lib/python3.10/site-packages/oslo_concurrency/lockutils.py:538}}
Apr 27 10:06:58 devstack cinder-volume[81350]: DEBUG cinder.volume.manager [None req-185524c0-b1f5-49a7-93f3-d92777e7a41b tempest-ServerRescueNegativeTestJSON-1281626689 None] Task 'cinder.volume.flows.manager.create_volume.CreateVolumeFromSpecTask;volume:create' (c9a25f00-88ae-43a3-9fe9-1ef3db4f8770) transitioned into state 'SUCCESS' from state 'RUNNING' with result '{'status': 'creating', 'volume_name': 'volume-1caeff10-d51b-4bd7-9c36-a511a29c9182', 'volume_size': 1}' {{(pid=81350) _task_receiver /opt/stack/data/venv/lib/python3.10/site-packages/taskflow/listeners/logging.py:182}}
Apr 27 10:06:58 devstack cinder-volume[81350]: DEBUG cinder.volume.manager [None req-185524c0-b1f5-49a7-93f3-d92777e7a41b tempest-ServerRescueNegativeTestJSON-1281626689 None] Task 'cinder.volume.flows.manager.create_volume.CreateVolumeOnFinishTask;volume:create, create.end' (7c16bc6c-ef28-4ad3-b06c-e03736f8e42a) transitioned into state 'RUNNING' from state 'PENDING' {{(pid=81350) _task_receiver /opt/stack/data/venv/lib/python3.10/site-packages/taskflow/listeners/logging.py:194}}
Apr 27 10:06:58 devstack cinder-volume[81350]: INFO cinder.volume.flows.manager.create_volume [None req-185524c0-b1f5-49a7-93f3-d92777e7a41b tempest-ServerRescueNegativeTestJSON-1281626689 None] Volume volume-1caeff10-d51b-4bd7-9c36-a511a29c9182 (1caeff10-d51b-4bd7-9c36-a511a29c9182): created successfully
Apr 27 10:06:58 devstack cinder-volume[81350]: DEBUG cinder.volume.manager [None req-185524c0-b1f5-49a7-93f3-d92777e7a41b tempest-ServerRescueNegativeTestJSON-1281626689 None] Task 'cinder.volume.flows.manager.create_volume.CreateVolumeOnFinishTask;volume:create, create.end' (7c16bc6c-ef28-4ad3-b06c-e03736f8e42a) transitioned into state 'SUCCESS' from state 'RUNNING' with result 'None' {{(pid=81350) _task_receiver /opt/stack/data/venv/lib/python3.10/site-packages/taskflow/listeners/logging.py:182}}
Apr 27 10:06:58 devstack cinder-volume[81350]: DEBUG cinder.volume.manager [None req-185524c0-b1f5-49a7-93f3-d92777e7a41b tempest-ServerRescueNegativeTestJSON-1281626689 None] Flow 'volume_create_manager' (b919b6f4-6960-4241-ae13-e23b4916993f) transitioned into state 'SUCCESS' from state 'RUNNING' {{(pid=81350) _flow_receiver /opt/stack/data/venv/lib/python3.10/site-packages/taskflow/listeners/logging.py:145}}
Apr 27 10:06:58 devstack cinder-volume[81350]: INFO cinder.volume.manager [None req-185524c0-b1f5-49a7-93f3-d92777e7a41b tempest-ServerRescueNegativeTestJSON-1281626689 None] Created volume successfully.
Apr 27 10:06:58 devstack sudo[83969]: pam_unix(sudo:session): session closed for user root
Apr 27 10:06:58 devstack cinder-volume[81350]: DEBUG oslo_concurrency.processutils [None req-9bbccde5-b944-4593-979d-3524d89882f0 tempest-VolumesCloneTest-1415444166 None] CMD "/opt/stack/data/venv/bin/python3.10 -m oslo_concurrency.prlimit --as=1073741824 --cpu=60 -- sudo cinder-rootwrap /etc/cinder/rootwrap.conf env LC_ALL=C qemu-img info -f qcow2 --output=json --force-share /opt/stack/data/cinder/mnt/46d1430f5ca3d2271c6b4894fc68694c/volume-a2d1fba1-2b46-42a8-9ed5-4a602f5708ec" returned: 0 in 0.720s {{(pid=81350) execute /opt/stack/data/venv/lib/python3.10/site-packages/oslo_concurrency/processutils.py:468}}
Apr 27 10:06:58 devstack cinder-volume[81350]: DEBUG oslo_concurrency.processutils [None req-9bbccde5-b944-4593-979d-3524d89882f0 tempest-VolumesCloneTest-1415444166 None] Running cmd (subprocess): sudo cinder-rootwrap /etc/cinder/rootwrap.conf rm -f /opt/stack/data/cinder/mnt/46d1430f5ca3d2271c6b4894fc68694c/volume-a2d1fba1-2b46-42a8-9ed5-4a602f5708ec {{(pid=81350) execute /opt/stack/data/venv/lib/python3.10/site-packages/oslo_concurrency/processutils.py:440}}
Apr 27 10:06:58 devstack sudo[83980]: quobyte : PWD=/ ; USER=root ; COMMAND=/opt/stack/data/venv/bin/cinder-rootwrap /etc/cinder/rootwrap.conf rm -f /opt/stack/data/cinder/mnt/46d1430f5ca3d2271c6b4894fc68694c/volume-a2d1fba1-2b46-42a8-9ed5-4a602f5708ec
Apr 27 10:06:58 devstack sudo[83980]: pam_unix(sudo:session): session opened for user root(uid=0) by (uid=1000)
Apr 27 10:06:59 devstack sudo[83980]: pam_unix(sudo:session): session closed for user root
Apr 27 10:06:59 devstack cinder-volume[81350]: DEBUG oslo_concurrency.processutils [None req-9bbccde5-b944-4593-979d-3524d89882f0 tempest-VolumesCloneTest-1415444166 None] CMD "sudo cinder-rootwrap /etc/cinder/rootwrap.conf rm -f /opt/stack/data/cinder/mnt/46d1430f5ca3d2271c6b4894fc68694c/volume-a2d1fba1-2b46-42a8-9ed5-4a602f5708ec" returned: 0 in 0.563s {{(pid=81350) execute /opt/stack/data/venv/lib/python3.10/site-packages/oslo_concurrency/processutils.py:468}}
Apr 27 10:06:59 devstack cinder-volume[81350]: DEBUG cinder.coordination [None req-9bbccde5-b944-4593-979d-3524d89882f0 tempest-VolumesCloneTest-1415444166 None] Lock "cinder-quobyte-a2d1fba1-2b46-42a8-9ed5-4a602f5708ec" released by "delete_volume" :: held 1.326s {{(pid=81350) __release /opt/stack/cinder/cinder/coordination.py:152}}
Apr 27 10:06:59 devstack cinder-volume[81350]: DEBUG cinder.quota [None req-9bbccde5-b944-4593-979d-3524d89882f0 tempest-VolumesCloneTest-1415444166 None] Created reservations ['cfb2b598-7790-47ab-a577-75296a4d7ec9', 'a757e5d5-43da-42eb-88b4-6e6a933e2e02', 'b31f7222-9e50-4898-87a9-9ab03d98e3b5', '19600f93-25a5-477b-9f2e-b8ed2ed41104'] {{(pid=81350) reserve /opt/stack/cinder/cinder/quota.py:752}}
