Feb 05 15:58:02 devstack devstack@g-api.service[75823]: DEBUG glance.common.config [None req-a33e8b52-10a0-43e8-bac0-e365ecf4253e None None] barbican_service_user.cafile = None {{(pid=75823) log_opt_values /opt/stack/data/venv/lib/python3.10/site-packages/oslo_config/cfg.py:2824}}
Feb 05 15:58:02 devstack devstack@g-api.service[75823]: DEBUG glance.common.config [None req-a33e8b52-10a0-43e8-bac0-e365ecf4253e None None] barbican_service_user.certfile = None {{(pid=75823) log_opt_values /opt/stack/data/venv/lib/python3.10/site-packages/oslo_config/cfg.py:2824}}
Feb 05 15:58:02 devstack devstack@g-api.service[75823]: DEBUG glance.common.config [None req-a33e8b52-10a0-43e8-bac0-e365ecf4253e None None] barbican_service_user.collect_timing = False {{(pid=75823) log_opt_values /opt/stack/data/venv/lib/python3.10/site-packages/oslo_config/cfg.py:2824}}
Feb 05 15:58:02 devstack devstack@g-api.service[75823]: DEBUG glance.common.config [None req-a33e8b52-10a0-43e8-bac0-e365ecf4253e None None] barbican_service_user.insecure = False {{(pid=75823) log_opt_values /opt/stack/data/venv/lib/python3.10/site-packages/oslo_config/cfg.py:2824}}
Feb 05 15:58:02 devstack devstack@g-api.service[75823]: DEBUG glance.common.config [None req-a33e8b52-10a0-43e8-bac0-e365ecf4253e None None] barbican_service_user.keyfile = None {{(pid=75823) log_opt_values /opt/stack/data/venv/lib/python3.10/site-packages/oslo_config/cfg.py:2824}}
Feb 05 15:58:02 devstack devstack@g-api.service[75823]: DEBUG glance.common.config [None req-a33e8b52-10a0-43e8-bac0-e365ecf4253e None None] barbican_service_user.split_loggers = False {{(pid=75823) log_opt_values /opt/stack/data/venv/lib/python3.10/site-packages/oslo_config/cfg.py:2824}}
Feb 05 15:58:02 devstack devstack@g-api.service[75823]: DEBUG glance.common.config [None req-a33e8b52-10a0-43e8-bac0-e365ecf4253e None None] barbican_service_user.timeout = None {{(pid=75823) log_opt_values /opt/stack/data/venv/lib/python3.10/site-packages/oslo_config/cfg.py:2824}}
Feb 05 15:58:02 devstack devstack@g-api.service[75823]: DEBUG glance.common.config [None req-a33e8b52-10a0-43e8-bac0-e365ecf4253e None None] database.asyncio_connection = **** {{(pid=75823) log_opt_values /opt/stack/data/venv/lib/python3.10/site-packages/oslo_config/cfg.py:2824}}
Feb 05 15:58:02 devstack devstack@g-api.service[75823]: DEBUG glance.common.config [None req-a33e8b52-10a0-43e8-bac0-e365ecf4253e None None] database.asyncio_slave_connection = **** {{(pid=75823) log_opt_values /opt/stack/data/venv/lib/python3.10/site-packages/oslo_config/cfg.py:2824}}
Feb 05 15:58:02 devstack devstack@g-api.service[75823]: DEBUG glance.common.config [None req-a33e8b52-10a0-43e8-bac0-e365ecf4253e None None] database.backend = sqlalchemy {{(pid=75823) log_opt_values /opt/stack/data/venv/lib/python3.10/site-packages/oslo_config/cfg.py:2824}}
Feb 05 15:58:02 devstack devstack@g-api.service[75823]: DEBUG glance.common.config [None req-a33e8b52-10a0-43e8-bac0-e365ecf4253e None None] database.connection = **** {{(pid=75823) log_opt_values /opt/stack/data/venv/lib/python3.10/site-packages/oslo_config/cfg.py:2824}}
Feb 05 15:58:02 devstack devstack@g-api.service[75823]: DEBUG glance.common.config [None req-a33e8b52-10a0-43e8-bac0-e365ecf4253e None None] database.connection_debug = 0 {{(pid=75823) log_opt_values /opt/stack/data/venv/lib/python3.10/site-packages/oslo_config/cfg.py:2824}}
Feb 05 15:58:02 devstack devstack@g-api.service[75823]: DEBUG glance.common.config [None req-a33e8b52-10a0-43e8-bac0-e365ecf4253e None None] database.connection_parameters = {{(pid=75823) log_opt_values /opt/stack/data/venv/lib/python3.10/site-packages/oslo_config/cfg.py:2824}}
Feb 05 15:58:02 devstack devstack@g-api.service[75823]: DEBUG glance.common.config [None req-a33e8b52-10a0-43e8-bac0-e365ecf4253e None None] database.connection_recycle_time = 3600 {{(pid=75823) log_opt_values /opt/stack/data/venv/lib/python3.10/site-packages/oslo_config/cfg.py:2824}}
Feb 05 15:58:02 devstack devstack@g-api.service[75823]: DEBUG glance.common.config [None req-a33e8b52-10a0-43e8-bac0-e365ecf4253e None None] database.connection_trace = False {{(pid=75823) log_opt_values /opt/stack/data/venv/lib/python3.10/site-packages/oslo_config/cfg.py:2824}}
Feb 05 15:58:02 devstack devstack@g-api.service[75823]: DEBUG glance.common.config [None req-a33e8b52-10a0-43e8-bac0-e365ecf4253e None None] database.db_inc_retry_interval = True {{(pid=75823) log_opt_values /opt/stack/data/venv/lib/python3.10/site-packages/oslo_config/cfg.py:2824}}
Feb 05 15:58:02 devstack devstack@g-api.service[75823]: DEBUG glance.common.config [None req-a33e8b52-10a0-43e8-bac0-e365ecf4253e None None] database.db_max_retries = 20 {{(pid=75823) log_opt_values /opt/stack/data/venv/lib/python3.10/site-packages/oslo_config/cfg.py:2824}}
Feb 05 15:58:02 devstack devstack@g-api.service[75823]: DEBUG glance.common.config [None req-a33e8b52-10a0-43e8-bac0-e365ecf4253e None None] database.db_max_retry_interval = 10 {{(pid=75823) log_opt_values /opt/stack/data/venv/lib/python3.10/site-packages/oslo_config/cfg.py:2824}}
Feb 05 15:58:02 devstack devstack@g-api.service[75823]: DEBUG glance.common.config [None req-a33e8b52-10a0-43e8-bac0-e365ecf4253e None None] database.db_retry_interval = 1 {{(pid=75823) log_opt_values /opt/stack/data/venv/lib/python3.10/site-packages/oslo_config/cfg.py:2824}}
Feb 05 15:58:02 devstack devstack@g-api.service[75823]: DEBUG glance.common.config [None req-a33e8b52-10a0-43e8-bac0-e365ecf4253e None None] database.max_overflow = 50 {{(pid=75823) log_opt_values /opt/stack/data/venv/lib/python3.10/site-packages/oslo_config/cfg.py:2824}}
Feb 05 15:58:02 devstack devstack@g-api.service[75823]: DEBUG glance.common.config [None req-a33e8b52-10a0-43e8-bac0-e365ecf4253e None None] database.max_pool_size = 5 {{(pid=75823) log_opt_values /opt/stack/data/venv/lib/python3.10/site-packages/oslo_config/cfg.py:2824}}
Feb 05 15:58:02 devstack devstack@g-api.service[75823]: DEBUG glance.common.config [None req-a33e8b52-10a0-43e8-bac0-e365ecf4253e None None] database.max_retries = 10 {{(pid=75823) log_opt_values /opt/stack/data/venv/lib/python3.10/site-packages/oslo_config/cfg.py:2824}}
Feb 05 15:58:02 devstack devstack@g-api.service[75823]: DEBUG glance.common.config [None req-a33e8b52-10a0-43e8-bac0-e365ecf4253e None None] database.mysql_sql_mode = TRADITIONAL {{(pid=75823) log_opt_values /opt/stack/data/venv/lib/python3.10/site-packages/oslo_config/cfg.py:2824}}
Feb 05 15:58:02 devstack devstack@g-api.service[75823]: DEBUG glance.common.config [None req-a33e8b52-10a0-43e8-bac0-e365ecf4253e None None] database.mysql_wsrep_sync_wait = None {{(pid=75823) log_opt_values /opt/stack/data/venv/lib/python3.10/site-packages/oslo_config/cfg.py:2824}}
Feb 05 15:58:02 devstack devstack@g-api.service[75823]: DEBUG glance.common.config [None req-a33e8b52-10a0-43e8-bac0-e365ecf4253e None None] database.pool_timeout = None {{(pid=75823) log_opt_values /opt/stack/data/venv/lib/python3.10/site-packages/oslo_config/cfg.py:2824}}
Feb 05 15:58:02 devstack devstack@g-api.service[75823]: DEBUG glance.common.config [None req-a33e8b52-10a0-43e8-bac0-e365ecf4253e None None] database.retry_interval = 10 {{(pid=75823) log_opt_values /opt/stack/data/venv/lib/python3.10/site-packages/oslo_config/cfg.py:2824}}
Feb 05 15:58:02 devstack devstack@g-api.service[75823]: DEBUG glance.common.config [None req-a33e8b52-10a0-43e8-bac0-e365ecf4253e None None] database.slave_connection = **** {{(pid=75823) log_opt_values /opt/stack/data/venv/lib/python3.10/site-packages/oslo_config/cfg.py:2824}}
Feb 05 15:58:02 devstack devstack@g-api.service[75823]: DEBUG glance.common.config [None req-a33e8b52-10a0-43e8-bac0-e365ecf4253e None None] database.sqlite_synchronous = True {{(pid=75823) log_opt_values /opt/stack/data/venv/lib/python3.10/site-packages/oslo_config/cfg.py:2824}}
Feb 05 15:58:02 devstack devstack@g-api.service[75823]: DEBUG glance.common.config [None req-a33e8b52-10a0-43e8-bac0-e365ecf4253e None None] database.synchronous_reader = True {{(pid=75823) log_opt_values /opt/stack/data/venv/lib/python3.10/site-packages/oslo_config/cfg.py:2824}}
Feb 05 15:58:02 devstack devstack@g-api.service[75823]: DEBUG glance.common.config [None req-a33e8b52-10a0-43e8-bac0-e365ecf4253e None None] database.use_db_reconnect = False {{(pid=75823) log_opt_values /opt/stack/data/venv/lib/python3.10/site-packages/oslo_config/cfg.py:2824}}
Feb 05 15:58:02 devstack devstack@g-api.service[75823]: DEBUG glance.common.config [None req-a33e8b52-10a0-43e8-bac0-e365ecf4253e None None] healthcheck.allowed_source_ranges = [] {{(pid=75823) log_opt_values /opt/stack/data/venv/lib/python3.10/site-packages/oslo_config/cfg.py:2824}}
Feb 05 15:58:02 devstack devstack@g-api.service[75823]: DEBUG glance.common.config [None req-a33e8b52-10a0-43e8-bac0-e365ecf4253e None None] healthcheck.backends = ['disable_by_file'] {{(pid=75823) log_opt_values /opt/stack/data/venv/lib/python3.10/site-packages/oslo_config/cfg.py:2824}}
Feb 05 15:58:02 devstack devstack@g-api.service[75823]: DEBUG glance.common.config [None req-a33e8b52-10a0-43e8-bac0-e365ecf4253e None None] healthcheck.detailed = False {{(pid=75823) log_opt_values /opt/stack/data/venv/lib/python3.10/site-packages/oslo_config/cfg.py:2824}}
Feb 05 15:58:02 devstack devstack@g-api.service[75823]: DEBUG glance.common.config [None req-a33e8b52-10a0-43e8-bac0-e365ecf4253e None None] healthcheck.disable_by_file_path = None {{(pid=75823) log_opt_values /opt/stack/data/venv/lib/python3.10/site-packages/oslo_config/cfg.py:2824}}
Feb 05 15:58:02 devstack devstack@g-api.service[75823]: DEBUG glance.common.config [None req-a33e8b52-10a0-43e8-bac0-e365ecf4253e None None] healthcheck.ignore_proxied_requests = False {{(pid=75823) log_opt_values /opt/stack/data/venv/lib/python3.10/site-packages/oslo_config/cfg.py:2824}}
Feb 05 15:58:02 devstack devstack@g-api.service[75823]: DEBUG glance.common.config [None req-a33e8b52-10a0-43e8-bac0-e365ecf4253e None None] ******************************************************************************** {{(pid=75823) log_opt_values /opt/stack/data/venv/lib/python3.10/site-packages/oslo_config/cfg.py:2828}}
Feb 05 15:58:02 devstack devstack@g-api.service[75823]: WSGI app 0 (mountpoint='') ready in 4 seconds on interpreter 0x55bb2a8f36a0 pid: 75823 (default app)
Feb 05 15:58:05 devstack devstack@g-api.service[75822]: DEBUG glance.api.middleware.version_negotiation [None req-b8525dc7-cd02-450a-af56-af8da8d35c5e None None] Determining version of request: GET / Accept: application/json {{(pid=75822) process_request /opt/stack/glance/glance/api/middleware/version_negotiation.py:44}}
Feb 05 15:58:05 devstack devstack@g-api.service[75822]: DEBUG glance.api.middleware.version_negotiation [None req-b8525dc7-cd02-450a-af56-af8da8d35c5e None None] Using url versioning {{(pid=75822) process_request /opt/stack/glance/glance/api/middleware/version_negotiation.py:57}}
Feb 05 15:58:05 devstack devstack@g-api.service[75822]: DEBUG glance.api.middleware.version_negotiation [None req-b8525dc7-cd02-450a-af56-af8da8d35c5e None None] Unknown version. Returning version choices. {{(pid=75822) process_request /opt/stack/glance/glance/api/middleware/version_negotiation.py:64}}
Feb 05 15:58:05 devstack devstack@g-api.service[75822]: [pid: 75822|app: 0|req: 2/2] 127.0.0.1 () {34 vars in 516 bytes} [Thu Feb 5 15:58:05 2026] GET / => generated 1446 bytes in 2 msecs (HTTP/1.1 300) 3 headers in 106 bytes (1 switches on core 0)
Feb 05 15:58:05 devstack devstack@g-api.service[75823]: DEBUG glance.api.middleware.version_negotiation [None req-a33e8b52-10a0-43e8-bac0-e365ecf4253e None None] Determining version of request: POST /v2/images Accept: */* {{(pid=75823) process_request /opt/stack/glance/glance/api/middleware/version_negotiation.py:44}}
Feb 05 15:58:05 devstack devstack@g-api.service[75823]: DEBUG glance.api.middleware.version_negotiation [None req-a33e8b52-10a0-43e8-bac0-e365ecf4253e None None] Using url versioning {{(pid=75823) process_request /opt/stack/glance/glance/api/middleware/version_negotiation.py:57}}
Feb 05 15:58:05 devstack devstack@g-api.service[75823]: DEBUG glance.api.middleware.version_negotiation [None req-a33e8b52-10a0-43e8-bac0-e365ecf4253e None None] Matched version: v2 {{(pid=75823) process_request /opt/stack/glance/glance/api/middleware/version_negotiation.py:69}}
Feb 05 15:58:05 devstack devstack@g-api.service[75823]: DEBUG glance.api.middleware.version_negotiation [None req-a33e8b52-10a0-43e8-bac0-e365ecf4253e None None] new path /v2/images {{(pid=75823) process_request /opt/stack/glance/glance/api/middleware/version_negotiation.py:70}}
Feb 05 15:58:05 devstack devstack@g-api.service[75823]: [pid: 75823|app: 0|req: 1/3] 127.0.0.1 () {40 vars in 779 bytes} [Thu Feb 5 15:58:05 2026] POST /v2/images => generated 807 bytes in 827 msecs (HTTP/1.1 201) 6 headers in 314 bytes (1 switches on core 0)
Feb 05 15:58:05 devstack devstack@g-api.service[75822]: DEBUG glance.api.middleware.version_negotiation [None req-b8525dc7-cd02-450a-af56-af8da8d35c5e None None] Determining version of request: PUT /v2/images/b0033923-ba62-44ed-92e5-0799d2c60c17/file Accept: {{(pid=75822) process_request /opt/stack/glance/glance/api/middleware/version_negotiation.py:44}}
Feb 05 15:58:05 devstack devstack@g-api.service[75822]: DEBUG glance.api.middleware.version_negotiation [None req-b8525dc7-cd02-450a-af56-af8da8d35c5e None None] Using url versioning {{(pid=75822) process_request /opt/stack/glance/glance/api/middleware/version_negotiation.py:57}}
Feb 05 15:58:05 devstack devstack@g-api.service[75822]: DEBUG glance.api.middleware.version_negotiation [None req-b8525dc7-cd02-450a-af56-af8da8d35c5e None None] Matched version: v2 {{(pid=75822) process_request /opt/stack/glance/glance/api/middleware/version_negotiation.py:69}}
Feb 05 15:58:05 devstack devstack@g-api.service[75822]: DEBUG glance.api.middleware.version_negotiation [None req-b8525dc7-cd02-450a-af56-af8da8d35c5e None None] new path /v2/images/b0033923-ba62-44ed-92e5-0799d2c60c17/file {{(pid=75822) process_request /opt/stack/glance/glance/api/middleware/version_negotiation.py:70}}
Feb 05 15:58:06 devstack devstack@g-api.service[75822]: INFO glance.api.v2.image_data [None req-c0e884ec-deb5-4732-a628-994a38ec78e9 admin admin] Unable to create trust: no such option collect_timing in group [keystone_authtoken] Use the existing user token.
Feb 05 15:58:06 devstack devstack@g-api.service[75822]: DEBUG glance.location [None req-c0e884ec-deb5-4732-a628-994a38ec78e9 admin admin] Enabling in-flight format inspection for qcow2 {{(pid=75822) set_data /opt/stack/glance/glance/location.py:616}}
Feb 05 15:58:06 devstack devstack@g-api.service[75822]: DEBUG oslo_utils.imageutils.format_inspector [None req-c0e884ec-deb5-4732-a628-994a38ec78e9 admin admin] Format inspector for vmdk does not match, excluding from consideration (Signature KDMV not found: b'QFI\xfb') {{(pid=75822) _process_chunk /opt/stack/data/venv/lib/python3.10/site-packages/oslo_utils/imageutils/format_inspector.py:1537}}
Feb 05 15:58:06 devstack devstack@g-api.service[75822]: DEBUG oslo_utils.imageutils.format_inspector [None req-c0e884ec-deb5-4732-a628-994a38ec78e9 admin admin] Format inspector for vhdx does not match, excluding from consideration (Region signature not found at 30000) {{(pid=75822) _process_chunk /opt/stack/data/venv/lib/python3.10/site-packages/oslo_utils/imageutils/format_inspector.py:1537}}
Feb 05 15:58:07 devstack devstack@g-api.service[75822]: DEBUG glance_store._drivers.filesystem [None req-c0e884ec-deb5-4732-a628-994a38ec78e9 admin admin] Wrote 21692416 bytes to /opt/stack/data/glance/images/b0033923-ba62-44ed-92e5-0799d2c60c17 with checksum 87617e24a5e30cb3b87fda8c0764838f and multihash 9a9bce0083a00939ec17c11febbfc767aa211aaa54f51e75c5a8b271a9b5637c77205a518b7a2007cb391d23cceb01e0e4e8d64832317151bc85b734b92a7be0 {{(pid=75822) add /opt/stack/data/venv/lib/python3.10/site-packages/glance_store/_drivers/filesystem.py:794}}
Feb 05 15:58:07 devstack devstack@g-api.service[75822]: INFO glance.location [None req-c0e884ec-deb5-4732-a628-994a38ec78e9 admin admin] Image format matched and virtual size computed: 117440512
Feb 05 15:58:07 devstack devstack@g-api.service[75822]: DEBUG glance_store.backend [None req-c0e884ec-deb5-4732-a628-994a38ec78e9 admin admin] Skipping store.set_acls... not implemented. {{(pid=75822) set_acls /opt/stack/data/venv/lib/python3.10/site-packages/glance_store/backend.py:507}}
Feb 05 15:58:07 devstack devstack@g-api.service[75822]: [pid: 75822|app: 0|req: 3/4] 127.0.0.1 () {40 vars in 872 bytes} [Thu Feb 5 15:58:05 2026] PUT /v2/images/b0033923-ba62-44ed-92e5-0799d2c60c17/file => generated 0 bytes in 1150 msecs (HTTP/1.1 204) 4 headers in 171 bytes (1 switches on core 0)
Feb 05 15:58:07 devstack devstack@g-api.service[75823]: DEBUG glance.api.middleware.version_negotiation [None req-056562fd-70d2-4f45-bc26-97f0848b1362 admin admin] Determining version of request: GET /v2/images/b0033923-ba62-44ed-92e5-0799d2c60c17 Accept: */* {{(pid=75823) process_request /opt/stack/glance/glance/api/middleware/version_negotiation.py:44}}
Feb 05 15:58:07 devstack devstack@g-api.service[75823]: DEBUG glance.api.middleware.version_negotiation [None req-056562fd-70d2-4f45-bc26-97f0848b1362 admin admin] Using url versioning {{(pid=75823) process_request /opt/stack/glance/glance/api/middleware/version_negotiation.py:57}}
Feb 05 15:58:07 devstack devstack@g-api.service[75823]: DEBUG glance.api.middleware.version_negotiation [None req-056562fd-70d2-4f45-bc26-97f0848b1362 admin admin] Matched version: v2 {{(pid=75823) process_request /opt/stack/glance/glance/api/middleware/version_negotiation.py:69}}
Feb 05 15:58:07 devstack devstack@g-api.service[75823]: DEBUG glance.api.middleware.version_negotiation [None req-056562fd-70d2-4f45-bc26-97f0848b1362 admin admin] new path /v2/images/b0033923-ba62-44ed-92e5-0799d2c60c17 {{(pid=75823) process_request /opt/stack/glance/glance/api/middleware/version_negotiation.py:70}}
Feb 05 15:58:07 devstack devstack@g-api.service[75823]: [pid: 75823|app: 0|req: 2/5] 127.0.0.1 () {36 vars in 799 bytes} [Thu Feb 5 15:58:07 2026] GET /v2/images/b0033923-ba62-44ed-92e5-0799d2c60c17 => generated 976 bytes in 17 msecs (HTTP/1.1 200) 4 headers in 157 bytes (1 switches on core 0)
Feb 05 15:58:17 devstack devstack@g-api.service[75822]: DEBUG dbcounter [-] [75822] Writing DB stats glance:INSERT=5,glance:SELECT=16,glance:UPDATE=2 {{(pid=75822) stat_writer /opt/stack/data/venv/lib/python3.10/site-packages/dbcounter.py:115}}
Feb 05 15:58:17 devstack devstack@g-api.service[75823]: DEBUG dbcounter [-] [75823] Writing DB stats glance:INSERT=9,glance:SELECT=6 {{(pid=75823) stat_writer /opt/stack/data/venv/lib/python3.10/site-packages/dbcounter.py:115}}
Feb 05 15:58:46 devstack devstack@g-api.service[75822]: DEBUG glance.api.middleware.version_negotiation [None req-c0e884ec-deb5-4732-a628-994a38ec78e9 admin admin] Determining version of request: GET / Accept: application/json {{(pid=75822) process_request /opt/stack/glance/glance/api/middleware/version_negotiation.py:44}}
Feb 05 15:58:46 devstack devstack@g-api.service[75822]: DEBUG glance.api.middleware.version_negotiation [None req-c0e884ec-deb5-4732-a628-994a38ec78e9 admin admin] Using url versioning {{(pid=75822) process_request /opt/stack/glance/glance/api/middleware/version_negotiation.py:57}}
Feb 05 15:58:46 devstack devstack@g-api.service[75822]: DEBUG glance.api.middleware.version_negotiation [None req-c0e884ec-deb5-4732-a628-994a38ec78e9 admin admin] Unknown version. Returning version choices. {{(pid=75822) process_request /opt/stack/glance/glance/api/middleware/version_negotiation.py:64}}
Feb 05 15:58:46 devstack devstack@g-api.service[75822]: [pid: 75822|app: 0|req: 4/6] 127.0.0.1 () {34 vars in 513 bytes} [Thu Feb 5 15:58:46 2026] GET / => generated 1446 bytes in 2 msecs (HTTP/1.1 300) 3 headers in 106 bytes (1 switches on core 0)
Feb 05 15:58:46 devstack devstack@g-api.service[75823]: DEBUG glance.api.middleware.version_negotiation [None req-8124bb9a-72df-494d-b3a3-29c4e303ed62 admin admin] Determining version of request: GET /v2/images Accept: application/json {{(pid=75823) process_request /opt/stack/glance/glance/api/middleware/version_negotiation.py:44}}
Feb 05 15:58:46 devstack devstack@g-api.service[75823]: DEBUG glance.api.middleware.version_negotiation [None req-8124bb9a-72df-494d-b3a3-29c4e303ed62 admin admin] Using url versioning {{(pid=75823) process_request /opt/stack/glance/glance/api/middleware/version_negotiation.py:57}}
Feb 05 15:58:46 devstack devstack@g-api.service[75823]: DEBUG glance.api.middleware.version_negotiation [None req-8124bb9a-72df-494d-b3a3-29c4e303ed62 admin admin] Matched version: v2 {{(pid=75823) process_request /opt/stack/glance/glance/api/middleware/version_negotiation.py:69}}
Feb 05 15:58:46 devstack devstack@g-api.service[75823]: DEBUG glance.api.middleware.version_negotiation [None req-8124bb9a-72df-494d-b3a3-29c4e303ed62 admin admin] new path /v2/images {{(pid=75823) process_request /opt/stack/glance/glance/api/middleware/version_negotiation.py:70}}
Feb 05 15:58:46 devstack devstack@g-api.service[75823]: [pid: 75823|app: 0|req: 3/7] 127.0.0.1 () {36 vars in 735 bytes} [Thu Feb 5 15:58:46 2026] GET /v2/images => generated 1045 bytes in 71 msecs (HTTP/1.1 200) 4 headers in 158 bytes (1 switches on core 0)
Feb 05 15:58:52 devstack devstack@g-api.service[75822]: DEBUG glance.api.middleware.version_negotiation [None req-c0e884ec-deb5-4732-a628-994a38ec78e9 admin admin] Determining version of request: GET / Accept: application/json {{(pid=75822) process_request /opt/stack/glance/glance/api/middleware/version_negotiation.py:44}}
Feb 05 15:58:52 devstack devstack@g-api.service[75822]: DEBUG glance.api.middleware.version_negotiation [None req-c0e884ec-deb5-4732-a628-994a38ec78e9 admin admin] Using url versioning {{(pid=75822) process_request /opt/stack/glance/glance/api/middleware/version_negotiation.py:57}}
Feb 05 15:58:52 devstack devstack@g-api.service[75822]: DEBUG glance.api.middleware.version_negotiation [None req-c0e884ec-deb5-4732-a628-994a38ec78e9 admin admin] Unknown version. Returning version choices. {{(pid=75822) process_request /opt/stack/glance/glance/api/middleware/version_negotiation.py:64}}
Feb 05 15:58:52 devstack devstack@g-api.service[75822]: [pid: 75822|app: 0|req: 5/8] 127.0.0.1 () {34 vars in 513 bytes} [Thu Feb 5 15:58:52 2026] GET / => generated 1446 bytes in 2 msecs (HTTP/1.1 300) 3 headers in 106 bytes (1 switches on core 0)
Feb 05 15:58:52 devstack devstack@g-api.service[75823]: DEBUG glance.api.middleware.version_negotiation [None req-af8ca367-6e66-4549-9a5d-3745d55c99a6 admin admin] Determining version of request: GET /v2/images/b0033923-ba62-44ed-92e5-0799d2c60c17 Accept: */* {{(pid=75823) process_request /opt/stack/glance/glance/api/middleware/version_negotiation.py:44}}
Feb 05 15:58:52 devstack devstack@g-api.service[75823]: DEBUG glance.api.middleware.version_negotiation [None req-af8ca367-6e66-4549-9a5d-3745d55c99a6 admin admin] Using url versioning {{(pid=75823) process_request /opt/stack/glance/glance/api/middleware/version_negotiation.py:57}}
Feb 05 15:58:52 devstack devstack@g-api.service[75823]: DEBUG glance.api.middleware.version_negotiation [None req-af8ca367-6e66-4549-9a5d-3745d55c99a6 admin admin] Matched version: v2 {{(pid=75823) process_request /opt/stack/glance/glance/api/middleware/version_negotiation.py:69}}
Feb 05 15:58:52 devstack devstack@g-api.service[75823]: DEBUG glance.api.middleware.version_negotiation [None req-af8ca367-6e66-4549-9a5d-3745d55c99a6 admin admin] new path /v2/images/b0033923-ba62-44ed-92e5-0799d2c60c17 {{(pid=75823) process_request /opt/stack/glance/glance/api/middleware/version_negotiation.py:70}}
Feb 05 15:58:52 devstack devstack@g-api.service[75823]: [pid: 75823|app: 0|req: 4/9] 127.0.0.1 () {36 vars in 796 bytes} [Thu Feb 5 15:58:52 2026] GET /v2/images/b0033923-ba62-44ed-92e5-0799d2c60c17 => generated 976 bytes in 53 msecs (HTTP/1.1 200) 4 headers in 157 bytes (1 switches on core 0)
Feb 05 15:58:56 devstack devstack@g-api.service[75822]: DEBUG glance.api.middleware.version_negotiation [None req-c0e884ec-deb5-4732-a628-994a38ec78e9 admin admin] Determining version of request: GET / Accept: application/json {{(pid=75822) process_request /opt/stack/glance/glance/api/middleware/version_negotiation.py:44}}
Feb 05 15:58:56 devstack devstack@g-api.service[75822]: DEBUG glance.api.middleware.version_negotiation [None req-c0e884ec-deb5-4732-a628-994a38ec78e9 admin admin] Using url versioning {{(pid=75822) process_request /opt/stack/glance/glance/api/middleware/version_negotiation.py:57}}
Feb 05 15:58:56 devstack devstack@g-api.service[75822]: DEBUG glance.api.middleware.version_negotiation [None req-c0e884ec-deb5-4732-a628-994a38ec78e9 admin admin] Unknown version. Returning version choices. {{(pid=75822) process_request /opt/stack/glance/glance/api/middleware/version_negotiation.py:64}}
Feb 05 15:58:56 devstack devstack@g-api.service[75822]: [pid: 75822|app: 0|req: 6/10] 127.0.0.1 () {34 vars in 513 bytes} [Thu Feb 5 15:58:56 2026] GET / => generated 1446 bytes in 2 msecs (HTTP/1.1 300) 3 headers in 106 bytes (1 switches on core 0)
Feb 05 15:58:56 devstack devstack@g-api.service[75823]: DEBUG glance.api.middleware.version_negotiation [None req-f30addec-2835-4390-bfcc-e4e0196bf045 admin admin] Determining version of request: GET /v2/images/b0033923-ba62-44ed-92e5-0799d2c60c17 Accept: */* {{(pid=75823) process_request /opt/stack/glance/glance/api/middleware/version_negotiation.py:44}}
Feb 05 15:58:56 devstack devstack@g-api.service[75823]: DEBUG glance.api.middleware.version_negotiation [None req-f30addec-2835-4390-bfcc-e4e0196bf045 admin admin] Using url versioning {{(pid=75823) process_request /opt/stack/glance/glance/api/middleware/version_negotiation.py:57}}
Feb 05 15:58:56 devstack devstack@g-api.service[75823]: DEBUG glance.api.middleware.version_negotiation [None req-f30addec-2835-4390-bfcc-e4e0196bf045 admin admin] Matched version: v2 {{(pid=75823) process_request /opt/stack/glance/glance/api/middleware/version_negotiation.py:69}}
Feb 05 15:58:56 devstack devstack@g-api.service[75823]: DEBUG glance.api.middleware.version_negotiation [None req-f30addec-2835-4390-bfcc-e4e0196bf045 admin admin] new path /v2/images/b0033923-ba62-44ed-92e5-0799d2c60c17 {{(pid=75823) process_request /opt/stack/glance/glance/api/middleware/version_negotiation.py:70}}
Feb 05 15:58:56 devstack devstack@g-api.service[75823]: [pid: 75823|app: 0|req: 5/11] 127.0.0.1 () {36 vars in 796 bytes} [Thu Feb 5 15:58:56 2026] GET /v2/images/b0033923-ba62-44ed-92e5-0799d2c60c17 => generated 976 bytes in 44 msecs (HTTP/1.1 200) 4 headers in 157 bytes (1 switches on core 0)
Feb 05 15:59:06 devstack devstack@g-api.service[75823]: DEBUG dbcounter [-] [75823] Writing DB stats glance:SELECT=5 {{(pid=75823) stat_writer /opt/stack/data/venv/lib/python3.10/site-packages/dbcounter.py:115}}
Feb 05 16:00:14 devstack devstack@g-api.service[75822]: DEBUG glance.api.middleware.version_negotiation [None req-c0e884ec-deb5-4732-a628-994a38ec78e9 admin admin] Determining version of request: GET / Accept: application/json {{(pid=75822) process_request /opt/stack/glance/glance/api/middleware/version_negotiation.py:44}}
Feb 05 16:00:14 devstack devstack@g-api.service[75822]: DEBUG glance.api.middleware.version_negotiation [None req-c0e884ec-deb5-4732-a628-994a38ec78e9 admin admin] Using url versioning {{(pid=75822) process_request /opt/stack/glance/glance/api/middleware/version_negotiation.py:57}}
Feb 05 16:00:14 devstack devstack@g-api.service[75822]: DEBUG glance.api.middleware.version_negotiation [None req-c0e884ec-deb5-4732-a628-994a38ec78e9 admin admin] Unknown version. Returning version choices. {{(pid=75822) process_request /opt/stack/glance/glance/api/middleware/version_negotiation.py:64}}
Feb 05 16:00:14 devstack devstack@g-api.service[75822]: [pid: 75822|app: 0|req: 7/12] 127.0.0.1 () {36 vars in 484 bytes} [Thu Feb 5 16:00:14 2026] GET / => generated 1446 bytes in 2 msecs (HTTP/1.1 300) 3 headers in 106 bytes (1 switches on core 0)
Feb 05 16:01:15 devstack devstack@g-api.service[75823]: DEBUG glance.api.middleware.version_negotiation [None req-f5b7efc4-990b-4c14-8547-fe724b7cde7a admin admin] Determining version of request: GET /v2/images/b0033923-ba62-44ed-92e5-0799d2c60c17 Accept: */* {{(pid=75823) process_request /opt/stack/glance/glance/api/middleware/version_negotiation.py:44}}
Feb 05 16:01:15 devstack devstack@g-api.service[75823]: DEBUG glance.api.middleware.version_negotiation [None req-f5b7efc4-990b-4c14-8547-fe724b7cde7a admin admin] Using url versioning {{(pid=75823) process_request /opt/stack/glance/glance/api/middleware/version_negotiation.py:57}}
Feb 05 16:01:15 devstack devstack@g-api.service[75823]: DEBUG glance.api.middleware.version_negotiation [None req-f5b7efc4-990b-4c14-8547-fe724b7cde7a admin admin] Matched version: v2 {{(pid=75823) process_request /opt/stack/glance/glance/api/middleware/version_negotiation.py:69}}
Feb 05 16:01:15 devstack devstack@g-api.service[75823]: DEBUG glance.api.middleware.version_negotiation [None req-f5b7efc4-990b-4c14-8547-fe724b7cde7a admin admin] new path /v2/images/b0033923-ba62-44ed-92e5-0799d2c60c17 {{(pid=75823) process_request /opt/stack/glance/glance/api/middleware/version_negotiation.py:70}}
Feb 05 16:01:15 devstack devstack@g-api.service[75823]: WARNING keystonemiddleware.auth_token [None req-f5b7efc4-990b-4c14-8547-fe724b7cde7a admin admin] A valid token was submitted as a service token, but it was not a valid service token. This is incorrect but backwards compatible behaviour. This will be removed in future releases.
Feb 05 16:01:15 devstack devstack@g-api.service[75823]: [pid: 75823|app: 0|req: 6/13] 127.0.0.1 () {42 vars in 1055 bytes} [Thu Feb 5 16:01:15 2026] GET /v2/images/b0033923-ba62-44ed-92e5-0799d2c60c17 => generated 976 bytes in 156 msecs (HTTP/1.1 200) 4 headers in 157 bytes (1 switches on core 0)
Feb 05 16:01:15 devstack devstack@g-api.service[75822]: DEBUG glance.api.middleware.version_negotiation [None req-c0e884ec-deb5-4732-a628-994a38ec78e9 admin admin] Determining version of request: GET /v2/schemas/image Accept: */* {{(pid=75822) process_request /opt/stack/glance/glance/api/middleware/version_negotiation.py:44}}
Feb 05 16:01:15 devstack devstack@g-api.service[75822]: DEBUG glance.api.middleware.version_negotiation [None req-c0e884ec-deb5-4732-a628-994a38ec78e9 admin admin] Using url versioning {{(pid=75822) process_request /opt/stack/glance/glance/api/middleware/version_negotiation.py:57}}
Feb 05 16:01:15 devstack devstack@g-api.service[75822]: DEBUG glance.api.middleware.version_negotiation [None req-c0e884ec-deb5-4732-a628-994a38ec78e9 admin admin] Matched version: v2 {{(pid=75822) process_request /opt/stack/glance/glance/api/middleware/version_negotiation.py:69}}
Feb 05 16:01:15 devstack devstack@g-api.service[75822]: DEBUG glance.api.middleware.version_negotiation [None req-c0e884ec-deb5-4732-a628-994a38ec78e9 admin admin] new path /v2/schemas/image {{(pid=75822) process_request /opt/stack/glance/glance/api/middleware/version_negotiation.py:70}}
Feb 05 16:01:15 devstack devstack@g-api.service[75822]: WARNING keystonemiddleware.auth_token [None req-c0e884ec-deb5-4732-a628-994a38ec78e9 admin admin] A valid token was submitted as a service token, but it was not a valid service token. This is incorrect but backwards compatible behaviour. This will be removed in future releases.
Feb 05 16:01:15 devstack devstack@g-api.service[75822]: [pid: 75822|app: 0|req: 8/14] 127.0.0.1 () {42 vars in 995 bytes} [Thu Feb 5 16:01:15 2026] GET /v2/schemas/image => generated 6083 bytes in 9 msecs (HTTP/1.1 200) 4 headers in 158 bytes (1 switches on core 0)
Feb 05 16:01:15 devstack devstack@g-api.service[75823]: DEBUG glance.api.middleware.version_negotiation [None req-0e2d42d1-130c-438b-9105-a3b7a7f22825 tempest-ServerActionsV293TestJSON-774163030 tempest-ServerActionsV293TestJSON-774163030-project-member] Determining version of request: GET /v2/schemas/image Accept: */* {{(pid=75823) process_request /opt/stack/glance/glance/api/middleware/version_negotiation.py:44}}
Feb 05 16:01:15 devstack devstack@g-api.service[75823]: DEBUG glance.api.middleware.version_negotiation [None req-0e2d42d1-130c-438b-9105-a3b7a7f22825 tempest-ServerActionsV293TestJSON-774163030 tempest-ServerActionsV293TestJSON-774163030-project-member] Using url versioning {{(pid=75823) process_request /opt/stack/glance/glance/api/middleware/version_negotiation.py:57}}
Feb 05 16:01:15 devstack devstack@g-api.service[75823]: DEBUG glance.api.middleware.version_negotiation [None req-0e2d42d1-130c-438b-9105-a3b7a7f22825 tempest-ServerActionsV293TestJSON-774163030 tempest-ServerActionsV293TestJSON-774163030-project-member] Matched version: v2 {{(pid=75823) process_request /opt/stack/glance/glance/api/middleware/version_negotiation.py:69}}
Feb 05 16:01:15 devstack devstack@g-api.service[75823]: DEBUG glance.api.middleware.version_negotiation [None req-0e2d42d1-130c-438b-9105-a3b7a7f22825 tempest-ServerActionsV293TestJSON-774163030 tempest-ServerActionsV293TestJSON-774163030-project-member] new path /v2/schemas/image {{(pid=75823) process_request /opt/stack/glance/glance/api/middleware/version_negotiation.py:70}}
Feb 05 16:01:15 devstack devstack@g-api.service[75823]: [pid: 75823|app: 0|req: 7/15] 127.0.0.1 () {42 vars in 995 bytes} [Thu Feb 5 16:01:15 2026] GET /v2/schemas/image => generated 6083 bytes in 5 msecs (HTTP/1.1 200) 4 headers in 158 bytes (1 switches on core 0)
Feb 05 16:01:15 devstack devstack@g-api.service[75822]: DEBUG glance.api.middleware.version_negotiation [None req-0e2d42d1-130c-438b-9105-a3b7a7f22825 tempest-ServerActionsV293TestJSON-774163030 tempest-ServerActionsV293TestJSON-774163030-project-member] Determining version of request: GET /v2/images/b0033923-ba62-44ed-92e5-0799d2c60c17 Accept: */* {{(pid=75822) process_request /opt/stack/glance/glance/api/middleware/version_negotiation.py:44}}
Feb 05 16:01:15 devstack devstack@g-api.service[75822]: DEBUG glance.api.middleware.version_negotiation [None req-0e2d42d1-130c-438b-9105-a3b7a7f22825 tempest-ServerActionsV293TestJSON-774163030 tempest-ServerActionsV293TestJSON-774163030-project-member] Using url versioning {{(pid=75822) process_request /opt/stack/glance/glance/api/middleware/version_negotiation.py:57}}
Feb 05 16:01:15 devstack devstack@g-api.service[75822]: DEBUG glance.api.middleware.version_negotiation [None req-0e2d42d1-130c-438b-9105-a3b7a7f22825 tempest-ServerActionsV293TestJSON-774163030 tempest-ServerActionsV293TestJSON-774163030-project-member] Matched version: v2 {{(pid=75822) process_request /opt/stack/glance/glance/api/middleware/version_negotiation.py:69}}
Feb 05 16:01:15 devstack devstack@g-api.service[75822]: DEBUG glance.api.middleware.version_negotiation [None req-0e2d42d1-130c-438b-9105-a3b7a7f22825 tempest-ServerActionsV293TestJSON-774163030 tempest-ServerActionsV293TestJSON-774163030-project-member] new path /v2/images/b0033923-ba62-44ed-92e5-0799d2c60c17 {{(pid=75822) process_request /opt/stack/glance/glance/api/middleware/version_negotiation.py:70}}
Feb 05 16:01:15 devstack devstack@g-api.service[75822]: [pid: 75822|app: 0|req: 9/16] 127.0.0.1 () {42 vars in 1055 bytes} [Thu Feb 5 16:01:15 2026] GET /v2/images/b0033923-ba62-44ed-92e5-0799d2c60c17 => generated 976 bytes in 35 msecs (HTTP/1.1 200) 4 headers in 157 bytes (1 switches on core 0)
Feb 05 16:01:15 devstack devstack@g-api.service[75823]: DEBUG glance.api.middleware.version_negotiation [None req-0e2d42d1-130c-438b-9105-a3b7a7f22825 tempest-ServerActionsV293TestJSON-774163030 tempest-ServerActionsV293TestJSON-774163030-project-member] Determining version of request: GET /v2/schemas/image Accept: */* {{(pid=75823) process_request /opt/stack/glance/glance/api/middleware/version_negotiation.py:44}}
Feb 05 16:01:15 devstack devstack@g-api.service[75823]: DEBUG glance.api.middleware.version_negotiation [None req-0e2d42d1-130c-438b-9105-a3b7a7f22825 tempest-ServerActionsV293TestJSON-774163030 tempest-ServerActionsV293TestJSON-774163030-project-member] Using url versioning {{(pid=75823) process_request /opt/stack/glance/glance/api/middleware/version_negotiation.py:57}}
Feb 05 16:01:15 devstack devstack@g-api.service[75823]: DEBUG glance.api.middleware.version_negotiation [None req-0e2d42d1-130c-438b-9105-a3b7a7f22825 tempest-ServerActionsV293TestJSON-774163030 tempest-ServerActionsV293TestJSON-774163030-project-member] Matched version: v2 {{(pid=75823) process_request /opt/stack/glance/glance/api/middleware/version_negotiation.py:69}}
Feb 05 16:01:15 devstack devstack@g-api.service[75823]: DEBUG glance.api.middleware.version_negotiation [None req-0e2d42d1-130c-438b-9105-a3b7a7f22825 tempest-ServerActionsV293TestJSON-774163030 tempest-ServerActionsV293TestJSON-774163030-project-member] new path /v2/schemas/image {{(pid=75823) process_request /opt/stack/glance/glance/api/middleware/version_negotiation.py:70}}
Feb 05 16:01:15 devstack devstack@g-api.service[75823]: [pid: 75823|app: 0|req: 8/17] 127.0.0.1 () {42 vars in 995 bytes} [Thu Feb 5 16:01:15 2026] GET /v2/schemas/image => generated 6083 bytes in 4 msecs (HTTP/1.1 200) 4 headers in 158 bytes (1 switches on core 0)
Feb 05 16:01:15 devstack devstack@g-api.service[75822]: DEBUG glance.api.middleware.version_negotiation [None req-0e2d42d1-130c-438b-9105-a3b7a7f22825 tempest-ServerActionsV293TestJSON-774163030 tempest-ServerActionsV293TestJSON-774163030-project-member] Determining version of request: GET /v2/schemas/image Accept: */* {{(pid=75822) process_request /opt/stack/glance/glance/api/middleware/version_negotiation.py:44}}
Feb 05 16:01:15 devstack devstack@g-api.service[75822]: DEBUG glance.api.middleware.version_negotiation [None req-0e2d42d1-130c-438b-9105-a3b7a7f22825 tempest-ServerActionsV293TestJSON-774163030 tempest-ServerActionsV293TestJSON-774163030-project-member] Using url versioning {{(pid=75822) process_request /opt/stack/glance/glance/api/middleware/version_negotiation.py:57}}
Feb 05 16:01:15 devstack devstack@g-api.service[75822]: DEBUG glance.api.middleware.version_negotiation [None req-0e2d42d1-130c-438b-9105-a3b7a7f22825 tempest-ServerActionsV293TestJSON-774163030 tempest-ServerActionsV293TestJSON-774163030-project-member] Matched version: v2 {{(pid=75822) process_request /opt/stack/glance/glance/api/middleware/version_negotiation.py:69}}
Feb 05 16:01:15 devstack devstack@g-api.service[75822]: DEBUG glance.api.middleware.version_negotiation [None req-0e2d42d1-130c-438b-9105-a3b7a7f22825 tempest-ServerActionsV293TestJSON-774163030 tempest-ServerActionsV293TestJSON-774163030-project-member] new path /v2/schemas/image {{(pid=75822) process_request /opt/stack/glance/glance/api/middleware/version_negotiation.py:70}}
Feb 05 16:01:15 devstack devstack@g-api.service[75822]: [pid: 75822|app: 0|req: 10/18] 127.0.0.1 () {42 vars in 995 bytes} [Thu Feb 5 16:01:15 2026] GET /v2/schemas/image => generated 6083 bytes in 6 msecs (HTTP/1.1 200) 4 headers in 158 bytes (1 switches on core 0)
Feb 05 16:01:15 devstack devstack@g-api.service[75823]: DEBUG glance.api.middleware.version_negotiation [None req-0e2d42d1-130c-438b-9105-a3b7a7f22825 tempest-ServerActionsV293TestJSON-774163030 tempest-ServerActionsV293TestJSON-774163030-project-member] Determining version of request: GET /v2/images/b0033923-ba62-44ed-92e5-0799d2c60c17 Accept: */* {{(pid=75823) process_request /opt/stack/glance/glance/api/middleware/version_negotiation.py:44}}
Feb 05 16:01:15 devstack devstack@g-api.service[75823]: DEBUG glance.api.middleware.version_negotiation [None req-0e2d42d1-130c-438b-9105-a3b7a7f22825 tempest-ServerActionsV293TestJSON-774163030 tempest-ServerActionsV293TestJSON-774163030-project-member] Using url versioning {{(pid=75823) process_request /opt/stack/glance/glance/api/middleware/version_negotiation.py:57}}
Feb 05 16:01:15 devstack devstack@g-api.service[75823]: DEBUG glance.api.middleware.version_negotiation [None req-0e2d42d1-130c-438b-9105-a3b7a7f22825 tempest-ServerActionsV293TestJSON-774163030 tempest-ServerActionsV293TestJSON-774163030-project-member] Matched version: v2 {{(pid=75823) process_request /opt/stack/glance/glance/api/middleware/version_negotiation.py:69}}
Feb 05 16:01:15 devstack devstack@g-api.service[75823]: DEBUG glance.api.middleware.version_negotiation [None req-0e2d42d1-130c-438b-9105-a3b7a7f22825 tempest-ServerActionsV293TestJSON-774163030 tempest-ServerActionsV293TestJSON-774163030-project-member] new path /v2/images/b0033923-ba62-44ed-92e5-0799d2c60c17 {{(pid=75823) process_request /opt/stack/glance/glance/api/middleware/version_negotiation.py:70}}
Feb 05 16:01:15 devstack devstack@g-api.service[75823]: [pid: 75823|app: 0|req: 9/19] 127.0.0.1 () {42 vars in 1055 bytes} [Thu Feb 5 16:01:15 2026] GET /v2/images/b0033923-ba62-44ed-92e5-0799d2c60c17 => generated 976 bytes in 27 msecs (HTTP/1.1 200) 4 headers in 157 bytes (1 switches on core 0)
Feb 05 16:01:15 devstack devstack@g-api.service[75822]: DEBUG glance.api.middleware.version_negotiation [None req-0e2d42d1-130c-438b-9105-a3b7a7f22825 tempest-ServerActionsV293TestJSON-774163030 tempest-ServerActionsV293TestJSON-774163030-project-member] Determining version of request: GET /v2/schemas/image Accept: */* {{(pid=75822) process_request /opt/stack/glance/glance/api/middleware/version_negotiation.py:44}}
Feb 05 16:01:15 devstack devstack@g-api.service[75822]: DEBUG glance.api.middleware.version_negotiation [None req-0e2d42d1-130c-438b-9105-a3b7a7f22825 tempest-ServerActionsV293TestJSON-774163030 tempest-ServerActionsV293TestJSON-774163030-project-member] Using url versioning {{(pid=75822) process_request /opt/stack/glance/glance/api/middleware/version_negotiation.py:57}}
Feb 05 16:01:15 devstack devstack@g-api.service[75822]: DEBUG glance.api.middleware.version_negotiation [None req-0e2d42d1-130c-438b-9105-a3b7a7f22825 tempest-ServerActionsV293TestJSON-774163030 tempest-ServerActionsV293TestJSON-774163030-project-member] Matched version: v2 {{(pid=75822) process_request /opt/stack/glance/glance/api/middleware/version_negotiation.py:69}}
Feb 05 16:01:15 devstack devstack@g-api.service[75822]: DEBUG glance.api.middleware.version_negotiation [None req-0e2d42d1-130c-438b-9105-a3b7a7f22825 tempest-ServerActionsV293TestJSON-774163030 tempest-ServerActionsV293TestJSON-774163030-project-member] new path /v2/schemas/image {{(pid=75822) process_request /opt/stack/glance/glance/api/middleware/version_negotiation.py:70}}
Feb 05 16:01:15 devstack devstack@g-api.service[75822]: [pid: 75822|app: 0|req: 11/20] 127.0.0.1 () {42 vars in 995 bytes} [Thu Feb 5 16:01:15 2026] GET /v2/schemas/image => generated 6083 bytes in 5 msecs (HTTP/1.1 200) 4 headers in 158 bytes (1 switches on core 0)
Feb 05 16:01:15 devstack devstack@g-api.service[75823]: DEBUG glance.api.middleware.version_negotiation [None req-0e2d42d1-130c-438b-9105-a3b7a7f22825 tempest-ServerActionsV293TestJSON-774163030 tempest-ServerActionsV293TestJSON-774163030-project-member] Determining version of request: GET /v2/schemas/image Accept: */* {{(pid=75823) process_request /opt/stack/glance/glance/api/middleware/version_negotiation.py:44}}
Feb 05 16:01:15 devstack devstack@g-api.service[75823]: DEBUG glance.api.middleware.version_negotiation [None req-0e2d42d1-130c-438b-9105-a3b7a7f22825 tempest-ServerActionsV293TestJSON-774163030 tempest-ServerActionsV293TestJSON-774163030-project-member] Using url versioning {{(pid=75823) process_request /opt/stack/glance/glance/api/middleware/version_negotiation.py:57}}
Feb 05 16:01:15 devstack devstack@g-api.service[75823]: DEBUG glance.api.middleware.version_negotiation [None req-0e2d42d1-130c-438b-9105-a3b7a7f22825 tempest-ServerActionsV293TestJSON-774163030 tempest-ServerActionsV293TestJSON-774163030-project-member] Matched version: v2 {{(pid=75823) process_request /opt/stack/glance/glance/api/middleware/version_negotiation.py:69}}
Feb 05 16:01:15 devstack devstack@g-api.service[75823]: DEBUG glance.api.middleware.version_negotiation [None req-0e2d42d1-130c-438b-9105-a3b7a7f22825 tempest-ServerActionsV293TestJSON-774163030 tempest-ServerActionsV293TestJSON-774163030-project-member] new path /v2/schemas/image {{(pid=75823) process_request /opt/stack/glance/glance/api/middleware/version_negotiation.py:70}}
Feb 05 16:01:15 devstack devstack@g-api.service[75823]: [pid: 75823|app: 0|req: 10/21] 127.0.0.1 () {42 vars in 995 bytes} [Thu Feb 5 16:01:15 2026] GET /v2/schemas/image => generated 6083 bytes in 5 msecs (HTTP/1.1 200) 4 headers in 158 bytes (1 switches on core 0)
Feb 05 16:01:16 devstack devstack@g-api.service[75822]: DEBUG glance.api.middleware.version_negotiation [None req-0e2d42d1-130c-438b-9105-a3b7a7f22825 tempest-ServerActionsV293TestJSON-774163030 tempest-ServerActionsV293TestJSON-774163030-project-member] Determining version of request: GET /v2/images/b0033923-ba62-44ed-92e5-0799d2c60c17 Accept: application/json {{(pid=75822) process_request /opt/stack/glance/glance/api/middleware/version_negotiation.py:44}}
Feb 05 16:01:16 devstack devstack@g-api.service[75822]: DEBUG glance.api.middleware.version_negotiation [None req-0e2d42d1-130c-438b-9105-a3b7a7f22825 tempest-ServerActionsV293TestJSON-774163030 tempest-ServerActionsV293TestJSON-774163030-project-member] Using url versioning {{(pid=75822) process_request /opt/stack/glance/glance/api/middleware/version_negotiation.py:57}}
Feb 05 16:01:16 devstack devstack@g-api.service[75822]: DEBUG glance.api.middleware.version_negotiation [None req-0e2d42d1-130c-438b-9105-a3b7a7f22825 tempest-ServerActionsV293TestJSON-774163030 tempest-ServerActionsV293TestJSON-774163030-project-member] Matched version: v2 {{(pid=75822) process_request /opt/stack/glance/glance/api/middleware/version_negotiation.py:69}}
Feb 05 16:01:16 devstack devstack@g-api.service[75822]: DEBUG glance.api.middleware.version_negotiation [None req-0e2d42d1-130c-438b-9105-a3b7a7f22825 tempest-ServerActionsV293TestJSON-774163030 tempest-ServerActionsV293TestJSON-774163030-project-member] new path /v2/images/b0033923-ba62-44ed-92e5-0799d2c60c17 {{(pid=75822) process_request /opt/stack/glance/glance/api/middleware/version_negotiation.py:70}}
Feb 05 16:01:16 devstack devstack@g-api.service[75822]: [pid: 75822|app: 0|req: 12/22] 127.0.0.1 () {38 vars in 780 bytes} [Thu Feb 5 16:01:16 2026] GET /v2/images/b0033923-ba62-44ed-92e5-0799d2c60c17 => generated 976 bytes in 218 msecs (HTTP/1.1 200) 4 headers in 157 bytes (1 switches on core 0)
Feb 05 16:01:16 devstack devstack@g-api.service[75823]: DEBUG glance.api.middleware.version_negotiation [None req-0e2d42d1-130c-438b-9105-a3b7a7f22825 tempest-ServerActionsV293TestJSON-774163030 tempest-ServerActionsV293TestJSON-774163030-project-member] Determining version of request: GET /v2/images/b0033923-ba62-44ed-92e5-0799d2c60c17/file Accept: application/json {{(pid=75823) process_request /opt/stack/glance/glance/api/middleware/version_negotiation.py:44}}
Feb 05 16:01:16 devstack devstack@g-api.service[75823]: DEBUG glance.api.middleware.version_negotiation [None req-0e2d42d1-130c-438b-9105-a3b7a7f22825 tempest-ServerActionsV293TestJSON-774163030 tempest-ServerActionsV293TestJSON-774163030-project-member] Using url versioning {{(pid=75823) process_request /opt/stack/glance/glance/api/middleware/version_negotiation.py:57}}
Feb 05 16:01:16 devstack devstack@g-api.service[75823]: DEBUG glance.api.middleware.version_negotiation [None req-0e2d42d1-130c-438b-9105-a3b7a7f22825 tempest-ServerActionsV293TestJSON-774163030 tempest-ServerActionsV293TestJSON-774163030-project-member] Matched version: v2 {{(pid=75823) process_request /opt/stack/glance/glance/api/middleware/version_negotiation.py:69}}
Feb 05 16:01:16 devstack devstack@g-api.service[75823]: DEBUG glance.api.middleware.version_negotiation [None req-0e2d42d1-130c-438b-9105-a3b7a7f22825 tempest-ServerActionsV293TestJSON-774163030 tempest-ServerActionsV293TestJSON-774163030-project-member] new path /v2/images/b0033923-ba62-44ed-92e5-0799d2c60c17/file {{(pid=75823) process_request /opt/stack/glance/glance/api/middleware/version_negotiation.py:70}}
Feb 05 16:01:16 devstack devstack@g-api.service[75823]: DEBUG glance_store._drivers.filesystem [None req-4b80060f-a049-4f29-aaf2-8c503d841380 tempest-AttachSCSIVolumeTestJSON-490963304 tempest-AttachSCSIVolumeTestJSON-490963304-project-admin] Found image at /opt/stack/data/glance/images/b0033923-ba62-44ed-92e5-0799d2c60c17. Returning in ChunkedFile. {{(pid=75823) get /opt/stack/data/venv/lib/python3.10/site-packages/glance_store/_drivers/filesystem.py:618}}
Feb 05 16:01:16 devstack devstack@g-api.service[75823]: DEBUG glance.image_cache [None req-4b80060f-a049-4f29-aaf2-8c503d841380 tempest-AttachSCSIVolumeTestJSON-490963304 tempest-AttachSCSIVolumeTestJSON-490963304-project-admin] Tee'ing image 'b0033923-ba62-44ed-92e5-0799d2c60c17' into cache {{(pid=75823) get_caching_iter /opt/stack/glance/glance/image_cache/__init__.py:350}}
Feb 05 16:01:16 devstack devstack@g-api.service[75822]: DEBUG glance.api.middleware.version_negotiation [None req-b3016f49-457b-4a04-9281-fe5f3f2caf63 tempest-AttachSCSIVolumeTestJSON-341065819 tempest-AttachSCSIVolumeTestJSON-341065819-project-reader] Determining version of request: POST /v2/images Accept: application/json {{(pid=75822) process_request /opt/stack/glance/glance/api/middleware/version_negotiation.py:44}}
Feb 05 16:01:16 devstack devstack@g-api.service[75822]: DEBUG glance.api.middleware.version_negotiation [None req-b3016f49-457b-4a04-9281-fe5f3f2caf63 tempest-AttachSCSIVolumeTestJSON-341065819 tempest-AttachSCSIVolumeTestJSON-341065819-project-reader] Using url versioning {{(pid=75822) process_request /opt/stack/glance/glance/api/middleware/version_negotiation.py:57}}
