Nov 20 13:08:06 devstack cinder-volume[81078]: DEBUG oslo_concurrency.processutils [None req-6fb3b498-a8a1-4202-8b48-c45ae2ee1b9a tempest-SnapshotsActionsTest-974196203 None] Running cmd (subprocess): sudo cinder-rootwrap /etc/cinder/rootwrap.conf qemu-img create -f qcow2 -o backing_file=/opt/stack/data/cinder/mnt/2f195b1954fbbe7237164982daca4c32/volume-6f2500d9-2e3f-497f-874a-abb12d4c55fa,backing_fmt=qcow2 /opt/stack/data/cinder/mnt/2f195b1954fbbe7237164982daca4c32/volume-6f2500d9-2e3f-497f-874a-abb12d4c55fa.61b6b9d3-a746-4273-b82d-1efa2988da96 1G {{(pid=81078) execute /opt/stack/data/venv/lib/python3.10/site-packages/oslo_concurrency/processutils.py:349}}
Nov 20 13:08:06 devstack sudo[94324]: quobyte : PWD=/ ; USER=root ; COMMAND=/opt/stack/data/venv/bin/cinder-rootwrap /etc/cinder/rootwrap.conf qemu-img create -f qcow2 -o backing_file=/opt/stack/data/cinder/mnt/2f195b1954fbbe7237164982daca4c32/volume-6f2500d9-2e3f-497f-874a-abb12d4c55fa,backing_fmt=qcow2 /opt/stack/data/cinder/mnt/2f195b1954fbbe7237164982daca4c32/volume-6f2500d9-2e3f-497f-874a-abb12d4c55fa.61b6b9d3-a746-4273-b82d-1efa2988da96 1G
Nov 20 13:08:06 devstack sudo[94324]: pam_unix(sudo:session): session opened for user root(uid=0) by (uid=1000)
Nov 20 13:08:07 devstack cinder-volume[81078]: INFO cinder.volume.manager [None req-007eb3ab-e68f-4d6e-b205-1d6835569084 tempest-GroupSnapshotsTest-2119802626 None] GroupSnapshot ce79a36c-47e0-488d-9259-600ca3a48b70: creating.
Nov 20 13:08:07 devstack sudo[94324]: pam_unix(sudo:session): session closed for user root
Nov 20 13:08:07 devstack cinder-volume[81078]: DEBUG oslo_concurrency.processutils [None req-6fb3b498-a8a1-4202-8b48-c45ae2ee1b9a tempest-SnapshotsActionsTest-974196203 None] CMD "sudo cinder-rootwrap /etc/cinder/rootwrap.conf qemu-img create -f qcow2 -o backing_file=/opt/stack/data/cinder/mnt/2f195b1954fbbe7237164982daca4c32/volume-6f2500d9-2e3f-497f-874a-abb12d4c55fa,backing_fmt=qcow2 /opt/stack/data/cinder/mnt/2f195b1954fbbe7237164982daca4c32/volume-6f2500d9-2e3f-497f-874a-abb12d4c55fa.61b6b9d3-a746-4273-b82d-1efa2988da96 1G" returned: 0 in 0.696s {{(pid=81078) execute /opt/stack/data/venv/lib/python3.10/site-packages/oslo_concurrency/processutils.py:372}}
Nov 20 13:08:07 devstack cinder-volume[81078]: DEBUG oslo_concurrency.processutils [None req-6fb3b498-a8a1-4202-8b48-c45ae2ee1b9a tempest-SnapshotsActionsTest-974196203 None] Running cmd (subprocess): sudo cinder-rootwrap /etc/cinder/rootwrap.conf qemu-img rebase -u -b volume-6f2500d9-2e3f-497f-874a-abb12d4c55fa -F qcow2 /opt/stack/data/cinder/mnt/2f195b1954fbbe7237164982daca4c32/volume-6f2500d9-2e3f-497f-874a-abb12d4c55fa.61b6b9d3-a746-4273-b82d-1efa2988da96 {{(pid=81078) execute /opt/stack/data/venv/lib/python3.10/site-packages/oslo_concurrency/processutils.py:349}}
Nov 20 13:08:07 devstack cinder-volume[81078]: WARNING cinder.volume.volume_utils [None req-007eb3ab-e68f-4d6e-b205-1d6835569084 tempest-GroupSnapshotsTest-2119802626 None] Volume driver (QuobyteDriver 1.1.13) is currently unsupported and may be removed in the next release of OpenStack. Use at your own risk.
Nov 20 13:08:07 devstack cinder-volume[81078]: DEBUG cinder.volume.manager [None req-007eb3ab-e68f-4d6e-b205-1d6835569084 tempest-GroupSnapshotsTest-2119802626 None] Group snapshot ce79a36c-47e0-488d-9259-600ca3a48b70: creating. {{(pid=81078) create_group_snapshot /opt/stack/cinder/cinder/volume/manager.py:4143}}
Nov 20 13:08:07 devstack cinder-volume[81078]: DEBUG oslo_concurrency.lockutils [None req-007eb3ab-e68f-4d6e-b205-1d6835569084 tempest-GroupSnapshotsTest-2119802626 None] Acquiring lock "quobyte" by "cinder.volume.drivers.quobyte.QuobyteDriver.create_snapshot" {{(pid=81078) inner /opt/stack/data/venv/lib/python3.10/site-packages/oslo_concurrency/lockutils.py:405}}
Nov 20 13:08:07 devstack sudo[94332]: quobyte : PWD=/ ; USER=root ; COMMAND=/opt/stack/data/venv/bin/cinder-rootwrap /etc/cinder/rootwrap.conf qemu-img rebase -u -b volume-6f2500d9-2e3f-497f-874a-abb12d4c55fa -F qcow2 /opt/stack/data/cinder/mnt/2f195b1954fbbe7237164982daca4c32/volume-6f2500d9-2e3f-497f-874a-abb12d4c55fa.61b6b9d3-a746-4273-b82d-1efa2988da96
Nov 20 13:08:07 devstack sudo[94332]: pam_unix(sudo:session): session opened for user root(uid=0) by (uid=1000)
Nov 20 13:08:07 devstack sudo[94332]: pam_unix(sudo:session): session closed for user root
Nov 20 13:08:07 devstack cinder-volume[81078]: DEBUG oslo_concurrency.processutils [None req-6fb3b498-a8a1-4202-8b48-c45ae2ee1b9a tempest-SnapshotsActionsTest-974196203 None] CMD "sudo cinder-rootwrap /etc/cinder/rootwrap.conf qemu-img rebase -u -b volume-6f2500d9-2e3f-497f-874a-abb12d4c55fa -F qcow2 /opt/stack/data/cinder/mnt/2f195b1954fbbe7237164982daca4c32/volume-6f2500d9-2e3f-497f-874a-abb12d4c55fa.61b6b9d3-a746-4273-b82d-1efa2988da96" returned: 0 in 0.550s {{(pid=81078) execute /opt/stack/data/venv/lib/python3.10/site-packages/oslo_concurrency/processutils.py:372}}
Nov 20 13:08:07 devstack cinder-volume[81078]: WARNING cinder.volume.drivers.remotefs [None req-6fb3b498-a8a1-4202-8b48-c45ae2ee1b9a tempest-SnapshotsActionsTest-974196203 None] /opt/stack/data/cinder/mnt/2f195b1954fbbe7237164982daca4c32/volume-6f2500d9-2e3f-497f-874a-abb12d4c55fa.61b6b9d3-a746-4273-b82d-1efa2988da96 is being set with open permissions: ugo+rw
Nov 20 13:08:07 devstack cinder-volume[81078]: DEBUG oslo_concurrency.processutils [None req-6fb3b498-a8a1-4202-8b48-c45ae2ee1b9a tempest-SnapshotsActionsTest-974196203 None] Running cmd (subprocess): sudo cinder-rootwrap /etc/cinder/rootwrap.conf chmod ugo+rw /opt/stack/data/cinder/mnt/2f195b1954fbbe7237164982daca4c32/volume-6f2500d9-2e3f-497f-874a-abb12d4c55fa.61b6b9d3-a746-4273-b82d-1efa2988da96 {{(pid=81078) execute /opt/stack/data/venv/lib/python3.10/site-packages/oslo_concurrency/processutils.py:349}}
Nov 20 13:08:07 devstack sudo[94339]: quobyte : PWD=/ ; USER=root ; COMMAND=/opt/stack/data/venv/bin/cinder-rootwrap /etc/cinder/rootwrap.conf chmod ugo+rw /opt/stack/data/cinder/mnt/2f195b1954fbbe7237164982daca4c32/volume-6f2500d9-2e3f-497f-874a-abb12d4c55fa.61b6b9d3-a746-4273-b82d-1efa2988da96
Nov 20 13:08:07 devstack sudo[94339]: pam_unix(sudo:session): session opened for user root(uid=0) by (uid=1000)
Nov 20 13:08:08 devstack cinder-volume[81078]: WARNING cinder.volume.volume_utils [None req-2f6fae9f-08fc-4fad-b5f7-83406fd54144 tempest-VolumeSnapshotQuotasNegativeTestJSON-16944837 None] Volume driver (QuobyteDriver 1.1.13) is currently unsupported and may be removed in the next release of OpenStack. Use at your own risk.
Nov 20 13:08:08 devstack cinder-volume[81078]: DEBUG cinder.volume.flows.manager.create_volume [None req-2f6fae9f-08fc-4fad-b5f7-83406fd54144 tempest-VolumeSnapshotQuotasNegativeTestJSON-16944837 None] Volume reschedule parameters: True retry: {'num_attempts': 1, 'backends': ['devstack@QuobyteHD#QuobyteHD'], 'hosts': ['devstack@QuobyteHD#QuobyteHD']} {{(pid=81078) get_flow /opt/stack/cinder/cinder/volume/flows/manager/create_volume.py:1384}}
Nov 20 13:08:08 devstack cinder-volume[81078]: DEBUG cinder.volume.manager [None req-2f6fae9f-08fc-4fad-b5f7-83406fd54144 tempest-VolumeSnapshotQuotasNegativeTestJSON-16944837 None] Flow 'volume_create_manager' (7788ed56-6a0e-4c38-b06c-2d2c3ea19776) transitioned into state 'RUNNING' from state 'PENDING' {{(pid=81078) _flow_receiver /opt/stack/data/venv/lib/python3.10/site-packages/taskflow/listeners/logging.py:145}}
Nov 20 13:08:08 devstack cinder-volume[81078]: DEBUG cinder.volume.manager [None req-2f6fae9f-08fc-4fad-b5f7-83406fd54144 tempest-VolumeSnapshotQuotasNegativeTestJSON-16944837 None] Task 'cinder.volume.flows.manager.create_volume.ExtractVolumeRefTask;volume:create' (47b4663e-6479-41b1-9ae7-293c12fce722) transitioned into state 'RUNNING' from state 'PENDING' {{(pid=81078) _task_receiver /opt/stack/data/venv/lib/python3.10/site-packages/taskflow/listeners/logging.py:194}}
Nov 20 13:08:08 devstack cinder-volume[81078]: DEBUG cinder.volume.manager [None req-2f6fae9f-08fc-4fad-b5f7-83406fd54144 tempest-VolumeSnapshotQuotasNegativeTestJSON-16944837 None] Task 'cinder.volume.flows.manager.create_volume.ExtractVolumeRefTask;volume:create' (47b4663e-6479-41b1-9ae7-293c12fce722) transitioned into state 'SUCCESS' from state 'RUNNING' with result 'Volume(_name_id=None,admin_metadata=,attach_status='detached',availability_zone='nova',bootable=False,cluster=,cluster_name=None,consistencygroup=,consistencygroup_id=None,created_at=2025-11-20T12:08:08Z,deleted=False,deleted_at=None,display_description=None,display_name='tempest-VolumeSnapshotQuotasNegativeTestJSON-Volume-32247141',ec2_id=None,encryption_key_id=None,glance_metadata=,group=,group_id=None,host='devstack@QuobyteHD#QuobyteHD',id=be18ab32-32cc-4029-87ca-1657e0a25e6d,launched_at=None,metadata={},migration_status=None,multiattach=False,previous_status=None,project_id='e84febea833f4165ba437b1a06a29b9d',provider_auth=None,provider_geometry=None,provider_id=None,provider_location=None,replication_driver_data=None,replication_extended_status=None,replication_status=None,scheduled_at=2025-11-20T12:08:08Z,service_uuid=None,shared_targets=True,size=1,snapshot_id=None,snapshots=,source_volid=None,status='creating',terminated_at=None,updated_at=2025-11-20T12:08:08Z,use_quota=True,user_id='579da8c0939545c3a648d9de9d1ca9c4',volume_attachment=VolumeAttachmentList,volume_type=VolumeType(d4695faf-c8d5-4138-8824-d2a281427c0b),volume_type_id=d4695faf-c8d5-4138-8824-d2a281427c0b)' {{(pid=81078) _task_receiver /opt/stack/data/venv/lib/python3.10/site-packages/taskflow/listeners/logging.py:182}}
Nov 20 13:08:08 devstack cinder-volume[81078]: DEBUG cinder.volume.manager [None req-2f6fae9f-08fc-4fad-b5f7-83406fd54144 tempest-VolumeSnapshotQuotasNegativeTestJSON-16944837 None] Task 'cinder.volume.flows.manager.create_volume.OnFailureRescheduleTask;volume:create' (5b3723b7-5219-4615-b3bc-7a9448e90c90) transitioned into state 'RUNNING' from state 'PENDING' {{(pid=81078) _task_receiver /opt/stack/data/venv/lib/python3.10/site-packages/taskflow/listeners/logging.py:194}}
Nov 20 13:08:08 devstack cinder-volume[81078]: DEBUG cinder.volume.manager [None req-2f6fae9f-08fc-4fad-b5f7-83406fd54144 tempest-VolumeSnapshotQuotasNegativeTestJSON-16944837 None] Task 'cinder.volume.flows.manager.create_volume.OnFailureRescheduleTask;volume:create' (5b3723b7-5219-4615-b3bc-7a9448e90c90) transitioned into state 'SUCCESS' from state 'RUNNING' with result 'None' {{(pid=81078) _task_receiver /opt/stack/data/venv/lib/python3.10/site-packages/taskflow/listeners/logging.py:182}}
Nov 20 13:08:08 devstack cinder-volume[81078]: DEBUG cinder.volume.manager [None req-2f6fae9f-08fc-4fad-b5f7-83406fd54144 tempest-VolumeSnapshotQuotasNegativeTestJSON-16944837 None] Task 'cinder.volume.flows.manager.create_volume.ExtractVolumeSpecTask;volume:create' (4360df75-7975-444d-ac38-eaa31aa68bef) transitioned into state 'RUNNING' from state 'PENDING' {{(pid=81078) _task_receiver /opt/stack/data/venv/lib/python3.10/site-packages/taskflow/listeners/logging.py:194}}
Nov 20 13:08:08 devstack cinder-volume[81078]: DEBUG cinder.volume.manager [None req-2f6fae9f-08fc-4fad-b5f7-83406fd54144 tempest-VolumeSnapshotQuotasNegativeTestJSON-16944837 None] Task 'cinder.volume.flows.manager.create_volume.ExtractVolumeSpecTask;volume:create' (4360df75-7975-444d-ac38-eaa31aa68bef) transitioned into state 'SUCCESS' from state 'RUNNING' with result '{'status': 'creating', 'type': 'raw', 'volume_id': 'be18ab32-32cc-4029-87ca-1657e0a25e6d', 'volume_name': 'volume-be18ab32-32cc-4029-87ca-1657e0a25e6d', 'volume_size': 1}' {{(pid=81078) _task_receiver /opt/stack/data/venv/lib/python3.10/site-packages/taskflow/listeners/logging.py:182}}
Nov 20 13:08:08 devstack cinder-volume[81078]: DEBUG cinder.volume.manager [None req-2f6fae9f-08fc-4fad-b5f7-83406fd54144 tempest-VolumeSnapshotQuotasNegativeTestJSON-16944837 None] Task 'cinder.volume.flows.manager.create_volume.NotifyVolumeActionTask;volume:create, create.start' (c924d6e2-fd2a-4ce8-bcaf-c23e4af62182) transitioned into state 'RUNNING' from state 'PENDING' {{(pid=81078) _task_receiver /opt/stack/data/venv/lib/python3.10/site-packages/taskflow/listeners/logging.py:194}}
Nov 20 13:08:08 devstack cinder-volume[81078]: DEBUG cinder.volume.manager [None req-2f6fae9f-08fc-4fad-b5f7-83406fd54144 tempest-VolumeSnapshotQuotasNegativeTestJSON-16944837 None] Task 'cinder.volume.flows.manager.create_volume.NotifyVolumeActionTask;volume:create, create.start' (c924d6e2-fd2a-4ce8-bcaf-c23e4af62182) transitioned into state 'SUCCESS' from state 'RUNNING' with result 'None' {{(pid=81078) _task_receiver /opt/stack/data/venv/lib/python3.10/site-packages/taskflow/listeners/logging.py:182}}
Nov 20 13:08:08 devstack cinder-volume[81078]: DEBUG cinder.volume.manager [None req-2f6fae9f-08fc-4fad-b5f7-83406fd54144 tempest-VolumeSnapshotQuotasNegativeTestJSON-16944837 None] Task 'cinder.volume.flows.manager.create_volume.CreateVolumeFromSpecTask;volume:create' (d03da408-d2e3-451e-b06d-4631dd685c7b) transitioned into state 'RUNNING' from state 'PENDING' {{(pid=81078) _task_receiver /opt/stack/data/venv/lib/python3.10/site-packages/taskflow/listeners/logging.py:194}}
Nov 20 13:08:08 devstack cinder-volume[81078]: INFO cinder.volume.flows.manager.create_volume [None req-2f6fae9f-08fc-4fad-b5f7-83406fd54144 tempest-VolumeSnapshotQuotasNegativeTestJSON-16944837 None] Volume be18ab32-32cc-4029-87ca-1657e0a25e6d: being created as raw with specification: {'status': 'creating', 'volume_name': 'volume-be18ab32-32cc-4029-87ca-1657e0a25e6d', 'volume_size': 1}
Nov 20 13:08:08 devstack cinder-volume[81078]: DEBUG oslo_concurrency.lockutils [None req-2f6fae9f-08fc-4fad-b5f7-83406fd54144 tempest-VolumeSnapshotQuotasNegativeTestJSON-16944837 None] Acquiring lock "quobyte" by "cinder.volume.drivers.quobyte.QuobyteDriver.create_volume" {{(pid=81078) inner /opt/stack/data/venv/lib/python3.10/site-packages/oslo_concurrency/lockutils.py:405}}
Nov 20 13:08:08 devstack sudo[94339]: pam_unix(sudo:session): session closed for user root
Nov 20 13:08:08 devstack cinder-volume[81078]: DEBUG oslo_concurrency.processutils [None req-6fb3b498-a8a1-4202-8b48-c45ae2ee1b9a tempest-SnapshotsActionsTest-974196203 None] CMD "sudo cinder-rootwrap /etc/cinder/rootwrap.conf chmod ugo+rw /opt/stack/data/cinder/mnt/2f195b1954fbbe7237164982daca4c32/volume-6f2500d9-2e3f-497f-874a-abb12d4c55fa.61b6b9d3-a746-4273-b82d-1efa2988da96" returned: 0 in 0.501s {{(pid=81078) execute /opt/stack/data/venv/lib/python3.10/site-packages/oslo_concurrency/processutils.py:372}}
Nov 20 13:08:08 devstack cinder-volume[81078]: DEBUG oslo_concurrency.processutils [None req-6fb3b498-a8a1-4202-8b48-c45ae2ee1b9a tempest-SnapshotsActionsTest-974196203 None] Running cmd (subprocess): sudo cinder-rootwrap /etc/cinder/rootwrap.conf truncate -s0 /opt/stack/data/cinder/mnt/2f195b1954fbbe7237164982daca4c32/volume-6f2500d9-2e3f-497f-874a-abb12d4c55fa.info {{(pid=81078) execute /opt/stack/data/venv/lib/python3.10/site-packages/oslo_concurrency/processutils.py:349}}
Nov 20 13:08:08 devstack sudo[94344]: quobyte : PWD=/ ; USER=root ; COMMAND=/opt/stack/data/venv/bin/cinder-rootwrap /etc/cinder/rootwrap.conf truncate -s0 /opt/stack/data/cinder/mnt/2f195b1954fbbe7237164982daca4c32/volume-6f2500d9-2e3f-497f-874a-abb12d4c55fa.info
Nov 20 13:08:08 devstack sudo[94344]: pam_unix(sudo:session): session opened for user root(uid=0) by (uid=1000)
Nov 20 13:08:08 devstack sudo[94344]: pam_unix(sudo:session): session closed for user root
Nov 20 13:08:08 devstack cinder-volume[81078]: DEBUG oslo_concurrency.processutils [None req-6fb3b498-a8a1-4202-8b48-c45ae2ee1b9a tempest-SnapshotsActionsTest-974196203 None] CMD "sudo cinder-rootwrap /etc/cinder/rootwrap.conf truncate -s0 /opt/stack/data/cinder/mnt/2f195b1954fbbe7237164982daca4c32/volume-6f2500d9-2e3f-497f-874a-abb12d4c55fa.info" returned: 0 in 0.463s {{(pid=81078) execute /opt/stack/data/venv/lib/python3.10/site-packages/oslo_concurrency/processutils.py:372}}
Nov 20 13:08:08 devstack cinder-volume[81078]: WARNING cinder.volume.drivers.remotefs [None req-6fb3b498-a8a1-4202-8b48-c45ae2ee1b9a tempest-SnapshotsActionsTest-974196203 None] /opt/stack/data/cinder/mnt/2f195b1954fbbe7237164982daca4c32/volume-6f2500d9-2e3f-497f-874a-abb12d4c55fa.info is being set with open permissions: ugo+rw
Nov 20 13:08:08 devstack cinder-volume[81078]: DEBUG oslo_concurrency.processutils [None req-6fb3b498-a8a1-4202-8b48-c45ae2ee1b9a tempest-SnapshotsActionsTest-974196203 None] Running cmd (subprocess): sudo cinder-rootwrap /etc/cinder/rootwrap.conf chmod ugo+rw /opt/stack/data/cinder/mnt/2f195b1954fbbe7237164982daca4c32/volume-6f2500d9-2e3f-497f-874a-abb12d4c55fa.info {{(pid=81078) execute /opt/stack/data/venv/lib/python3.10/site-packages/oslo_concurrency/processutils.py:349}}
Nov 20 13:08:08 devstack sudo[94350]: quobyte : PWD=/ ; USER=root ; COMMAND=/opt/stack/data/venv/bin/cinder-rootwrap /etc/cinder/rootwrap.conf chmod ugo+rw /opt/stack/data/cinder/mnt/2f195b1954fbbe7237164982daca4c32/volume-6f2500d9-2e3f-497f-874a-abb12d4c55fa.info
Nov 20 13:08:08 devstack sudo[94350]: pam_unix(sudo:session): session opened for user root(uid=0) by (uid=1000)
Nov 20 13:08:09 devstack sudo[94350]: pam_unix(sudo:session): session closed for user root
Nov 20 13:08:09 devstack cinder-volume[81078]: DEBUG oslo_concurrency.processutils [None req-6fb3b498-a8a1-4202-8b48-c45ae2ee1b9a tempest-SnapshotsActionsTest-974196203 None] CMD "sudo cinder-rootwrap /etc/cinder/rootwrap.conf chmod ugo+rw /opt/stack/data/cinder/mnt/2f195b1954fbbe7237164982daca4c32/volume-6f2500d9-2e3f-497f-874a-abb12d4c55fa.info" returned: 0 in 0.455s {{(pid=81078) execute /opt/stack/data/venv/lib/python3.10/site-packages/oslo_concurrency/processutils.py:372}}
Nov 20 13:08:09 devstack cinder-volume[81078]: DEBUG oslo_concurrency.lockutils [None req-6fb3b498-a8a1-4202-8b48-c45ae2ee1b9a tempest-SnapshotsActionsTest-974196203 None] Lock "quobyte" "released" by "cinder.volume.drivers.quobyte.QuobyteDriver.create_snapshot" :: held 3.414s {{(pid=81078) inner /opt/stack/data/venv/lib/python3.10/site-packages/oslo_concurrency/lockutils.py:424}}
Nov 20 13:08:09 devstack cinder-volume[81078]: DEBUG oslo_concurrency.lockutils [None req-007eb3ab-e68f-4d6e-b205-1d6835569084 tempest-GroupSnapshotsTest-2119802626 None] Lock "quobyte" acquired by "cinder.volume.drivers.quobyte.QuobyteDriver.create_snapshot" :: waited 1.977s {{(pid=81078) inner /opt/stack/data/venv/lib/python3.10/site-packages/oslo_concurrency/lockutils.py:410}}
Nov 20 13:08:09 devstack cinder-volume[81078]: DEBUG cinder.volume.drivers.remotefs [None req-007eb3ab-e68f-4d6e-b205-1d6835569084 tempest-GroupSnapshotsTest-2119802626 None] Creating offline snapshot 3c81a5d8-5606-4f85-ba88-a82a818c13d9 of volume 1c575e9d-556d-41a8-8248-578a81202ae4 {{(pid=81078) _create_snapshot /opt/stack/cinder/cinder/volume/drivers/remotefs.py:1694}}
Nov 20 13:08:09 devstack cinder-volume[81078]: DEBUG oslo.privsep.daemon [-] privsep: reply[02b11824-26ab-4328-a13f-2b1985b6f401]: (4, 'qcow2') {{(pid=82992) _call_back /opt/stack/data/venv/lib/python3.10/site-packages/oslo_privsep/daemon.py:515}}
Nov 20 13:08:09 devstack cinder-volume[81078]: DEBUG oslo_concurrency.processutils [None req-007eb3ab-e68f-4d6e-b205-1d6835569084 tempest-GroupSnapshotsTest-2119802626 None] Running cmd (subprocess): /opt/stack/data/venv/bin/python3.10 -m oslo_concurrency.prlimit --as=1073741824 --cpu=60 -- sudo cinder-rootwrap /etc/cinder/rootwrap.conf env LC_ALL=C qemu-img info -f qcow2 --output=json --force-share /opt/stack/data/cinder/mnt/2f195b1954fbbe7237164982daca4c32/volume-1c575e9d-556d-41a8-8248-578a81202ae4 {{(pid=81078) execute /opt/stack/data/venv/lib/python3.10/site-packages/oslo_concurrency/processutils.py:349}}
Nov 20 13:08:09 devstack cinder-volume[81078]: INFO cinder.volume.manager [None req-6fb3b498-a8a1-4202-8b48-c45ae2ee1b9a tempest-SnapshotsActionsTest-974196203 None] Create snapshot completed successfully
Nov 20 13:08:09 devstack sudo[94355]: quobyte : PWD=/ ; USER=root ; COMMAND=/opt/stack/data/venv/bin/cinder-rootwrap /etc/cinder/rootwrap.conf env LC_ALL=C qemu-img info -f qcow2 --output=json --force-share /opt/stack/data/cinder/mnt/2f195b1954fbbe7237164982daca4c32/volume-1c575e9d-556d-41a8-8248-578a81202ae4
Nov 20 13:08:09 devstack sudo[94355]: pam_unix(sudo:session): session opened for user root(uid=0) by (uid=1000)
Nov 20 13:08:09 devstack sudo[94355]: pam_unix(sudo:session): session closed for user root
Nov 20 13:08:09 devstack cinder-volume[81078]: DEBUG oslo_concurrency.processutils [None req-007eb3ab-e68f-4d6e-b205-1d6835569084 tempest-GroupSnapshotsTest-2119802626 None] CMD "/opt/stack/data/venv/bin/python3.10 -m oslo_concurrency.prlimit --as=1073741824 --cpu=60 -- sudo cinder-rootwrap /etc/cinder/rootwrap.conf env LC_ALL=C qemu-img info -f qcow2 --output=json --force-share /opt/stack/data/cinder/mnt/2f195b1954fbbe7237164982daca4c32/volume-1c575e9d-556d-41a8-8248-578a81202ae4" returned: 0 in 0.533s {{(pid=81078) execute /opt/stack/data/venv/lib/python3.10/site-packages/oslo_concurrency/processutils.py:372}}
Nov 20 13:08:09 devstack cinder-volume[81078]: DEBUG oslo_concurrency.processutils [None req-007eb3ab-e68f-4d6e-b205-1d6835569084 tempest-GroupSnapshotsTest-2119802626 None] Running cmd (subprocess): sudo cinder-rootwrap /etc/cinder/rootwrap.conf qemu-img create -f qcow2 -o backing_file=/opt/stack/data/cinder/mnt/2f195b1954fbbe7237164982daca4c32/volume-1c575e9d-556d-41a8-8248-578a81202ae4,backing_fmt=qcow2 /opt/stack/data/cinder/mnt/2f195b1954fbbe7237164982daca4c32/volume-1c575e9d-556d-41a8-8248-578a81202ae4.3c81a5d8-5606-4f85-ba88-a82a818c13d9 1G {{(pid=81078) execute /opt/stack/data/venv/lib/python3.10/site-packages/oslo_concurrency/processutils.py:349}}
Nov 20 13:08:09 devstack sudo[94360]: quobyte : PWD=/ ; USER=root ; COMMAND=/opt/stack/data/venv/bin/cinder-rootwrap /etc/cinder/rootwrap.conf qemu-img create -f qcow2 -o backing_file=/opt/stack/data/cinder/mnt/2f195b1954fbbe7237164982daca4c32/volume-1c575e9d-556d-41a8-8248-578a81202ae4,backing_fmt=qcow2 /opt/stack/data/cinder/mnt/2f195b1954fbbe7237164982daca4c32/volume-1c575e9d-556d-41a8-8248-578a81202ae4.3c81a5d8-5606-4f85-ba88-a82a818c13d9 1G
Nov 20 13:08:09 devstack sudo[94360]: pam_unix(sudo:session): session opened for user root(uid=0) by (uid=1000)
Nov 20 13:08:10 devstack cinder-volume[81078]: WARNING cinder.volume.volume_utils [None req-f8464129-ec6e-4bb5-aedf-3fcb6bc8233b tempest-SnapshotsActionsTest-974196203 None] Volume driver (QuobyteDriver 1.1.13) is currently unsupported and may be removed in the next release of OpenStack. Use at your own risk.
Nov 20 13:08:10 devstack cinder-volume[81078]: DEBUG oslo_concurrency.lockutils [None req-f8464129-ec6e-4bb5-aedf-3fcb6bc8233b tempest-SnapshotsActionsTest-974196203 None] Acquiring lock "quobyte" by "cinder.volume.drivers.quobyte.QuobyteDriver.create_snapshot" {{(pid=81078) inner /opt/stack/data/venv/lib/python3.10/site-packages/oslo_concurrency/lockutils.py:405}}
Nov 20 13:08:10 devstack sudo[94360]: pam_unix(sudo:session): session closed for user root
Nov 20 13:08:10 devstack cinder-volume[81078]: DEBUG oslo_concurrency.processutils [None req-007eb3ab-e68f-4d6e-b205-1d6835569084 tempest-GroupSnapshotsTest-2119802626 None] CMD "sudo cinder-rootwrap /etc/cinder/rootwrap.conf qemu-img create -f qcow2 -o backing_file=/opt/stack/data/cinder/mnt/2f195b1954fbbe7237164982daca4c32/volume-1c575e9d-556d-41a8-8248-578a81202ae4,backing_fmt=qcow2 /opt/stack/data/cinder/mnt/2f195b1954fbbe7237164982daca4c32/volume-1c575e9d-556d-41a8-8248-578a81202ae4.3c81a5d8-5606-4f85-ba88-a82a818c13d9 1G" returned: 0 in 0.555s {{(pid=81078) execute /opt/stack/data/venv/lib/python3.10/site-packages/oslo_concurrency/processutils.py:372}}
Nov 20 13:08:10 devstack cinder-volume[81078]: DEBUG oslo_concurrency.processutils [None req-007eb3ab-e68f-4d6e-b205-1d6835569084 tempest-GroupSnapshotsTest-2119802626 None] Running cmd (subprocess): sudo cinder-rootwrap /etc/cinder/rootwrap.conf qemu-img rebase -u -b volume-1c575e9d-556d-41a8-8248-578a81202ae4 -F qcow2 /opt/stack/data/cinder/mnt/2f195b1954fbbe7237164982daca4c32/volume-1c575e9d-556d-41a8-8248-578a81202ae4.3c81a5d8-5606-4f85-ba88-a82a818c13d9 {{(pid=81078) execute /opt/stack/data/venv/lib/python3.10/site-packages/oslo_concurrency/processutils.py:349}}
Nov 20 13:08:10 devstack sudo[94365]: quobyte : PWD=/ ; USER=root ; COMMAND=/opt/stack/data/venv/bin/cinder-rootwrap /etc/cinder/rootwrap.conf qemu-img rebase -u -b volume-1c575e9d-556d-41a8-8248-578a81202ae4 -F qcow2 /opt/stack/data/cinder/mnt/2f195b1954fbbe7237164982daca4c32/volume-1c575e9d-556d-41a8-8248-578a81202ae4.3c81a5d8-5606-4f85-ba88-a82a818c13d9
Nov 20 13:08:10 devstack sudo[94365]: pam_unix(sudo:session): session opened for user root(uid=0) by (uid=1000)
Nov 20 13:08:10 devstack sudo[94365]: pam_unix(sudo:session): session closed for user root
Nov 20 13:08:10 devstack cinder-volume[81078]: DEBUG oslo_concurrency.processutils [None req-007eb3ab-e68f-4d6e-b205-1d6835569084 tempest-GroupSnapshotsTest-2119802626 None] CMD "sudo cinder-rootwrap /etc/cinder/rootwrap.conf qemu-img rebase -u -b volume-1c575e9d-556d-41a8-8248-578a81202ae4 -F qcow2 /opt/stack/data/cinder/mnt/2f195b1954fbbe7237164982daca4c32/volume-1c575e9d-556d-41a8-8248-578a81202ae4.3c81a5d8-5606-4f85-ba88-a82a818c13d9" returned: 0 in 0.448s {{(pid=81078) execute /opt/stack/data/venv/lib/python3.10/site-packages/oslo_concurrency/processutils.py:372}}
Nov 20 13:08:10 devstack cinder-volume[81078]: WARNING cinder.volume.drivers.remotefs [None req-007eb3ab-e68f-4d6e-b205-1d6835569084 tempest-GroupSnapshotsTest-2119802626 None] /opt/stack/data/cinder/mnt/2f195b1954fbbe7237164982daca4c32/volume-1c575e9d-556d-41a8-8248-578a81202ae4.3c81a5d8-5606-4f85-ba88-a82a818c13d9 is being set with open permissions: ugo+rw: NotImplementedError
Nov 20 13:08:10 devstack cinder-volume[81078]: DEBUG oslo_concurrency.processutils [None req-007eb3ab-e68f-4d6e-b205-1d6835569084 tempest-GroupSnapshotsTest-2119802626 None] Running cmd (subprocess): sudo cinder-rootwrap /etc/cinder/rootwrap.conf chmod ugo+rw /opt/stack/data/cinder/mnt/2f195b1954fbbe7237164982daca4c32/volume-1c575e9d-556d-41a8-8248-578a81202ae4.3c81a5d8-5606-4f85-ba88-a82a818c13d9 {{(pid=81078) execute /opt/stack/data/venv/lib/python3.10/site-packages/oslo_concurrency/processutils.py:349}}
Nov 20 13:08:10 devstack sudo[94370]: quobyte : PWD=/ ; USER=root ; COMMAND=/opt/stack/data/venv/bin/cinder-rootwrap /etc/cinder/rootwrap.conf chmod ugo+rw /opt/stack/data/cinder/mnt/2f195b1954fbbe7237164982daca4c32/volume-1c575e9d-556d-41a8-8248-578a81202ae4.3c81a5d8-5606-4f85-ba88-a82a818c13d9
Nov 20 13:08:10 devstack sudo[94370]: pam_unix(sudo:session): session opened for user root(uid=0) by (uid=1000)
Nov 20 13:08:11 devstack cinder-volume[81078]: DEBUG oslo_concurrency.processutils [None req-007eb3ab-e68f-4d6e-b205-1d6835569084 tempest-GroupSnapshotsTest-2119802626 None] CMD "sudo cinder-rootwrap /etc/cinder/rootwrap.conf chmod ugo+rw /opt/stack/data/cinder/mnt/2f195b1954fbbe7237164982daca4c32/volume-1c575e9d-556d-41a8-8248-578a81202ae4.3c81a5d8-5606-4f85-ba88-a82a818c13d9" returned: 0 in 0.435s {{(pid=81078) execute /opt/stack/data/venv/lib/python3.10/site-packages/oslo_concurrency/processutils.py:372}}
Nov 20 13:08:11 devstack sudo[94370]: pam_unix(sudo:session): session closed for user root
Nov 20 13:08:11 devstack cinder-volume[81078]: DEBUG oslo_concurrency.processutils [None req-007eb3ab-e68f-4d6e-b205-1d6835569084 tempest-GroupSnapshotsTest-2119802626 None] Running cmd (subprocess): sudo cinder-rootwrap /etc/cinder/rootwrap.conf truncate -s0 /opt/stack/data/cinder/mnt/2f195b1954fbbe7237164982daca4c32/volume-1c575e9d-556d-41a8-8248-578a81202ae4.info {{(pid=81078) execute /opt/stack/data/venv/lib/python3.10/site-packages/oslo_concurrency/processutils.py:349}}
Nov 20 13:08:11 devstack sudo[94373]: quobyte : PWD=/ ; USER=root ; COMMAND=/opt/stack/data/venv/bin/cinder-rootwrap /etc/cinder/rootwrap.conf truncate -s0 /opt/stack/data/cinder/mnt/2f195b1954fbbe7237164982daca4c32/volume-1c575e9d-556d-41a8-8248-578a81202ae4.info
Nov 20 13:08:11 devstack sudo[94373]: pam_unix(sudo:session): session opened for user root(uid=0) by (uid=1000)
Nov 20 13:08:11 devstack sudo[94373]: pam_unix(sudo:session): session closed for user root
Nov 20 13:08:11 devstack cinder-volume[81078]: DEBUG oslo_concurrency.processutils [None req-007eb3ab-e68f-4d6e-b205-1d6835569084 tempest-GroupSnapshotsTest-2119802626 None] CMD "sudo cinder-rootwrap /etc/cinder/rootwrap.conf truncate -s0 /opt/stack/data/cinder/mnt/2f195b1954fbbe7237164982daca4c32/volume-1c575e9d-556d-41a8-8248-578a81202ae4.info" returned: 0 in 0.455s {{(pid=81078) execute /opt/stack/data/venv/lib/python3.10/site-packages/oslo_concurrency/processutils.py:372}}
Nov 20 13:08:11 devstack cinder-volume[81078]: WARNING cinder.volume.drivers.remotefs [None req-007eb3ab-e68f-4d6e-b205-1d6835569084 tempest-GroupSnapshotsTest-2119802626 None] /opt/stack/data/cinder/mnt/2f195b1954fbbe7237164982daca4c32/volume-1c575e9d-556d-41a8-8248-578a81202ae4.info is being set with open permissions: ugo+rw: NotImplementedError
Nov 20 13:08:11 devstack cinder-volume[81078]: DEBUG oslo_concurrency.processutils [None req-007eb3ab-e68f-4d6e-b205-1d6835569084 tempest-GroupSnapshotsTest-2119802626 None] Running cmd (subprocess): sudo cinder-rootwrap /etc/cinder/rootwrap.conf chmod ugo+rw /opt/stack/data/cinder/mnt/2f195b1954fbbe7237164982daca4c32/volume-1c575e9d-556d-41a8-8248-578a81202ae4.info {{(pid=81078) execute /opt/stack/data/venv/lib/python3.10/site-packages/oslo_concurrency/processutils.py:349}}
Nov 20 13:08:11 devstack sudo[94376]: quobyte : PWD=/ ; USER=root ; COMMAND=/opt/stack/data/venv/bin/cinder-rootwrap /etc/cinder/rootwrap.conf chmod ugo+rw /opt/stack/data/cinder/mnt/2f195b1954fbbe7237164982daca4c32/volume-1c575e9d-556d-41a8-8248-578a81202ae4.info
Nov 20 13:08:11 devstack sudo[94376]: pam_unix(sudo:session): session opened for user root(uid=0) by (uid=1000)
Nov 20 13:08:12 devstack sudo[94376]: pam_unix(sudo:session): session closed for user root
Nov 20 13:08:12 devstack cinder-volume[81078]: DEBUG oslo_concurrency.processutils [None req-007eb3ab-e68f-4d6e-b205-1d6835569084 tempest-GroupSnapshotsTest-2119802626 None] CMD "sudo cinder-rootwrap /etc/cinder/rootwrap.conf chmod ugo+rw /opt/stack/data/cinder/mnt/2f195b1954fbbe7237164982daca4c32/volume-1c575e9d-556d-41a8-8248-578a81202ae4.info" returned: 0 in 0.431s {{(pid=81078) execute /opt/stack/data/venv/lib/python3.10/site-packages/oslo_concurrency/processutils.py:372}}
Nov 20 13:08:12 devstack cinder-volume[81078]: DEBUG oslo_concurrency.lockutils [None req-007eb3ab-e68f-4d6e-b205-1d6835569084 tempest-GroupSnapshotsTest-2119802626 None] Lock "quobyte" "released" by "cinder.volume.drivers.quobyte.QuobyteDriver.create_snapshot" :: held 2.928s {{(pid=81078) inner /opt/stack/data/venv/lib/python3.10/site-packages/oslo_concurrency/lockutils.py:424}}
Nov 20 13:08:12 devstack cinder-volume[81078]: DEBUG oslo_concurrency.lockutils [None req-007eb3ab-e68f-4d6e-b205-1d6835569084 tempest-GroupSnapshotsTest-2119802626 None] Acquiring lock "quobyte" by "cinder.volume.drivers.quobyte.QuobyteDriver.create_snapshot" {{(pid=81078) inner /opt/stack/data/venv/lib/python3.10/site-packages/oslo_concurrency/lockutils.py:405}}
Nov 20 13:08:12 devstack cinder-volume[81078]: DEBUG oslo_concurrency.lockutils [None req-007eb3ab-e68f-4d6e-b205-1d6835569084 tempest-GroupSnapshotsTest-2119802626 None] Lock "quobyte" acquired by "cinder.volume.drivers.quobyte.QuobyteDriver.create_snapshot" :: waited 0.000s {{(pid=81078) inner /opt/stack/data/venv/lib/python3.10/site-packages/oslo_concurrency/lockutils.py:410}}
Nov 20 13:08:12 devstack cinder-volume[81078]: DEBUG dbcounter [-] [81078] Writing DB stats cinder:UPDATE=127,cinder:SELECT=127,cinder:INSERT=29,cinder:DELETE=10 {{(pid=81078) stat_writer /opt/stack/data/venv/lib/python3.10/site-packages/dbcounter.py:115}}
Nov 20 13:08:12 devstack cinder-volume[81078]: DEBUG cinder.volume.drivers.remotefs [None req-007eb3ab-e68f-4d6e-b205-1d6835569084 tempest-GroupSnapshotsTest-2119802626 None] Creating offline snapshot b98ad99d-42e2-4319-a1f0-3f220e2ba595 of volume 643feb79-6e53-4df0-8af2-78b1f255538d {{(pid=81078) _create_snapshot /opt/stack/cinder/cinder/volume/drivers/remotefs.py:1694}}
Nov 20 13:08:12 devstack cinder-volume[81078]: DEBUG oslo.privsep.daemon [-] privsep: reply[5ea6eada-7541-41bc-be04-4a20ba45c875]: (4, 'qcow2') {{(pid=82992) _call_back /opt/stack/data/venv/lib/python3.10/site-packages/oslo_privsep/daemon.py:515}}
Nov 20 13:08:12 devstack cinder-volume[81078]: DEBUG oslo_concurrency.processutils [None req-007eb3ab-e68f-4d6e-b205-1d6835569084 tempest-GroupSnapshotsTest-2119802626 None] Running cmd (subprocess): /opt/stack/data/venv/bin/python3.10 -m oslo_concurrency.prlimit --as=1073741824 --cpu=60 -- sudo cinder-rootwrap /etc/cinder/rootwrap.conf env LC_ALL=C qemu-img info -f qcow2 --output=json --force-share /opt/stack/data/cinder/mnt/2f195b1954fbbe7237164982daca4c32/volume-643feb79-6e53-4df0-8af2-78b1f255538d {{(pid=81078) execute /opt/stack/data/venv/lib/python3.10/site-packages/oslo_concurrency/processutils.py:349}}
Nov 20 13:08:12 devstack sudo[94379]: quobyte : PWD=/ ; USER=root ; COMMAND=/opt/stack/data/venv/bin/cinder-rootwrap /etc/cinder/rootwrap.conf env LC_ALL=C qemu-img info -f qcow2 --output=json --force-share /opt/stack/data/cinder/mnt/2f195b1954fbbe7237164982daca4c32/volume-643feb79-6e53-4df0-8af2-78b1f255538d
Nov 20 13:08:12 devstack sudo[94379]: pam_unix(sudo:session): session opened for user root(uid=0) by (uid=1000)
Nov 20 13:08:12 devstack sudo[94379]: pam_unix(sudo:session): session closed for user root
Nov 20 13:08:12 devstack cinder-volume[81078]: DEBUG oslo_concurrency.processutils [None req-007eb3ab-e68f-4d6e-b205-1d6835569084 tempest-GroupSnapshotsTest-2119802626 None] CMD "/opt/stack/data/venv/bin/python3.10 -m oslo_concurrency.prlimit --as=1073741824 --cpu=60 -- sudo cinder-rootwrap /etc/cinder/rootwrap.conf env LC_ALL=C qemu-img info -f qcow2 --output=json --force-share /opt/stack/data/cinder/mnt/2f195b1954fbbe7237164982daca4c32/volume-643feb79-6e53-4df0-8af2-78b1f255538d" returned: 0 in 0.544s {{(pid=81078) execute /opt/stack/data/venv/lib/python3.10/site-packages/oslo_concurrency/processutils.py:372}}
Nov 20 13:08:12 devstack cinder-volume[81078]: DEBUG oslo_concurrency.processutils [None req-007eb3ab-e68f-4d6e-b205-1d6835569084 tempest-GroupSnapshotsTest-2119802626 None] Running cmd (subprocess): sudo cinder-rootwrap /etc/cinder/rootwrap.conf qemu-img create -f qcow2 -o backing_file=/opt/stack/data/cinder/mnt/2f195b1954fbbe7237164982daca4c32/volume-643feb79-6e53-4df0-8af2-78b1f255538d,backing_fmt=qcow2 /opt/stack/data/cinder/mnt/2f195b1954fbbe7237164982daca4c32/volume-643feb79-6e53-4df0-8af2-78b1f255538d.b98ad99d-42e2-4319-a1f0-3f220e2ba595 1G {{(pid=81078) execute /opt/stack/data/venv/lib/python3.10/site-packages/oslo_concurrency/processutils.py:349}}
Nov 20 13:08:12 devstack sudo[94384]: quobyte : PWD=/ ; USER=root ; COMMAND=/opt/stack/data/venv/bin/cinder-rootwrap /etc/cinder/rootwrap.conf qemu-img create -f qcow2 -o backing_file=/opt/stack/data/cinder/mnt/2f195b1954fbbe7237164982daca4c32/volume-643feb79-6e53-4df0-8af2-78b1f255538d,backing_fmt=qcow2 /opt/stack/data/cinder/mnt/2f195b1954fbbe7237164982daca4c32/volume-643feb79-6e53-4df0-8af2-78b1f255538d.b98ad99d-42e2-4319-a1f0-3f220e2ba595 1G
Nov 20 13:08:12 devstack sudo[94384]: pam_unix(sudo:session): session opened for user root(uid=0) by (uid=1000)
Nov 20 13:08:13 devstack sudo[94384]: pam_unix(sudo:session): session closed for user root
Nov 20 13:08:13 devstack cinder-volume[81078]: DEBUG oslo_concurrency.processutils [None req-007eb3ab-e68f-4d6e-b205-1d6835569084 tempest-GroupSnapshotsTest-2119802626 None] CMD "sudo cinder-rootwrap /etc/cinder/rootwrap.conf qemu-img create -f qcow2 -o backing_file=/opt/stack/data/cinder/mnt/2f195b1954fbbe7237164982daca4c32/volume-643feb79-6e53-4df0-8af2-78b1f255538d,backing_fmt=qcow2 /opt/stack/data/cinder/mnt/2f195b1954fbbe7237164982daca4c32/volume-643feb79-6e53-4df0-8af2-78b1f255538d.b98ad99d-42e2-4319-a1f0-3f220e2ba595 1G" returned: 0 in 0.473s {{(pid=81078) execute /opt/stack/data/venv/lib/python3.10/site-packages/oslo_concurrency/processutils.py:372}}
Nov 20 13:08:13 devstack cinder-volume[81078]: DEBUG oslo_concurrency.processutils [None req-007eb3ab-e68f-4d6e-b205-1d6835569084 tempest-GroupSnapshotsTest-2119802626 None] Running cmd (subprocess): sudo cinder-rootwrap /etc/cinder/rootwrap.conf qemu-img rebase -u -b volume-643feb79-6e53-4df0-8af2-78b1f255538d -F qcow2 /opt/stack/data/cinder/mnt/2f195b1954fbbe7237164982daca4c32/volume-643feb79-6e53-4df0-8af2-78b1f255538d.b98ad99d-42e2-4319-a1f0-3f220e2ba595 {{(pid=81078) execute /opt/stack/data/venv/lib/python3.10/site-packages/oslo_concurrency/processutils.py:349}}
Nov 20 13:08:13 devstack sudo[94389]: quobyte : PWD=/ ; USER=root ; COMMAND=/opt/stack/data/venv/bin/cinder-rootwrap /etc/cinder/rootwrap.conf qemu-img rebase -u -b volume-643feb79-6e53-4df0-8af2-78b1f255538d -F qcow2 /opt/stack/data/cinder/mnt/2f195b1954fbbe7237164982daca4c32/volume-643feb79-6e53-4df0-8af2-78b1f255538d.b98ad99d-42e2-4319-a1f0-3f220e2ba595
Nov 20 13:08:13 devstack sudo[94389]: pam_unix(sudo:session): session opened for user root(uid=0) by (uid=1000)
Nov 20 13:08:13 devstack sudo[94389]: pam_unix(sudo:session): session closed for user root
Nov 20 13:08:13 devstack cinder-volume[81078]: DEBUG oslo_concurrency.processutils [None req-007eb3ab-e68f-4d6e-b205-1d6835569084 tempest-GroupSnapshotsTest-2119802626 None] CMD "sudo cinder-rootwrap /etc/cinder/rootwrap.conf qemu-img rebase -u -b volume-643feb79-6e53-4df0-8af2-78b1f255538d -F qcow2 /opt/stack/data/cinder/mnt/2f195b1954fbbe7237164982daca4c32/volume-643feb79-6e53-4df0-8af2-78b1f255538d.b98ad99d-42e2-4319-a1f0-3f220e2ba595" returned: 0 in 0.451s {{(pid=81078) execute /opt/stack/data/venv/lib/python3.10/site-packages/oslo_concurrency/processutils.py:372}}
Nov 20 13:08:13 devstack cinder-volume[81078]: WARNING cinder.volume.drivers.remotefs [None req-007eb3ab-e68f-4d6e-b205-1d6835569084 tempest-GroupSnapshotsTest-2119802626 None] /opt/stack/data/cinder/mnt/2f195b1954fbbe7237164982daca4c32/volume-643feb79-6e53-4df0-8af2-78b1f255538d.b98ad99d-42e2-4319-a1f0-3f220e2ba595 is being set with open permissions: ugo+rw: NotImplementedError
Nov 20 13:08:13 devstack cinder-volume[81078]: DEBUG oslo_concurrency.processutils [None req-007eb3ab-e68f-4d6e-b205-1d6835569084 tempest-GroupSnapshotsTest-2119802626 None] Running cmd (subprocess): sudo cinder-rootwrap /etc/cinder/rootwrap.conf chmod ugo+rw /opt/stack/data/cinder/mnt/2f195b1954fbbe7237164982daca4c32/volume-643feb79-6e53-4df0-8af2-78b1f255538d.b98ad99d-42e2-4319-a1f0-3f220e2ba595 {{(pid=81078) execute /opt/stack/data/venv/lib/python3.10/site-packages/oslo_concurrency/processutils.py:349}}
Nov 20 13:08:13 devstack sudo[94394]: quobyte : PWD=/ ; USER=root ; COMMAND=/opt/stack/data/venv/bin/cinder-rootwrap /etc/cinder/rootwrap.conf chmod ugo+rw /opt/stack/data/cinder/mnt/2f195b1954fbbe7237164982daca4c32/volume-643feb79-6e53-4df0-8af2-78b1f255538d.b98ad99d-42e2-4319-a1f0-3f220e2ba595
Nov 20 13:08:13 devstack sudo[94394]: pam_unix(sudo:session): session opened for user root(uid=0) by (uid=1000)
Nov 20 13:08:14 devstack sudo[94394]: pam_unix(sudo:session): session closed for user root
Nov 20 13:08:14 devstack cinder-volume[81078]: DEBUG oslo_concurrency.processutils [None req-007eb3ab-e68f-4d6e-b205-1d6835569084 tempest-GroupSnapshotsTest-2119802626 None] CMD "sudo cinder-rootwrap /etc/cinder/rootwrap.conf chmod ugo+rw /opt/stack/data/cinder/mnt/2f195b1954fbbe7237164982daca4c32/volume-643feb79-6e53-4df0-8af2-78b1f255538d.b98ad99d-42e2-4319-a1f0-3f220e2ba595" returned: 0 in 0.416s {{(pid=81078) execute /opt/stack/data/venv/lib/python3.10/site-packages/oslo_concurrency/processutils.py:372}}
Nov 20 13:08:14 devstack cinder-volume[81078]: DEBUG oslo_concurrency.processutils [None req-007eb3ab-e68f-4d6e-b205-1d6835569084 tempest-GroupSnapshotsTest-2119802626 None] Running cmd (subprocess): sudo cinder-rootwrap /etc/cinder/rootwrap.conf truncate -s0 /opt/stack/data/cinder/mnt/2f195b1954fbbe7237164982daca4c32/volume-643feb79-6e53-4df0-8af2-78b1f255538d.info {{(pid=81078) execute /opt/stack/data/venv/lib/python3.10/site-packages/oslo_concurrency/processutils.py:349}}
Nov 20 13:08:14 devstack sudo[94397]: quobyte : PWD=/ ; USER=root ; COMMAND=/opt/stack/data/venv/bin/cinder-rootwrap /etc/cinder/rootwrap.conf truncate -s0 /opt/stack/data/cinder/mnt/2f195b1954fbbe7237164982daca4c32/volume-643feb79-6e53-4df0-8af2-78b1f255538d.info
Nov 20 13:08:14 devstack sudo[94397]: pam_unix(sudo:session): session opened for user root(uid=0) by (uid=1000)
Nov 20 13:08:14 devstack sudo[94397]: pam_unix(sudo:session): session closed for user root
Nov 20 13:08:14 devstack cinder-volume[81078]: DEBUG oslo_concurrency.processutils [None req-007eb3ab-e68f-4d6e-b205-1d6835569084 tempest-GroupSnapshotsTest-2119802626 None] CMD "sudo cinder-rootwrap /etc/cinder/rootwrap.conf truncate -s0 /opt/stack/data/cinder/mnt/2f195b1954fbbe7237164982daca4c32/volume-643feb79-6e53-4df0-8af2-78b1f255538d.info" returned: 0 in 0.446s {{(pid=81078) execute /opt/stack/data/venv/lib/python3.10/site-packages/oslo_concurrency/processutils.py:372}}
Nov 20 13:08:14 devstack cinder-volume[81078]: WARNING cinder.volume.drivers.remotefs [None req-007eb3ab-e68f-4d6e-b205-1d6835569084 tempest-GroupSnapshotsTest-2119802626 None] /opt/stack/data/cinder/mnt/2f195b1954fbbe7237164982daca4c32/volume-643feb79-6e53-4df0-8af2-78b1f255538d.info is being set with open permissions: ugo+rw: NotImplementedError
Nov 20 13:08:14 devstack cinder-volume[81078]: DEBUG oslo_concurrency.processutils [None req-007eb3ab-e68f-4d6e-b205-1d6835569084 tempest-GroupSnapshotsTest-2119802626 None] Running cmd (subprocess): sudo cinder-rootwrap /etc/cinder/rootwrap.conf chmod ugo+rw /opt/stack/data/cinder/mnt/2f195b1954fbbe7237164982daca4c32/volume-643feb79-6e53-4df0-8af2-78b1f255538d.info {{(pid=81078) execute /opt/stack/data/venv/lib/python3.10/site-packages/oslo_concurrency/processutils.py:349}}
Nov 20 13:08:14 devstack sudo[94401]: quobyte : PWD=/ ; USER=root ; COMMAND=/opt/stack/data/venv/bin/cinder-rootwrap /etc/cinder/rootwrap.conf chmod ugo+rw /opt/stack/data/cinder/mnt/2f195b1954fbbe7237164982daca4c32/volume-643feb79-6e53-4df0-8af2-78b1f255538d.info
Nov 20 13:08:14 devstack sudo[94401]: pam_unix(sudo:session): session opened for user root(uid=0) by (uid=1000)
Nov 20 13:08:14 devstack sudo[94401]: pam_unix(sudo:session): session closed for user root
Nov 20 13:08:14 devstack cinder-volume[81078]: DEBUG oslo_concurrency.processutils [None req-007eb3ab-e68f-4d6e-b205-1d6835569084 tempest-GroupSnapshotsTest-2119802626 None] CMD "sudo cinder-rootwrap /etc/cinder/rootwrap.conf chmod ugo+rw /opt/stack/data/cinder/mnt/2f195b1954fbbe7237164982daca4c32/volume-643feb79-6e53-4df0-8af2-78b1f255538d.info" returned: 0 in 0.415s {{(pid=81078) execute /opt/stack/data/venv/lib/python3.10/site-packages/oslo_concurrency/processutils.py:372}}
Nov 20 13:08:14 devstack cinder-volume[81078]: DEBUG oslo_concurrency.lockutils [None req-007eb3ab-e68f-4d6e-b205-1d6835569084 tempest-GroupSnapshotsTest-2119802626 None] Lock "quobyte" "released" by "cinder.volume.drivers.quobyte.QuobyteDriver.create_snapshot" :: held 2.788s {{(pid=81078) inner /opt/stack/data/venv/lib/python3.10/site-packages/oslo_concurrency/lockutils.py:424}}
Nov 20 13:08:14 devstack cinder-volume[81078]: DEBUG oslo_concurrency.lockutils [None req-f8464129-ec6e-4bb5-aedf-3fcb6bc8233b tempest-SnapshotsActionsTest-974196203 None] Lock "quobyte" acquired by "cinder.volume.drivers.quobyte.QuobyteDriver.create_snapshot" :: waited 4.596s {{(pid=81078) inner /opt/stack/data/venv/lib/python3.10/site-packages/oslo_concurrency/lockutils.py:410}}
Nov 20 13:08:14 devstack cinder-volume[81078]: DEBUG cinder.volume.drivers.remotefs [None req-f8464129-ec6e-4bb5-aedf-3fcb6bc8233b tempest-SnapshotsActionsTest-974196203 None] Creating offline snapshot ff773bfe-b719-4d05-85a3-d520db3b4357 of volume 6f2500d9-2e3f-497f-874a-abb12d4c55fa {{(pid=81078) _create_snapshot /opt/stack/cinder/cinder/volume/drivers/remotefs.py:1694}}
Nov 20 13:08:15 devstack cinder-volume[81078]: DEBUG dbcounter [-] [81078] Writing DB stats cinder:SELECT=136,cinder:UPDATE=158,cinder:DELETE=9,cinder:INSERT=26 {{(pid=81078) stat_writer /opt/stack/data/venv/lib/python3.10/site-packages/dbcounter.py:115}}
Nov 20 13:08:15 devstack cinder-volume[81078]: DEBUG oslo.privsep.daemon [-] privsep: reply[c336571f-9838-432d-aba5-bc8a12963148]: (4, 'qcow2') {{(pid=82992) _call_back /opt/stack/data/venv/lib/python3.10/site-packages/oslo_privsep/daemon.py:515}}
Nov 20 13:08:15 devstack cinder-volume[81078]: DEBUG oslo_concurrency.processutils [None req-f8464129-ec6e-4bb5-aedf-3fcb6bc8233b tempest-SnapshotsActionsTest-974196203 None] Running cmd (subprocess): /opt/stack/data/venv/bin/python3.10 -m oslo_concurrency.prlimit --as=1073741824 --cpu=60 -- sudo cinder-rootwrap /etc/cinder/rootwrap.conf env LC_ALL=C qemu-img info -f qcow2 --output=json --force-share /opt/stack/data/cinder/mnt/2f195b1954fbbe7237164982daca4c32/volume-6f2500d9-2e3f-497f-874a-abb12d4c55fa.61b6b9d3-a746-4273-b82d-1efa2988da96 {{(pid=81078) execute /opt/stack/data/venv/lib/python3.10/site-packages/oslo_concurrency/processutils.py:349}}
Nov 20 13:08:15 devstack cinder-volume[81078]: INFO cinder.volume.manager [None req-007eb3ab-e68f-4d6e-b205-1d6835569084 tempest-GroupSnapshotsTest-2119802626 None] group_snapshot ce79a36c-47e0-488d-9259-600ca3a48b70: created successfully
Nov 20 13:08:15 devstack sudo[94438]: quobyte : PWD=/ ; USER=root ; COMMAND=/opt/stack/data/venv/bin/cinder-rootwrap /etc/cinder/rootwrap.conf env LC_ALL=C qemu-img info -f qcow2 --output=json --force-share /opt/stack/data/cinder/mnt/2f195b1954fbbe7237164982daca4c32/volume-6f2500d9-2e3f-497f-874a-abb12d4c55fa.61b6b9d3-a746-4273-b82d-1efa2988da96
Nov 20 13:08:15 devstack sudo[94438]: pam_unix(sudo:session): session opened for user root(uid=0) by (uid=1000)
Nov 20 13:08:15 devstack sudo[94438]: pam_unix(sudo:session): session closed for user root
Nov 20 13:08:15 devstack cinder-volume[81078]: DEBUG oslo_concurrency.processutils [None req-f8464129-ec6e-4bb5-aedf-3fcb6bc8233b tempest-SnapshotsActionsTest-974196203 None] CMD "/opt/stack/data/venv/bin/python3.10 -m oslo_concurrency.prlimit --as=1073741824 --cpu=60 -- sudo cinder-rootwrap /etc/cinder/rootwrap.conf env LC_ALL=C qemu-img info -f qcow2 --output=json --force-share /opt/stack/data/cinder/mnt/2f195b1954fbbe7237164982daca4c32/volume-6f2500d9-2e3f-497f-874a-abb12d4c55fa.61b6b9d3-a746-4273-b82d-1efa2988da96" returned: 0 in 0.583s {{(pid=81078) execute /opt/stack/data/venv/lib/python3.10/site-packages/oslo_concurrency/processutils.py:372}}
Nov 20 13:08:15 devstack cinder-volume[81078]: DEBUG cinder.volume.drivers.remotefs [None req-f8464129-ec6e-4bb5-aedf-3fcb6bc8233b tempest-SnapshotsActionsTest-974196203 None] Fetching qemu-img info with special backing_file_template: (/opt/stack/data/cinder/mnt/[0-9a-f]+/)?(volume-6f2500d9-2e3f-497f-874a-abb12d4c55fa(.(tmp-snap-)?[0-9a-f-]+)?|volume_from_snapshot_cache/(tmp-snap-)?[0-9a-f-]+(.(child-|parent-)[0-9a-f-]+)?)$ {{(pid=81078) _qemu_img_info_base /opt/stack/cinder/cinder/volume/drivers/remotefs.py:886}}
Nov 20 13:08:15 devstack cinder-volume[81078]: DEBUG oslo_concurrency.processutils [None req-f8464129-ec6e-4bb5-aedf-3fcb6bc8233b tempest-SnapshotsActionsTest-974196203 None] Running cmd (subprocess): sudo cinder-rootwrap /etc/cinder/rootwrap.conf qemu-img create -f qcow2 -o backing_file=/opt/stack/data/cinder/mnt/2f195b1954fbbe7237164982daca4c32/volume-6f2500d9-2e3f-497f-874a-abb12d4c55fa.61b6b9d3-a746-4273-b82d-1efa2988da96,backing_fmt=qcow2 /opt/stack/data/cinder/mnt/2f195b1954fbbe7237164982daca4c32/volume-6f2500d9-2e3f-497f-874a-abb12d4c55fa.ff773bfe-b719-4d05-85a3-d520db3b4357 1G {{(pid=81078) execute /opt/stack/data/venv/lib/python3.10/site-packages/oslo_concurrency/processutils.py:349}}
Nov 20 13:08:15 devstack sudo[94444]: quobyte : PWD=/ ; USER=root ; COMMAND=/opt/stack/data/venv/bin/cinder-rootwrap /etc/cinder/rootwrap.conf qemu-img create -f qcow2 -o backing_file=/opt/stack/data/cinder/mnt/2f195b1954fbbe7237164982daca4c32/volume-6f2500d9-2e3f-497f-874a-abb12d4c55fa.61b6b9d3-a746-4273-b82d-1efa2988da96,backing_fmt=qcow2 /opt/stack/data/cinder/mnt/2f195b1954fbbe7237164982daca4c32/volume-6f2500d9-2e3f-497f-874a-abb12d4c55fa.ff773bfe-b719-4d05-85a3-d520db3b4357 1G
Nov 20 13:08:15 devstack sudo[94444]: pam_unix(sudo:session): session opened for user root(uid=0) by (uid=1000)
Nov 20 13:08:15 devstack cinder-volume[81078]: INFO cinder.volume.manager [None req-2de68a4d-efc4-467f-9d8e-154f63c1a91d tempest-GroupSnapshotsTest-2119802626 None] group_snapshot ce79a36c-47e0-488d-9259-600ca3a48b70: deleting
Nov 20 13:08:15 devstack cinder-volume[81078]: WARNING cinder.volume.volume_utils [None req-2de68a4d-efc4-467f-9d8e-154f63c1a91d tempest-GroupSnapshotsTest-2119802626 None] Volume driver (QuobyteDriver 1.1.13) is currently unsupported and may be removed in the next release of OpenStack. Use at your own risk.
Nov 20 13:08:15 devstack cinder-volume[81078]: DEBUG cinder.volume.manager [None req-2de68a4d-efc4-467f-9d8e-154f63c1a91d tempest-GroupSnapshotsTest-2119802626 None] group_snapshot ce79a36c-47e0-488d-9259-600ca3a48b70: deleting {{(pid=81078) delete_group_snapshot /opt/stack/cinder/cinder/volume/manager.py:4318}}
Nov 20 13:08:15 devstack cinder-volume[81078]: DEBUG cinder.coordination [None req-2de68a4d-efc4-467f-9d8e-154f63c1a91d tempest-GroupSnapshotsTest-2119802626 None] Acquiring lock "cinder-quobyte-1c575e9d-556d-41a8-8248-578a81202ae4" by "delete_snapshot" {{(pid=81078) __acquire /opt/stack/cinder/cinder/coordination.py:143}}
