Jun 24 09:50:45 devstack cinder-volume[93447]: DEBUG oslo_concurrency.processutils [None req-1ea849af-1b77-455d-9384-8fd5c33524df tempest-GroupsV314Test-1803619899 None] Running cmd (subprocess): sudo cinder-rootwrap /etc/cinder/rootwrap.conf truncate -s0 /opt/stack/data/cinder/mnt/f9524adf4a1266b6f3bb00822162b447/volume-2b11eeda-3902-4287-b2cb-bfcc7bf22459.info {{(pid=93447) execute /opt/stack/data/venv/lib/python3.12/site-packages/oslo_concurrency/processutils.py:440}}
Jun 24 09:50:45 devstack sudo[99902]: quobyte : PWD=/ ; USER=root ; COMMAND=/opt/stack/data/venv/bin/cinder-rootwrap /etc/cinder/rootwrap.conf truncate -s0 /opt/stack/data/cinder/mnt/f9524adf4a1266b6f3bb00822162b447/volume-2b11eeda-3902-4287-b2cb-bfcc7bf22459.info
Jun 24 09:50:45 devstack sudo[99902]: pam_unix(sudo:session): session opened for user root(uid=0) by (uid=1000)
Jun 24 09:50:46 devstack sudo[99902]: pam_unix(sudo:session): session closed for user root
Jun 24 09:50:46 devstack cinder-volume[93447]: DEBUG oslo_concurrency.processutils [None req-1ea849af-1b77-455d-9384-8fd5c33524df tempest-GroupsV314Test-1803619899 None] CMD "sudo cinder-rootwrap /etc/cinder/rootwrap.conf truncate -s0 /opt/stack/data/cinder/mnt/f9524adf4a1266b6f3bb00822162b447/volume-2b11eeda-3902-4287-b2cb-bfcc7bf22459.info" returned: 0 in 0.690s {{(pid=93447) execute /opt/stack/data/venv/lib/python3.12/site-packages/oslo_concurrency/processutils.py:468}}
Jun 24 09:50:46 devstack cinder-volume[93447]: WARNING cinder.volume.drivers.remotefs [None req-1ea849af-1b77-455d-9384-8fd5c33524df tempest-GroupsV314Test-1803619899 None] /opt/stack/data/cinder/mnt/f9524adf4a1266b6f3bb00822162b447/volume-2b11eeda-3902-4287-b2cb-bfcc7bf22459.info is being set with open permissions: ugo+rw: NotImplementedError
Jun 24 09:50:46 devstack cinder-volume[93447]: DEBUG oslo_concurrency.processutils [None req-1ea849af-1b77-455d-9384-8fd5c33524df tempest-GroupsV314Test-1803619899 None] Running cmd (subprocess): sudo cinder-rootwrap /etc/cinder/rootwrap.conf chmod ugo+rw /opt/stack/data/cinder/mnt/f9524adf4a1266b6f3bb00822162b447/volume-2b11eeda-3902-4287-b2cb-bfcc7bf22459.info {{(pid=93447) execute /opt/stack/data/venv/lib/python3.12/site-packages/oslo_concurrency/processutils.py:440}}
Jun 24 09:50:46 devstack sudo[99906]: quobyte : PWD=/ ; USER=root ; COMMAND=/opt/stack/data/venv/bin/cinder-rootwrap /etc/cinder/rootwrap.conf chmod ugo+rw /opt/stack/data/cinder/mnt/f9524adf4a1266b6f3bb00822162b447/volume-2b11eeda-3902-4287-b2cb-bfcc7bf22459.info
Jun 24 09:50:46 devstack sudo[99906]: pam_unix(sudo:session): session opened for user root(uid=0) by (uid=1000)
Jun 24 09:50:47 devstack sudo[99906]: pam_unix(sudo:session): session closed for user root
Jun 24 09:50:47 devstack cinder-volume[93447]: DEBUG oslo_concurrency.processutils [None req-1ea849af-1b77-455d-9384-8fd5c33524df tempest-GroupsV314Test-1803619899 None] CMD "sudo cinder-rootwrap /etc/cinder/rootwrap.conf chmod ugo+rw /opt/stack/data/cinder/mnt/f9524adf4a1266b6f3bb00822162b447/volume-2b11eeda-3902-4287-b2cb-bfcc7bf22459.info" returned: 0 in 0.658s {{(pid=93447) execute /opt/stack/data/venv/lib/python3.12/site-packages/oslo_concurrency/processutils.py:468}}
Jun 24 09:50:47 devstack cinder-volume[93447]: DEBUG cinder.coordination [None req-1ea849af-1b77-455d-9384-8fd5c33524df tempest-GroupsV314Test-1803619899 None] Acquiring lock "cinder-quobyte-6d1eb6f0-ae60-4172-9caf-a0a7d2f26a6a" by "_copy_volume_from_snapshot" {{(pid=93447) __acquire /opt/stack/cinder/cinder/coordination.py:138}}
Jun 24 09:50:47 devstack cinder-volume[93447]: DEBUG cinder.coordination [None req-1ea849af-1b77-455d-9384-8fd5c33524df tempest-GroupsV314Test-1803619899 None] Lock "cinder-quobyte-6d1eb6f0-ae60-4172-9caf-a0a7d2f26a6a" acquired by "_copy_volume_from_snapshot" :: waited 0.036s {{(pid=93447) __acquire /opt/stack/cinder/cinder/coordination.py:141}}
Jun 24 09:50:47 devstack cinder-volume[93447]: DEBUG cinder.volume.drivers.quobyte [None req-1ea849af-1b77-455d-9384-8fd5c33524df tempest-GroupsV314Test-1803619899 None] snapshot: 915d6df4-5dc8-4bb0-adb6-d7f84535d232, volume: 6d1eb6f0-ae60-4172-9caf-a0a7d2f26a6a, {{(pid=93447) _copy_volume_from_snapshot /opt/stack/cinder/cinder/volume/drivers/quobyte.py:401}}
Jun 24 09:50:47 devstack cinder-volume[93447]: DEBUG oslo_concurrency.lockutils [None req-1ea849af-1b77-455d-9384-8fd5c33524df tempest-GroupsV314Test-1803619899 None] Acquiring lock "quobyte_ensure" by "cinder.volume.drivers.quobyte.QuobyteDriver._ensure_shares_mounted" {{(pid=93447) inner /opt/stack/data/venv/lib/python3.12/site-packages/oslo_concurrency/lockutils.py:511}}
Jun 24 09:50:47 devstack cinder-volume[93447]: DEBUG oslo_concurrency.lockutils [None req-1ea849af-1b77-455d-9384-8fd5c33524df tempest-GroupsV314Test-1803619899 None] Lock "quobyte_ensure" acquired by "cinder.volume.drivers.quobyte.QuobyteDriver._ensure_shares_mounted" :: waited 0.001s {{(pid=93447) inner /opt/stack/data/venv/lib/python3.12/site-packages/oslo_concurrency/lockutils.py:524}}
Jun 24 09:50:47 devstack cinder-volume[93447]: DEBUG cinder.volume.drivers.quobyte [None req-1ea849af-1b77-455d-9384-8fd5c33524df tempest-GroupsV314Test-1803619899 None] Quobyte Volume URL set to: {'osci02.corp.quobyte.com/cinder-vol-b3a7cd6d-c193-4c2d-9b32-dfd9149b3fcb': None} {{(pid=93447) _load_shares_config /opt/stack/cinder/cinder/volume/drivers/quobyte.py:617}}
Jun 24 09:50:47 devstack cinder-volume[93447]: DEBUG cinder.volume.drivers.quobyte [None req-1ea849af-1b77-455d-9384-8fd5c33524df tempest-GroupsV314Test-1803619899 None] Available shares ['osci02.corp.quobyte.com/cinder-vol-b3a7cd6d-c193-4c2d-9b32-dfd9149b3fcb'] {{(pid=93447) _ensure_shares_mounted /opt/stack/cinder/cinder/volume/drivers/quobyte.py:647}}
Jun 24 09:50:47 devstack cinder-volume[93447]: DEBUG oslo_concurrency.lockutils [None req-1ea849af-1b77-455d-9384-8fd5c33524df tempest-GroupsV314Test-1803619899 None] Lock "quobyte_ensure" "released" by "cinder.volume.drivers.quobyte.QuobyteDriver._ensure_shares_mounted" :: held 0.004s {{(pid=93447) inner /opt/stack/data/venv/lib/python3.12/site-packages/oslo_concurrency/lockutils.py:543}}
Jun 24 09:50:47 devstack cinder-volume[93447]: DEBUG oslo.privsep.daemon [-] privsep: reply[d0015f66-b921-440f-9451-67900a92a2fa]: (4, 'qcow2') {{(pid=94801) _call_back /opt/stack/data/venv/lib/python3.12/site-packages/oslo_privsep/daemon.py:580}}
Jun 24 09:50:47 devstack cinder-volume[93447]: DEBUG oslo_concurrency.processutils [None req-1ea849af-1b77-455d-9384-8fd5c33524df tempest-GroupsV314Test-1803619899 None] Running cmd (subprocess): /opt/stack/data/venv/bin/python3.12 -m oslo_concurrency.prlimit --as=1073741824 --cpu=60 -- sudo cinder-rootwrap /etc/cinder/rootwrap.conf env LC_ALL=C qemu-img info -f qcow2 --output=json --force-share /opt/stack/data/cinder/mnt/f9524adf4a1266b6f3bb00822162b447/volume-2b11eeda-3902-4287-b2cb-bfcc7bf22459.915d6df4-5dc8-4bb0-adb6-d7f84535d232 {{(pid=93447) execute /opt/stack/data/venv/lib/python3.12/site-packages/oslo_concurrency/processutils.py:440}}
Jun 24 09:50:47 devstack sudo[99909]: quobyte : PWD=/ ; USER=root ; COMMAND=/opt/stack/data/venv/bin/cinder-rootwrap /etc/cinder/rootwrap.conf env LC_ALL=C qemu-img info -f qcow2 --output=json --force-share /opt/stack/data/cinder/mnt/f9524adf4a1266b6f3bb00822162b447/volume-2b11eeda-3902-4287-b2cb-bfcc7bf22459.915d6df4-5dc8-4bb0-adb6-d7f84535d232
Jun 24 09:50:47 devstack sudo[99909]: pam_unix(sudo:session): session opened for user root(uid=0) by (uid=1000)
Jun 24 09:50:47 devstack sudo[99909]: pam_unix(sudo:session): session closed for user root
Jun 24 09:50:47 devstack cinder-volume[93447]: DEBUG oslo_concurrency.processutils [None req-1ea849af-1b77-455d-9384-8fd5c33524df tempest-GroupsV314Test-1803619899 None] CMD "/opt/stack/data/venv/bin/python3.12 -m oslo_concurrency.prlimit --as=1073741824 --cpu=60 -- sudo cinder-rootwrap /etc/cinder/rootwrap.conf env LC_ALL=C qemu-img info -f qcow2 --output=json --force-share /opt/stack/data/cinder/mnt/f9524adf4a1266b6f3bb00822162b447/volume-2b11eeda-3902-4287-b2cb-bfcc7bf22459.915d6df4-5dc8-4bb0-adb6-d7f84535d232" returned: 0 in 0.791s {{(pid=93447) execute /opt/stack/data/venv/lib/python3.12/site-packages/oslo_concurrency/processutils.py:468}}
Jun 24 09:50:47 devstack cinder-volume[93447]: DEBUG cinder.volume.drivers.remotefs [None req-1ea849af-1b77-455d-9384-8fd5c33524df tempest-GroupsV314Test-1803619899 None] Fetching qemu-img info with special backing_file_template: (/opt/stack/data/cinder/mnt/[0-9a-f]+/)?(volume-2b11eeda-3902-4287-b2cb-bfcc7bf22459(.(tmp-snap-)?[0-9a-f-]+)?|volume_from_snapshot_cache/(tmp-snap-)?[0-9a-f-]+(.(child-|parent-)[0-9a-f-]+)?)$ {{(pid=93447) _qemu_img_info_base /opt/stack/cinder/cinder/volume/drivers/remotefs.py:896}}
Jun 24 09:50:47 devstack cinder-volume[93447]: DEBUG cinder.volume.drivers.quobyte [None req-1ea849af-1b77-455d-9384-8fd5c33524df tempest-GroupsV314Test-1803619899 None] will copy from snapshot at /opt/stack/data/cinder/mnt/f9524adf4a1266b6f3bb00822162b447/volume-2b11eeda-3902-4287-b2cb-bfcc7bf22459 {{(pid=93447) _copy_volume_from_snapshot /opt/stack/cinder/cinder/volume/drivers/quobyte.py:420}}
Jun 24 09:50:47 devstack cinder-volume[93447]: DEBUG cinder.volume.drivers.quobyte [None req-1ea849af-1b77-455d-9384-8fd5c33524df tempest-GroupsV314Test-1803619899 None] Creating direct copy from snapshot {{(pid=93447) _copy_volume_from_snapshot /opt/stack/cinder/cinder/volume/drivers/quobyte.py:428}}
Jun 24 09:50:47 devstack cinder-volume[93447]: DEBUG oslo.privsep.daemon [-] privsep: reply[0c7fc19a-e515-46c0-8647-63ec432e6214]: (4, 'qcow2') {{(pid=94801) _call_back /opt/stack/data/venv/lib/python3.12/site-packages/oslo_privsep/daemon.py:580}}
Jun 24 09:50:47 devstack cinder-volume[93447]: DEBUG oslo_concurrency.processutils [None req-1ea849af-1b77-455d-9384-8fd5c33524df tempest-GroupsV314Test-1803619899 None] Running cmd (subprocess): /opt/stack/data/venv/bin/python3.12 -m oslo_concurrency.prlimit --as=1073741824 --cpu=60 -- sudo cinder-rootwrap /etc/cinder/rootwrap.conf env LC_ALL=C qemu-img info -f qcow2 --output=json /opt/stack/data/cinder/mnt/f9524adf4a1266b6f3bb00822162b447/volume-2b11eeda-3902-4287-b2cb-bfcc7bf22459 {{(pid=93447) execute /opt/stack/data/venv/lib/python3.12/site-packages/oslo_concurrency/processutils.py:440}}
Jun 24 09:50:48 devstack sudo[99914]: quobyte : PWD=/ ; USER=root ; COMMAND=/opt/stack/data/venv/bin/cinder-rootwrap /etc/cinder/rootwrap.conf env LC_ALL=C qemu-img info -f qcow2 --output=json /opt/stack/data/cinder/mnt/f9524adf4a1266b6f3bb00822162b447/volume-2b11eeda-3902-4287-b2cb-bfcc7bf22459
Jun 24 09:50:48 devstack sudo[99914]: pam_unix(sudo:session): session opened for user root(uid=0) by (uid=1000)
Jun 24 09:50:48 devstack sudo[99914]: pam_unix(sudo:session): session closed for user root
Jun 24 09:50:48 devstack cinder-volume[93447]: DEBUG oslo_concurrency.processutils [None req-1ea849af-1b77-455d-9384-8fd5c33524df tempest-GroupsV314Test-1803619899 None] CMD "/opt/stack/data/venv/bin/python3.12 -m oslo_concurrency.prlimit --as=1073741824 --cpu=60 -- sudo cinder-rootwrap /etc/cinder/rootwrap.conf env LC_ALL=C qemu-img info -f qcow2 --output=json /opt/stack/data/cinder/mnt/f9524adf4a1266b6f3bb00822162b447/volume-2b11eeda-3902-4287-b2cb-bfcc7bf22459" returned: 0 in 0.770s {{(pid=93447) execute /opt/stack/data/venv/lib/python3.12/site-packages/oslo_concurrency/processutils.py:468}}
Jun 24 09:50:48 devstack cinder-volume[93447]: DEBUG cinder.utils [None req-1ea849af-1b77-455d-9384-8fd5c33524df tempest-GroupsV314Test-1803619899 None] Path /opt/stack/data/cinder/mnt/f9524adf4a1266b6f3bb00822162b447/volume-6d1eb6f0-ae60-4172-9caf-a0a7d2f26a6a not found in is_blk_device check {{(pid=93447) is_blk_device /opt/stack/cinder/cinder/utils.py:615}}
Jun 24 09:50:48 devstack cinder-volume[93447]: DEBUG oslo_concurrency.processutils [None req-1ea849af-1b77-455d-9384-8fd5c33524df tempest-GroupsV314Test-1803619899 None] Running cmd (subprocess): sudo cinder-rootwrap /etc/cinder/rootwrap.conf qemu-img convert -O qcow2 /opt/stack/data/cinder/mnt/f9524adf4a1266b6f3bb00822162b447/volume-2b11eeda-3902-4287-b2cb-bfcc7bf22459 /opt/stack/data/cinder/mnt/f9524adf4a1266b6f3bb00822162b447/volume-6d1eb6f0-ae60-4172-9caf-a0a7d2f26a6a {{(pid=93447) execute /opt/stack/data/venv/lib/python3.12/site-packages/oslo_concurrency/processutils.py:440}}
Jun 24 09:50:48 devstack sudo[99919]: quobyte : PWD=/ ; USER=root ; COMMAND=/opt/stack/data/venv/bin/cinder-rootwrap /etc/cinder/rootwrap.conf qemu-img convert -O qcow2 /opt/stack/data/cinder/mnt/f9524adf4a1266b6f3bb00822162b447/volume-2b11eeda-3902-4287-b2cb-bfcc7bf22459 /opt/stack/data/cinder/mnt/f9524adf4a1266b6f3bb00822162b447/volume-6d1eb6f0-ae60-4172-9caf-a0a7d2f26a6a
Jun 24 09:50:48 devstack sudo[99919]: pam_unix(sudo:session): session opened for user root(uid=0) by (uid=1000)
Jun 24 09:50:54 devstack sudo[99919]: pam_unix(sudo:session): session closed for user root
Jun 24 09:50:54 devstack cinder-volume[93447]: DEBUG oslo_concurrency.processutils [None req-1ea849af-1b77-455d-9384-8fd5c33524df tempest-GroupsV314Test-1803619899 None] CMD "sudo cinder-rootwrap /etc/cinder/rootwrap.conf qemu-img convert -O qcow2 /opt/stack/data/cinder/mnt/f9524adf4a1266b6f3bb00822162b447/volume-2b11eeda-3902-4287-b2cb-bfcc7bf22459 /opt/stack/data/cinder/mnt/f9524adf4a1266b6f3bb00822162b447/volume-6d1eb6f0-ae60-4172-9caf-a0a7d2f26a6a" returned: 0 in 6.224s {{(pid=93447) execute /opt/stack/data/venv/lib/python3.12/site-packages/oslo_concurrency/processutils.py:468}}
Jun 24 09:50:54 devstack cinder-volume[93447]: DEBUG oslo.privsep.daemon [-] privsep: reply[f6fd2db7-1cbe-4b21-b6f6-9131a86503aa]: (4, 'qcow2') {{(pid=94801) _call_back /opt/stack/data/venv/lib/python3.12/site-packages/oslo_privsep/daemon.py:580}}
Jun 24 09:50:54 devstack cinder-volume[93447]: DEBUG oslo_concurrency.processutils [None req-1ea849af-1b77-455d-9384-8fd5c33524df tempest-GroupsV314Test-1803619899 None] Running cmd (subprocess): /opt/stack/data/venv/bin/python3.12 -m oslo_concurrency.prlimit --as=1073741824 --cpu=60 -- sudo cinder-rootwrap /etc/cinder/rootwrap.conf env LC_ALL=C qemu-img info -f qcow2 --output=json /opt/stack/data/cinder/mnt/f9524adf4a1266b6f3bb00822162b447/volume-2b11eeda-3902-4287-b2cb-bfcc7bf22459 {{(pid=93447) execute /opt/stack/data/venv/lib/python3.12/site-packages/oslo_concurrency/processutils.py:440}}
Jun 24 09:50:55 devstack sudo[99969]: quobyte : PWD=/ ; USER=root ; COMMAND=/opt/stack/data/venv/bin/cinder-rootwrap /etc/cinder/rootwrap.conf env LC_ALL=C qemu-img info -f qcow2 --output=json /opt/stack/data/cinder/mnt/f9524adf4a1266b6f3bb00822162b447/volume-2b11eeda-3902-4287-b2cb-bfcc7bf22459
Jun 24 09:50:55 devstack sudo[99969]: pam_unix(sudo:session): session opened for user root(uid=0) by (uid=1000)
Jun 24 09:50:55 devstack cinder-volume[93447]: DEBUG dbcounter [-] [93447] Writing DB stats cinder:SELECT=11,cinder:UPDATE=9 {{(pid=93447) stat_writer /opt/stack/data/venv/lib/python3.12/site-packages/dbcounter.py:115}}
Jun 24 09:50:55 devstack cinder-volume[93447]: DEBUG dbcounter [-] [93447] Writing DB stats cinder:SELECT=12,cinder:UPDATE=3,cinder:INSERT=3,cinder:DELETE=1 {{(pid=93447) stat_writer /opt/stack/data/venv/lib/python3.12/site-packages/dbcounter.py:115}}
Jun 24 09:50:55 devstack sudo[99969]: pam_unix(sudo:session): session closed for user root
Jun 24 09:50:55 devstack cinder-volume[93447]: DEBUG oslo_concurrency.processutils [None req-1ea849af-1b77-455d-9384-8fd5c33524df tempest-GroupsV314Test-1803619899 None] CMD "/opt/stack/data/venv/bin/python3.12 -m oslo_concurrency.prlimit --as=1073741824 --cpu=60 -- sudo cinder-rootwrap /etc/cinder/rootwrap.conf env LC_ALL=C qemu-img info -f qcow2 --output=json /opt/stack/data/cinder/mnt/f9524adf4a1266b6f3bb00822162b447/volume-2b11eeda-3902-4287-b2cb-bfcc7bf22459" returned: 0 in 0.904s {{(pid=93447) execute /opt/stack/data/venv/lib/python3.12/site-packages/oslo_concurrency/processutils.py:468}}
Jun 24 09:50:55 devstack cinder-volume[93447]: DEBUG cinder.image.image_utils [None req-1ea849af-1b77-455d-9384-8fd5c33524df tempest-GroupsV314Test-1803619899 None] Image conversion details: src /opt/stack/data/cinder/mnt/f9524adf4a1266b6f3bb00822162b447/volume-2b11eeda-3902-4287-b2cb-bfcc7bf22459, size 1024.00 MB, duration 6.22 sec, destination /opt/stack/data/cinder/mnt/f9524adf4a1266b6f3bb00822162b447/volume-6d1eb6f0-ae60-4172-9caf-a0a7d2f26a6a {{(pid=93447) _convert_image /opt/stack/cinder/cinder/image/image_utils.py:536}}
Jun 24 09:50:55 devstack cinder-volume[93447]: INFO cinder.image.image_utils [None req-1ea849af-1b77-455d-9384-8fd5c33524df tempest-GroupsV314Test-1803619899 None] Converted 1024.00 MB image at 164.50 MB/s
Jun 24 09:50:55 devstack cinder-volume[93447]: WARNING cinder.volume.drivers.remotefs [None req-1ea849af-1b77-455d-9384-8fd5c33524df tempest-GroupsV314Test-1803619899 None] /opt/stack/data/cinder/mnt/f9524adf4a1266b6f3bb00822162b447/volume-6d1eb6f0-ae60-4172-9caf-a0a7d2f26a6a is being set with open permissions: ugo+rw: NotImplementedError
Jun 24 09:50:55 devstack cinder-volume[93447]: DEBUG oslo_concurrency.processutils [None req-1ea849af-1b77-455d-9384-8fd5c33524df tempest-GroupsV314Test-1803619899 None] Running cmd (subprocess): sudo cinder-rootwrap /etc/cinder/rootwrap.conf chmod ugo+rw /opt/stack/data/cinder/mnt/f9524adf4a1266b6f3bb00822162b447/volume-6d1eb6f0-ae60-4172-9caf-a0a7d2f26a6a {{(pid=93447) execute /opt/stack/data/venv/lib/python3.12/site-packages/oslo_concurrency/processutils.py:440}}
Jun 24 09:50:55 devstack sudo[99974]: quobyte : PWD=/ ; USER=root ; COMMAND=/opt/stack/data/venv/bin/cinder-rootwrap /etc/cinder/rootwrap.conf chmod ugo+rw /opt/stack/data/cinder/mnt/f9524adf4a1266b6f3bb00822162b447/volume-6d1eb6f0-ae60-4172-9caf-a0a7d2f26a6a
Jun 24 09:50:55 devstack sudo[99974]: pam_unix(sudo:session): session opened for user root(uid=0) by (uid=1000)
Jun 24 09:50:56 devstack sudo[99974]: pam_unix(sudo:session): session closed for user root
Jun 24 09:50:56 devstack cinder-volume[93447]: DEBUG oslo_concurrency.processutils [None req-1ea849af-1b77-455d-9384-8fd5c33524df tempest-GroupsV314Test-1803619899 None] CMD "sudo cinder-rootwrap /etc/cinder/rootwrap.conf chmod ugo+rw /opt/stack/data/cinder/mnt/f9524adf4a1266b6f3bb00822162b447/volume-6d1eb6f0-ae60-4172-9caf-a0a7d2f26a6a" returned: 0 in 0.637s {{(pid=93447) execute /opt/stack/data/venv/lib/python3.12/site-packages/oslo_concurrency/processutils.py:468}}
Jun 24 09:50:56 devstack cinder-volume[93447]: DEBUG cinder.coordination [None req-1ea849af-1b77-455d-9384-8fd5c33524df tempest-GroupsV314Test-1803619899 None] Lock "cinder-quobyte-6d1eb6f0-ae60-4172-9caf-a0a7d2f26a6a" released by "_copy_volume_from_snapshot" :: held 9.427s {{(pid=93447) __release /opt/stack/cinder/cinder/coordination.py:152}}
Jun 24 09:50:56 devstack cinder-volume[93447]: DEBUG cinder.coordination [None req-1ea849af-1b77-455d-9384-8fd5c33524df tempest-GroupsV314Test-1803619899 None] Acquiring lock "cinder-quobyte-915d6df4-5dc8-4bb0-adb6-d7f84535d232" by "_delete_snapshot" {{(pid=93447) __acquire /opt/stack/cinder/cinder/coordination.py:138}}
Jun 24 09:50:56 devstack cinder-volume[93447]: DEBUG cinder.coordination [None req-1ea849af-1b77-455d-9384-8fd5c33524df tempest-GroupsV314Test-1803619899 None] Lock "cinder-quobyte-915d6df4-5dc8-4bb0-adb6-d7f84535d232" acquired by "_delete_snapshot" :: waited 0.016s {{(pid=93447) __acquire /opt/stack/cinder/cinder/coordination.py:141}}
Jun 24 09:50:56 devstack cinder-volume[93447]: DEBUG cinder.volume.drivers.remotefs [None req-1ea849af-1b77-455d-9384-8fd5c33524df tempest-GroupsV314Test-1803619899 None] Deleting offline snapshot 915d6df4-5dc8-4bb0-adb6-d7f84535d232 of volume 2b11eeda-3902-4287-b2cb-bfcc7bf22459 {{(pid=93447) _delete_snapshot /opt/stack/cinder/cinder/volume/drivers/remotefs.py:1288}}
Jun 24 09:50:56 devstack cinder-volume[93447]: DEBUG cinder.volume.drivers.remotefs [None req-1ea849af-1b77-455d-9384-8fd5c33524df tempest-GroupsV314Test-1803619899 None] snapshot_file for this snap is: volume-2b11eeda-3902-4287-b2cb-bfcc7bf22459.915d6df4-5dc8-4bb0-adb6-d7f84535d232 {{(pid=93447) _delete_snapshot /opt/stack/cinder/cinder/volume/drivers/remotefs.py:1317}}
Jun 24 09:50:56 devstack cinder-volume[93447]: DEBUG oslo.privsep.daemon [-] privsep: reply[a95944df-9007-4cca-8fac-136783c9ef48]: (4, 'qcow2') {{(pid=94801) _call_back /opt/stack/data/venv/lib/python3.12/site-packages/oslo_privsep/daemon.py:580}}
Jun 24 09:50:56 devstack cinder-volume[93447]: DEBUG oslo_concurrency.processutils [None req-1ea849af-1b77-455d-9384-8fd5c33524df tempest-GroupsV314Test-1803619899 None] Running cmd (subprocess): /opt/stack/data/venv/bin/python3.12 -m oslo_concurrency.prlimit --as=1073741824 --cpu=60 -- sudo cinder-rootwrap /etc/cinder/rootwrap.conf env LC_ALL=C qemu-img info -f qcow2 --output=json --force-share /opt/stack/data/cinder/mnt/f9524adf4a1266b6f3bb00822162b447/volume-2b11eeda-3902-4287-b2cb-bfcc7bf22459.915d6df4-5dc8-4bb0-adb6-d7f84535d232 {{(pid=93447) execute /opt/stack/data/venv/lib/python3.12/site-packages/oslo_concurrency/processutils.py:440}}
Jun 24 09:50:56 devstack sudo[99977]: quobyte : PWD=/ ; USER=root ; COMMAND=/opt/stack/data/venv/bin/cinder-rootwrap /etc/cinder/rootwrap.conf env LC_ALL=C qemu-img info -f qcow2 --output=json --force-share /opt/stack/data/cinder/mnt/f9524adf4a1266b6f3bb00822162b447/volume-2b11eeda-3902-4287-b2cb-bfcc7bf22459.915d6df4-5dc8-4bb0-adb6-d7f84535d232
Jun 24 09:50:56 devstack sudo[99977]: pam_unix(sudo:session): session opened for user root(uid=0) by (uid=1000)
Jun 24 09:50:57 devstack sudo[99977]: pam_unix(sudo:session): session closed for user root
Jun 24 09:50:57 devstack cinder-volume[93447]: DEBUG oslo_concurrency.processutils [None req-1ea849af-1b77-455d-9384-8fd5c33524df tempest-GroupsV314Test-1803619899 None] CMD "/opt/stack/data/venv/bin/python3.12 -m oslo_concurrency.prlimit --as=1073741824 --cpu=60 -- sudo cinder-rootwrap /etc/cinder/rootwrap.conf env LC_ALL=C qemu-img info -f qcow2 --output=json --force-share /opt/stack/data/cinder/mnt/f9524adf4a1266b6f3bb00822162b447/volume-2b11eeda-3902-4287-b2cb-bfcc7bf22459.915d6df4-5dc8-4bb0-adb6-d7f84535d232" returned: 0 in 0.723s {{(pid=93447) execute /opt/stack/data/venv/lib/python3.12/site-packages/oslo_concurrency/processutils.py:468}}
Jun 24 09:50:57 devstack cinder-volume[93447]: DEBUG cinder.volume.drivers.remotefs [None req-1ea849af-1b77-455d-9384-8fd5c33524df tempest-GroupsV314Test-1803619899 None] Fetching qemu-img info with special backing_file_template: (/opt/stack/data/cinder/mnt/[0-9a-f]+/)?(volume-2b11eeda-3902-4287-b2cb-bfcc7bf22459(.(tmp-snap-)?[0-9a-f-]+)?|volume_from_snapshot_cache/(tmp-snap-)?[0-9a-f-]+(.(child-|parent-)[0-9a-f-]+)?)$ {{(pid=93447) _qemu_img_info_base /opt/stack/cinder/cinder/volume/drivers/remotefs.py:896}}
Jun 24 09:50:57 devstack cinder-volume[93447]: DEBUG oslo.privsep.daemon [-] privsep: reply[92804cef-fbc5-4e90-a46a-1a3d2520bab3]: (4, 'qcow2') {{(pid=94801) _call_back /opt/stack/data/venv/lib/python3.12/site-packages/oslo_privsep/daemon.py:580}}
Jun 24 09:50:57 devstack cinder-volume[93447]: DEBUG oslo_concurrency.processutils [None req-1ea849af-1b77-455d-9384-8fd5c33524df tempest-GroupsV314Test-1803619899 None] Running cmd (subprocess): /opt/stack/data/venv/bin/python3.12 -m oslo_concurrency.prlimit --as=1073741824 --cpu=60 -- sudo cinder-rootwrap /etc/cinder/rootwrap.conf env LC_ALL=C qemu-img info -f qcow2 --output=json --force-share /opt/stack/data/cinder/mnt/f9524adf4a1266b6f3bb00822162b447/volume-2b11eeda-3902-4287-b2cb-bfcc7bf22459 {{(pid=93447) execute /opt/stack/data/venv/lib/python3.12/site-packages/oslo_concurrency/processutils.py:440}}
Jun 24 09:50:57 devstack sudo[99982]: quobyte : PWD=/ ; USER=root ; COMMAND=/opt/stack/data/venv/bin/cinder-rootwrap /etc/cinder/rootwrap.conf env LC_ALL=C qemu-img info -f qcow2 --output=json --force-share /opt/stack/data/cinder/mnt/f9524adf4a1266b6f3bb00822162b447/volume-2b11eeda-3902-4287-b2cb-bfcc7bf22459
Jun 24 09:50:57 devstack sudo[99982]: pam_unix(sudo:session): session opened for user root(uid=0) by (uid=1000)
Jun 24 09:50:58 devstack sudo[99982]: pam_unix(sudo:session): session closed for user root
Jun 24 09:50:58 devstack cinder-volume[93447]: DEBUG oslo_concurrency.processutils [None req-1ea849af-1b77-455d-9384-8fd5c33524df tempest-GroupsV314Test-1803619899 None] CMD "/opt/stack/data/venv/bin/python3.12 -m oslo_concurrency.prlimit --as=1073741824 --cpu=60 -- sudo cinder-rootwrap /etc/cinder/rootwrap.conf env LC_ALL=C qemu-img info -f qcow2 --output=json --force-share /opt/stack/data/cinder/mnt/f9524adf4a1266b6f3bb00822162b447/volume-2b11eeda-3902-4287-b2cb-bfcc7bf22459" returned: 0 in 0.808s {{(pid=93447) execute /opt/stack/data/venv/lib/python3.12/site-packages/oslo_concurrency/processutils.py:468}}
Jun 24 09:50:58 devstack cinder-volume[93447]: DEBUG oslo_concurrency.processutils [None req-1ea849af-1b77-455d-9384-8fd5c33524df tempest-GroupsV314Test-1803619899 None] Running cmd (subprocess): sudo cinder-rootwrap /etc/cinder/rootwrap.conf qemu-img commit -d /opt/stack/data/cinder/mnt/f9524adf4a1266b6f3bb00822162b447/volume-2b11eeda-3902-4287-b2cb-bfcc7bf22459.915d6df4-5dc8-4bb0-adb6-d7f84535d232 {{(pid=93447) execute /opt/stack/data/venv/lib/python3.12/site-packages/oslo_concurrency/processutils.py:440}}
Jun 24 09:50:58 devstack sudo[99990]: quobyte : PWD=/ ; USER=root ; COMMAND=/opt/stack/data/venv/bin/cinder-rootwrap /etc/cinder/rootwrap.conf qemu-img commit -d /opt/stack/data/cinder/mnt/f9524adf4a1266b6f3bb00822162b447/volume-2b11eeda-3902-4287-b2cb-bfcc7bf22459.915d6df4-5dc8-4bb0-adb6-d7f84535d232
Jun 24 09:50:58 devstack sudo[99990]: pam_unix(sudo:session): session opened for user root(uid=0) by (uid=1000)
Jun 24 09:50:58 devstack sudo[99990]: pam_unix(sudo:session): session closed for user root
Jun 24 09:50:58 devstack cinder-volume[93447]: DEBUG oslo_concurrency.processutils [None req-1ea849af-1b77-455d-9384-8fd5c33524df tempest-GroupsV314Test-1803619899 None] CMD "sudo cinder-rootwrap /etc/cinder/rootwrap.conf qemu-img commit -d /opt/stack/data/cinder/mnt/f9524adf4a1266b6f3bb00822162b447/volume-2b11eeda-3902-4287-b2cb-bfcc7bf22459.915d6df4-5dc8-4bb0-adb6-d7f84535d232" returned: 0 in 0.758s {{(pid=93447) execute /opt/stack/data/venv/lib/python3.12/site-packages/oslo_concurrency/processutils.py:468}}
Jun 24 09:50:58 devstack cinder-volume[93447]: DEBUG oslo_concurrency.processutils [None req-1ea849af-1b77-455d-9384-8fd5c33524df tempest-GroupsV314Test-1803619899 None] Running cmd (subprocess): sudo cinder-rootwrap /etc/cinder/rootwrap.conf rm -f /opt/stack/data/cinder/mnt/f9524adf4a1266b6f3bb00822162b447/volume-2b11eeda-3902-4287-b2cb-bfcc7bf22459.915d6df4-5dc8-4bb0-adb6-d7f84535d232 {{(pid=93447) execute /opt/stack/data/venv/lib/python3.12/site-packages/oslo_concurrency/processutils.py:440}}
Jun 24 09:50:58 devstack sudo[99995]: quobyte : PWD=/ ; USER=root ; COMMAND=/opt/stack/data/venv/bin/cinder-rootwrap /etc/cinder/rootwrap.conf rm -f /opt/stack/data/cinder/mnt/f9524adf4a1266b6f3bb00822162b447/volume-2b11eeda-3902-4287-b2cb-bfcc7bf22459.915d6df4-5dc8-4bb0-adb6-d7f84535d232
Jun 24 09:50:58 devstack sudo[99995]: pam_unix(sudo:session): session opened for user root(uid=0) by (uid=1000)
Jun 24 09:50:59 devstack sudo[99995]: pam_unix(sudo:session): session closed for user root
Jun 24 09:50:59 devstack cinder-volume[93447]: DEBUG oslo_concurrency.processutils [None req-1ea849af-1b77-455d-9384-8fd5c33524df tempest-GroupsV314Test-1803619899 None] CMD "sudo cinder-rootwrap /etc/cinder/rootwrap.conf rm -f /opt/stack/data/cinder/mnt/f9524adf4a1266b6f3bb00822162b447/volume-2b11eeda-3902-4287-b2cb-bfcc7bf22459.915d6df4-5dc8-4bb0-adb6-d7f84535d232" returned: 0 in 0.654s {{(pid=93447) execute /opt/stack/data/venv/lib/python3.12/site-packages/oslo_concurrency/processutils.py:468}}
Jun 24 09:50:59 devstack cinder-volume[93447]: DEBUG cinder.coordination [None req-1ea849af-1b77-455d-9384-8fd5c33524df tempest-GroupsV314Test-1803619899 None] Lock "cinder-quobyte-915d6df4-5dc8-4bb0-adb6-d7f84535d232" released by "_delete_snapshot" :: held 3.050s {{(pid=93447) __release /opt/stack/cinder/cinder/coordination.py:152}}
Jun 24 09:50:59 devstack cinder-volume[93447]: DEBUG oslo_concurrency.lockutils [None req-1ea849af-1b77-455d-9384-8fd5c33524df tempest-GroupsV314Test-1803619899 None] Lock "quobyte" "released" by "cinder.volume.drivers.quobyte.QuobyteDriver.create_cloned_volume" :: held 17.703s {{(pid=93447) inner /opt/stack/data/venv/lib/python3.12/site-packages/oslo_concurrency/lockutils.py:543}}
Jun 24 09:50:59 devstack cinder-volume[93447]: DEBUG oslo_concurrency.lockutils [None req-c478b567-6875-4b38-8e2e-c9363554f9b8 tempest-AttachVolumeNegativeTest-2082640456 None] Lock "quobyte" acquired by "cinder.volume.drivers.quobyte.QuobyteDriver.create_volume" :: waited 16.476s {{(pid=93447) inner /opt/stack/data/venv/lib/python3.12/site-packages/oslo_concurrency/lockutils.py:524}}
Jun 24 09:50:59 devstack cinder-volume[93447]: DEBUG cinder.volume.drivers.quobyte [None req-c478b567-6875-4b38-8e2e-c9363554f9b8 tempest-AttachVolumeNegativeTest-2082640456 None] ==> create_volume: call "{'self': , 'volume': Volume(_name_id=None,admin_metadata=,attach_status='detached',availability_zone='nova',bootable=False,cluster=,cluster_name=None,consistencygroup=,consistencygroup_id=None,created_at=2026-06-24T07:50:43Z,deleted=False,deleted_at=None,display_description=None,display_name='tempest-AttachVolumeNegativeTest-volume-711830944',ec2_id=None,encryption_key_id=None,glance_metadata=,group=,group_id=None,host='devstack@QuobyteHD#QuobyteHD',id=3bec2754-f89f-4dc7-a6d4-f7cba550a5fd,launched_at=None,metadata={},migration_status=None,multiattach=False,previous_status=None,project_id='8574cb4538ed4694bb436a999b118f4f',provider_auth=None,provider_geometry=None,provider_id=None,provider_location=None,replication_driver_data=None,replication_extended_status=None,replication_status=None,scheduled_at=2026-06-24T07:50:43Z,service_uuid=None,shared_targets=True,size=1,snapshot_id=None,snapshots=,source_volid=None,status='creating',terminated_at=None,updated_at=2026-06-24T07:50:43Z,use_quota=True,user_id='15f41a1d662343f097ed20cdbc4116f9',volume_attachment=VolumeAttachmentList,volume_type=VolumeType(1ef85e75-d735-4a01-9e64-ff50a9eb29b1),volume_type_id=1ef85e75-d735-4a01-9e64-ff50a9eb29b1)}" {{(pid=93447) trace_logging_wrapper /opt/stack/cinder/cinder/volume/volume_utils.py:1497}}
Jun 24 09:50:59 devstack cinder-volume[93447]: DEBUG cinder.volume.drivers.remotefs [None req-c478b567-6875-4b38-8e2e-c9363554f9b8 tempest-AttachVolumeNegativeTest-2082640456 None] Creating volume 3bec2754-f89f-4dc7-a6d4-f7cba550a5fd {{(pid=93447) create_volume /opt/stack/cinder/cinder/volume/drivers/remotefs.py:292}}
Jun 24 09:50:59 devstack cinder-volume[93447]: DEBUG oslo_concurrency.lockutils [None req-c478b567-6875-4b38-8e2e-c9363554f9b8 tempest-AttachVolumeNegativeTest-2082640456 None] Acquiring lock "quobyte_ensure" by "cinder.volume.drivers.quobyte.QuobyteDriver._ensure_shares_mounted" {{(pid=93447) inner /opt/stack/data/venv/lib/python3.12/site-packages/oslo_concurrency/lockutils.py:511}}
Jun 24 09:50:59 devstack cinder-volume[93447]: DEBUG oslo_concurrency.lockutils [None req-c478b567-6875-4b38-8e2e-c9363554f9b8 tempest-AttachVolumeNegativeTest-2082640456 None] Lock "quobyte_ensure" acquired by "cinder.volume.drivers.quobyte.QuobyteDriver._ensure_shares_mounted" :: waited 0.001s {{(pid=93447) inner /opt/stack/data/venv/lib/python3.12/site-packages/oslo_concurrency/lockutils.py:524}}
Jun 24 09:50:59 devstack cinder-volume[93447]: DEBUG cinder.volume.drivers.quobyte [None req-c478b567-6875-4b38-8e2e-c9363554f9b8 tempest-AttachVolumeNegativeTest-2082640456 None] Quobyte Volume URL set to: {'osci02.corp.quobyte.com/cinder-vol-b3a7cd6d-c193-4c2d-9b32-dfd9149b3fcb': None} {{(pid=93447) _load_shares_config /opt/stack/cinder/cinder/volume/drivers/quobyte.py:617}}
Jun 24 09:50:59 devstack cinder-volume[93447]: DEBUG cinder.volume.drivers.quobyte [None req-c478b567-6875-4b38-8e2e-c9363554f9b8 tempest-AttachVolumeNegativeTest-2082640456 None] Available shares ['osci02.corp.quobyte.com/cinder-vol-b3a7cd6d-c193-4c2d-9b32-dfd9149b3fcb'] {{(pid=93447) _ensure_shares_mounted /opt/stack/cinder/cinder/volume/drivers/quobyte.py:647}}
Jun 24 09:50:59 devstack cinder-volume[93447]: DEBUG oslo_concurrency.lockutils [None req-c478b567-6875-4b38-8e2e-c9363554f9b8 tempest-AttachVolumeNegativeTest-2082640456 None] Lock "quobyte_ensure" "released" by "cinder.volume.drivers.quobyte.QuobyteDriver._ensure_shares_mounted" :: held 0.009s {{(pid=93447) inner /opt/stack/data/venv/lib/python3.12/site-packages/oslo_concurrency/lockutils.py:543}}
Jun 24 09:50:59 devstack cinder-volume[93447]: DEBUG cinder.volume.drivers.quobyte [None req-c478b567-6875-4b38-8e2e-c9363554f9b8 tempest-AttachVolumeNegativeTest-2082640456 None] Selected osci02.corp.quobyte.com/cinder-vol-b3a7cd6d-c193-4c2d-9b32-dfd9149b3fcb as target Quobyte volume. {{(pid=93447) _find_share /opt/stack/cinder/cinder/volume/drivers/quobyte.py:668}}
Jun 24 09:50:59 devstack cinder-volume[93447]: INFO cinder.volume.drivers.remotefs [None req-c478b567-6875-4b38-8e2e-c9363554f9b8 tempest-AttachVolumeNegativeTest-2082640456 None] casted to osci02.corp.quobyte.com/cinder-vol-b3a7cd6d-c193-4c2d-9b32-dfd9149b3fcb
Jun 24 09:50:59 devstack cinder-volume[93447]: DEBUG oslo_concurrency.processutils [None req-c478b567-6875-4b38-8e2e-c9363554f9b8 tempest-AttachVolumeNegativeTest-2082640456 None] Running cmd (subprocess): sudo cinder-rootwrap /etc/cinder/rootwrap.conf qemu-img create -f qcow2 -o preallocation=metadata /opt/stack/data/cinder/mnt/f9524adf4a1266b6f3bb00822162b447/volume-3bec2754-f89f-4dc7-a6d4-f7cba550a5fd 1073741824 {{(pid=93447) execute /opt/stack/data/venv/lib/python3.12/site-packages/oslo_concurrency/processutils.py:440}}
Jun 24 09:50:59 devstack sudo[100024]: quobyte : PWD=/ ; USER=root ; COMMAND=/opt/stack/data/venv/bin/cinder-rootwrap /etc/cinder/rootwrap.conf qemu-img create -f qcow2 -o preallocation=metadata /opt/stack/data/cinder/mnt/f9524adf4a1266b6f3bb00822162b447/volume-3bec2754-f89f-4dc7-a6d4-f7cba550a5fd 1073741824
Jun 24 09:50:59 devstack sudo[100024]: pam_unix(sudo:session): session opened for user root(uid=0) by (uid=1000)
Jun 24 09:50:59 devstack cinder-volume[93447]: INFO cinder.volume.manager [None req-1ea849af-1b77-455d-9384-8fd5c33524df tempest-GroupsV314Test-1803619899 None] Create group from source-group-dbcb08a8-c36a-4511-adc7-ef674ec82ac5 completed successfully.
Jun 24 09:51:00 devstack cinder-volume[93447]: DEBUG cinder.coordination [None req-170c2845-0088-4ae7-988e-8cad52af6837 tempest-GroupsV314Test-1803619899 None] Acquiring lock "cinder-quobyte-6d1eb6f0-ae60-4172-9caf-a0a7d2f26a6a" by "delete_volume" {{(pid=93447) __acquire /opt/stack/cinder/cinder/coordination.py:138}}
Jun 24 09:51:00 devstack cinder-volume[93447]: DEBUG cinder.coordination [None req-170c2845-0088-4ae7-988e-8cad52af6837 tempest-GroupsV314Test-1803619899 None] Lock "cinder-quobyte-6d1eb6f0-ae60-4172-9caf-a0a7d2f26a6a" acquired by "delete_volume" :: waited 0.025s {{(pid=93447) __acquire /opt/stack/cinder/cinder/coordination.py:141}}
Jun 24 09:51:01 devstack cinder-volume[93447]: DEBUG oslo.privsep.daemon [-] privsep: reply[93a9395b-4e53-4ed5-8dc4-62923ab48d4b]: (4, 'qcow2') {{(pid=94801) _call_back /opt/stack/data/venv/lib/python3.12/site-packages/oslo_privsep/daemon.py:580}}
Jun 24 09:51:01 devstack cinder-volume[93447]: DEBUG oslo_concurrency.processutils [None req-170c2845-0088-4ae7-988e-8cad52af6837 tempest-GroupsV314Test-1803619899 None] Running cmd (subprocess): /opt/stack/data/venv/bin/python3.12 -m oslo_concurrency.prlimit --as=1073741824 --cpu=60 -- sudo cinder-rootwrap /etc/cinder/rootwrap.conf env LC_ALL=C qemu-img info -f qcow2 --output=json --force-share /opt/stack/data/cinder/mnt/f9524adf4a1266b6f3bb00822162b447/volume-6d1eb6f0-ae60-4172-9caf-a0a7d2f26a6a {{(pid=93447) execute /opt/stack/data/venv/lib/python3.12/site-packages/oslo_concurrency/processutils.py:440}}
Jun 24 09:51:01 devstack sudo[100024]: pam_unix(sudo:session): session closed for user root
Jun 24 09:51:01 devstack cinder-volume[93447]: DEBUG oslo_concurrency.processutils [None req-c478b567-6875-4b38-8e2e-c9363554f9b8 tempest-AttachVolumeNegativeTest-2082640456 None] CMD "sudo cinder-rootwrap /etc/cinder/rootwrap.conf qemu-img create -f qcow2 -o preallocation=metadata /opt/stack/data/cinder/mnt/f9524adf4a1266b6f3bb00822162b447/volume-3bec2754-f89f-4dc7-a6d4-f7cba550a5fd 1073741824" returned: 0 in 1.437s {{(pid=93447) execute /opt/stack/data/venv/lib/python3.12/site-packages/oslo_concurrency/processutils.py:468}}
Jun 24 09:51:01 devstack cinder-volume[93447]: DEBUG oslo_concurrency.processutils [None req-c478b567-6875-4b38-8e2e-c9363554f9b8 tempest-AttachVolumeNegativeTest-2082640456 None] Running cmd (subprocess): sudo cinder-rootwrap /etc/cinder/rootwrap.conf chmod ugo+rw /opt/stack/data/cinder/mnt/f9524adf4a1266b6f3bb00822162b447/volume-3bec2754-f89f-4dc7-a6d4-f7cba550a5fd {{(pid=93447) execute /opt/stack/data/venv/lib/python3.12/site-packages/oslo_concurrency/processutils.py:440}}
Jun 24 09:51:01 devstack sudo[100087]: quobyte : PWD=/ ; USER=root ; COMMAND=/opt/stack/data/venv/bin/cinder-rootwrap /etc/cinder/rootwrap.conf chmod ugo+rw /opt/stack/data/cinder/mnt/f9524adf4a1266b6f3bb00822162b447/volume-3bec2754-f89f-4dc7-a6d4-f7cba550a5fd
Jun 24 09:51:01 devstack sudo[100087]: pam_unix(sudo:session): session opened for user root(uid=0) by (uid=1000)
Jun 24 09:51:01 devstack sudo[100086]: quobyte : PWD=/ ; USER=root ; COMMAND=/opt/stack/data/venv/bin/cinder-rootwrap /etc/cinder/rootwrap.conf env LC_ALL=C qemu-img info -f qcow2 --output=json --force-share /opt/stack/data/cinder/mnt/f9524adf4a1266b6f3bb00822162b447/volume-6d1eb6f0-ae60-4172-9caf-a0a7d2f26a6a
Jun 24 09:51:01 devstack sudo[100086]: pam_unix(sudo:session): session opened for user root(uid=0) by (uid=1000)
Jun 24 09:51:01 devstack sudo[100087]: pam_unix(sudo:session): session closed for user root
Jun 24 09:51:01 devstack cinder-volume[93447]: DEBUG oslo_concurrency.processutils [None req-c478b567-6875-4b38-8e2e-c9363554f9b8 tempest-AttachVolumeNegativeTest-2082640456 None] CMD "sudo cinder-rootwrap /etc/cinder/rootwrap.conf chmod ugo+rw /opt/stack/data/cinder/mnt/f9524adf4a1266b6f3bb00822162b447/volume-3bec2754-f89f-4dc7-a6d4-f7cba550a5fd" returned: 0 in 0.854s {{(pid=93447) execute /opt/stack/data/venv/lib/python3.12/site-packages/oslo_concurrency/processutils.py:468}}
Jun 24 09:51:01 devstack cinder-volume[93447]: DEBUG cinder.volume.drivers.quobyte [None req-c478b567-6875-4b38-8e2e-c9363554f9b8 tempest-AttachVolumeNegativeTest-2082640456 None] <== create_volume: return (2358ms) {'provider_location': 'osci02.corp.quobyte.com/cinder-vol-b3a7cd6d-c193-4c2d-9b32-dfd9149b3fcb'} {{(pid=93447) trace_logging_wrapper /opt/stack/cinder/cinder/volume/volume_utils.py:1522}}
Jun 24 09:51:01 devstack cinder-volume[93447]: DEBUG oslo_concurrency.lockutils [None req-c478b567-6875-4b38-8e2e-c9363554f9b8 tempest-AttachVolumeNegativeTest-2082640456 None] Lock "quobyte" "released" by "cinder.volume.drivers.quobyte.QuobyteDriver.create_volume" :: held 2.362s {{(pid=93447) inner /opt/stack/data/venv/lib/python3.12/site-packages/oslo_concurrency/lockutils.py:543}}
Jun 24 09:51:01 devstack cinder-volume[93447]: DEBUG oslo_concurrency.lockutils [req-96341c34-dc5e-4a4e-a036-e163e7b8b083 req-159be18d-db48-4433-b002-e22e57a534ef tempest-VolumesGetTestJSON-223041003 None] Lock "quobyte" acquired by "cinder.volume.drivers.quobyte.QuobyteDriver.create_volume" :: waited 16.925s {{(pid=93447) inner /opt/stack/data/venv/lib/python3.12/site-packages/oslo_concurrency/lockutils.py:524}}
Jun 24 09:51:01 devstack cinder-volume[93447]: DEBUG cinder.volume.drivers.quobyte [req-96341c34-dc5e-4a4e-a036-e163e7b8b083 req-159be18d-db48-4433-b002-e22e57a534ef tempest-VolumesGetTestJSON-223041003 None] ==> create_volume: call "{'self': , 'volume': Volume(_name_id=None,admin_metadata=,attach_status='detached',availability_zone='nova',bootable=False,cluster=,cluster_name=None,consistencygroup=,consistencygroup_id=None,created_at=2026-06-24T07:50:45Z,deleted=False,deleted_at=None,display_description=None,display_name='tempest-VolumesGetTestJSON-Volume-1142380917',ec2_id=None,encryption_key_id=None,glance_metadata=,group=,group_id=None,host='devstack@QuobyteHD#QuobyteHD',id=27d5d212-cb3f-43e1-bcf4-11a50b1bfb4a,launched_at=None,metadata={Type='work'},migration_status=None,multiattach=False,previous_status=None,project_id='71ff36efac8943fdb2e8124efc0c60f0',provider_auth=None,provider_geometry=None,provider_id=None,provider_location=None,replication_driver_data=None,replication_extended_status=None,replication_status=None,scheduled_at=2026-06-24T07:50:45Z,service_uuid=None,shared_targets=True,size=1,snapshot_id=None,snapshots=,source_volid=None,status='creating',terminated_at=None,updated_at=2026-06-24T07:50:45Z,use_quota=True,user_id='4cbc5b1fde984382b3d7a2045e0c19a2',volume_attachment=VolumeAttachmentList,volume_type=VolumeType(1ef85e75-d735-4a01-9e64-ff50a9eb29b1),volume_type_id=1ef85e75-d735-4a01-9e64-ff50a9eb29b1)}" {{(pid=93447) trace_logging_wrapper /opt/stack/cinder/cinder/volume/volume_utils.py:1497}}
Jun 24 09:51:01 devstack cinder-volume[93447]: DEBUG cinder.volume.drivers.remotefs [req-96341c34-dc5e-4a4e-a036-e163e7b8b083 req-159be18d-db48-4433-b002-e22e57a534ef tempest-VolumesGetTestJSON-223041003 None] Creating volume 27d5d212-cb3f-43e1-bcf4-11a50b1bfb4a {{(pid=93447) create_volume /opt/stack/cinder/cinder/volume/drivers/remotefs.py:292}}
Jun 24 09:51:01 devstack cinder-volume[93447]: DEBUG oslo_concurrency.lockutils [req-96341c34-dc5e-4a4e-a036-e163e7b8b083 req-159be18d-db48-4433-b002-e22e57a534ef tempest-VolumesGetTestJSON-223041003 None] Acquiring lock "quobyte_ensure" by "cinder.volume.drivers.quobyte.QuobyteDriver._ensure_shares_mounted" {{(pid=93447) inner /opt/stack/data/venv/lib/python3.12/site-packages/oslo_concurrency/lockutils.py:511}}
Jun 24 09:51:01 devstack cinder-volume[93447]: DEBUG oslo_concurrency.lockutils [req-96341c34-dc5e-4a4e-a036-e163e7b8b083 req-159be18d-db48-4433-b002-e22e57a534ef tempest-VolumesGetTestJSON-223041003 None] Lock "quobyte_ensure" acquired by "cinder.volume.drivers.quobyte.QuobyteDriver._ensure_shares_mounted" :: waited 0.000s {{(pid=93447) inner /opt/stack/data/venv/lib/python3.12/site-packages/oslo_concurrency/lockutils.py:524}}
Jun 24 09:51:01 devstack cinder-volume[93447]: DEBUG cinder.volume.drivers.quobyte [req-96341c34-dc5e-4a4e-a036-e163e7b8b083 req-159be18d-db48-4433-b002-e22e57a534ef tempest-VolumesGetTestJSON-223041003 None] Quobyte Volume URL set to: {'osci02.corp.quobyte.com/cinder-vol-b3a7cd6d-c193-4c2d-9b32-dfd9149b3fcb': None} {{(pid=93447) _load_shares_config /opt/stack/cinder/cinder/volume/drivers/quobyte.py:617}}
Jun 24 09:51:01 devstack cinder-volume[93447]: DEBUG cinder.volume.drivers.quobyte [req-96341c34-dc5e-4a4e-a036-e163e7b8b083 req-159be18d-db48-4433-b002-e22e57a534ef tempest-VolumesGetTestJSON-223041003 None] Available shares ['osci02.corp.quobyte.com/cinder-vol-b3a7cd6d-c193-4c2d-9b32-dfd9149b3fcb'] {{(pid=93447) _ensure_shares_mounted /opt/stack/cinder/cinder/volume/drivers/quobyte.py:647}}
Jun 24 09:51:01 devstack cinder-volume[93447]: DEBUG oslo_concurrency.lockutils [req-96341c34-dc5e-4a4e-a036-e163e7b8b083 req-159be18d-db48-4433-b002-e22e57a534ef tempest-VolumesGetTestJSON-223041003 None] Lock "quobyte_ensure" "released" by "cinder.volume.drivers.quobyte.QuobyteDriver._ensure_shares_mounted" :: held 0.011s {{(pid=93447) inner /opt/stack/data/venv/lib/python3.12/site-packages/oslo_concurrency/lockutils.py:543}}
Jun 24 09:51:01 devstack cinder-volume[93447]: DEBUG cinder.volume.drivers.quobyte [req-96341c34-dc5e-4a4e-a036-e163e7b8b083 req-159be18d-db48-4433-b002-e22e57a534ef tempest-VolumesGetTestJSON-223041003 None] Selected osci02.corp.quobyte.com/cinder-vol-b3a7cd6d-c193-4c2d-9b32-dfd9149b3fcb as target Quobyte volume. {{(pid=93447) _find_share /opt/stack/cinder/cinder/volume/drivers/quobyte.py:668}}
Jun 24 09:51:01 devstack cinder-volume[93447]: INFO cinder.volume.drivers.remotefs [req-96341c34-dc5e-4a4e-a036-e163e7b8b083 req-159be18d-db48-4433-b002-e22e57a534ef tempest-VolumesGetTestJSON-223041003 None] casted to osci02.corp.quobyte.com/cinder-vol-b3a7cd6d-c193-4c2d-9b32-dfd9149b3fcb
Jun 24 09:51:01 devstack cinder-volume[93447]: DEBUG oslo_concurrency.processutils [req-96341c34-dc5e-4a4e-a036-e163e7b8b083 req-159be18d-db48-4433-b002-e22e57a534ef tempest-VolumesGetTestJSON-223041003 None] Running cmd (subprocess): sudo cinder-rootwrap /etc/cinder/rootwrap.conf qemu-img create -f qcow2 -o preallocation=metadata /opt/stack/data/cinder/mnt/f9524adf4a1266b6f3bb00822162b447/volume-27d5d212-cb3f-43e1-bcf4-11a50b1bfb4a 1073741824 {{(pid=93447) execute /opt/stack/data/venv/lib/python3.12/site-packages/oslo_concurrency/processutils.py:440}}
Jun 24 09:51:01 devstack sudo[100086]: pam_unix(sudo:session): session closed for user root
Jun 24 09:51:02 devstack cinder-volume[93447]: DEBUG oslo_concurrency.processutils [None req-170c2845-0088-4ae7-988e-8cad52af6837 tempest-GroupsV314Test-1803619899 None] CMD "/opt/stack/data/venv/bin/python3.12 -m oslo_concurrency.prlimit --as=1073741824 --cpu=60 -- sudo cinder-rootwrap /etc/cinder/rootwrap.conf env LC_ALL=C qemu-img info -f qcow2 --output=json --force-share /opt/stack/data/cinder/mnt/f9524adf4a1266b6f3bb00822162b447/volume-6d1eb6f0-ae60-4172-9caf-a0a7d2f26a6a" returned: 0 in 0.999s {{(pid=93447) execute /opt/stack/data/venv/lib/python3.12/site-packages/oslo_concurrency/processutils.py:468}}
Jun 24 09:51:02 devstack cinder-volume[93447]: DEBUG oslo_concurrency.processutils [None req-170c2845-0088-4ae7-988e-8cad52af6837 tempest-GroupsV314Test-1803619899 None] Running cmd (subprocess): sudo cinder-rootwrap /etc/cinder/rootwrap.conf rm -f /opt/stack/data/cinder/mnt/f9524adf4a1266b6f3bb00822162b447/volume-6d1eb6f0-ae60-4172-9caf-a0a7d2f26a6a {{(pid=93447) execute /opt/stack/data/venv/lib/python3.12/site-packages/oslo_concurrency/processutils.py:440}}
Jun 24 09:51:02 devstack sudo[100103]: quobyte : PWD=/ ; USER=root ; COMMAND=/opt/stack/data/venv/bin/cinder-rootwrap /etc/cinder/rootwrap.conf qemu-img create -f qcow2 -o preallocation=metadata /opt/stack/data/cinder/mnt/f9524adf4a1266b6f3bb00822162b447/volume-27d5d212-cb3f-43e1-bcf4-11a50b1bfb4a 1073741824
Jun 24 09:51:02 devstack sudo[100103]: pam_unix(sudo:session): session opened for user root(uid=0) by (uid=1000)
Jun 24 09:51:02 devstack cinder-volume[93447]: DEBUG cinder.volume.manager [None req-c478b567-6875-4b38-8e2e-c9363554f9b8 tempest-AttachVolumeNegativeTest-2082640456 None] Task 'cinder.volume.flows.manager.create_volume.CreateVolumeFromSpecTask;volume:create' (703f3c3d-a074-4c0e-a8f8-bc7cbdf4bd54) transitioned into state 'SUCCESS' from state 'RUNNING' with result '{'status': 'creating', 'volume_name': 'volume-3bec2754-f89f-4dc7-a6d4-f7cba550a5fd', 'volume_size': 1}' {{(pid=93447) _task_receiver /opt/stack/data/venv/lib/python3.12/site-packages/taskflow/listeners/logging.py:218}}
Jun 24 09:51:02 devstack sudo[100105]: quobyte : PWD=/ ; USER=root ; COMMAND=/opt/stack/data/venv/bin/cinder-rootwrap /etc/cinder/rootwrap.conf rm -f /opt/stack/data/cinder/mnt/f9524adf4a1266b6f3bb00822162b447/volume-6d1eb6f0-ae60-4172-9caf-a0a7d2f26a6a
Jun 24 09:51:02 devstack sudo[100105]: pam_unix(sudo:session): session opened for user root(uid=0) by (uid=1000)
Jun 24 09:51:02 devstack cinder-volume[93447]: DEBUG cinder.volume.manager [None req-c478b567-6875-4b38-8e2e-c9363554f9b8 tempest-AttachVolumeNegativeTest-2082640456 None] Task 'cinder.volume.flows.manager.create_volume.CreateVolumeOnFinishTask;volume:create, create.end' (4b298739-ec48-4acf-969f-1df68973298c) transitioned into state 'RUNNING' from state 'PENDING' {{(pid=93447) _task_receiver /opt/stack/data/venv/lib/python3.12/site-packages/taskflow/listeners/logging.py:242}}
Jun 24 09:51:02 devstack cinder-volume[93447]: INFO cinder.volume.flows.manager.create_volume [None req-c478b567-6875-4b38-8e2e-c9363554f9b8 tempest-AttachVolumeNegativeTest-2082640456 None] Volume volume-3bec2754-f89f-4dc7-a6d4-f7cba550a5fd (3bec2754-f89f-4dc7-a6d4-f7cba550a5fd): created successfully
Jun 24 09:51:02 devstack cinder-volume[93447]: DEBUG cinder.volume.manager [None req-c478b567-6875-4b38-8e2e-c9363554f9b8 tempest-AttachVolumeNegativeTest-2082640456 None] Task 'cinder.volume.flows.manager.create_volume.CreateVolumeOnFinishTask;volume:create, create.end' (4b298739-ec48-4acf-969f-1df68973298c) transitioned into state 'SUCCESS' from state 'RUNNING' with result 'None' {{(pid=93447) _task_receiver /opt/stack/data/venv/lib/python3.12/site-packages/taskflow/listeners/logging.py:218}}
Jun 24 09:51:02 devstack cinder-volume[93447]: DEBUG cinder.volume.manager [None req-c478b567-6875-4b38-8e2e-c9363554f9b8 tempest-AttachVolumeNegativeTest-2082640456 None] Flow 'volume_create_manager' (b813f952-d6fc-439b-b796-e9ecb73c7f3e) transitioned into state 'SUCCESS' from state 'RUNNING' {{(pid=93447) _flow_receiver /opt/stack/data/venv/lib/python3.12/site-packages/taskflow/listeners/logging.py:160}}
Jun 24 09:51:02 devstack cinder-volume[93447]: INFO cinder.volume.manager [None req-c478b567-6875-4b38-8e2e-c9363554f9b8 tempest-AttachVolumeNegativeTest-2082640456 None] Created volume successfully.
Jun 24 09:51:02 devstack sudo[100105]: pam_unix(sudo:session): session closed for user root
Jun 24 09:51:02 devstack cinder-volume[93447]: DEBUG oslo_concurrency.processutils [None req-170c2845-0088-4ae7-988e-8cad52af6837 tempest-GroupsV314Test-1803619899 None] CMD "sudo cinder-rootwrap /etc/cinder/rootwrap.conf rm -f /opt/stack/data/cinder/mnt/f9524adf4a1266b6f3bb00822162b447/volume-6d1eb6f0-ae60-4172-9caf-a0a7d2f26a6a" returned: 0 in 0.968s {{(pid=93447) execute /opt/stack/data/venv/lib/python3.12/site-packages/oslo_concurrency/processutils.py:468}}
