Aug 27 12:14:15 devstack devstack@g-api.service[75976]: DEBUG glance.common.config [None req-52e56ae2-a529-4d97-883c-d325f412d847 None None] barbican_service_user.certfile = None {{(pid=75976) log_opt_values /opt/stack/data/venv/lib/python3.12/site-packages/oslo_config/cfg.py:3560}}
Aug 27 12:14:15 devstack devstack@g-api.service[75976]: DEBUG glance.common.config [None req-52e56ae2-a529-4d97-883c-d325f412d847 None None] barbican_service_user.collect_timing = False {{(pid=75976) log_opt_values /opt/stack/data/venv/lib/python3.12/site-packages/oslo_config/cfg.py:3560}}
Aug 27 12:14:15 devstack devstack@g-api.service[75975]: [pid: 75975|app: 0|req: 1/1] 127.0.0.1 () {32 vars in 398 bytes} [Thu Aug 27 12:14:15 2026] GET / => generated 1557 bytes in 3 msecs (HTTP/1.1 300) 3 headers in 106 bytes (1 switches on core 0)
Aug 27 12:14:15 devstack devstack@g-api.service[75976]: DEBUG glance.common.config [None req-52e56ae2-a529-4d97-883c-d325f412d847 None None] barbican_service_user.insecure = False {{(pid=75976) log_opt_values /opt/stack/data/venv/lib/python3.12/site-packages/oslo_config/cfg.py:3560}}
Aug 27 12:14:15 devstack devstack@g-api.service[75976]: DEBUG glance.common.config [None req-52e56ae2-a529-4d97-883c-d325f412d847 None None] barbican_service_user.keyfile = None {{(pid=75976) log_opt_values /opt/stack/data/venv/lib/python3.12/site-packages/oslo_config/cfg.py:3560}}
Aug 27 12:14:15 devstack devstack@g-api.service[75976]: DEBUG glance.common.config [None req-52e56ae2-a529-4d97-883c-d325f412d847 None None] barbican_service_user.split_loggers = False {{(pid=75976) log_opt_values /opt/stack/data/venv/lib/python3.12/site-packages/oslo_config/cfg.py:3560}}
Aug 27 12:14:15 devstack devstack@g-api.service[75976]: DEBUG glance.common.config [None req-52e56ae2-a529-4d97-883c-d325f412d847 None None] barbican_service_user.timeout = None {{(pid=75976) log_opt_values /opt/stack/data/venv/lib/python3.12/site-packages/oslo_config/cfg.py:3560}}
Aug 27 12:14:15 devstack devstack@g-api.service[75976]: DEBUG glance.common.config [None req-52e56ae2-a529-4d97-883c-d325f412d847 None None] database.asyncio_connection = **** {{(pid=75976) log_opt_values /opt/stack/data/venv/lib/python3.12/site-packages/oslo_config/cfg.py:3560}}
Aug 27 12:14:15 devstack devstack@g-api.service[75976]: DEBUG glance.common.config [None req-52e56ae2-a529-4d97-883c-d325f412d847 None None] database.asyncio_slave_connection = **** {{(pid=75976) log_opt_values /opt/stack/data/venv/lib/python3.12/site-packages/oslo_config/cfg.py:3560}}
Aug 27 12:14:15 devstack devstack@g-api.service[75976]: DEBUG glance.common.config [None req-52e56ae2-a529-4d97-883c-d325f412d847 None None] database.backend = sqlalchemy {{(pid=75976) log_opt_values /opt/stack/data/venv/lib/python3.12/site-packages/oslo_config/cfg.py:3560}}
Aug 27 12:14:15 devstack devstack@g-api.service[75976]: DEBUG glance.common.config [None req-52e56ae2-a529-4d97-883c-d325f412d847 None None] database.connection = **** {{(pid=75976) log_opt_values /opt/stack/data/venv/lib/python3.12/site-packages/oslo_config/cfg.py:3560}}
Aug 27 12:14:15 devstack devstack@g-api.service[75976]: DEBUG glance.common.config [None req-52e56ae2-a529-4d97-883c-d325f412d847 None None] database.connection_debug = 0 {{(pid=75976) log_opt_values /opt/stack/data/venv/lib/python3.12/site-packages/oslo_config/cfg.py:3560}}
Aug 27 12:14:15 devstack devstack@g-api.service[75976]: DEBUG glance.common.config [None req-52e56ae2-a529-4d97-883c-d325f412d847 None None] database.connection_parameters = {{(pid=75976) log_opt_values /opt/stack/data/venv/lib/python3.12/site-packages/oslo_config/cfg.py:3560}}
Aug 27 12:14:15 devstack devstack@g-api.service[75976]: DEBUG glance.common.config [None req-52e56ae2-a529-4d97-883c-d325f412d847 None None] database.connection_recycle_time = 3600 {{(pid=75976) log_opt_values /opt/stack/data/venv/lib/python3.12/site-packages/oslo_config/cfg.py:3560}}
Aug 27 12:14:15 devstack devstack@g-api.service[75976]: DEBUG glance.common.config [None req-52e56ae2-a529-4d97-883c-d325f412d847 None None] database.connection_trace = False {{(pid=75976) log_opt_values /opt/stack/data/venv/lib/python3.12/site-packages/oslo_config/cfg.py:3560}}
Aug 27 12:14:15 devstack devstack@g-api.service[75976]: DEBUG glance.common.config [None req-52e56ae2-a529-4d97-883c-d325f412d847 None None] database.db_inc_retry_interval = True {{(pid=75976) log_opt_values /opt/stack/data/venv/lib/python3.12/site-packages/oslo_config/cfg.py:3560}}
Aug 27 12:14:15 devstack devstack@g-api.service[75976]: DEBUG glance.common.config [None req-52e56ae2-a529-4d97-883c-d325f412d847 None None] database.db_max_retries = 20 {{(pid=75976) log_opt_values /opt/stack/data/venv/lib/python3.12/site-packages/oslo_config/cfg.py:3560}}
Aug 27 12:14:15 devstack devstack@g-api.service[75976]: DEBUG glance.common.config [None req-52e56ae2-a529-4d97-883c-d325f412d847 None None] database.db_max_retry_interval = 10 {{(pid=75976) log_opt_values /opt/stack/data/venv/lib/python3.12/site-packages/oslo_config/cfg.py:3560}}
Aug 27 12:14:15 devstack devstack@g-api.service[75976]: DEBUG glance.common.config [None req-52e56ae2-a529-4d97-883c-d325f412d847 None None] database.db_retry_interval = 1 {{(pid=75976) log_opt_values /opt/stack/data/venv/lib/python3.12/site-packages/oslo_config/cfg.py:3560}}
Aug 27 12:14:15 devstack devstack@g-api.service[75976]: DEBUG glance.common.config [None req-52e56ae2-a529-4d97-883c-d325f412d847 None None] database.max_overflow = 50 {{(pid=75976) log_opt_values /opt/stack/data/venv/lib/python3.12/site-packages/oslo_config/cfg.py:3560}}
Aug 27 12:14:15 devstack devstack@g-api.service[75976]: DEBUG glance.common.config [None req-52e56ae2-a529-4d97-883c-d325f412d847 None None] database.max_pool_size = 5 {{(pid=75976) log_opt_values /opt/stack/data/venv/lib/python3.12/site-packages/oslo_config/cfg.py:3560}}
Aug 27 12:14:15 devstack devstack@g-api.service[75976]: DEBUG glance.common.config [None req-52e56ae2-a529-4d97-883c-d325f412d847 None None] database.max_retries = 10 {{(pid=75976) log_opt_values /opt/stack/data/venv/lib/python3.12/site-packages/oslo_config/cfg.py:3560}}
Aug 27 12:14:15 devstack devstack@g-api.service[75976]: DEBUG glance.common.config [None req-52e56ae2-a529-4d97-883c-d325f412d847 None None] database.mysql_sql_mode = TRADITIONAL {{(pid=75976) log_opt_values /opt/stack/data/venv/lib/python3.12/site-packages/oslo_config/cfg.py:3560}}
Aug 27 12:14:15 devstack devstack@g-api.service[75976]: DEBUG glance.common.config [None req-52e56ae2-a529-4d97-883c-d325f412d847 None None] database.mysql_wsrep_sync_wait = None {{(pid=75976) log_opt_values /opt/stack/data/venv/lib/python3.12/site-packages/oslo_config/cfg.py:3560}}
Aug 27 12:14:15 devstack devstack@g-api.service[75976]: DEBUG glance.common.config [None req-52e56ae2-a529-4d97-883c-d325f412d847 None None] database.pool_timeout = None {{(pid=75976) log_opt_values /opt/stack/data/venv/lib/python3.12/site-packages/oslo_config/cfg.py:3560}}
Aug 27 12:14:15 devstack devstack@g-api.service[75976]: DEBUG glance.common.config [None req-52e56ae2-a529-4d97-883c-d325f412d847 None None] database.retry_interval = 10 {{(pid=75976) log_opt_values /opt/stack/data/venv/lib/python3.12/site-packages/oslo_config/cfg.py:3560}}
Aug 27 12:14:15 devstack devstack@g-api.service[75976]: DEBUG glance.common.config [None req-52e56ae2-a529-4d97-883c-d325f412d847 None None] database.slave_connection = **** {{(pid=75976) log_opt_values /opt/stack/data/venv/lib/python3.12/site-packages/oslo_config/cfg.py:3560}}
Aug 27 12:14:15 devstack devstack@g-api.service[75976]: DEBUG glance.common.config [None req-52e56ae2-a529-4d97-883c-d325f412d847 None None] database.sqlite_synchronous = True {{(pid=75976) log_opt_values /opt/stack/data/venv/lib/python3.12/site-packages/oslo_config/cfg.py:3560}}
Aug 27 12:14:15 devstack devstack@g-api.service[75976]: DEBUG glance.common.config [None req-52e56ae2-a529-4d97-883c-d325f412d847 None None] database.synchronous_reader = True {{(pid=75976) log_opt_values /opt/stack/data/venv/lib/python3.12/site-packages/oslo_config/cfg.py:3560}}
Aug 27 12:14:15 devstack devstack@g-api.service[75976]: DEBUG glance.common.config [None req-52e56ae2-a529-4d97-883c-d325f412d847 None None] database.use_db_reconnect = False {{(pid=75976) log_opt_values /opt/stack/data/venv/lib/python3.12/site-packages/oslo_config/cfg.py:3560}}
Aug 27 12:14:15 devstack devstack@g-api.service[75976]: DEBUG glance.common.config [None req-52e56ae2-a529-4d97-883c-d325f412d847 None None] healthcheck.allowed_source_ranges = [] {{(pid=75976) log_opt_values /opt/stack/data/venv/lib/python3.12/site-packages/oslo_config/cfg.py:3560}}
Aug 27 12:14:15 devstack devstack@g-api.service[75976]: DEBUG glance.common.config [None req-52e56ae2-a529-4d97-883c-d325f412d847 None None] healthcheck.backends = ['disable_by_file'] {{(pid=75976) log_opt_values /opt/stack/data/venv/lib/python3.12/site-packages/oslo_config/cfg.py:3560}}
Aug 27 12:14:15 devstack devstack@g-api.service[75976]: DEBUG glance.common.config [None req-52e56ae2-a529-4d97-883c-d325f412d847 None None] healthcheck.detailed = False {{(pid=75976) log_opt_values /opt/stack/data/venv/lib/python3.12/site-packages/oslo_config/cfg.py:3560}}
Aug 27 12:14:15 devstack devstack@g-api.service[75976]: DEBUG glance.common.config [None req-52e56ae2-a529-4d97-883c-d325f412d847 None None] healthcheck.disable_by_file_path = None {{(pid=75976) log_opt_values /opt/stack/data/venv/lib/python3.12/site-packages/oslo_config/cfg.py:3560}}
Aug 27 12:14:15 devstack devstack@g-api.service[75976]: DEBUG glance.common.config [None req-52e56ae2-a529-4d97-883c-d325f412d847 None None] healthcheck.ignore_proxied_requests = False {{(pid=75976) log_opt_values /opt/stack/data/venv/lib/python3.12/site-packages/oslo_config/cfg.py:3560}}
Aug 27 12:14:15 devstack devstack@g-api.service[75976]: DEBUG glance.common.config [None req-52e56ae2-a529-4d97-883c-d325f412d847 None None] ******************************************************************************** {{(pid=75976) log_opt_values /opt/stack/data/venv/lib/python3.12/site-packages/oslo_config/cfg.py:3567}}
Aug 27 12:14:15 devstack devstack@g-api.service[75976]: WSGI app 0 (mountpoint='') ready in 6 seconds on interpreter 0x76426f6a4668 pid: 75976 (default app)
Aug 27 12:14:19 devstack devstack@g-api.service[75975]: DEBUG glance.api.middleware.version_negotiation [None req-a3ba5bfd-18fc-4250-b123-e1017747e212 None None] Determining version of request: GET / Accept: application/json {{(pid=75975) process_request /opt/stack/glance/glance/api/middleware/version_negotiation.py:44}}
Aug 27 12:14:19 devstack devstack@g-api.service[75975]: DEBUG glance.api.middleware.version_negotiation [None req-a3ba5bfd-18fc-4250-b123-e1017747e212 None None] Using url versioning {{(pid=75975) process_request /opt/stack/glance/glance/api/middleware/version_negotiation.py:57}}
Aug 27 12:14:19 devstack devstack@g-api.service[75975]: DEBUG glance.api.middleware.version_negotiation [None req-a3ba5bfd-18fc-4250-b123-e1017747e212 None None] Unknown version. Returning version choices. {{(pid=75975) process_request /opt/stack/glance/glance/api/middleware/version_negotiation.py:64}}
Aug 27 12:14:19 devstack devstack@g-api.service[75975]: [pid: 75975|app: 0|req: 2/2] 127.0.0.1 () {34 vars in 516 bytes} [Thu Aug 27 12:14:19 2026] GET / => generated 1557 bytes in 3 msecs (HTTP/1.1 300) 3 headers in 106 bytes (1 switches on core 0)
Aug 27 12:14:19 devstack devstack@g-api.service[75976]: DEBUG glance.api.middleware.version_negotiation [None req-52e56ae2-a529-4d97-883c-d325f412d847 None None] Determining version of request: POST /v2/images Accept: */* {{(pid=75976) process_request /opt/stack/glance/glance/api/middleware/version_negotiation.py:44}}
Aug 27 12:14:19 devstack devstack@g-api.service[75976]: DEBUG glance.api.middleware.version_negotiation [None req-52e56ae2-a529-4d97-883c-d325f412d847 None None] Using url versioning {{(pid=75976) process_request /opt/stack/glance/glance/api/middleware/version_negotiation.py:57}}
Aug 27 12:14:19 devstack devstack@g-api.service[75976]: DEBUG glance.api.middleware.version_negotiation [None req-52e56ae2-a529-4d97-883c-d325f412d847 None None] Matched version: v2 {{(pid=75976) process_request /opt/stack/glance/glance/api/middleware/version_negotiation.py:69}}
Aug 27 12:14:19 devstack devstack@g-api.service[75976]: DEBUG glance.api.middleware.version_negotiation [None req-52e56ae2-a529-4d97-883c-d325f412d847 None None] new path /v2/images {{(pid=75976) process_request /opt/stack/glance/glance/api/middleware/version_negotiation.py:70}}
Aug 27 12:14:20 devstack devstack@g-api.service[75976]: [pid: 75976|app: 0|req: 1/3] 127.0.0.1 () {40 vars in 779 bytes} [Thu Aug 27 12:14:19 2026] POST /v2/images => generated 807 bytes in 1106 msecs (HTTP/1.1 201) 6 headers in 314 bytes (1 switches on core 0)
Aug 27 12:14:20 devstack devstack@g-api.service[75975]: DEBUG glance.api.middleware.version_negotiation [None req-a3ba5bfd-18fc-4250-b123-e1017747e212 None None] Determining version of request: PUT /v2/images/fb4a1efe-5dea-49f2-bc41-94014c32f2bf/file Accept: {{(pid=75975) process_request /opt/stack/glance/glance/api/middleware/version_negotiation.py:44}}
Aug 27 12:14:20 devstack devstack@g-api.service[75975]: DEBUG glance.api.middleware.version_negotiation [None req-a3ba5bfd-18fc-4250-b123-e1017747e212 None None] Using url versioning {{(pid=75975) process_request /opt/stack/glance/glance/api/middleware/version_negotiation.py:57}}
Aug 27 12:14:20 devstack devstack@g-api.service[75975]: DEBUG glance.api.middleware.version_negotiation [None req-a3ba5bfd-18fc-4250-b123-e1017747e212 None None] Matched version: v2 {{(pid=75975) process_request /opt/stack/glance/glance/api/middleware/version_negotiation.py:69}}
Aug 27 12:14:20 devstack devstack@g-api.service[75975]: DEBUG glance.api.middleware.version_negotiation [None req-a3ba5bfd-18fc-4250-b123-e1017747e212 None None] new path /v2/images/fb4a1efe-5dea-49f2-bc41-94014c32f2bf/file {{(pid=75975) process_request /opt/stack/glance/glance/api/middleware/version_negotiation.py:70}}
Aug 27 12:14:21 devstack devstack@g-api.service[75975]: INFO glance.api.v2.image_data [None req-981e4793-6fdf-484d-8dbf-9329967b811e admin admin] Unable to create trust: no such option collect_timing in group [keystone_authtoken] Use the existing user token.
Aug 27 12:14:22 devstack devstack@g-api.service[75975]: DEBUG glance.location [None req-981e4793-6fdf-484d-8dbf-9329967b811e admin admin] Enabling in-flight format inspection for qcow2 {{(pid=75975) set_data /opt/stack/glance/glance/location.py:596}}
Aug 27 12:14:22 devstack devstack@g-api.service[75975]: DEBUG oslo_utils.imageutils.format_inspector [None req-981e4793-6fdf-484d-8dbf-9329967b811e admin admin] Format inspector for vmdk does not match, excluding from consideration (Signature KDMV not found: b'QFI\xfb') {{(pid=75975) _process_chunk /opt/stack/data/venv/lib/python3.12/site-packages/oslo_utils/imageutils/format_inspector.py:1758}}
Aug 27 12:14:22 devstack devstack@g-api.service[75975]: DEBUG oslo_utils.imageutils.format_inspector [None req-981e4793-6fdf-484d-8dbf-9329967b811e admin admin] Format inspector for vhdx does not match, excluding from consideration (Region signature not found at 30000) {{(pid=75975) _process_chunk /opt/stack/data/venv/lib/python3.12/site-packages/oslo_utils/imageutils/format_inspector.py:1758}}
Aug 27 12:14:22 devstack devstack@g-api.service[75975]: DEBUG glance_store._drivers.filesystem [None req-981e4793-6fdf-484d-8dbf-9329967b811e admin admin] Wrote 21692416 bytes to /opt/stack/data/glance/images/fb4a1efe-5dea-49f2-bc41-94014c32f2bf with checksum 87617e24a5e30cb3b87fda8c0764838f and multihash 9a9bce0083a00939ec17c11febbfc767aa211aaa54f51e75c5a8b271a9b5637c77205a518b7a2007cb391d23cceb01e0e4e8d64832317151bc85b734b92a7be0 {{(pid=75975) add /opt/stack/data/venv/lib/python3.12/site-packages/glance_store/_drivers/filesystem.py:899}}
Aug 27 12:14:22 devstack devstack@g-api.service[75975]: INFO glance.location [None req-981e4793-6fdf-484d-8dbf-9329967b811e admin admin] Image format matched and virtual size computed: 117440512
Aug 27 12:14:22 devstack devstack@g-api.service[75975]: DEBUG glance_store.backend [None req-981e4793-6fdf-484d-8dbf-9329967b811e admin admin] Skipping store.set_acls... not implemented. {{(pid=75975) set_acls /opt/stack/data/venv/lib/python3.12/site-packages/glance_store/backend.py:507}}
Aug 27 12:14:22 devstack devstack@g-api.service[75975]: [pid: 75975|app: 0|req: 3/4] 127.0.0.1 () {42 vars in 911 bytes} [Thu Aug 27 12:14:20 2026] PUT /v2/images/fb4a1efe-5dea-49f2-bc41-94014c32f2bf/file => generated 0 bytes in 1676 msecs (HTTP/1.1 204) 4 headers in 171 bytes (1 switches on core 0)
Aug 27 12:14:22 devstack devstack@g-api.service[75976]: DEBUG glance.api.middleware.version_negotiation [None req-72be3b38-56d3-4921-a583-15cf253ed865 admin admin] Determining version of request: GET /v2/images/fb4a1efe-5dea-49f2-bc41-94014c32f2bf Accept: */* {{(pid=75976) process_request /opt/stack/glance/glance/api/middleware/version_negotiation.py:44}}
Aug 27 12:14:22 devstack devstack@g-api.service[75976]: DEBUG glance.api.middleware.version_negotiation [None req-72be3b38-56d3-4921-a583-15cf253ed865 admin admin] Using url versioning {{(pid=75976) process_request /opt/stack/glance/glance/api/middleware/version_negotiation.py:57}}
Aug 27 12:14:22 devstack devstack@g-api.service[75976]: DEBUG glance.api.middleware.version_negotiation [None req-72be3b38-56d3-4921-a583-15cf253ed865 admin admin] Matched version: v2 {{(pid=75976) process_request /opt/stack/glance/glance/api/middleware/version_negotiation.py:69}}
Aug 27 12:14:22 devstack devstack@g-api.service[75976]: DEBUG glance.api.middleware.version_negotiation [None req-72be3b38-56d3-4921-a583-15cf253ed865 admin admin] new path /v2/images/fb4a1efe-5dea-49f2-bc41-94014c32f2bf {{(pid=75976) process_request /opt/stack/glance/glance/api/middleware/version_negotiation.py:70}}
Aug 27 12:14:22 devstack devstack@g-api.service[75976]: [pid: 75976|app: 0|req: 2/5] 127.0.0.1 () {36 vars in 799 bytes} [Thu Aug 27 12:14:22 2026] GET /v2/images/fb4a1efe-5dea-49f2-bc41-94014c32f2bf => generated 976 bytes in 23 msecs (HTTP/1.1 200) 4 headers in 157 bytes (1 switches on core 0)
Aug 27 12:14:32 devstack devstack@g-api.service[75975]: DEBUG dbcounter [-] [75975] Writing DB stats glance:INSERT=5,glance:SELECT=16,glance:UPDATE=2 {{(pid=75975) stat_writer /opt/stack/data/venv/lib/python3.12/site-packages/dbcounter.py:115}}
Aug 27 12:14:32 devstack devstack@g-api.service[75976]: DEBUG dbcounter [-] [75976] Writing DB stats glance:INSERT=9,glance:SELECT=6 {{(pid=75976) stat_writer /opt/stack/data/venv/lib/python3.12/site-packages/dbcounter.py:115}}
Aug 27 12:15:03 devstack devstack@g-api.service[75975]: DEBUG glance.api.middleware.version_negotiation [None req-981e4793-6fdf-484d-8dbf-9329967b811e admin admin] Determining version of request: GET / Accept: application/json {{(pid=75975) process_request /opt/stack/glance/glance/api/middleware/version_negotiation.py:44}}
Aug 27 12:15:03 devstack devstack@g-api.service[75975]: DEBUG glance.api.middleware.version_negotiation [None req-981e4793-6fdf-484d-8dbf-9329967b811e admin admin] Using url versioning {{(pid=75975) process_request /opt/stack/glance/glance/api/middleware/version_negotiation.py:57}}
Aug 27 12:15:03 devstack devstack@g-api.service[75975]: DEBUG glance.api.middleware.version_negotiation [None req-981e4793-6fdf-484d-8dbf-9329967b811e admin admin] Unknown version. Returning version choices. {{(pid=75975) process_request /opt/stack/glance/glance/api/middleware/version_negotiation.py:64}}
Aug 27 12:15:03 devstack devstack@g-api.service[75975]: [pid: 75975|app: 0|req: 4/6] 127.0.0.1 () {34 vars in 516 bytes} [Thu Aug 27 12:15:03 2026] GET / => generated 1557 bytes in 3 msecs (HTTP/1.1 300) 3 headers in 106 bytes (1 switches on core 0)
Aug 27 12:15:03 devstack devstack@g-api.service[75976]: DEBUG glance.api.middleware.version_negotiation [None req-bd37bb98-3ce2-4fac-b87c-a285408cfb09 admin admin] Determining version of request: GET /v2/images Accept: application/json {{(pid=75976) process_request /opt/stack/glance/glance/api/middleware/version_negotiation.py:44}}
Aug 27 12:15:03 devstack devstack@g-api.service[75976]: DEBUG glance.api.middleware.version_negotiation [None req-bd37bb98-3ce2-4fac-b87c-a285408cfb09 admin admin] Using url versioning {{(pid=75976) process_request /opt/stack/glance/glance/api/middleware/version_negotiation.py:57}}
Aug 27 12:15:03 devstack devstack@g-api.service[75976]: DEBUG glance.api.middleware.version_negotiation [None req-bd37bb98-3ce2-4fac-b87c-a285408cfb09 admin admin] Matched version: v2 {{(pid=75976) process_request /opt/stack/glance/glance/api/middleware/version_negotiation.py:69}}
Aug 27 12:15:03 devstack devstack@g-api.service[75976]: DEBUG glance.api.middleware.version_negotiation [None req-bd37bb98-3ce2-4fac-b87c-a285408cfb09 admin admin] new path /v2/images {{(pid=75976) process_request /opt/stack/glance/glance/api/middleware/version_negotiation.py:70}}
Aug 27 12:15:03 devstack devstack@g-api.service[75976]: [pid: 75976|app: 0|req: 3/7] 127.0.0.1 () {36 vars in 738 bytes} [Thu Aug 27 12:15:03 2026] GET /v2/images => generated 1045 bytes in 87 msecs (HTTP/1.1 200) 4 headers in 158 bytes (1 switches on core 0)
Aug 27 12:15:12 devstack devstack@g-api.service[75975]: DEBUG glance.api.middleware.version_negotiation [None req-981e4793-6fdf-484d-8dbf-9329967b811e admin admin] Determining version of request: GET / Accept: application/json {{(pid=75975) process_request /opt/stack/glance/glance/api/middleware/version_negotiation.py:44}}
Aug 27 12:15:12 devstack devstack@g-api.service[75975]: DEBUG glance.api.middleware.version_negotiation [None req-981e4793-6fdf-484d-8dbf-9329967b811e admin admin] Using url versioning {{(pid=75975) process_request /opt/stack/glance/glance/api/middleware/version_negotiation.py:57}}
Aug 27 12:15:12 devstack devstack@g-api.service[75975]: DEBUG glance.api.middleware.version_negotiation [None req-981e4793-6fdf-484d-8dbf-9329967b811e admin admin] Unknown version. Returning version choices. {{(pid=75975) process_request /opt/stack/glance/glance/api/middleware/version_negotiation.py:64}}
Aug 27 12:15:12 devstack devstack@g-api.service[75975]: [pid: 75975|app: 0|req: 5/8] 127.0.0.1 () {34 vars in 516 bytes} [Thu Aug 27 12:15:12 2026] GET / => generated 1557 bytes in 3 msecs (HTTP/1.1 300) 3 headers in 106 bytes (1 switches on core 0)
Aug 27 12:15:12 devstack devstack@g-api.service[75976]: DEBUG glance.api.middleware.version_negotiation [None req-130cb7e7-abfa-4a05-9be4-e390210df04b admin admin] Determining version of request: GET /v2/images/fb4a1efe-5dea-49f2-bc41-94014c32f2bf Accept: */* {{(pid=75976) process_request /opt/stack/glance/glance/api/middleware/version_negotiation.py:44}}
Aug 27 12:15:12 devstack devstack@g-api.service[75976]: DEBUG glance.api.middleware.version_negotiation [None req-130cb7e7-abfa-4a05-9be4-e390210df04b admin admin] Using url versioning {{(pid=75976) process_request /opt/stack/glance/glance/api/middleware/version_negotiation.py:57}}
Aug 27 12:15:12 devstack devstack@g-api.service[75976]: DEBUG glance.api.middleware.version_negotiation [None req-130cb7e7-abfa-4a05-9be4-e390210df04b admin admin] Matched version: v2 {{(pid=75976) process_request /opt/stack/glance/glance/api/middleware/version_negotiation.py:69}}
Aug 27 12:15:12 devstack devstack@g-api.service[75976]: DEBUG glance.api.middleware.version_negotiation [None req-130cb7e7-abfa-4a05-9be4-e390210df04b admin admin] new path /v2/images/fb4a1efe-5dea-49f2-bc41-94014c32f2bf {{(pid=75976) process_request /opt/stack/glance/glance/api/middleware/version_negotiation.py:70}}
Aug 27 12:15:12 devstack devstack@g-api.service[75976]: [pid: 75976|app: 0|req: 4/9] 127.0.0.1 () {36 vars in 799 bytes} [Thu Aug 27 12:15:12 2026] GET /v2/images/fb4a1efe-5dea-49f2-bc41-94014c32f2bf => generated 976 bytes in 70 msecs (HTTP/1.1 200) 4 headers in 157 bytes (1 switches on core 0)
Aug 27 12:15:18 devstack devstack@g-api.service[75975]: DEBUG glance.api.middleware.version_negotiation [None req-981e4793-6fdf-484d-8dbf-9329967b811e admin admin] Determining version of request: GET / Accept: application/json {{(pid=75975) process_request /opt/stack/glance/glance/api/middleware/version_negotiation.py:44}}
Aug 27 12:15:18 devstack devstack@g-api.service[75975]: DEBUG glance.api.middleware.version_negotiation [None req-981e4793-6fdf-484d-8dbf-9329967b811e admin admin] Using url versioning {{(pid=75975) process_request /opt/stack/glance/glance/api/middleware/version_negotiation.py:57}}
Aug 27 12:15:18 devstack devstack@g-api.service[75975]: DEBUG glance.api.middleware.version_negotiation [None req-981e4793-6fdf-484d-8dbf-9329967b811e admin admin] Unknown version. Returning version choices. {{(pid=75975) process_request /opt/stack/glance/glance/api/middleware/version_negotiation.py:64}}
Aug 27 12:15:18 devstack devstack@g-api.service[75975]: [pid: 75975|app: 0|req: 6/10] 127.0.0.1 () {34 vars in 516 bytes} [Thu Aug 27 12:15:18 2026] GET / => generated 1557 bytes in 3 msecs (HTTP/1.1 300) 3 headers in 106 bytes (1 switches on core 0)
Aug 27 12:15:18 devstack devstack@g-api.service[75976]: DEBUG glance.api.middleware.version_negotiation [None req-f33fce16-1c40-4074-8ff4-5ff563fa6505 admin admin] Determining version of request: GET /v2/images/fb4a1efe-5dea-49f2-bc41-94014c32f2bf Accept: */* {{(pid=75976) process_request /opt/stack/glance/glance/api/middleware/version_negotiation.py:44}}
Aug 27 12:15:18 devstack devstack@g-api.service[75976]: DEBUG glance.api.middleware.version_negotiation [None req-f33fce16-1c40-4074-8ff4-5ff563fa6505 admin admin] Using url versioning {{(pid=75976) process_request /opt/stack/glance/glance/api/middleware/version_negotiation.py:57}}
Aug 27 12:15:18 devstack devstack@g-api.service[75976]: DEBUG glance.api.middleware.version_negotiation [None req-f33fce16-1c40-4074-8ff4-5ff563fa6505 admin admin] Matched version: v2 {{(pid=75976) process_request /opt/stack/glance/glance/api/middleware/version_negotiation.py:69}}
Aug 27 12:15:18 devstack devstack@g-api.service[75976]: DEBUG glance.api.middleware.version_negotiation [None req-f33fce16-1c40-4074-8ff4-5ff563fa6505 admin admin] new path /v2/images/fb4a1efe-5dea-49f2-bc41-94014c32f2bf {{(pid=75976) process_request /opt/stack/glance/glance/api/middleware/version_negotiation.py:70}}
Aug 27 12:15:18 devstack devstack@g-api.service[75976]: [pid: 75976|app: 0|req: 5/11] 127.0.0.1 () {36 vars in 799 bytes} [Thu Aug 27 12:15:18 2026] GET /v2/images/fb4a1efe-5dea-49f2-bc41-94014c32f2bf => generated 976 bytes in 65 msecs (HTTP/1.1 200) 4 headers in 157 bytes (1 switches on core 0)
Aug 27 12:15:28 devstack devstack@g-api.service[75976]: DEBUG dbcounter [-] [75976] Writing DB stats glance:SELECT=5 {{(pid=75976) stat_writer /opt/stack/data/venv/lib/python3.12/site-packages/dbcounter.py:115}}
Aug 27 12:16:33 devstack devstack@g-api.service[75975]: DEBUG glance.api.middleware.version_negotiation [None req-981e4793-6fdf-484d-8dbf-9329967b811e admin admin] Determining version of request: GET / Accept: application/json {{(pid=75975) process_request /opt/stack/glance/glance/api/middleware/version_negotiation.py:44}}
Aug 27 12:16:33 devstack devstack@g-api.service[75975]: DEBUG glance.api.middleware.version_negotiation [None req-981e4793-6fdf-484d-8dbf-9329967b811e admin admin] Using url versioning {{(pid=75975) process_request /opt/stack/glance/glance/api/middleware/version_negotiation.py:57}}
Aug 27 12:16:33 devstack devstack@g-api.service[75975]: DEBUG glance.api.middleware.version_negotiation [None req-981e4793-6fdf-484d-8dbf-9329967b811e admin admin] Unknown version. Returning version choices. {{(pid=75975) process_request /opt/stack/glance/glance/api/middleware/version_negotiation.py:64}}
Aug 27 12:16:33 devstack devstack@g-api.service[75975]: [pid: 75975|app: 0|req: 7/12] 127.0.0.1 () {36 vars in 485 bytes} [Thu Aug 27 12:16:33 2026] GET / => generated 1557 bytes in 2 msecs (HTTP/1.1 300) 3 headers in 106 bytes (1 switches on core 0)
Aug 27 12:19:17 devstack devstack@g-api.service[75976]: DEBUG glance.api.middleware.version_negotiation [None req-175881dd-8052-4a8d-a0e0-b5a2846c71d6 admin admin] Determining version of request: GET / Accept: application/json {{(pid=75976) process_request /opt/stack/glance/glance/api/middleware/version_negotiation.py:44}}
Aug 27 12:19:17 devstack devstack@g-api.service[75976]: DEBUG glance.api.middleware.version_negotiation [None req-175881dd-8052-4a8d-a0e0-b5a2846c71d6 admin admin] Using url versioning {{(pid=75976) process_request /opt/stack/glance/glance/api/middleware/version_negotiation.py:57}}
Aug 27 12:19:17 devstack devstack@g-api.service[75976]: DEBUG glance.api.middleware.version_negotiation [None req-175881dd-8052-4a8d-a0e0-b5a2846c71d6 admin admin] Unknown version. Returning version choices. {{(pid=75976) process_request /opt/stack/glance/glance/api/middleware/version_negotiation.py:64}}
Aug 27 12:19:17 devstack devstack@g-api.service[75976]: [pid: 75976|app: 0|req: 6/13] 127.0.0.1 () {34 vars in 502 bytes} [Thu Aug 27 12:19:17 2026] GET / => generated 1557 bytes in 9 msecs (HTTP/1.1 300) 3 headers in 106 bytes (1 switches on core 0)
Aug 27 12:19:17 devstack devstack@g-api.service[75975]: DEBUG glance.api.middleware.version_negotiation [None req-981e4793-6fdf-484d-8dbf-9329967b811e admin admin] Determining version of request: GET /v2/images/fb4a1efe-5dea-49f2-bc41-94014c32f2bf Accept: */* {{(pid=75975) process_request /opt/stack/glance/glance/api/middleware/version_negotiation.py:44}}
Aug 27 12:19:17 devstack devstack@g-api.service[75975]: DEBUG glance.api.middleware.version_negotiation [None req-981e4793-6fdf-484d-8dbf-9329967b811e admin admin] Using url versioning {{(pid=75975) process_request /opt/stack/glance/glance/api/middleware/version_negotiation.py:57}}
Aug 27 12:19:17 devstack devstack@g-api.service[75975]: DEBUG glance.api.middleware.version_negotiation [None req-981e4793-6fdf-484d-8dbf-9329967b811e admin admin] Matched version: v2 {{(pid=75975) process_request /opt/stack/glance/glance/api/middleware/version_negotiation.py:69}}
Aug 27 12:19:17 devstack devstack@g-api.service[75975]: DEBUG glance.api.middleware.version_negotiation [None req-981e4793-6fdf-484d-8dbf-9329967b811e admin admin] new path /v2/images/fb4a1efe-5dea-49f2-bc41-94014c32f2bf {{(pid=75975) process_request /opt/stack/glance/glance/api/middleware/version_negotiation.py:70}}
Aug 27 12:19:18 devstack devstack@g-api.service[75975]: [pid: 75975|app: 0|req: 8/14] 127.0.0.1 () {42 vars in 1058 bytes} [Thu Aug 27 12:19:17 2026] GET /v2/images/fb4a1efe-5dea-49f2-bc41-94014c32f2bf => generated 976 bytes in 388 msecs (HTTP/1.1 200) 4 headers in 157 bytes (1 switches on core 0)
Aug 27 12:19:18 devstack devstack@g-api.service[75976]: DEBUG glance.api.middleware.version_negotiation [None req-175881dd-8052-4a8d-a0e0-b5a2846c71d6 admin admin] Determining version of request: GET /v2/schemas/image Accept: */* {{(pid=75976) process_request /opt/stack/glance/glance/api/middleware/version_negotiation.py:44}}
Aug 27 12:19:18 devstack devstack@g-api.service[75976]: DEBUG glance.api.middleware.version_negotiation [None req-175881dd-8052-4a8d-a0e0-b5a2846c71d6 admin admin] Using url versioning {{(pid=75976) process_request /opt/stack/glance/glance/api/middleware/version_negotiation.py:57}}
Aug 27 12:19:18 devstack devstack@g-api.service[75976]: DEBUG glance.api.middleware.version_negotiation [None req-175881dd-8052-4a8d-a0e0-b5a2846c71d6 admin admin] Matched version: v2 {{(pid=75976) process_request /opt/stack/glance/glance/api/middleware/version_negotiation.py:69}}
Aug 27 12:19:18 devstack devstack@g-api.service[75976]: DEBUG glance.api.middleware.version_negotiation [None req-175881dd-8052-4a8d-a0e0-b5a2846c71d6 admin admin] new path /v2/schemas/image {{(pid=75976) process_request /opt/stack/glance/glance/api/middleware/version_negotiation.py:70}}
Aug 27 12:19:18 devstack devstack@g-api.service[75976]: [pid: 75976|app: 0|req: 7/15] 127.0.0.1 () {42 vars in 998 bytes} [Thu Aug 27 12:19:18 2026] GET /v2/schemas/image => generated 6083 bytes in 10 msecs (HTTP/1.1 200) 4 headers in 158 bytes (1 switches on core 0)
Aug 27 12:19:21 devstack devstack@g-api.service[75975]: DEBUG glance.api.middleware.version_negotiation [None req-8a142ca5-82ce-4294-9144-6447c3678505 tempest-DeleteServersTestJSON-1187103673 tempest-DeleteServersTestJSON-1187103673-project-member] Determining version of request: GET / Accept: application/json {{(pid=75975) process_request /opt/stack/glance/glance/api/middleware/version_negotiation.py:44}}
Aug 27 12:19:21 devstack devstack@g-api.service[75975]: DEBUG glance.api.middleware.version_negotiation [None req-8a142ca5-82ce-4294-9144-6447c3678505 tempest-DeleteServersTestJSON-1187103673 tempest-DeleteServersTestJSON-1187103673-project-member] Using url versioning {{(pid=75975) process_request /opt/stack/glance/glance/api/middleware/version_negotiation.py:57}}
Aug 27 12:19:21 devstack devstack@g-api.service[75975]: DEBUG glance.api.middleware.version_negotiation [None req-8a142ca5-82ce-4294-9144-6447c3678505 tempest-DeleteServersTestJSON-1187103673 tempest-DeleteServersTestJSON-1187103673-project-member] Unknown version. Returning version choices. {{(pid=75975) process_request /opt/stack/glance/glance/api/middleware/version_negotiation.py:64}}
Aug 27 12:19:21 devstack devstack@g-api.service[75975]: [pid: 75975|app: 0|req: 9/16] 127.0.0.1 () {34 vars in 502 bytes} [Thu Aug 27 12:19:21 2026] GET / => generated 1557 bytes in 5 msecs (HTTP/1.1 300) 3 headers in 106 bytes (1 switches on core 0)
Aug 27 12:19:21 devstack devstack@g-api.service[75976]: DEBUG glance.api.middleware.version_negotiation [None req-8a142ca5-82ce-4294-9144-6447c3678505 tempest-DeleteServersTestJSON-1187103673 tempest-DeleteServersTestJSON-1187103673-project-member] Determining version of request: GET /v2/images/fb4a1efe-5dea-49f2-bc41-94014c32f2bf Accept: */* {{(pid=75976) process_request /opt/stack/glance/glance/api/middleware/version_negotiation.py:44}}
Aug 27 12:19:21 devstack devstack@g-api.service[75976]: DEBUG glance.api.middleware.version_negotiation [None req-8a142ca5-82ce-4294-9144-6447c3678505 tempest-DeleteServersTestJSON-1187103673 tempest-DeleteServersTestJSON-1187103673-project-member] Using url versioning {{(pid=75976) process_request /opt/stack/glance/glance/api/middleware/version_negotiation.py:57}}
Aug 27 12:19:21 devstack devstack@g-api.service[75976]: DEBUG glance.api.middleware.version_negotiation [None req-8a142ca5-82ce-4294-9144-6447c3678505 tempest-DeleteServersTestJSON-1187103673 tempest-DeleteServersTestJSON-1187103673-project-member] Matched version: v2 {{(pid=75976) process_request /opt/stack/glance/glance/api/middleware/version_negotiation.py:69}}
Aug 27 12:19:21 devstack devstack@g-api.service[75976]: DEBUG glance.api.middleware.version_negotiation [None req-8a142ca5-82ce-4294-9144-6447c3678505 tempest-DeleteServersTestJSON-1187103673 tempest-DeleteServersTestJSON-1187103673-project-member] new path /v2/images/fb4a1efe-5dea-49f2-bc41-94014c32f2bf {{(pid=75976) process_request /opt/stack/glance/glance/api/middleware/version_negotiation.py:70}}
Aug 27 12:19:22 devstack devstack@g-api.service[75976]: [pid: 75976|app: 0|req: 8/17] 127.0.0.1 () {42 vars in 1058 bytes} [Thu Aug 27 12:19:21 2026] GET /v2/images/fb4a1efe-5dea-49f2-bc41-94014c32f2bf => generated 976 bytes in 308 msecs (HTTP/1.1 200) 4 headers in 157 bytes (1 switches on core 0)
Aug 27 12:19:22 devstack devstack@g-api.service[75975]: DEBUG glance.api.middleware.version_negotiation [None req-8a142ca5-82ce-4294-9144-6447c3678505 tempest-DeleteServersTestJSON-1187103673 tempest-DeleteServersTestJSON-1187103673-project-member] Determining version of request: GET /v2/schemas/image Accept: */* {{(pid=75975) process_request /opt/stack/glance/glance/api/middleware/version_negotiation.py:44}}
Aug 27 12:19:22 devstack devstack@g-api.service[75975]: DEBUG glance.api.middleware.version_negotiation [None req-8a142ca5-82ce-4294-9144-6447c3678505 tempest-DeleteServersTestJSON-1187103673 tempest-DeleteServersTestJSON-1187103673-project-member] Using url versioning {{(pid=75975) process_request /opt/stack/glance/glance/api/middleware/version_negotiation.py:57}}
Aug 27 12:19:22 devstack devstack@g-api.service[75975]: DEBUG glance.api.middleware.version_negotiation [None req-8a142ca5-82ce-4294-9144-6447c3678505 tempest-DeleteServersTestJSON-1187103673 tempest-DeleteServersTestJSON-1187103673-project-member] Matched version: v2 {{(pid=75975) process_request /opt/stack/glance/glance/api/middleware/version_negotiation.py:69}}
Aug 27 12:19:22 devstack devstack@g-api.service[75975]: DEBUG glance.api.middleware.version_negotiation [None req-8a142ca5-82ce-4294-9144-6447c3678505 tempest-DeleteServersTestJSON-1187103673 tempest-DeleteServersTestJSON-1187103673-project-member] new path /v2/schemas/image {{(pid=75975) process_request /opt/stack/glance/glance/api/middleware/version_negotiation.py:70}}
Aug 27 12:19:22 devstack devstack@g-api.service[75975]: [pid: 75975|app: 0|req: 10/18] 127.0.0.1 () {42 vars in 998 bytes} [Thu Aug 27 12:19:22 2026] GET /v2/schemas/image => generated 6083 bytes in 12 msecs (HTTP/1.1 200) 4 headers in 158 bytes (1 switches on core 0)
Aug 27 12:19:27 devstack devstack@g-api.service[75976]: DEBUG glance.api.middleware.version_negotiation [None req-70e4d971-a5e8-4d1b-9cbd-4a60dd77de32 tempest-ServersNegativeTestJSON-112706458 tempest-ServersNegativeTestJSON-112706458-project-member] Determining version of request: GET /v2/images/fb4a1efe-5dea-49f2-bc41-94014c32f2bf Accept: */* {{(pid=75976) process_request /opt/stack/glance/glance/api/middleware/version_negotiation.py:44}}
Aug 27 12:19:27 devstack devstack@g-api.service[75976]: DEBUG glance.api.middleware.version_negotiation [None req-70e4d971-a5e8-4d1b-9cbd-4a60dd77de32 tempest-ServersNegativeTestJSON-112706458 tempest-ServersNegativeTestJSON-112706458-project-member] Using url versioning {{(pid=75976) process_request /opt/stack/glance/glance/api/middleware/version_negotiation.py:57}}
Aug 27 12:19:27 devstack devstack@g-api.service[75976]: DEBUG glance.api.middleware.version_negotiation [None req-70e4d971-a5e8-4d1b-9cbd-4a60dd77de32 tempest-ServersNegativeTestJSON-112706458 tempest-ServersNegativeTestJSON-112706458-project-member] Matched version: v2 {{(pid=75976) process_request /opt/stack/glance/glance/api/middleware/version_negotiation.py:69}}
Aug 27 12:19:27 devstack devstack@g-api.service[75976]: DEBUG glance.api.middleware.version_negotiation [None req-70e4d971-a5e8-4d1b-9cbd-4a60dd77de32 tempest-ServersNegativeTestJSON-112706458 tempest-ServersNegativeTestJSON-112706458-project-member] new path /v2/images/fb4a1efe-5dea-49f2-bc41-94014c32f2bf {{(pid=75976) process_request /opt/stack/glance/glance/api/middleware/version_negotiation.py:70}}
Aug 27 12:19:27 devstack devstack@g-api.service[75976]: [pid: 75976|app: 0|req: 9/19] 127.0.0.1 () {42 vars in 1058 bytes} [Thu Aug 27 12:19:27 2026] GET /v2/images/fb4a1efe-5dea-49f2-bc41-94014c32f2bf => generated 976 bytes in 130 msecs (HTTP/1.1 200) 4 headers in 157 bytes (1 switches on core 0)
Aug 27 12:19:27 devstack devstack@g-api.service[75975]: DEBUG glance.api.middleware.version_negotiation [None req-70e4d971-a5e8-4d1b-9cbd-4a60dd77de32 tempest-ServersNegativeTestJSON-112706458 tempest-ServersNegativeTestJSON-112706458-project-member] Determining version of request: GET /v2/images/fb4a1efe-5dea-49f2-bc41-94014c32f2bf/file Accept: */* {{(pid=75975) process_request /opt/stack/glance/glance/api/middleware/version_negotiation.py:44}}
Aug 27 12:19:27 devstack devstack@g-api.service[75975]: DEBUG glance.api.middleware.version_negotiation [None req-70e4d971-a5e8-4d1b-9cbd-4a60dd77de32 tempest-ServersNegativeTestJSON-112706458 tempest-ServersNegativeTestJSON-112706458-project-member] Using url versioning {{(pid=75975) process_request /opt/stack/glance/glance/api/middleware/version_negotiation.py:57}}
Aug 27 12:19:27 devstack devstack@g-api.service[75975]: DEBUG glance.api.middleware.version_negotiation [None req-70e4d971-a5e8-4d1b-9cbd-4a60dd77de32 tempest-ServersNegativeTestJSON-112706458 tempest-ServersNegativeTestJSON-112706458-project-member] Matched version: v2 {{(pid=75975) process_request /opt/stack/glance/glance/api/middleware/version_negotiation.py:69}}
Aug 27 12:19:27 devstack devstack@g-api.service[75975]: DEBUG glance.api.middleware.version_negotiation [None req-70e4d971-a5e8-4d1b-9cbd-4a60dd77de32 tempest-ServersNegativeTestJSON-112706458 tempest-ServersNegativeTestJSON-112706458-project-member] new path /v2/images/fb4a1efe-5dea-49f2-bc41-94014c32f2bf/file {{(pid=75975) process_request /opt/stack/glance/glance/api/middleware/version_negotiation.py:70}}
Aug 27 12:19:27 devstack devstack@g-api.service[75975]: DEBUG glance_store._drivers.filesystem [None req-8a142ca5-82ce-4294-9144-6447c3678505 tempest-DeleteServersTestJSON-1187103673 tempest-DeleteServersTestJSON-1187103673-project-member] Found image at /opt/stack/data/glance/images/fb4a1efe-5dea-49f2-bc41-94014c32f2bf. Returning in ChunkedFile. {{(pid=75975) get /opt/stack/data/venv/lib/python3.12/site-packages/glance_store/_drivers/filesystem.py:724}}
Aug 27 12:19:27 devstack devstack@g-api.service[75975]: DEBUG glance.image_cache [None req-8a142ca5-82ce-4294-9144-6447c3678505 tempest-DeleteServersTestJSON-1187103673 tempest-DeleteServersTestJSON-1187103673-project-member] Tee'ing image 'fb4a1efe-5dea-49f2-bc41-94014c32f2bf' into cache {{(pid=75975) get_caching_iter /opt/stack/glance/glance/image_cache/__init__.py:356}}
Aug 27 12:19:27 devstack devstack@g-api.service[75975]: DEBUG glance.image_cache.drivers.centralized_db [None req-8a142ca5-82ce-4294-9144-6447c3678505 tempest-DeleteServersTestJSON-1187103673 tempest-DeleteServersTestJSON-1187103673-project-member] Fetch finished, moving '/opt/stack/data/glance/cache/incomplete/fb4a1efe-5dea-49f2-bc41-94014c32f2bf' to '/opt/stack/data/glance/cache/fb4a1efe-5dea-49f2-bc41-94014c32f2bf' {{(pid=75975) commit /opt/stack/glance/glance/image_cache/drivers/centralized_db.py:243}}
Aug 27 12:19:27 devstack devstack@g-api.service[75975]: DEBUG glance.image_cache.drivers.centralized_db [None req-8a142ca5-82ce-4294-9144-6447c3678505 tempest-DeleteServersTestJSON-1187103673 tempest-DeleteServersTestJSON-1187103673-project-member] Image cached successfully. {{(pid=75975) commit /opt/stack/glance/glance/image_cache/drivers/centralized_db.py:258}}
Aug 27 12:19:27 devstack devstack@g-api.service[75975]: [pid: 75975|app: 0|req: 11/20] 127.0.0.1 () {42 vars in 1068 bytes} [Thu Aug 27 12:19:27 2026] GET /v2/images/fb4a1efe-5dea-49f2-bc41-94014c32f2bf/file => generated 21692416 bytes in 458 msecs (HTTP/1.1 200) 4 headers in 191 bytes (338 switches on core 0)
Aug 27 12:19:28 devstack devstack@g-api.service[75976]: DEBUG glance.api.middleware.version_negotiation [None req-8a142ca5-82ce-4294-9144-6447c3678505 tempest-DeleteServersTestJSON-1187103673 tempest-DeleteServersTestJSON-1187103673-project-member] Determining version of request: GET /v2/images/fb4a1efe-5dea-49f2-bc41-94014c32f2bf Accept: */* {{(pid=75976) process_request /opt/stack/glance/glance/api/middleware/version_negotiation.py:44}}
Aug 27 12:19:28 devstack devstack@g-api.service[75976]: DEBUG glance.api.middleware.version_negotiation [None req-8a142ca5-82ce-4294-9144-6447c3678505 tempest-DeleteServersTestJSON-1187103673 tempest-DeleteServersTestJSON-1187103673-project-member] Using url versioning {{(pid=75976) process_request /opt/stack/glance/glance/api/middleware/version_negotiation.py:57}}
Aug 27 12:19:28 devstack devstack@g-api.service[75976]: DEBUG glance.api.middleware.version_negotiation [None req-8a142ca5-82ce-4294-9144-6447c3678505 tempest-DeleteServersTestJSON-1187103673 tempest-DeleteServersTestJSON-1187103673-project-member] Matched version: v2 {{(pid=75976) process_request /opt/stack/glance/glance/api/middleware/version_negotiation.py:69}}
Aug 27 12:19:28 devstack devstack@g-api.service[75976]: DEBUG glance.api.middleware.version_negotiation [None req-8a142ca5-82ce-4294-9144-6447c3678505 tempest-DeleteServersTestJSON-1187103673 tempest-DeleteServersTestJSON-1187103673-project-member] new path /v2/images/fb4a1efe-5dea-49f2-bc41-94014c32f2bf {{(pid=75976) process_request /opt/stack/glance/glance/api/middleware/version_negotiation.py:70}}
Aug 27 12:19:28 devstack devstack@g-api.service[75976]: [pid: 75976|app: 0|req: 10/21] 127.0.0.1 () {42 vars in 1058 bytes} [Thu Aug 27 12:19:28 2026] GET /v2/images/fb4a1efe-5dea-49f2-bc41-94014c32f2bf => generated 976 bytes in 27 msecs (HTTP/1.1 200) 4 headers in 157 bytes (1 switches on core 0)
Aug 27 12:19:28 devstack devstack@g-api.service[75975]: DEBUG glance.api.middleware.version_negotiation [None req-8a142ca5-82ce-4294-9144-6447c3678505 tempest-DeleteServersTestJSON-1187103673 tempest-DeleteServersTestJSON-1187103673-project-member] Determining version of request: GET /v2/schemas/image Accept: */* {{(pid=75975) process_request /opt/stack/glance/glance/api/middleware/version_negotiation.py:44}}
Aug 27 12:19:28 devstack devstack@g-api.service[75975]: DEBUG glance.api.middleware.version_negotiation [None req-8a142ca5-82ce-4294-9144-6447c3678505 tempest-DeleteServersTestJSON-1187103673 tempest-DeleteServersTestJSON-1187103673-project-member] Using url versioning {{(pid=75975) process_request /opt/stack/glance/glance/api/middleware/version_negotiation.py:57}}
Aug 27 12:19:28 devstack devstack@g-api.service[75975]: DEBUG glance.api.middleware.version_negotiation [None req-8a142ca5-82ce-4294-9144-6447c3678505 tempest-DeleteServersTestJSON-1187103673 tempest-DeleteServersTestJSON-1187103673-project-member] Matched version: v2 {{(pid=75975) process_request /opt/stack/glance/glance/api/middleware/version_negotiation.py:69}}
Aug 27 12:19:28 devstack devstack@g-api.service[75975]: DEBUG glance.api.middleware.version_negotiation [None req-8a142ca5-82ce-4294-9144-6447c3678505 tempest-DeleteServersTestJSON-1187103673 tempest-DeleteServersTestJSON-1187103673-project-member] new path /v2/schemas/image {{(pid=75975) process_request /opt/stack/glance/glance/api/middleware/version_negotiation.py:70}}
Aug 27 12:19:28 devstack devstack@g-api.service[75975]: [pid: 75975|app: 0|req: 12/22] 127.0.0.1 () {42 vars in 998 bytes} [Thu Aug 27 12:19:28 2026] GET /v2/schemas/image => generated 6083 bytes in 9 msecs (HTTP/1.1 200) 4 headers in 158 bytes (1 switches on core 0)
Aug 27 12:19:37 devstack devstack@g-api.service[75975]: DEBUG dbcounter [-] [75975] Writing DB stats glance:SELECT=7,glance:INSERT=1 {{(pid=75975) stat_writer /opt/stack/data/venv/lib/python3.12/site-packages/dbcounter.py:115}}
Aug 27 12:19:38 devstack devstack@g-api.service[75976]: DEBUG dbcounter [-] [75976] Writing DB stats glance:SELECT=6 {{(pid=75976) stat_writer /opt/stack/data/venv/lib/python3.12/site-packages/dbcounter.py:115}}
Aug 27 12:19:58 devstack devstack@g-api.service[75976]: DEBUG glance.api.middleware.version_negotiation [None req-8a142ca5-82ce-4294-9144-6447c3678505 tempest-DeleteServersTestJSON-1187103673 tempest-DeleteServersTestJSON-1187103673-project-member] Determining version of request: GET /v2/images/fb4a1efe-5dea-49f2-bc41-94014c32f2bf Accept: */* {{(pid=75976) process_request /opt/stack/glance/glance/api/middleware/version_negotiation.py:44}}
Aug 27 12:19:58 devstack devstack@g-api.service[75976]: DEBUG glance.api.middleware.version_negotiation [None req-8a142ca5-82ce-4294-9144-6447c3678505 tempest-DeleteServersTestJSON-1187103673 tempest-DeleteServersTestJSON-1187103673-project-member] Using url versioning {{(pid=75976) process_request /opt/stack/glance/glance/api/middleware/version_negotiation.py:57}}
Aug 27 12:19:58 devstack devstack@g-api.service[75976]: DEBUG glance.api.middleware.version_negotiation [None req-8a142ca5-82ce-4294-9144-6447c3678505 tempest-DeleteServersTestJSON-1187103673 tempest-DeleteServersTestJSON-1187103673-project-member] Matched version: v2 {{(pid=75976) process_request /opt/stack/glance/glance/api/middleware/version_negotiation.py:69}}
Aug 27 12:19:58 devstack devstack@g-api.service[75976]: DEBUG glance.api.middleware.version_negotiation [None req-8a142ca5-82ce-4294-9144-6447c3678505 tempest-DeleteServersTestJSON-1187103673 tempest-DeleteServersTestJSON-1187103673-project-member] new path /v2/images/fb4a1efe-5dea-49f2-bc41-94014c32f2bf {{(pid=75976) process_request /opt/stack/glance/glance/api/middleware/version_negotiation.py:70}}
Aug 27 12:19:58 devstack devstack@g-api.service[75976]: [pid: 75976|app: 0|req: 11/23] 127.0.0.1 () {42 vars in 1058 bytes} [Thu Aug 27 12:19:58 2026] GET /v2/images/fb4a1efe-5dea-49f2-bc41-94014c32f2bf => generated 976 bytes in 38 msecs (HTTP/1.1 200) 4 headers in 157 bytes (1 switches on core 0)
Aug 27 12:19:58 devstack devstack@g-api.service[75975]: DEBUG glance.api.middleware.version_negotiation [None req-8a142ca5-82ce-4294-9144-6447c3678505 tempest-DeleteServersTestJSON-1187103673 tempest-DeleteServersTestJSON-1187103673-project-member] Determining version of request: GET /v2/schemas/image Accept: */* {{(pid=75975) process_request /opt/stack/glance/glance/api/middleware/version_negotiation.py:44}}
Aug 27 12:19:58 devstack devstack@g-api.service[75975]: DEBUG glance.api.middleware.version_negotiation [None req-8a142ca5-82ce-4294-9144-6447c3678505 tempest-DeleteServersTestJSON-1187103673 tempest-DeleteServersTestJSON-1187103673-project-member] Using url versioning {{(pid=75975) process_request /opt/stack/glance/glance/api/middleware/version_negotiation.py:57}}
