Aug 26 23:10:42 devstack devstack@n-api.service[68942]: DEBUG nova.api.openstack.wsgi_app [None req-33289a10-6bb6-484c-8989-2c3a3327570f None None] privsep_osbrick.user = None {{(pid=68942) log_opt_values /opt/stack/data/venv/lib/python3.12/site-packages/oslo_config/cfg.py:3560}}
Aug 26 23:10:42 devstack devstack@n-api.service[68943]: DEBUG nova.api.openstack.wsgi_app [None req-5b746759-08ff-4997-a592-6cdd93c9d6af None None] keystone_authtoken.project_id = None {{(pid=68943) log_opt_values /opt/stack/data/venv/lib/python3.12/site-packages/oslo_config/cfg.py:3560}}
Aug 26 23:10:42 devstack devstack@n-api.service[68942]: DEBUG nova.api.openstack.wsgi_app [None req-33289a10-6bb6-484c-8989-2c3a3327570f None None] keystone_authtoken.auth_section = None {{(pid=68942) log_opt_values /opt/stack/data/venv/lib/python3.12/site-packages/oslo_config/cfg.py:3560}}
Aug 26 23:10:42 devstack devstack@n-api.service[68943]: DEBUG nova.api.openstack.wsgi_app [None req-5b746759-08ff-4997-a592-6cdd93c9d6af None None] keystone_authtoken.project_name = service {{(pid=68943) log_opt_values /opt/stack/data/venv/lib/python3.12/site-packages/oslo_config/cfg.py:3560}}
Aug 26 23:10:42 devstack devstack@n-api.service[68942]: DEBUG nova.api.openstack.wsgi_app [None req-33289a10-6bb6-484c-8989-2c3a3327570f None None] keystone_authtoken.auth_type = password {{(pid=68942) log_opt_values /opt/stack/data/venv/lib/python3.12/site-packages/oslo_config/cfg.py:3560}}
Aug 26 23:10:42 devstack devstack@n-api.service[68943]: DEBUG nova.api.openstack.wsgi_app [None req-5b746759-08ff-4997-a592-6cdd93c9d6af None None] keystone_authtoken.region_name = None {{(pid=68943) log_opt_values /opt/stack/data/venv/lib/python3.12/site-packages/oslo_config/cfg.py:3560}}
Aug 26 23:10:42 devstack devstack@n-api.service[68942]: DEBUG nova.api.openstack.wsgi_app [None req-33289a10-6bb6-484c-8989-2c3a3327570f None None] keystone_authtoken.auth_url = http://192.168.122.60/identity {{(pid=68942) log_opt_values /opt/stack/data/venv/lib/python3.12/site-packages/oslo_config/cfg.py:3560}}
Aug 26 23:10:42 devstack devstack@n-api.service[68943]: DEBUG nova.api.openstack.wsgi_app [None req-5b746759-08ff-4997-a592-6cdd93c9d6af None None] keystone_authtoken.service_token_roles = ['service'] {{(pid=68943) log_opt_values /opt/stack/data/venv/lib/python3.12/site-packages/oslo_config/cfg.py:3560}}
Aug 26 23:10:42 devstack devstack@n-api.service[68942]: DEBUG nova.api.openstack.wsgi_app [None req-33289a10-6bb6-484c-8989-2c3a3327570f None None] keystone_authtoken.auth_version = None {{(pid=68942) log_opt_values /opt/stack/data/venv/lib/python3.12/site-packages/oslo_config/cfg.py:3560}}
Aug 26 23:10:42 devstack devstack@n-api.service[68943]: DEBUG nova.api.openstack.wsgi_app [None req-5b746759-08ff-4997-a592-6cdd93c9d6af None None] keystone_authtoken.service_token_roles_required = True {{(pid=68943) log_opt_values /opt/stack/data/venv/lib/python3.12/site-packages/oslo_config/cfg.py:3560}}
Aug 26 23:10:42 devstack devstack@n-api.service[68942]: DEBUG nova.api.openstack.wsgi_app [None req-33289a10-6bb6-484c-8989-2c3a3327570f None None] keystone_authtoken.cache = None {{(pid=68942) log_opt_values /opt/stack/data/venv/lib/python3.12/site-packages/oslo_config/cfg.py:3560}}
Aug 26 23:10:42 devstack devstack@n-api.service[68943]: DEBUG nova.api.openstack.wsgi_app [None req-5b746759-08ff-4997-a592-6cdd93c9d6af None None] keystone_authtoken.service_type = None {{(pid=68943) log_opt_values /opt/stack/data/venv/lib/python3.12/site-packages/oslo_config/cfg.py:3560}}
Aug 26 23:10:42 devstack devstack@n-api.service[68942]: DEBUG nova.api.openstack.wsgi_app [None req-33289a10-6bb6-484c-8989-2c3a3327570f None None] keystone_authtoken.cafile = /opt/stack/data/ca-bundle.pem {{(pid=68942) log_opt_values /opt/stack/data/venv/lib/python3.12/site-packages/oslo_config/cfg.py:3560}}
Aug 26 23:10:42 devstack devstack@n-api.service[68943]: DEBUG nova.api.openstack.wsgi_app [None req-5b746759-08ff-4997-a592-6cdd93c9d6af None None] keystone_authtoken.system_scope = None {{(pid=68943) log_opt_values /opt/stack/data/venv/lib/python3.12/site-packages/oslo_config/cfg.py:3560}}
Aug 26 23:10:42 devstack devstack@n-api.service[68942]: DEBUG nova.api.openstack.wsgi_app [None req-33289a10-6bb6-484c-8989-2c3a3327570f None None] keystone_authtoken.certfile = None {{(pid=68942) log_opt_values /opt/stack/data/venv/lib/python3.12/site-packages/oslo_config/cfg.py:3560}}
Aug 26 23:10:42 devstack devstack@n-api.service[68943]: DEBUG nova.api.openstack.wsgi_app [None req-5b746759-08ff-4997-a592-6cdd93c9d6af None None] keystone_authtoken.token_cache_time = 300 {{(pid=68943) log_opt_values /opt/stack/data/venv/lib/python3.12/site-packages/oslo_config/cfg.py:3560}}
Aug 26 23:10:42 devstack devstack@n-api.service[68942]: DEBUG nova.api.openstack.wsgi_app [None req-33289a10-6bb6-484c-8989-2c3a3327570f None None] keystone_authtoken.default_domain_id = None {{(pid=68942) log_opt_values /opt/stack/data/venv/lib/python3.12/site-packages/oslo_config/cfg.py:3560}}
Aug 26 23:10:42 devstack devstack@n-api.service[68943]: DEBUG nova.api.openstack.wsgi_app [None req-5b746759-08ff-4997-a592-6cdd93c9d6af None None] keystone_authtoken.trust_id = None {{(pid=68943) log_opt_values /opt/stack/data/venv/lib/python3.12/site-packages/oslo_config/cfg.py:3560}}
Aug 26 23:10:42 devstack devstack@n-api.service[68942]: DEBUG nova.api.openstack.wsgi_app [None req-33289a10-6bb6-484c-8989-2c3a3327570f None None] keystone_authtoken.default_domain_name = None {{(pid=68942) log_opt_values /opt/stack/data/venv/lib/python3.12/site-packages/oslo_config/cfg.py:3560}}
Aug 26 23:10:42 devstack devstack@n-api.service[68943]: DEBUG nova.api.openstack.wsgi_app [None req-5b746759-08ff-4997-a592-6cdd93c9d6af None None] keystone_authtoken.user_domain_id = None {{(pid=68943) log_opt_values /opt/stack/data/venv/lib/python3.12/site-packages/oslo_config/cfg.py:3560}}
Aug 26 23:10:42 devstack devstack@n-api.service[68942]: DEBUG nova.api.openstack.wsgi_app [None req-33289a10-6bb6-484c-8989-2c3a3327570f None None] keystone_authtoken.delay_auth_decision = False {{(pid=68942) log_opt_values /opt/stack/data/venv/lib/python3.12/site-packages/oslo_config/cfg.py:3560}}
Aug 26 23:10:42 devstack devstack@n-api.service[68943]: DEBUG nova.api.openstack.wsgi_app [None req-5b746759-08ff-4997-a592-6cdd93c9d6af None None] keystone_authtoken.user_domain_name = Default {{(pid=68943) log_opt_values /opt/stack/data/venv/lib/python3.12/site-packages/oslo_config/cfg.py:3560}}
Aug 26 23:10:42 devstack devstack@n-api.service[68942]: DEBUG nova.api.openstack.wsgi_app [None req-33289a10-6bb6-484c-8989-2c3a3327570f None None] keystone_authtoken.domain_id = None {{(pid=68942) log_opt_values /opt/stack/data/venv/lib/python3.12/site-packages/oslo_config/cfg.py:3560}}
Aug 26 23:10:42 devstack devstack@n-api.service[68943]: DEBUG nova.api.openstack.wsgi_app [None req-5b746759-08ff-4997-a592-6cdd93c9d6af None None] keystone_authtoken.user_id = None {{(pid=68943) log_opt_values /opt/stack/data/venv/lib/python3.12/site-packages/oslo_config/cfg.py:3560}}
Aug 26 23:10:42 devstack devstack@n-api.service[68942]: DEBUG nova.api.openstack.wsgi_app [None req-33289a10-6bb6-484c-8989-2c3a3327570f None None] keystone_authtoken.domain_name = None {{(pid=68942) log_opt_values /opt/stack/data/venv/lib/python3.12/site-packages/oslo_config/cfg.py:3560}}
Aug 26 23:10:42 devstack devstack@n-api.service[68943]: DEBUG nova.api.openstack.wsgi_app [None req-5b746759-08ff-4997-a592-6cdd93c9d6af None None] keystone_authtoken.username = nova {{(pid=68943) log_opt_values /opt/stack/data/venv/lib/python3.12/site-packages/oslo_config/cfg.py:3560}}
Aug 26 23:10:42 devstack devstack@n-api.service[68942]: DEBUG nova.api.openstack.wsgi_app [None req-33289a10-6bb6-484c-8989-2c3a3327570f None None] keystone_authtoken.enforce_token_bind = permissive {{(pid=68942) log_opt_values /opt/stack/data/venv/lib/python3.12/site-packages/oslo_config/cfg.py:3560}}
Aug 26 23:10:42 devstack devstack@n-api.service[68943]: DEBUG nova.api.openstack.wsgi_app [None req-5b746759-08ff-4997-a592-6cdd93c9d6af None None] keystone_authtoken.www_authenticate_uri = http://192.168.122.60/identity {{(pid=68943) log_opt_values /opt/stack/data/venv/lib/python3.12/site-packages/oslo_config/cfg.py:3560}}
Aug 26 23:10:42 devstack devstack@n-api.service[68942]: DEBUG nova.api.openstack.wsgi_app [None req-33289a10-6bb6-484c-8989-2c3a3327570f None None] keystone_authtoken.http_connect_timeout = None {{(pid=68942) log_opt_values /opt/stack/data/venv/lib/python3.12/site-packages/oslo_config/cfg.py:3560}}
Aug 26 23:10:42 devstack devstack@n-api.service[68943]: DEBUG nova.api.openstack.wsgi_app [None req-5b746759-08ff-4997-a592-6cdd93c9d6af None None] ******************************************************************************** {{(pid=68943) log_opt_values /opt/stack/data/venv/lib/python3.12/site-packages/oslo_config/cfg.py:3567}}
Aug 26 23:10:42 devstack devstack@n-api.service[68943]: WSGI app 0 (mountpoint='') ready in 7 seconds on interpreter 0x77936e2a4668 pid: 68943 (default app)
Aug 26 23:10:42 devstack devstack@n-api.service[68942]: DEBUG nova.api.openstack.wsgi_app [None req-33289a10-6bb6-484c-8989-2c3a3327570f None None] keystone_authtoken.http_request_max_retries = 3 {{(pid=68942) log_opt_values /opt/stack/data/venv/lib/python3.12/site-packages/oslo_config/cfg.py:3560}}
Aug 26 23:10:42 devstack devstack@n-api.service[68942]: DEBUG nova.api.openstack.wsgi_app [None req-33289a10-6bb6-484c-8989-2c3a3327570f None None] keystone_authtoken.include_service_catalog = True {{(pid=68942) log_opt_values /opt/stack/data/venv/lib/python3.12/site-packages/oslo_config/cfg.py:3560}}
Aug 26 23:10:42 devstack devstack@n-api.service[68942]: DEBUG nova.api.openstack.wsgi_app [None req-33289a10-6bb6-484c-8989-2c3a3327570f None None] keystone_authtoken.insecure = False {{(pid=68942) log_opt_values /opt/stack/data/venv/lib/python3.12/site-packages/oslo_config/cfg.py:3560}}
Aug 26 23:10:42 devstack devstack@n-api.service[68942]: DEBUG nova.api.openstack.wsgi_app [None req-33289a10-6bb6-484c-8989-2c3a3327570f None None] keystone_authtoken.interface = public {{(pid=68942) log_opt_values /opt/stack/data/venv/lib/python3.12/site-packages/oslo_config/cfg.py:3560}}
Aug 26 23:10:42 devstack devstack@n-api.service[68943]: DEBUG nova.api.openstack.wsgi [None req-5b746759-08ff-4997-a592-6cdd93c9d6af None None] Calling method '>' {{(pid=68943) _process_stack /opt/stack/nova/nova/api/openstack/wsgi.py:551}}
Aug 26 23:10:42 devstack devstack@n-api.service[68942]: DEBUG nova.api.openstack.wsgi_app [None req-33289a10-6bb6-484c-8989-2c3a3327570f None None] keystone_authtoken.keyfile = None {{(pid=68942) log_opt_values /opt/stack/data/venv/lib/python3.12/site-packages/oslo_config/cfg.py:3560}}
Aug 26 23:10:42 devstack devstack@n-api.service[68942]: DEBUG nova.api.openstack.wsgi_app [None req-33289a10-6bb6-484c-8989-2c3a3327570f None None] keystone_authtoken.memcache_password = **** {{(pid=68942) log_opt_values /opt/stack/data/venv/lib/python3.12/site-packages/oslo_config/cfg.py:3560}}
Aug 26 23:10:42 devstack devstack@n-api.service[68942]: DEBUG nova.api.openstack.wsgi_app [None req-33289a10-6bb6-484c-8989-2c3a3327570f None None] keystone_authtoken.memcache_pool_conn_get_timeout = 10 {{(pid=68942) log_opt_values /opt/stack/data/venv/lib/python3.12/site-packages/oslo_config/cfg.py:3560}}
Aug 26 23:10:42 devstack devstack@n-api.service[68942]: DEBUG nova.api.openstack.wsgi_app [None req-33289a10-6bb6-484c-8989-2c3a3327570f None None] keystone_authtoken.memcache_pool_dead_retry = 300 {{(pid=68942) log_opt_values /opt/stack/data/venv/lib/python3.12/site-packages/oslo_config/cfg.py:3560}}
Aug 26 23:10:42 devstack devstack@n-api.service[68942]: DEBUG nova.api.openstack.wsgi_app [None req-33289a10-6bb6-484c-8989-2c3a3327570f None None] keystone_authtoken.memcache_pool_maxsize = 10 {{(pid=68942) log_opt_values /opt/stack/data/venv/lib/python3.12/site-packages/oslo_config/cfg.py:3560}}
Aug 26 23:10:42 devstack devstack@n-api.service[68942]: DEBUG nova.api.openstack.wsgi_app [None req-33289a10-6bb6-484c-8989-2c3a3327570f None None] keystone_authtoken.memcache_pool_socket_timeout = 3 {{(pid=68942) log_opt_values /opt/stack/data/venv/lib/python3.12/site-packages/oslo_config/cfg.py:3560}}
Aug 26 23:10:42 devstack devstack@n-api.service[68942]: DEBUG nova.api.openstack.wsgi_app [None req-33289a10-6bb6-484c-8989-2c3a3327570f None None] keystone_authtoken.memcache_pool_unused_timeout = 60 {{(pid=68942) log_opt_values /opt/stack/data/venv/lib/python3.12/site-packages/oslo_config/cfg.py:3560}}
Aug 26 23:10:42 devstack devstack@n-api.service[68942]: DEBUG nova.api.openstack.wsgi_app [None req-33289a10-6bb6-484c-8989-2c3a3327570f None None] keystone_authtoken.memcache_sasl_enabled = False {{(pid=68942) log_opt_values /opt/stack/data/venv/lib/python3.12/site-packages/oslo_config/cfg.py:3560}}
Aug 26 23:10:42 devstack devstack@n-api.service[68942]: DEBUG nova.api.openstack.wsgi_app [None req-33289a10-6bb6-484c-8989-2c3a3327570f None None] keystone_authtoken.memcache_secret_key = **** {{(pid=68942) log_opt_values /opt/stack/data/venv/lib/python3.12/site-packages/oslo_config/cfg.py:3560}}
Aug 26 23:10:42 devstack devstack@n-api.service[68942]: DEBUG nova.api.openstack.wsgi_app [None req-33289a10-6bb6-484c-8989-2c3a3327570f None None] keystone_authtoken.memcache_security_strategy = None {{(pid=68942) log_opt_values /opt/stack/data/venv/lib/python3.12/site-packages/oslo_config/cfg.py:3560}}
Aug 26 23:10:42 devstack devstack@n-api.service[68942]: DEBUG nova.api.openstack.wsgi_app [None req-33289a10-6bb6-484c-8989-2c3a3327570f None None] keystone_authtoken.memcache_tls_allowed_ciphers = None {{(pid=68942) log_opt_values /opt/stack/data/venv/lib/python3.12/site-packages/oslo_config/cfg.py:3560}}
Aug 26 23:10:42 devstack devstack@n-api.service[68942]: DEBUG nova.api.openstack.wsgi_app [None req-33289a10-6bb6-484c-8989-2c3a3327570f None None] keystone_authtoken.memcache_tls_cafile = None {{(pid=68942) log_opt_values /opt/stack/data/venv/lib/python3.12/site-packages/oslo_config/cfg.py:3560}}
Aug 26 23:10:42 devstack devstack@n-api.service[68942]: DEBUG nova.api.openstack.wsgi_app [None req-33289a10-6bb6-484c-8989-2c3a3327570f None None] keystone_authtoken.memcache_tls_certfile = None {{(pid=68942) log_opt_values /opt/stack/data/venv/lib/python3.12/site-packages/oslo_config/cfg.py:3560}}
Aug 26 23:10:42 devstack devstack@n-api.service[68943]: INFO nova.api.openstack.requestlog [None req-5b746759-08ff-4997-a592-6cdd93c9d6af None None] 192.168.122.60 "GET /compute/v2.1/" status: 200 len: 392 microversion: 2.1 time: 0.005262
Aug 26 23:10:42 devstack devstack@n-api.service[68942]: DEBUG nova.api.openstack.wsgi_app [None req-33289a10-6bb6-484c-8989-2c3a3327570f None None] keystone_authtoken.memcache_tls_enabled = False {{(pid=68942) log_opt_values /opt/stack/data/venv/lib/python3.12/site-packages/oslo_config/cfg.py:3560}}
Aug 26 23:10:42 devstack devstack@n-api.service[68943]: [pid: 68943|app: 0|req: 1/1] 192.168.122.60 () {50 vars in 786 bytes} [Wed Aug 26 23:10:42 2026] GET /compute/v2.1/ => generated 392 bytes in 6 msecs (HTTP/1.1 200) 9 headers in 357 bytes (1 switches on core 0)
Aug 26 23:10:42 devstack devstack@n-api.service[68942]: DEBUG nova.api.openstack.wsgi_app [None req-33289a10-6bb6-484c-8989-2c3a3327570f None None] keystone_authtoken.memcache_tls_keyfile = None {{(pid=68942) log_opt_values /opt/stack/data/venv/lib/python3.12/site-packages/oslo_config/cfg.py:3560}}
Aug 26 23:10:42 devstack devstack@n-api.service[68942]: DEBUG nova.api.openstack.wsgi_app [None req-33289a10-6bb6-484c-8989-2c3a3327570f None None] keystone_authtoken.memcache_use_advanced_pool = True {{(pid=68942) log_opt_values /opt/stack/data/venv/lib/python3.12/site-packages/oslo_config/cfg.py:3560}}
Aug 26 23:10:42 devstack devstack@n-api.service[68942]: DEBUG nova.api.openstack.wsgi_app [None req-33289a10-6bb6-484c-8989-2c3a3327570f None None] keystone_authtoken.memcache_username = None {{(pid=68942) log_opt_values /opt/stack/data/venv/lib/python3.12/site-packages/oslo_config/cfg.py:3560}}
Aug 26 23:10:42 devstack devstack@n-api.service[68942]: DEBUG nova.api.openstack.wsgi_app [None req-33289a10-6bb6-484c-8989-2c3a3327570f None None] keystone_authtoken.memcached_servers = ['localhost:11211'] {{(pid=68942) log_opt_values /opt/stack/data/venv/lib/python3.12/site-packages/oslo_config/cfg.py:3560}}
Aug 26 23:10:42 devstack devstack@n-api.service[68942]: DEBUG nova.api.openstack.wsgi_app [None req-33289a10-6bb6-484c-8989-2c3a3327570f None None] keystone_authtoken.password = **** {{(pid=68942) log_opt_values /opt/stack/data/venv/lib/python3.12/site-packages/oslo_config/cfg.py:3560}}
Aug 26 23:10:42 devstack devstack@n-api.service[68942]: DEBUG nova.api.openstack.wsgi_app [None req-33289a10-6bb6-484c-8989-2c3a3327570f None None] keystone_authtoken.project_domain_id = None {{(pid=68942) log_opt_values /opt/stack/data/venv/lib/python3.12/site-packages/oslo_config/cfg.py:3560}}
Aug 26 23:10:42 devstack devstack@n-api.service[68942]: DEBUG nova.api.openstack.wsgi_app [None req-33289a10-6bb6-484c-8989-2c3a3327570f None None] keystone_authtoken.project_domain_name = Default {{(pid=68942) log_opt_values /opt/stack/data/venv/lib/python3.12/site-packages/oslo_config/cfg.py:3560}}
Aug 26 23:10:42 devstack devstack@n-api.service[68942]: DEBUG nova.api.openstack.wsgi_app [None req-33289a10-6bb6-484c-8989-2c3a3327570f None None] keystone_authtoken.project_id = None {{(pid=68942) log_opt_values /opt/stack/data/venv/lib/python3.12/site-packages/oslo_config/cfg.py:3560}}
Aug 26 23:10:42 devstack devstack@n-api.service[68942]: DEBUG nova.api.openstack.wsgi_app [None req-33289a10-6bb6-484c-8989-2c3a3327570f None None] keystone_authtoken.project_name = service {{(pid=68942) log_opt_values /opt/stack/data/venv/lib/python3.12/site-packages/oslo_config/cfg.py:3560}}
Aug 26 23:10:42 devstack devstack@n-api.service[68942]: DEBUG nova.api.openstack.wsgi_app [None req-33289a10-6bb6-484c-8989-2c3a3327570f None None] keystone_authtoken.region_name = None {{(pid=68942) log_opt_values /opt/stack/data/venv/lib/python3.12/site-packages/oslo_config/cfg.py:3560}}
Aug 26 23:10:42 devstack devstack@n-api.service[68942]: DEBUG nova.api.openstack.wsgi_app [None req-33289a10-6bb6-484c-8989-2c3a3327570f None None] keystone_authtoken.service_token_roles = ['service'] {{(pid=68942) log_opt_values /opt/stack/data/venv/lib/python3.12/site-packages/oslo_config/cfg.py:3560}}
Aug 26 23:10:42 devstack devstack@n-api.service[68942]: DEBUG nova.api.openstack.wsgi_app [None req-33289a10-6bb6-484c-8989-2c3a3327570f None None] keystone_authtoken.service_token_roles_required = True {{(pid=68942) log_opt_values /opt/stack/data/venv/lib/python3.12/site-packages/oslo_config/cfg.py:3560}}
Aug 26 23:10:42 devstack devstack@n-api.service[68942]: DEBUG nova.api.openstack.wsgi_app [None req-33289a10-6bb6-484c-8989-2c3a3327570f None None] keystone_authtoken.service_type = None {{(pid=68942) log_opt_values /opt/stack/data/venv/lib/python3.12/site-packages/oslo_config/cfg.py:3560}}
Aug 26 23:10:42 devstack devstack@n-api.service[68942]: DEBUG nova.api.openstack.wsgi_app [None req-33289a10-6bb6-484c-8989-2c3a3327570f None None] keystone_authtoken.system_scope = None {{(pid=68942) log_opt_values /opt/stack/data/venv/lib/python3.12/site-packages/oslo_config/cfg.py:3560}}
Aug 26 23:10:42 devstack devstack@n-api.service[68942]: DEBUG nova.api.openstack.wsgi_app [None req-33289a10-6bb6-484c-8989-2c3a3327570f None None] keystone_authtoken.token_cache_time = 300 {{(pid=68942) log_opt_values /opt/stack/data/venv/lib/python3.12/site-packages/oslo_config/cfg.py:3560}}
Aug 26 23:10:42 devstack devstack@n-api.service[68942]: DEBUG nova.api.openstack.wsgi_app [None req-33289a10-6bb6-484c-8989-2c3a3327570f None None] keystone_authtoken.trust_id = None {{(pid=68942) log_opt_values /opt/stack/data/venv/lib/python3.12/site-packages/oslo_config/cfg.py:3560}}
Aug 26 23:10:42 devstack devstack@n-api.service[68942]: DEBUG nova.api.openstack.wsgi_app [None req-33289a10-6bb6-484c-8989-2c3a3327570f None None] keystone_authtoken.user_domain_id = None {{(pid=68942) log_opt_values /opt/stack/data/venv/lib/python3.12/site-packages/oslo_config/cfg.py:3560}}
Aug 26 23:10:42 devstack devstack@n-api.service[68942]: DEBUG nova.api.openstack.wsgi_app [None req-33289a10-6bb6-484c-8989-2c3a3327570f None None] keystone_authtoken.user_domain_name = Default {{(pid=68942) log_opt_values /opt/stack/data/venv/lib/python3.12/site-packages/oslo_config/cfg.py:3560}}
Aug 26 23:10:42 devstack devstack@n-api.service[68942]: DEBUG nova.api.openstack.wsgi_app [None req-33289a10-6bb6-484c-8989-2c3a3327570f None None] keystone_authtoken.user_id = None {{(pid=68942) log_opt_values /opt/stack/data/venv/lib/python3.12/site-packages/oslo_config/cfg.py:3560}}
Aug 26 23:10:42 devstack devstack@n-api.service[68942]: DEBUG nova.api.openstack.wsgi_app [None req-33289a10-6bb6-484c-8989-2c3a3327570f None None] keystone_authtoken.username = nova {{(pid=68942) log_opt_values /opt/stack/data/venv/lib/python3.12/site-packages/oslo_config/cfg.py:3560}}
Aug 26 23:10:42 devstack devstack@n-api.service[68942]: DEBUG nova.api.openstack.wsgi_app [None req-33289a10-6bb6-484c-8989-2c3a3327570f None None] keystone_authtoken.www_authenticate_uri = http://192.168.122.60/identity {{(pid=68942) log_opt_values /opt/stack/data/venv/lib/python3.12/site-packages/oslo_config/cfg.py:3560}}
Aug 26 23:10:42 devstack devstack@n-api.service[68942]: DEBUG nova.api.openstack.wsgi_app [None req-33289a10-6bb6-484c-8989-2c3a3327570f None None] ******************************************************************************** {{(pid=68942) log_opt_values /opt/stack/data/venv/lib/python3.12/site-packages/oslo_config/cfg.py:3567}}
Aug 26 23:10:42 devstack devstack@n-api.service[68942]: WSGI app 0 (mountpoint='') ready in 7 seconds on interpreter 0x77936e2a4668 pid: 68942 (default app)
Aug 26 23:10:49 devstack devstack@n-api.service[68943]: DEBUG dbcounter [-] [68943] Writing DB stats nova_api:SELECT=1 {{(pid=68943) stat_writer /opt/stack/data/venv/lib/python3.12/site-packages/dbcounter.py:115}}
Aug 26 23:10:49 devstack devstack@n-api.service[68942]: DEBUG dbcounter [-] [68942] Writing DB stats nova_api:SELECT=1 {{(pid=68942) stat_writer /opt/stack/data/venv/lib/python3.12/site-packages/dbcounter.py:115}}
Aug 26 23:10:49 devstack devstack@n-api.service[68943]: DEBUG dbcounter [-] [68943] Writing DB stats nova_cell1:SELECT=1 {{(pid=68943) stat_writer /opt/stack/data/venv/lib/python3.12/site-packages/dbcounter.py:115}}
Aug 26 23:10:49 devstack devstack@n-api.service[68943]: DEBUG dbcounter [-] [68943] Writing DB stats nova_cell0:SELECT=1 {{(pid=68943) stat_writer /opt/stack/data/venv/lib/python3.12/site-packages/dbcounter.py:115}}
Aug 26 23:10:49 devstack devstack@n-api.service[68942]: DEBUG dbcounter [-] [68942] Writing DB stats nova_cell0:SELECT=1 {{(pid=68942) stat_writer /opt/stack/data/venv/lib/python3.12/site-packages/dbcounter.py:115}}
Aug 26 23:10:49 devstack devstack@n-api.service[68942]: DEBUG dbcounter [-] [68942] Writing DB stats nova_cell1:SELECT=1 {{(pid=68942) stat_writer /opt/stack/data/venv/lib/python3.12/site-packages/dbcounter.py:115}}
Aug 26 23:10:49 devstack devstack@n-api.service[68943]: DEBUG dbcounter [-] [68943] Writing DB stats nova_cell0:SELECT=2,nova_cell0:INSERT=1 {{(pid=68943) stat_writer /opt/stack/data/venv/lib/python3.12/site-packages/dbcounter.py:115}}
Aug 26 23:10:49 devstack devstack@n-api.service[68942]: DEBUG dbcounter [-] [68942] Writing DB stats nova_cell0:SELECT=2,nova_cell0:INSERT=1 {{(pid=68942) stat_writer /opt/stack/data/venv/lib/python3.12/site-packages/dbcounter.py:115}}
Aug 26 23:13:01 devstack devstack@n-api.service[68943]: DEBUG nova.api.openstack.wsgi [None req-5b746759-08ff-4997-a592-6cdd93c9d6af None None] Calling method '>' {{(pid=68943) _process_stack /opt/stack/nova/nova/api/openstack/wsgi.py:551}}
Aug 26 23:13:01 devstack devstack@n-api.service[68943]: INFO nova.api.openstack.requestlog [None req-5b746759-08ff-4997-a592-6cdd93c9d6af None None] 192.168.122.60 "GET /compute/v2.1" status: 200 len: 392 microversion: 2.1 time: 0.008881
Aug 26 23:13:01 devstack devstack@n-api.service[68943]: [pid: 68943|app: 0|req: 2/2] 192.168.122.60 () {54 vars in 930 bytes} [Wed Aug 26 23:13:01 2026] GET /compute/v2.1 => generated 392 bytes in 13 msecs (HTTP/1.1 200) 9 headers in 357 bytes (1 switches on core 0)
Aug 26 23:13:01 devstack devstack@n-api.service[68942]: DEBUG oslo_concurrency.lockutils [None req-54f96cc0-d246-4978-8178-26b525beeedc admin admin] Acquiring lock "nova-policy-init" {{(pid=68942) lock /opt/stack/data/venv/lib/python3.12/site-packages/oslo_concurrency/lockutils.py:396}}
Aug 26 23:13:01 devstack devstack@n-api.service[68942]: DEBUG oslo_concurrency.lockutils [None req-54f96cc0-d246-4978-8178-26b525beeedc admin admin] Acquired lock "nova-policy-init" {{(pid=68942) lock /opt/stack/data/venv/lib/python3.12/site-packages/oslo_concurrency/lockutils.py:399}}
Aug 26 23:13:01 devstack devstack@n-api.service[68942]: DEBUG oslo_concurrency.lockutils [None req-54f96cc0-d246-4978-8178-26b525beeedc admin admin] Releasing lock "nova-policy-init" {{(pid=68942) lock /opt/stack/data/venv/lib/python3.12/site-packages/oslo_concurrency/lockutils.py:419}}
Aug 26 23:13:02 devstack devstack@n-api.service[68942]: DEBUG nova.api.openstack.wsgi [None req-54f96cc0-d246-4978-8178-26b525beeedc admin admin] Calling method '>' {{(pid=68942) _process_stack /opt/stack/nova/nova/api/openstack/wsgi.py:551}}
Aug 26 23:13:02 devstack devstack@n-api.service[68942]: INFO nova.api.openstack.requestlog [None req-54f96cc0-d246-4978-8178-26b525beeedc admin admin] 192.168.122.60 "GET /compute/v2.1/flavors/detail?is_public=True" status: 200 len: 15 microversion: 2.61 time: 0.548051
Aug 26 23:13:02 devstack devstack@n-api.service[68942]: [pid: 68942|app: 0|req: 1/3] 192.168.122.60 () {60 vars in 1291 bytes} [Wed Aug 26 23:13:01 2026] GET /compute/v2.1/flavors/detail?is_public=True => generated 15 bytes in 553 msecs (HTTP/1.1 200) 9 headers in 358 bytes (1 switches on core 0)
Aug 26 23:13:05 devstack devstack@n-api.service[68943]: DEBUG nova.api.openstack.wsgi [None req-5b746759-08ff-4997-a592-6cdd93c9d6af None None] Calling method '>' {{(pid=68943) _process_stack /opt/stack/nova/nova/api/openstack/wsgi.py:551}}
Aug 26 23:13:05 devstack devstack@n-api.service[68943]: INFO nova.api.openstack.requestlog [None req-5b746759-08ff-4997-a592-6cdd93c9d6af None None] 192.168.122.60 "GET /compute/v2.1" status: 200 len: 392 microversion: 2.1 time: 0.007051
Aug 26 23:13:05 devstack devstack@n-api.service[68943]: [pid: 68943|app: 0|req: 3/4] 192.168.122.60 () {54 vars in 930 bytes} [Wed Aug 26 23:13:05 2026] GET /compute/v2.1 => generated 392 bytes in 8 msecs (HTTP/1.1 200) 9 headers in 357 bytes (1 switches on core 0)
Aug 26 23:13:05 devstack devstack@n-api.service[68942]: DEBUG nova.api.openstack.wsgi [None req-63b8feb2-e47e-47bd-ab75-87cc89722fd2 admin admin] Action: 'create', calling method: >, body: {"flavor": {"name": "cirros256", "ram": 256, "swap": 0, "disk": 1, "id": "c1", "vcpus": 1, "OS-FLV-EXT-DATA:ephemeral": 0, "os-flavor-access:is_public": true}} {{(pid=68942) _process_stack /opt/stack/nova/nova/api/openstack/wsgi.py:549}}
Aug 26 23:13:05 devstack devstack@n-api.service[68942]: INFO nova.api.openstack.requestlog [None req-63b8feb2-e47e-47bd-ab75-87cc89722fd2 admin admin] 192.168.122.60 "POST /compute/v2.1/flavors" status: 200 len: 413 microversion: 2.61 time: 0.121954
Aug 26 23:13:05 devstack devstack@n-api.service[68942]: [pid: 68942|app: 0|req: 2/5] 192.168.122.60 () {64 vars in 1282 bytes} [Wed Aug 26 23:13:05 2026] POST /compute/v2.1/flavors => generated 413 bytes in 124 msecs (HTTP/1.1 200) 9 headers in 359 bytes (1 switches on core 0)
Aug 26 23:13:05 devstack devstack@n-api.service[68943]: DEBUG oslo_concurrency.lockutils [None req-8dc6e41b-f84a-4571-adac-84ced09e4f29 admin admin] Acquiring lock "nova-policy-init" {{(pid=68943) lock /opt/stack/data/venv/lib/python3.12/site-packages/oslo_concurrency/lockutils.py:396}}
Aug 26 23:13:05 devstack devstack@n-api.service[68943]: DEBUG oslo_concurrency.lockutils [None req-8dc6e41b-f84a-4571-adac-84ced09e4f29 admin admin] Acquired lock "nova-policy-init" {{(pid=68943) lock /opt/stack/data/venv/lib/python3.12/site-packages/oslo_concurrency/lockutils.py:399}}
Aug 26 23:13:05 devstack devstack@n-api.service[68943]: DEBUG oslo_concurrency.lockutils [None req-8dc6e41b-f84a-4571-adac-84ced09e4f29 admin admin] Releasing lock "nova-policy-init" {{(pid=68943) lock /opt/stack/data/venv/lib/python3.12/site-packages/oslo_concurrency/lockutils.py:419}}
Aug 26 23:13:05 devstack devstack@n-api.service[68943]: DEBUG nova.api.openstack.wsgi [None req-8dc6e41b-f84a-4571-adac-84ced09e4f29 admin admin] Action: 'create', calling method: >, body: {"extra_specs": {"hw_rng:allowed": "True"}} {{(pid=68943) _process_stack /opt/stack/nova/nova/api/openstack/wsgi.py:549}}
Aug 26 23:13:05 devstack devstack@n-api.service[68943]: INFO nova.api.openstack.requestlog [None req-8dc6e41b-f84a-4571-adac-84ced09e4f29 admin admin] 192.168.122.60 "POST /compute/v2.1/flavors/c1/os-extra_specs" status: 200 len: 43 microversion: 2.61 time: 0.441847
Aug 26 23:13:05 devstack devstack@n-api.service[68943]: [pid: 68943|app: 0|req: 4/6] 192.168.122.60 () {64 vars in 1335 bytes} [Wed Aug 26 23:13:05 2026] POST /compute/v2.1/flavors/c1/os-extra_specs => generated 43 bytes in 443 msecs (HTTP/1.1 200) 9 headers in 358 bytes (1 switches on core 0)
Aug 26 23:13:09 devstack devstack@n-api.service[68942]: DEBUG nova.api.openstack.wsgi [None req-63b8feb2-e47e-47bd-ab75-87cc89722fd2 admin admin] Calling method '>' {{(pid=68942) _process_stack /opt/stack/nova/nova/api/openstack/wsgi.py:551}}
Aug 26 23:13:09 devstack devstack@n-api.service[68942]: INFO nova.api.openstack.requestlog [None req-63b8feb2-e47e-47bd-ab75-87cc89722fd2 admin admin] 192.168.122.60 "GET /compute/v2.1" status: 200 len: 392 microversion: 2.1 time: 0.007470
Aug 26 23:13:09 devstack devstack@n-api.service[68942]: [pid: 68942|app: 0|req: 3/7] 192.168.122.60 () {54 vars in 930 bytes} [Wed Aug 26 23:13:09 2026] GET /compute/v2.1 => generated 392 bytes in 8 msecs (HTTP/1.1 200) 9 headers in 357 bytes (1 switches on core 0)
Aug 26 23:13:09 devstack devstack@n-api.service[68943]: DEBUG nova.api.openstack.wsgi [None req-c64f9308-d7d6-4285-ab50-969c63f0f0b5 admin admin] Action: 'create', calling method: >, body: {"flavor": {"OS-FLV-EXT-DATA:ephemeral": 0, "ram": 512, "swap": 0, "os-flavor-access:is_public": true, "disk": 5, "name": "ds512M", "id": "d1", "vcpus": 1}} {{(pid=68943) _process_stack /opt/stack/nova/nova/api/openstack/wsgi.py:549}}
Aug 26 23:13:09 devstack devstack@n-api.service[68943]: INFO nova.api.openstack.requestlog [None req-c64f9308-d7d6-4285-ab50-969c63f0f0b5 admin admin] 192.168.122.60 "POST /compute/v2.1/flavors" status: 200 len: 410 microversion: 2.61 time: 0.244768
Aug 26 23:13:09 devstack devstack@n-api.service[68943]: [pid: 68943|app: 0|req: 5/8] 192.168.122.60 () {64 vars in 1282 bytes} [Wed Aug 26 23:13:09 2026] POST /compute/v2.1/flavors => generated 410 bytes in 246 msecs (HTTP/1.1 200) 9 headers in 359 bytes (2 switches on core 0)
Aug 26 23:13:09 devstack devstack@n-api.service[68942]: DEBUG nova.api.openstack.wsgi [None req-12bcc037-f253-40bf-bee7-03b0ebadb08e admin admin] Action: 'create', calling method: >, body: {"extra_specs": {"hw_rng:allowed": "True"}} {{(pid=68942) _process_stack /opt/stack/nova/nova/api/openstack/wsgi.py:549}}
Aug 26 23:13:09 devstack devstack@n-api.service[68942]: INFO nova.api.openstack.requestlog [None req-12bcc037-f253-40bf-bee7-03b0ebadb08e admin admin] 192.168.122.60 "POST /compute/v2.1/flavors/d1/os-extra_specs" status: 200 len: 43 microversion: 2.61 time: 0.063355
Aug 26 23:13:09 devstack devstack@n-api.service[68942]: [pid: 68942|app: 0|req: 4/9] 192.168.122.60 () {64 vars in 1335 bytes} [Wed Aug 26 23:13:09 2026] POST /compute/v2.1/flavors/d1/os-extra_specs => generated 43 bytes in 64 msecs (HTTP/1.1 200) 9 headers in 358 bytes (1 switches on core 0)
Aug 26 23:13:12 devstack devstack@n-api.service[68943]: DEBUG nova.api.openstack.wsgi [None req-c64f9308-d7d6-4285-ab50-969c63f0f0b5 admin admin] Calling method '>' {{(pid=68943) _process_stack /opt/stack/nova/nova/api/openstack/wsgi.py:551}}
Aug 26 23:13:12 devstack devstack@n-api.service[68943]: INFO nova.api.openstack.requestlog [None req-c64f9308-d7d6-4285-ab50-969c63f0f0b5 admin admin] 192.168.122.60 "GET /compute/v2.1" status: 200 len: 392 microversion: 2.1 time: 0.005522
Aug 26 23:13:12 devstack devstack@n-api.service[68943]: [pid: 68943|app: 0|req: 6/10] 192.168.122.60 () {54 vars in 930 bytes} [Wed Aug 26 23:13:12 2026] GET /compute/v2.1 => generated 392 bytes in 6 msecs (HTTP/1.1 200) 9 headers in 357 bytes (1 switches on core 0)
Aug 26 23:13:12 devstack devstack@n-api.service[68942]: DEBUG nova.api.openstack.wsgi [None req-16da7763-fdc1-446c-bdfe-858433655f85 admin admin] Action: 'create', calling method: >, body: {"flavor": {"id": "d2", "vcpus": 1, "swap": 0, "os-flavor-access:is_public": true, "ram": 1024, "OS-FLV-EXT-DATA:ephemeral": 0, "name": "ds1G", "disk": 10}} {{(pid=68942) _process_stack /opt/stack/nova/nova/api/openstack/wsgi.py:549}}
Aug 26 23:13:12 devstack devstack@n-api.service[68942]: INFO nova.api.openstack.requestlog [None req-16da7763-fdc1-446c-bdfe-858433655f85 admin admin] 192.168.122.60 "POST /compute/v2.1/flavors" status: 200 len: 410 microversion: 2.61 time: 0.153455
Aug 26 23:13:12 devstack devstack@n-api.service[68942]: [pid: 68942|app: 0|req: 5/11] 192.168.122.60 () {64 vars in 1282 bytes} [Wed Aug 26 23:13:12 2026] POST /compute/v2.1/flavors => generated 410 bytes in 155 msecs (HTTP/1.1 200) 9 headers in 359 bytes (1 switches on core 0)
Aug 26 23:13:12 devstack devstack@n-api.service[68943]: DEBUG nova.api.openstack.wsgi [None req-610dd56e-7fe3-4bdb-aa24-5668210cf646 admin admin] Action: 'create', calling method: >, body: {"extra_specs": {"hw_rng:allowed": "True"}} {{(pid=68943) _process_stack /opt/stack/nova/nova/api/openstack/wsgi.py:549}}
Aug 26 23:13:12 devstack devstack@n-api.service[68943]: INFO nova.api.openstack.requestlog [None req-610dd56e-7fe3-4bdb-aa24-5668210cf646 admin admin] 192.168.122.60 "POST /compute/v2.1/flavors/d2/os-extra_specs" status: 200 len: 43 microversion: 2.61 time: 0.035921
Aug 26 23:13:12 devstack devstack@n-api.service[68943]: [pid: 68943|app: 0|req: 7/12] 192.168.122.60 () {64 vars in 1335 bytes} [Wed Aug 26 23:13:12 2026] POST /compute/v2.1/flavors/d2/os-extra_specs => generated 43 bytes in 37 msecs (HTTP/1.1 200) 9 headers in 358 bytes (1 switches on core 0)
Aug 26 23:13:16 devstack devstack@n-api.service[68942]: DEBUG nova.api.openstack.wsgi [None req-16da7763-fdc1-446c-bdfe-858433655f85 admin admin] Calling method '>' {{(pid=68942) _process_stack /opt/stack/nova/nova/api/openstack/wsgi.py:551}}
Aug 26 23:13:16 devstack devstack@n-api.service[68942]: INFO nova.api.openstack.requestlog [None req-16da7763-fdc1-446c-bdfe-858433655f85 admin admin] 192.168.122.60 "GET /compute/v2.1" status: 200 len: 392 microversion: 2.1 time: 0.008644
Aug 26 23:13:16 devstack devstack@n-api.service[68942]: [pid: 68942|app: 0|req: 6/13] 192.168.122.60 () {54 vars in 930 bytes} [Wed Aug 26 23:13:16 2026] GET /compute/v2.1 => generated 392 bytes in 14 msecs (HTTP/1.1 200) 9 headers in 357 bytes (2 switches on core 0)
Aug 26 23:13:16 devstack devstack@n-api.service[68943]: DEBUG nova.api.openstack.wsgi [None req-e2c45dc3-77c3-412c-9c16-9b24f30d88b7 admin admin] Action: 'create', calling method: >, body: {"flavor": {"os-flavor-access:is_public": true, "name": "ds2G", "disk": 10, "id": "d3", "vcpus": 2, "swap": 0, "ram": 2048, "OS-FLV-EXT-DATA:ephemeral": 0}} {{(pid=68943) _process_stack /opt/stack/nova/nova/api/openstack/wsgi.py:549}}
Aug 26 23:13:16 devstack devstack@n-api.service[68943]: INFO nova.api.openstack.requestlog [None req-e2c45dc3-77c3-412c-9c16-9b24f30d88b7 admin admin] 192.168.122.60 "POST /compute/v2.1/flavors" status: 200 len: 410 microversion: 2.61 time: 0.093459
Aug 26 23:13:16 devstack devstack@n-api.service[68943]: [pid: 68943|app: 0|req: 8/14] 192.168.122.60 () {64 vars in 1282 bytes} [Wed Aug 26 23:13:16 2026] POST /compute/v2.1/flavors => generated 410 bytes in 95 msecs (HTTP/1.1 200) 9 headers in 359 bytes (2 switches on core 0)
Aug 26 23:13:16 devstack devstack@n-api.service[68942]: DEBUG nova.api.openstack.wsgi [None req-7bb6c6f9-c8c2-4b9c-a28a-3fe3ef8064f0 admin admin] Action: 'create', calling method: >, body: {"extra_specs": {"hw_rng:allowed": "True"}} {{(pid=68942) _process_stack /opt/stack/nova/nova/api/openstack/wsgi.py:549}}
Aug 26 23:13:16 devstack devstack@n-api.service[68942]: INFO nova.api.openstack.requestlog [None req-7bb6c6f9-c8c2-4b9c-a28a-3fe3ef8064f0 admin admin] 192.168.122.60 "POST /compute/v2.1/flavors/d3/os-extra_specs" status: 200 len: 43 microversion: 2.61 time: 0.057370
Aug 26 23:13:16 devstack devstack@n-api.service[68942]: [pid: 68942|app: 0|req: 7/15] 192.168.122.60 () {64 vars in 1335 bytes} [Wed Aug 26 23:13:16 2026] POST /compute/v2.1/flavors/d3/os-extra_specs => generated 43 bytes in 61 msecs (HTTP/1.1 200) 9 headers in 358 bytes (2 switches on core 0)
Aug 26 23:13:19 devstack devstack@n-api.service[68943]: DEBUG nova.api.openstack.wsgi [None req-e2c45dc3-77c3-412c-9c16-9b24f30d88b7 admin admin] Calling method '>' {{(pid=68943) _process_stack /opt/stack/nova/nova/api/openstack/wsgi.py:551}}
Aug 26 23:13:19 devstack devstack@n-api.service[68943]: INFO nova.api.openstack.requestlog [None req-e2c45dc3-77c3-412c-9c16-9b24f30d88b7 admin admin] 192.168.122.60 "GET /compute/v2.1" status: 200 len: 392 microversion: 2.1 time: 0.013761
Aug 26 23:13:19 devstack devstack@n-api.service[68943]: [pid: 68943|app: 0|req: 9/16] 192.168.122.60 () {54 vars in 930 bytes} [Wed Aug 26 23:13:19 2026] GET /compute/v2.1 => generated 392 bytes in 22 msecs (HTTP/1.1 200) 9 headers in 357 bytes (1 switches on core 0)
Aug 26 23:13:19 devstack devstack@n-api.service[68942]: DEBUG nova.api.openstack.wsgi [None req-8bf209ba-0312-4dc7-80c9-7d973dfa5c6e admin admin] Action: 'create', calling method: >, body: {"flavor": {"id": "d4", "swap": 0, "disk": 20, "os-flavor-access:is_public": true, "name": "ds4G", "vcpus": 4, "OS-FLV-EXT-DATA:ephemeral": 0, "ram": 4096}} {{(pid=68942) _process_stack /opt/stack/nova/nova/api/openstack/wsgi.py:549}}
Aug 26 23:13:19 devstack devstack@n-api.service[68942]: INFO nova.api.openstack.requestlog [None req-8bf209ba-0312-4dc7-80c9-7d973dfa5c6e admin admin] 192.168.122.60 "POST /compute/v2.1/flavors" status: 200 len: 410 microversion: 2.61 time: 0.091664
Aug 26 23:13:19 devstack devstack@n-api.service[68942]: [pid: 68942|app: 0|req: 8/17] 192.168.122.60 () {64 vars in 1282 bytes} [Wed Aug 26 23:13:19 2026] POST /compute/v2.1/flavors => generated 410 bytes in 93 msecs (HTTP/1.1 200) 9 headers in 359 bytes (1 switches on core 0)
Aug 26 23:13:19 devstack devstack@n-api.service[68943]: DEBUG nova.api.openstack.wsgi [None req-3ae84a6e-b46f-4d4d-b8c9-c936b7747f7b admin admin] Action: 'create', calling method: >, body: {"extra_specs": {"hw_rng:allowed": "True"}} {{(pid=68943) _process_stack /opt/stack/nova/nova/api/openstack/wsgi.py:549}}
Aug 26 23:13:19 devstack devstack@n-api.service[68943]: INFO nova.api.openstack.requestlog [None req-3ae84a6e-b46f-4d4d-b8c9-c936b7747f7b admin admin] 192.168.122.60 "POST /compute/v2.1/flavors/d4/os-extra_specs" status: 200 len: 43 microversion: 2.61 time: 0.035267
Aug 26 23:13:19 devstack devstack@n-api.service[68943]: [pid: 68943|app: 0|req: 10/18] 192.168.122.60 () {64 vars in 1335 bytes} [Wed Aug 26 23:13:19 2026] POST /compute/v2.1/flavors/d4/os-extra_specs => generated 43 bytes in 36 msecs (HTTP/1.1 200) 9 headers in 358 bytes (1 switches on core 0)
Aug 26 23:13:22 devstack devstack@n-api.service[68942]: DEBUG nova.api.openstack.wsgi [None req-8bf209ba-0312-4dc7-80c9-7d973dfa5c6e admin admin] Calling method '>' {{(pid=68942) _process_stack /opt/stack/nova/nova/api/openstack/wsgi.py:551}}
Aug 26 23:13:22 devstack devstack@n-api.service[68942]: INFO nova.api.openstack.requestlog [None req-8bf209ba-0312-4dc7-80c9-7d973dfa5c6e admin admin] 192.168.122.60 "GET /compute/v2.1" status: 200 len: 392 microversion: 2.1 time: 0.013618
Aug 26 23:13:22 devstack devstack@n-api.service[68942]: [pid: 68942|app: 0|req: 9/19] 192.168.122.60 () {54 vars in 930 bytes} [Wed Aug 26 23:13:22 2026] GET /compute/v2.1 => generated 392 bytes in 16 msecs (HTTP/1.1 200) 9 headers in 357 bytes (2 switches on core 0)
Aug 26 23:13:23 devstack devstack@n-api.service[68943]: DEBUG nova.api.openstack.wsgi [None req-00d217fb-a4db-42c0-aed1-1c1a893a1b31 admin admin] Calling method '>' {{(pid=68943) _process_stack /opt/stack/nova/nova/api/openstack/wsgi.py:551}}
Aug 26 23:13:23 devstack devstack@n-api.service[68943]: INFO nova.api.openstack.requestlog [None req-00d217fb-a4db-42c0-aed1-1c1a893a1b31 admin admin] 192.168.122.60 "GET /compute/v2.1/flavors/detail?is_public=True" status: 200 len: 2136 microversion: 2.61 time: 0.169938
Aug 26 23:13:23 devstack devstack@n-api.service[68943]: [pid: 68943|app: 0|req: 11/20] 192.168.122.60 () {60 vars in 1291 bytes} [Wed Aug 26 23:13:22 2026] GET /compute/v2.1/flavors/detail?is_public=True => generated 2136 bytes in 171 msecs (HTTP/1.1 200) 9 headers in 360 bytes (1 switches on core 0)
Aug 26 23:13:26 devstack devstack@n-api.service[68942]: DEBUG nova.api.openstack.wsgi [None req-8bf209ba-0312-4dc7-80c9-7d973dfa5c6e admin admin] Calling method '>' {{(pid=68942) _process_stack /opt/stack/nova/nova/api/openstack/wsgi.py:551}}
Aug 26 23:13:26 devstack devstack@n-api.service[68942]: INFO nova.api.openstack.requestlog [None req-8bf209ba-0312-4dc7-80c9-7d973dfa5c6e admin admin] 192.168.122.60 "GET /compute/v2.1" status: 200 len: 392 microversion: 2.1 time: 0.006553
Aug 26 23:13:26 devstack devstack@n-api.service[68942]: [pid: 68942|app: 0|req: 10/21] 192.168.122.60 () {54 vars in 930 bytes} [Wed Aug 26 23:13:26 2026] GET /compute/v2.1 => generated 392 bytes in 8 msecs (HTTP/1.1 200) 9 headers in 357 bytes (1 switches on core 0)
Aug 26 23:13:26 devstack devstack@n-api.service[68943]: DEBUG nova.api.openstack.wsgi [None req-e6624aae-73e2-4ee1-8bd6-756630314632 admin admin] Action: 'create', calling method: >, body: {"flavor": {"disk": 1, "id": "1", "os-flavor-access:is_public": true, "name": "m1.tiny", "ram": 512, "vcpus": 1, "swap": 0, "OS-FLV-EXT-DATA:ephemeral": 0}} {{(pid=68943) _process_stack /opt/stack/nova/nova/api/openstack/wsgi.py:549}}
Aug 26 23:13:26 devstack devstack@n-api.service[68943]: INFO nova.api.openstack.requestlog [None req-e6624aae-73e2-4ee1-8bd6-756630314632 admin admin] 192.168.122.60 "POST /compute/v2.1/flavors" status: 200 len: 408 microversion: 2.61 time: 0.079199
Aug 26 23:13:26 devstack devstack@n-api.service[68943]: [pid: 68943|app: 0|req: 12/22] 192.168.122.60 () {64 vars in 1282 bytes} [Wed Aug 26 23:13:26 2026] POST /compute/v2.1/flavors => generated 408 bytes in 80 msecs (HTTP/1.1 200) 9 headers in 359 bytes (1 switches on core 0)
Aug 26 23:13:26 devstack devstack@n-api.service[68942]: DEBUG nova.api.openstack.wsgi [None req-1597f767-ae6c-4504-ad13-6e291db67653 admin admin] Action: 'create', calling method: >, body: {"extra_specs": {"hw_rng:allowed": "True"}} {{(pid=68942) _process_stack /opt/stack/nova/nova/api/openstack/wsgi.py:549}}
Aug 26 23:13:26 devstack devstack@n-api.service[68942]: INFO nova.api.openstack.requestlog [None req-1597f767-ae6c-4504-ad13-6e291db67653 admin admin] 192.168.122.60 "POST /compute/v2.1/flavors/1/os-extra_specs" status: 200 len: 43 microversion: 2.61 time: 0.035575
Aug 26 23:13:26 devstack devstack@n-api.service[68942]: [pid: 68942|app: 0|req: 11/23] 192.168.122.60 () {64 vars in 1332 bytes} [Wed Aug 26 23:13:26 2026] POST /compute/v2.1/flavors/1/os-extra_specs => generated 43 bytes in 37 msecs (HTTP/1.1 200) 9 headers in 358 bytes (1 switches on core 0)
Aug 26 23:13:29 devstack devstack@n-api.service[68943]: DEBUG nova.api.openstack.wsgi [None req-e6624aae-73e2-4ee1-8bd6-756630314632 admin admin] Calling method '>' {{(pid=68943) _process_stack /opt/stack/nova/nova/api/openstack/wsgi.py:551}}
Aug 26 23:13:29 devstack devstack@n-api.service[68943]: INFO nova.api.openstack.requestlog [None req-e6624aae-73e2-4ee1-8bd6-756630314632 admin admin] 192.168.122.60 "GET /compute/v2.1" status: 200 len: 392 microversion: 2.1 time: 0.005953
Aug 26 23:13:29 devstack devstack@n-api.service[68943]: [pid: 68943|app: 0|req: 13/24] 192.168.122.60 () {54 vars in 930 bytes} [Wed Aug 26 23:13:29 2026] GET /compute/v2.1 => generated 392 bytes in 7 msecs (HTTP/1.1 200) 9 headers in 357 bytes (1 switches on core 0)
Aug 26 23:13:29 devstack devstack@n-api.service[68942]: DEBUG nova.api.openstack.wsgi [None req-c26eb644-80f4-4fde-9190-24a86afb69f2 admin admin] Action: 'create', calling method: >, body: {"flavor": {"swap": 0, "vcpus": 1, "disk": 20, "ram": 2048, "OS-FLV-EXT-DATA:ephemeral": 0, "id": "2", "os-flavor-access:is_public": true, "name": "m1.small"}} {{(pid=68942) _process_stack /opt/stack/nova/nova/api/openstack/wsgi.py:549}}
Aug 26 23:13:29 devstack devstack@n-api.service[68942]: INFO nova.api.openstack.requestlog [None req-c26eb644-80f4-4fde-9190-24a86afb69f2 admin admin] 192.168.122.60 "POST /compute/v2.1/flavors" status: 200 len: 411 microversion: 2.61 time: 0.089072
Aug 26 23:13:29 devstack devstack@n-api.service[68942]: [pid: 68942|app: 0|req: 12/25] 192.168.122.60 () {64 vars in 1282 bytes} [Wed Aug 26 23:13:29 2026] POST /compute/v2.1/flavors => generated 411 bytes in 90 msecs (HTTP/1.1 200) 9 headers in 359 bytes (1 switches on core 0)
Aug 26 23:13:29 devstack devstack@n-api.service[68943]: DEBUG nova.api.openstack.wsgi [None req-c48db0c3-e4e3-40cc-b180-a4cb4a84f57d admin admin] Action: 'create', calling method: >, body: {"extra_specs": {"hw_rng:allowed": "True"}} {{(pid=68943) _process_stack /opt/stack/nova/nova/api/openstack/wsgi.py:549}}
Aug 26 23:13:29 devstack devstack@n-api.service[68943]: INFO nova.api.openstack.requestlog [None req-c48db0c3-e4e3-40cc-b180-a4cb4a84f57d admin admin] 192.168.122.60 "POST /compute/v2.1/flavors/2/os-extra_specs" status: 200 len: 43 microversion: 2.61 time: 0.038188
Aug 26 23:13:29 devstack devstack@n-api.service[68943]: [pid: 68943|app: 0|req: 14/26] 192.168.122.60 () {64 vars in 1332 bytes} [Wed Aug 26 23:13:29 2026] POST /compute/v2.1/flavors/2/os-extra_specs => generated 43 bytes in 40 msecs (HTTP/1.1 200) 9 headers in 358 bytes (1 switches on core 0)
Aug 26 23:13:32 devstack devstack@n-api.service[68942]: DEBUG nova.api.openstack.wsgi [None req-c26eb644-80f4-4fde-9190-24a86afb69f2 admin admin] Calling method '>' {{(pid=68942) _process_stack /opt/stack/nova/nova/api/openstack/wsgi.py:551}}
Aug 26 23:13:32 devstack devstack@n-api.service[68942]: INFO nova.api.openstack.requestlog [None req-c26eb644-80f4-4fde-9190-24a86afb69f2 admin admin] 192.168.122.60 "GET /compute/v2.1" status: 200 len: 392 microversion: 2.1 time: 0.008821
Aug 26 23:13:32 devstack devstack@n-api.service[68942]: [pid: 68942|app: 0|req: 13/27] 192.168.122.60 () {54 vars in 930 bytes} [Wed Aug 26 23:13:32 2026] GET /compute/v2.1 => generated 392 bytes in 10 msecs (HTTP/1.1 200) 9 headers in 357 bytes (1 switches on core 0)
Aug 26 23:13:32 devstack devstack@n-api.service[68943]: DEBUG nova.api.openstack.wsgi [None req-001dd595-671e-4d9d-884a-2df05a575ce5 admin admin] Action: 'create', calling method: >, body: {"flavor": {"id": "3", "ram": 4096, "os-flavor-access:is_public": true, "vcpus": 2, "disk": 40, "swap": 0, "name": "m1.medium", "OS-FLV-EXT-DATA:ephemeral": 0}} {{(pid=68943) _process_stack /opt/stack/nova/nova/api/openstack/wsgi.py:549}}
Aug 26 23:13:32 devstack devstack@n-api.service[68943]: INFO nova.api.openstack.requestlog [None req-001dd595-671e-4d9d-884a-2df05a575ce5 admin admin] 192.168.122.60 "POST /compute/v2.1/flavors" status: 200 len: 412 microversion: 2.61 time: 0.099466
Aug 26 23:13:32 devstack devstack@n-api.service[68943]: [pid: 68943|app: 0|req: 15/28] 192.168.122.60 () {64 vars in 1282 bytes} [Wed Aug 26 23:13:32 2026] POST /compute/v2.1/flavors => generated 412 bytes in 101 msecs (HTTP/1.1 200) 9 headers in 359 bytes (1 switches on core 0)
Aug 26 23:13:32 devstack devstack@n-api.service[68942]: DEBUG nova.api.openstack.wsgi [None req-eb10ddf3-5922-4c03-86f3-16e180c26bfe admin admin] Action: 'create', calling method: >, body: {"extra_specs": {"hw_rng:allowed": "True"}} {{(pid=68942) _process_stack /opt/stack/nova/nova/api/openstack/wsgi.py:549}}
Aug 26 23:13:32 devstack devstack@n-api.service[68942]: INFO nova.api.openstack.requestlog [None req-eb10ddf3-5922-4c03-86f3-16e180c26bfe admin admin] 192.168.122.60 "POST /compute/v2.1/flavors/3/os-extra_specs" status: 200 len: 43 microversion: 2.61 time: 0.037354
Aug 26 23:13:32 devstack devstack@n-api.service[68942]: [pid: 68942|app: 0|req: 14/29] 192.168.122.60 () {64 vars in 1332 bytes} [Wed Aug 26 23:13:32 2026] POST /compute/v2.1/flavors/3/os-extra_specs => generated 43 bytes in 39 msecs (HTTP/1.1 200) 9 headers in 358 bytes (1 switches on core 0)
Aug 26 23:13:35 devstack devstack@n-api.service[68943]: DEBUG nova.api.openstack.wsgi [None req-001dd595-671e-4d9d-884a-2df05a575ce5 admin admin] Calling method '>' {{(pid=68943) _process_stack /opt/stack/nova/nova/api/openstack/wsgi.py:551}}
Aug 26 23:13:35 devstack devstack@n-api.service[68943]: INFO nova.api.openstack.requestlog [None req-001dd595-671e-4d9d-884a-2df05a575ce5 admin admin] 192.168.122.60 "GET /compute/v2.1" status: 200 len: 392 microversion: 2.1 time: 0.006031
Aug 26 23:13:35 devstack devstack@n-api.service[68943]: [pid: 68943|app: 0|req: 16/30] 192.168.122.60 () {54 vars in 930 bytes} [Wed Aug 26 23:13:35 2026] GET /compute/v2.1 => generated 392 bytes in 7 msecs (HTTP/1.1 200) 9 headers in 357 bytes (1 switches on core 0)
