Jul 13 13:51:38 devstack cinder-volume[87098]: DEBUG cinder.volume.manager [None req-76cb395c-41f9-462c-953d-7d8b5daa0dd6 tempest-GroupSnapshotsTest-803384794 None] Task 'cinder.volume.flows.manager.create_volume.ExtractVolumeRefTask;volume:create' (ae5892dd-b10f-4b24-9218-815fb21c5074) transitioned into state 'SUCCESS' from state 'RUNNING' with result 'Volume(_name_id=None,admin_metadata=,attach_status='detached',availability_zone='nova',bootable=False,cluster=,cluster_name=None,consistencygroup=,consistencygroup_id=None,created_at=2026-07-13T11:51:37Z,deleted=False,deleted_at=None,display_description=None,display_name='tempest-volume-917988191',ec2_id=None,encryption_key_id=None,glance_metadata=,group=,group_id=79fff0d3-5bdc-4f31-8f25-00922bbb96c5,host='devstack@QuobyteHD#QuobyteHD',id=08fc2087-8cf3-40a4-bb9c-d746181f1fc4,launched_at=None,metadata={},migration_status=None,multiattach=False,previous_status=None,project_id='d230cd5df37249c2889f13684894daaf',provider_auth=None,provider_geometry=None,provider_id=None,provider_location=None,replication_driver_data=None,replication_extended_status=None,replication_status=None,scheduled_at=2026-07-13T11:51:38Z,service_uuid=None,shared_targets=True,size=1,snapshot_id=None,snapshots=,source_volid=None,status='creating',terminated_at=None,updated_at=2026-07-13T11:51:38Z,use_quota=True,user_id='2d6e7b464a7a4c6a8957aa2e2008eb6c',volume_attachment=VolumeAttachmentList,volume_type=VolumeType(9b7d5e36-a19e-4fcb-8c60-d308a577fe06),volume_type_id=9b7d5e36-a19e-4fcb-8c60-d308a577fe06)' {{(pid=87098) _task_receiver /opt/stack/data/venv/lib/python3.12/site-packages/taskflow/listeners/logging.py:218}}
Jul 13 13:51:38 devstack cinder-volume[87098]: DEBUG cinder.volume.manager [None req-76cb395c-41f9-462c-953d-7d8b5daa0dd6 tempest-GroupSnapshotsTest-803384794 None] Task 'cinder.volume.flows.manager.create_volume.OnFailureRescheduleTask;volume:create' (a6b4ac50-e04f-41a4-b638-f8c28c630049) transitioned into state 'RUNNING' from state 'PENDING' {{(pid=87098) _task_receiver /opt/stack/data/venv/lib/python3.12/site-packages/taskflow/listeners/logging.py:242}}
Jul 13 13:51:38 devstack cinder-volume[87098]: DEBUG cinder.volume.manager [None req-76cb395c-41f9-462c-953d-7d8b5daa0dd6 tempest-GroupSnapshotsTest-803384794 None] Task 'cinder.volume.flows.manager.create_volume.OnFailureRescheduleTask;volume:create' (a6b4ac50-e04f-41a4-b638-f8c28c630049) transitioned into state 'SUCCESS' from state 'RUNNING' with result 'None' {{(pid=87098) _task_receiver /opt/stack/data/venv/lib/python3.12/site-packages/taskflow/listeners/logging.py:218}}
Jul 13 13:51:38 devstack cinder-volume[87098]: DEBUG cinder.volume.manager [None req-76cb395c-41f9-462c-953d-7d8b5daa0dd6 tempest-GroupSnapshotsTest-803384794 None] Task 'cinder.volume.flows.manager.create_volume.ExtractVolumeSpecTask;volume:create' (4c31a1b0-d14f-4c5f-a86d-f07180327472) transitioned into state 'RUNNING' from state 'PENDING' {{(pid=87098) _task_receiver /opt/stack/data/venv/lib/python3.12/site-packages/taskflow/listeners/logging.py:242}}
Jul 13 13:51:38 devstack cinder-volume[87098]: DEBUG cinder.volume.manager [None req-76cb395c-41f9-462c-953d-7d8b5daa0dd6 tempest-GroupSnapshotsTest-803384794 None] Task 'cinder.volume.flows.manager.create_volume.ExtractVolumeSpecTask;volume:create' (4c31a1b0-d14f-4c5f-a86d-f07180327472) transitioned into state 'SUCCESS' from state 'RUNNING' with result '{'status': 'creating', 'type': 'raw', 'volume_id': '08fc2087-8cf3-40a4-bb9c-d746181f1fc4', 'volume_name': 'volume-08fc2087-8cf3-40a4-bb9c-d746181f1fc4', 'volume_size': 1}' {{(pid=87098) _task_receiver /opt/stack/data/venv/lib/python3.12/site-packages/taskflow/listeners/logging.py:218}}
Jul 13 13:51:38 devstack cinder-volume[87098]: DEBUG cinder.volume.manager [None req-76cb395c-41f9-462c-953d-7d8b5daa0dd6 tempest-GroupSnapshotsTest-803384794 None] Task 'cinder.volume.flows.manager.create_volume.NotifyVolumeActionTask;volume:create, create.start' (bf2b5fc7-98f7-4b99-9f60-7da84a5a74a5) transitioned into state 'RUNNING' from state 'PENDING' {{(pid=87098) _task_receiver /opt/stack/data/venv/lib/python3.12/site-packages/taskflow/listeners/logging.py:242}}
Jul 13 13:51:38 devstack cinder-volume[87098]: DEBUG cinder.volume.manager [None req-76cb395c-41f9-462c-953d-7d8b5daa0dd6 tempest-GroupSnapshotsTest-803384794 None] Task 'cinder.volume.flows.manager.create_volume.NotifyVolumeActionTask;volume:create, create.start' (bf2b5fc7-98f7-4b99-9f60-7da84a5a74a5) transitioned into state 'SUCCESS' from state 'RUNNING' with result 'None' {{(pid=87098) _task_receiver /opt/stack/data/venv/lib/python3.12/site-packages/taskflow/listeners/logging.py:218}}
Jul 13 13:51:38 devstack cinder-volume[87098]: DEBUG cinder.volume.manager [None req-76cb395c-41f9-462c-953d-7d8b5daa0dd6 tempest-GroupSnapshotsTest-803384794 None] Task 'cinder.volume.flows.manager.create_volume.CreateVolumeFromSpecTask;volume:create' (a45c0e3d-cfaf-48a5-94c6-96dd10ad5cbd) transitioned into state 'RUNNING' from state 'PENDING' {{(pid=87098) _task_receiver /opt/stack/data/venv/lib/python3.12/site-packages/taskflow/listeners/logging.py:242}}
Jul 13 13:51:38 devstack cinder-volume[87098]: INFO cinder.volume.flows.manager.create_volume [None req-76cb395c-41f9-462c-953d-7d8b5daa0dd6 tempest-GroupSnapshotsTest-803384794 None] Volume 08fc2087-8cf3-40a4-bb9c-d746181f1fc4: being created as raw with specification: {'status': 'creating', 'volume_name': 'volume-08fc2087-8cf3-40a4-bb9c-d746181f1fc4', 'volume_size': 1}
Jul 13 13:51:38 devstack cinder-volume[87098]: DEBUG oslo_concurrency.lockutils [None req-76cb395c-41f9-462c-953d-7d8b5daa0dd6 tempest-GroupSnapshotsTest-803384794 None] Acquiring lock "quobyte" by "cinder.volume.drivers.quobyte.QuobyteDriver.create_volume" {{(pid=87098) inner /opt/stack/data/venv/lib/python3.12/site-packages/oslo_concurrency/lockutils.py:511}}
Jul 13 13:51:38 devstack cinder-volume[87098]: DEBUG oslo_concurrency.lockutils [None req-76cb395c-41f9-462c-953d-7d8b5daa0dd6 tempest-GroupSnapshotsTest-803384794 None] Lock "quobyte" acquired by "cinder.volume.drivers.quobyte.QuobyteDriver.create_volume" :: waited 0.001s {{(pid=87098) inner /opt/stack/data/venv/lib/python3.12/site-packages/oslo_concurrency/lockutils.py:524}}
Jul 13 13:51:38 devstack cinder-volume[87098]: DEBUG cinder.volume.drivers.quobyte [None req-76cb395c-41f9-462c-953d-7d8b5daa0dd6 tempest-GroupSnapshotsTest-803384794 None] ==> create_volume: call "{'self': , 'volume': Volume(_name_id=None,admin_metadata=,attach_status='detached',availability_zone='nova',bootable=False,cluster=,cluster_name=None,consistencygroup=,consistencygroup_id=79fff0d3-5bdc-4f31-8f25-00922bbb96c5,created_at=2026-07-13T11:51:37Z,deleted=False,deleted_at=None,display_description=None,display_name='tempest-volume-917988191',ec2_id=None,encryption_key_id=None,glance_metadata=,group=,group_id=79fff0d3-5bdc-4f31-8f25-00922bbb96c5,host='devstack@QuobyteHD#QuobyteHD',id=08fc2087-8cf3-40a4-bb9c-d746181f1fc4,launched_at=None,metadata={},migration_status=None,multiattach=False,previous_status=None,project_id='d230cd5df37249c2889f13684894daaf',provider_auth=None,provider_geometry=None,provider_id=None,provider_location=None,replication_driver_data=None,replication_extended_status=None,replication_status=None,scheduled_at=2026-07-13T11:51:38Z,service_uuid=None,shared_targets=True,size=1,snapshot_id=None,snapshots=,source_volid=None,status='creating',terminated_at=None,updated_at=2026-07-13T11:51:38Z,use_quota=True,user_id='2d6e7b464a7a4c6a8957aa2e2008eb6c',volume_attachment=VolumeAttachmentList,volume_type=VolumeType(9b7d5e36-a19e-4fcb-8c60-d308a577fe06),volume_type_id=9b7d5e36-a19e-4fcb-8c60-d308a577fe06)}" {{(pid=87098) trace_logging_wrapper /opt/stack/cinder/cinder/volume/volume_utils.py:1497}}
Jul 13 13:51:38 devstack cinder-volume[87098]: DEBUG cinder.volume.drivers.remotefs [None req-76cb395c-41f9-462c-953d-7d8b5daa0dd6 tempest-GroupSnapshotsTest-803384794 None] Creating volume 08fc2087-8cf3-40a4-bb9c-d746181f1fc4 {{(pid=87098) create_volume /opt/stack/cinder/cinder/volume/drivers/remotefs.py:292}}
Jul 13 13:51:38 devstack cinder-volume[87098]: DEBUG oslo_concurrency.lockutils [None req-76cb395c-41f9-462c-953d-7d8b5daa0dd6 tempest-GroupSnapshotsTest-803384794 None] Acquiring lock "quobyte_ensure" by "cinder.volume.drivers.quobyte.QuobyteDriver._ensure_shares_mounted" {{(pid=87098) inner /opt/stack/data/venv/lib/python3.12/site-packages/oslo_concurrency/lockutils.py:511}}
Jul 13 13:51:38 devstack cinder-volume[87098]: DEBUG oslo_concurrency.lockutils [None req-76cb395c-41f9-462c-953d-7d8b5daa0dd6 tempest-GroupSnapshotsTest-803384794 None] Lock "quobyte_ensure" acquired by "cinder.volume.drivers.quobyte.QuobyteDriver._ensure_shares_mounted" :: waited 0.000s {{(pid=87098) inner /opt/stack/data/venv/lib/python3.12/site-packages/oslo_concurrency/lockutils.py:524}}
Jul 13 13:51:38 devstack cinder-volume[87098]: DEBUG cinder.volume.drivers.quobyte [None req-76cb395c-41f9-462c-953d-7d8b5daa0dd6 tempest-GroupSnapshotsTest-803384794 None] Quobyte Volume URL set to: {'osci02.corp.quobyte.com/cinder-vol-60f3971a-2ede-4526-9b18-1598d72d4654': None} {{(pid=87098) _load_shares_config /opt/stack/cinder/cinder/volume/drivers/quobyte.py:617}}
Jul 13 13:51:38 devstack cinder-volume[87098]: DEBUG cinder.volume.drivers.quobyte [None req-76cb395c-41f9-462c-953d-7d8b5daa0dd6 tempest-GroupSnapshotsTest-803384794 None] Available shares ['osci02.corp.quobyte.com/cinder-vol-60f3971a-2ede-4526-9b18-1598d72d4654'] {{(pid=87098) _ensure_shares_mounted /opt/stack/cinder/cinder/volume/drivers/quobyte.py:647}}
Jul 13 13:51:38 devstack cinder-volume[87098]: DEBUG oslo_concurrency.lockutils [None req-76cb395c-41f9-462c-953d-7d8b5daa0dd6 tempest-GroupSnapshotsTest-803384794 None] Lock "quobyte_ensure" "released" by "cinder.volume.drivers.quobyte.QuobyteDriver._ensure_shares_mounted" :: held 0.017s {{(pid=87098) inner /opt/stack/data/venv/lib/python3.12/site-packages/oslo_concurrency/lockutils.py:543}}
Jul 13 13:51:38 devstack cinder-volume[87098]: DEBUG cinder.volume.drivers.quobyte [None req-76cb395c-41f9-462c-953d-7d8b5daa0dd6 tempest-GroupSnapshotsTest-803384794 None] Selected osci02.corp.quobyte.com/cinder-vol-60f3971a-2ede-4526-9b18-1598d72d4654 as target Quobyte volume. {{(pid=87098) _find_share /opt/stack/cinder/cinder/volume/drivers/quobyte.py:668}}
Jul 13 13:51:38 devstack cinder-volume[87098]: INFO cinder.volume.drivers.remotefs [None req-76cb395c-41f9-462c-953d-7d8b5daa0dd6 tempest-GroupSnapshotsTest-803384794 None] casted to osci02.corp.quobyte.com/cinder-vol-60f3971a-2ede-4526-9b18-1598d72d4654
Jul 13 13:51:38 devstack cinder-volume[87098]: DEBUG oslo_concurrency.processutils [None req-76cb395c-41f9-462c-953d-7d8b5daa0dd6 tempest-GroupSnapshotsTest-803384794 None] Running cmd (subprocess): sudo cinder-rootwrap /etc/cinder/rootwrap.conf qemu-img create -f qcow2 -o preallocation=metadata /opt/stack/data/cinder/mnt/9e2afc6a449296549b3c7b5e28bdac78/volume-08fc2087-8cf3-40a4-bb9c-d746181f1fc4 1073741824 {{(pid=87098) execute /opt/stack/data/venv/lib/python3.12/site-packages/oslo_concurrency/processutils.py:440}}
Jul 13 13:51:38 devstack sudo[90765]: quobyte : PWD=/ ; USER=root ; COMMAND=/opt/stack/data/venv/bin/cinder-rootwrap /etc/cinder/rootwrap.conf qemu-img create -f qcow2 -o preallocation=metadata /opt/stack/data/cinder/mnt/9e2afc6a449296549b3c7b5e28bdac78/volume-08fc2087-8cf3-40a4-bb9c-d746181f1fc4 1073741824
Jul 13 13:51:38 devstack sudo[90765]: pam_unix(sudo:session): session opened for user root(uid=0) by (uid=1000)
Jul 13 13:51:38 devstack sudo[90763]: pam_unix(sudo:session): session closed for user root
Jul 13 13:51:38 devstack cinder-volume[87098]: DEBUG oslo_concurrency.processutils [None req-cf4bff4e-3d26-4009-b914-b2d4c90d6e03 tempest-ServerRescueNegativeTestJSON-2052165915 None] CMD "/opt/stack/data/venv/bin/python3.12 -m oslo_concurrency.prlimit --as=1073741824 --cpu=60 -- sudo cinder-rootwrap /etc/cinder/rootwrap.conf env LC_ALL=C qemu-img info -f qcow2 --output=json --force-share /opt/stack/data/cinder/mnt/9e2afc6a449296549b3c7b5e28bdac78/volume-06d539cc-569f-479e-bf41-3d0a0b1670e3" returned: 0 in 1.121s {{(pid=87098) execute /opt/stack/data/venv/lib/python3.12/site-packages/oslo_concurrency/processutils.py:468}}
Jul 13 13:51:38 devstack cinder-volume[87098]: DEBUG oslo_concurrency.processutils [None req-cf4bff4e-3d26-4009-b914-b2d4c90d6e03 tempest-ServerRescueNegativeTestJSON-2052165915 None] Running cmd (subprocess): sudo cinder-rootwrap /etc/cinder/rootwrap.conf rm -f /opt/stack/data/cinder/mnt/9e2afc6a449296549b3c7b5e28bdac78/volume-06d539cc-569f-479e-bf41-3d0a0b1670e3 {{(pid=87098) execute /opt/stack/data/venv/lib/python3.12/site-packages/oslo_concurrency/processutils.py:440}}
Jul 13 13:51:38 devstack sudo[90770]: quobyte : PWD=/ ; USER=root ; COMMAND=/opt/stack/data/venv/bin/cinder-rootwrap /etc/cinder/rootwrap.conf rm -f /opt/stack/data/cinder/mnt/9e2afc6a449296549b3c7b5e28bdac78/volume-06d539cc-569f-479e-bf41-3d0a0b1670e3
Jul 13 13:51:38 devstack sudo[90770]: pam_unix(sudo:session): session opened for user root(uid=0) by (uid=1000)
Jul 13 13:51:39 devstack sudo[90770]: pam_unix(sudo:session): session closed for user root
Jul 13 13:51:39 devstack cinder-volume[87098]: DEBUG oslo_concurrency.processutils [None req-cf4bff4e-3d26-4009-b914-b2d4c90d6e03 tempest-ServerRescueNegativeTestJSON-2052165915 None] CMD "sudo cinder-rootwrap /etc/cinder/rootwrap.conf rm -f /opt/stack/data/cinder/mnt/9e2afc6a449296549b3c7b5e28bdac78/volume-06d539cc-569f-479e-bf41-3d0a0b1670e3" returned: 0 in 0.671s {{(pid=87098) execute /opt/stack/data/venv/lib/python3.12/site-packages/oslo_concurrency/processutils.py:468}}
Jul 13 13:51:39 devstack cinder-volume[87098]: DEBUG cinder.coordination [None req-cf4bff4e-3d26-4009-b914-b2d4c90d6e03 tempest-ServerRescueNegativeTestJSON-2052165915 None] Lock "cinder-quobyte-06d539cc-569f-479e-bf41-3d0a0b1670e3" released by "delete_volume" :: held 1.991s {{(pid=87098) __release /opt/stack/cinder/cinder/coordination.py:152}}
Jul 13 13:51:39 devstack sudo[90765]: pam_unix(sudo:session): session closed for user root
Jul 13 13:51:39 devstack cinder-volume[87098]: DEBUG oslo_concurrency.processutils [None req-76cb395c-41f9-462c-953d-7d8b5daa0dd6 tempest-GroupSnapshotsTest-803384794 None] CMD "sudo cinder-rootwrap /etc/cinder/rootwrap.conf qemu-img create -f qcow2 -o preallocation=metadata /opt/stack/data/cinder/mnt/9e2afc6a449296549b3c7b5e28bdac78/volume-08fc2087-8cf3-40a4-bb9c-d746181f1fc4 1073741824" returned: 0 in 1.157s {{(pid=87098) execute /opt/stack/data/venv/lib/python3.12/site-packages/oslo_concurrency/processutils.py:468}}
Jul 13 13:51:39 devstack cinder-volume[87098]: DEBUG cinder.quota [None req-cf4bff4e-3d26-4009-b914-b2d4c90d6e03 tempest-ServerRescueNegativeTestJSON-2052165915 None] Created reservations ['5cfc75e8-7fcb-47e5-91bc-bf131f9a01aa', '3f15e8f8-eabc-4002-a52e-5208dfec9912', 'f25a6579-1e3f-4851-9ec8-019b996d7ced', '8f2477f1-d15f-4292-b188-05ce7875fed8'] {{(pid=87098) reserve /opt/stack/cinder/cinder/quota.py:752}}
Jul 13 13:51:39 devstack cinder-volume[87098]: DEBUG oslo_concurrency.processutils [None req-76cb395c-41f9-462c-953d-7d8b5daa0dd6 tempest-GroupSnapshotsTest-803384794 None] Running cmd (subprocess): sudo cinder-rootwrap /etc/cinder/rootwrap.conf chmod ugo+rw /opt/stack/data/cinder/mnt/9e2afc6a449296549b3c7b5e28bdac78/volume-08fc2087-8cf3-40a4-bb9c-d746181f1fc4 {{(pid=87098) execute /opt/stack/data/venv/lib/python3.12/site-packages/oslo_concurrency/processutils.py:440}}
Jul 13 13:51:39 devstack sudo[90776]: quobyte : PWD=/ ; USER=root ; COMMAND=/opt/stack/data/venv/bin/cinder-rootwrap /etc/cinder/rootwrap.conf chmod ugo+rw /opt/stack/data/cinder/mnt/9e2afc6a449296549b3c7b5e28bdac78/volume-08fc2087-8cf3-40a4-bb9c-d746181f1fc4
Jul 13 13:51:39 devstack sudo[90776]: pam_unix(sudo:session): session opened for user root(uid=0) by (uid=1000)
Jul 13 13:51:40 devstack cinder-volume[87098]: DEBUG oslo_concurrency.lockutils [None req-cf4bff4e-3d26-4009-b914-b2d4c90d6e03 tempest-ServerRescueNegativeTestJSON-2052165915 None] Acquiring lock "quobyte_ensure" by "cinder.volume.drivers.quobyte.QuobyteDriver._ensure_shares_mounted" {{(pid=87098) inner /opt/stack/data/venv/lib/python3.12/site-packages/oslo_concurrency/lockutils.py:511}}
Jul 13 13:51:40 devstack cinder-volume[87098]: DEBUG oslo_concurrency.lockutils [None req-cf4bff4e-3d26-4009-b914-b2d4c90d6e03 tempest-ServerRescueNegativeTestJSON-2052165915 None] Lock "quobyte_ensure" acquired by "cinder.volume.drivers.quobyte.QuobyteDriver._ensure_shares_mounted" :: waited 0.007s {{(pid=87098) inner /opt/stack/data/venv/lib/python3.12/site-packages/oslo_concurrency/lockutils.py:524}}
Jul 13 13:51:40 devstack cinder-volume[87098]: DEBUG cinder.volume.drivers.quobyte [None req-cf4bff4e-3d26-4009-b914-b2d4c90d6e03 tempest-ServerRescueNegativeTestJSON-2052165915 None] Quobyte Volume URL set to: {'osci02.corp.quobyte.com/cinder-vol-60f3971a-2ede-4526-9b18-1598d72d4654': None} {{(pid=87098) _load_shares_config /opt/stack/cinder/cinder/volume/drivers/quobyte.py:617}}
Jul 13 13:51:40 devstack cinder-volume[87098]: DEBUG cinder.volume.drivers.quobyte [None req-cf4bff4e-3d26-4009-b914-b2d4c90d6e03 tempest-ServerRescueNegativeTestJSON-2052165915 None] Available shares ['osci02.corp.quobyte.com/cinder-vol-60f3971a-2ede-4526-9b18-1598d72d4654'] {{(pid=87098) _ensure_shares_mounted /opt/stack/cinder/cinder/volume/drivers/quobyte.py:647}}
Jul 13 13:51:40 devstack cinder-volume[87098]: DEBUG oslo_concurrency.lockutils [None req-cf4bff4e-3d26-4009-b914-b2d4c90d6e03 tempest-ServerRescueNegativeTestJSON-2052165915 None] Lock "quobyte_ensure" "released" by "cinder.volume.drivers.quobyte.QuobyteDriver._ensure_shares_mounted" :: held 0.030s {{(pid=87098) inner /opt/stack/data/venv/lib/python3.12/site-packages/oslo_concurrency/lockutils.py:543}}
Jul 13 13:51:40 devstack cinder-volume[87098]: DEBUG oslo_concurrency.processutils [None req-cf4bff4e-3d26-4009-b914-b2d4c90d6e03 tempest-ServerRescueNegativeTestJSON-2052165915 None] Running cmd (subprocess): sudo cinder-rootwrap /etc/cinder/rootwrap.conf df --portability --block-size 1 /opt/stack/data/cinder/mnt/9e2afc6a449296549b3c7b5e28bdac78 {{(pid=87098) execute /opt/stack/data/venv/lib/python3.12/site-packages/oslo_concurrency/processutils.py:440}}
Jul 13 13:51:40 devstack sudo[90778]: quobyte : PWD=/ ; USER=root ; COMMAND=/opt/stack/data/venv/bin/cinder-rootwrap /etc/cinder/rootwrap.conf df --portability --block-size 1 /opt/stack/data/cinder/mnt/9e2afc6a449296549b3c7b5e28bdac78
Jul 13 13:51:40 devstack sudo[90778]: pam_unix(sudo:session): session opened for user root(uid=0) by (uid=1000)
Jul 13 13:51:40 devstack sudo[90776]: pam_unix(sudo:session): session closed for user root
Jul 13 13:51:40 devstack cinder-volume[87098]: DEBUG oslo_concurrency.processutils [None req-76cb395c-41f9-462c-953d-7d8b5daa0dd6 tempest-GroupSnapshotsTest-803384794 None] CMD "sudo cinder-rootwrap /etc/cinder/rootwrap.conf chmod ugo+rw /opt/stack/data/cinder/mnt/9e2afc6a449296549b3c7b5e28bdac78/volume-08fc2087-8cf3-40a4-bb9c-d746181f1fc4" returned: 0 in 0.869s {{(pid=87098) execute /opt/stack/data/venv/lib/python3.12/site-packages/oslo_concurrency/processutils.py:468}}
Jul 13 13:51:40 devstack cinder-volume[87098]: DEBUG cinder.volume.drivers.quobyte [None req-76cb395c-41f9-462c-953d-7d8b5daa0dd6 tempest-GroupSnapshotsTest-803384794 None] <== create_volume: return (2165ms) {'provider_location': 'osci02.corp.quobyte.com/cinder-vol-60f3971a-2ede-4526-9b18-1598d72d4654'} {{(pid=87098) trace_logging_wrapper /opt/stack/cinder/cinder/volume/volume_utils.py:1522}}
Jul 13 13:51:40 devstack cinder-volume[87098]: DEBUG oslo_concurrency.lockutils [None req-76cb395c-41f9-462c-953d-7d8b5daa0dd6 tempest-GroupSnapshotsTest-803384794 None] Lock "quobyte" "released" by "cinder.volume.drivers.quobyte.QuobyteDriver.create_volume" :: held 2.170s {{(pid=87098) inner /opt/stack/data/venv/lib/python3.12/site-packages/oslo_concurrency/lockutils.py:543}}
Jul 13 13:51:40 devstack sudo[90778]: pam_unix(sudo:session): session closed for user root
Jul 13 13:51:40 devstack cinder-volume[87098]: DEBUG cinder.volume.manager [None req-76cb395c-41f9-462c-953d-7d8b5daa0dd6 tempest-GroupSnapshotsTest-803384794 None] Task 'cinder.volume.flows.manager.create_volume.CreateVolumeFromSpecTask;volume:create' (a45c0e3d-cfaf-48a5-94c6-96dd10ad5cbd) transitioned into state 'SUCCESS' from state 'RUNNING' with result '{'status': 'creating', 'volume_name': 'volume-08fc2087-8cf3-40a4-bb9c-d746181f1fc4', 'volume_size': 1}' {{(pid=87098) _task_receiver /opt/stack/data/venv/lib/python3.12/site-packages/taskflow/listeners/logging.py:218}}
Jul 13 13:51:40 devstack cinder-volume[87098]: DEBUG cinder.volume.manager [None req-76cb395c-41f9-462c-953d-7d8b5daa0dd6 tempest-GroupSnapshotsTest-803384794 None] Task 'cinder.volume.flows.manager.create_volume.CreateVolumeOnFinishTask;volume:create, create.end' (de343ea7-6aa9-4db7-8e04-50c0af177da1) transitioned into state 'RUNNING' from state 'PENDING' {{(pid=87098) _task_receiver /opt/stack/data/venv/lib/python3.12/site-packages/taskflow/listeners/logging.py:242}}
Jul 13 13:51:40 devstack cinder-volume[87098]: DEBUG oslo_concurrency.processutils [None req-cf4bff4e-3d26-4009-b914-b2d4c90d6e03 tempest-ServerRescueNegativeTestJSON-2052165915 None] CMD "sudo cinder-rootwrap /etc/cinder/rootwrap.conf df --portability --block-size 1 /opt/stack/data/cinder/mnt/9e2afc6a449296549b3c7b5e28bdac78" returned: 0 in 0.617s {{(pid=87098) execute /opt/stack/data/venv/lib/python3.12/site-packages/oslo_concurrency/processutils.py:468}}
Jul 13 13:51:40 devstack cinder-volume[87098]: DEBUG cinder.manager [None req-cf4bff4e-3d26-4009-b914-b2d4c90d6e03 tempest-ServerRescueNegativeTestJSON-2052165915 None] Notifying Schedulers of capabilities ... {{(pid=87098) _publish_service_capabilities /opt/stack/cinder/cinder/manager.py:219}}
Jul 13 13:51:40 devstack cinder-volume[87098]: INFO cinder.volume.manager [None req-cf4bff4e-3d26-4009-b914-b2d4c90d6e03 tempest-ServerRescueNegativeTestJSON-2052165915 None] Deleted volume successfully.
Jul 13 13:51:40 devstack cinder-volume[87098]: INFO cinder.volume.flows.manager.create_volume [None req-76cb395c-41f9-462c-953d-7d8b5daa0dd6 tempest-GroupSnapshotsTest-803384794 None] Volume volume-08fc2087-8cf3-40a4-bb9c-d746181f1fc4 (08fc2087-8cf3-40a4-bb9c-d746181f1fc4): created successfully
Jul 13 13:51:40 devstack cinder-volume[87098]: DEBUG cinder.volume.manager [None req-76cb395c-41f9-462c-953d-7d8b5daa0dd6 tempest-GroupSnapshotsTest-803384794 None] Task 'cinder.volume.flows.manager.create_volume.CreateVolumeOnFinishTask;volume:create, create.end' (de343ea7-6aa9-4db7-8e04-50c0af177da1) transitioned into state 'SUCCESS' from state 'RUNNING' with result 'None' {{(pid=87098) _task_receiver /opt/stack/data/venv/lib/python3.12/site-packages/taskflow/listeners/logging.py:218}}
Jul 13 13:51:40 devstack cinder-volume[87098]: DEBUG cinder.volume.manager [None req-76cb395c-41f9-462c-953d-7d8b5daa0dd6 tempest-GroupSnapshotsTest-803384794 None] Flow 'volume_create_manager' (b2dd5f60-759f-4b1f-9fd7-43434f26a9ad) transitioned into state 'SUCCESS' from state 'RUNNING' {{(pid=87098) _flow_receiver /opt/stack/data/venv/lib/python3.12/site-packages/taskflow/listeners/logging.py:160}}
Jul 13 13:51:40 devstack cinder-volume[87098]: INFO cinder.volume.manager [None req-76cb395c-41f9-462c-953d-7d8b5daa0dd6 tempest-GroupSnapshotsTest-803384794 None] Created volume successfully.
Jul 13 13:51:40 devstack cinder-volume[87098]: DEBUG cinder.coordination [None req-cf4bff4e-3d26-4009-b914-b2d4c90d6e03 tempest-ServerRescueNegativeTestJSON-2052165915 None] Lock "cinder-06d539cc-569f-479e-bf41-3d0a0b1670e3-delete_volume" released by "delete_volume" :: held 3.642s {{(pid=87098) __release /opt/stack/cinder/cinder/coordination.py:152}}
Jul 13 13:51:41 devstack cinder-volume[87098]: INFO cinder.volume.manager [None req-731f6e05-2a12-46fb-9ff6-e653bb115371 tempest-GroupSnapshotsTest-803384794 None] Update group completed successfully.
Jul 13 13:51:43 devstack cinder-volume[87098]: INFO cinder.volume.manager [None req-d78056b6-9a46-4a93-b061-8480af7867d3 tempest-GroupSnapshotsTest-803384794 None] Update group completed successfully.
Jul 13 13:51:44 devstack cinder-volume[87098]: INFO cinder.volume.manager [None req-0653bd70-6fce-45d9-a43e-ce8d8be1c269 tempest-GroupSnapshotsTest-803384794 None] Update group completed successfully.
Jul 13 13:51:46 devstack cinder-volume[87098]: INFO cinder.volume.manager [None req-010954ab-52ea-482f-b48f-42a740684296 tempest-GroupSnapshotsTest-803384794 None] Update group completed successfully.
Jul 13 13:51:48 devstack cinder-volume[87098]: INFO cinder.volume.manager [None req-9064d98f-9311-45b5-a1ec-101efbe565bc tempest-GroupSnapshotsTest-803384794 None] GroupSnapshot 1b625f03-a3d0-4160-8216-79a4e1b49bc8: creating.
Jul 13 13:51:48 devstack cinder-volume[87098]: DEBUG cinder.volume.manager [None req-9064d98f-9311-45b5-a1ec-101efbe565bc tempest-GroupSnapshotsTest-803384794 None] Group snapshot 1b625f03-a3d0-4160-8216-79a4e1b49bc8: creating. {{(pid=87098) create_group_snapshot /opt/stack/cinder/cinder/volume/manager.py:4175}}
Jul 13 13:51:48 devstack cinder-volume[87098]: DEBUG oslo_concurrency.lockutils [None req-9064d98f-9311-45b5-a1ec-101efbe565bc tempest-GroupSnapshotsTest-803384794 None] Acquiring lock "quobyte" by "cinder.volume.drivers.quobyte.QuobyteDriver.create_snapshot" {{(pid=87098) inner /opt/stack/data/venv/lib/python3.12/site-packages/oslo_concurrency/lockutils.py:511}}
Jul 13 13:51:48 devstack cinder-volume[87098]: DEBUG oslo_concurrency.lockutils [None req-9064d98f-9311-45b5-a1ec-101efbe565bc tempest-GroupSnapshotsTest-803384794 None] Lock "quobyte" acquired by "cinder.volume.drivers.quobyte.QuobyteDriver.create_snapshot" :: waited 0.001s {{(pid=87098) inner /opt/stack/data/venv/lib/python3.12/site-packages/oslo_concurrency/lockutils.py:524}}
Jul 13 13:51:48 devstack cinder-volume[87098]: DEBUG cinder.volume.drivers.remotefs [None req-9064d98f-9311-45b5-a1ec-101efbe565bc tempest-GroupSnapshotsTest-803384794 None] Creating offline snapshot 1a581473-1c63-4331-86ff-77628ee028aa of volume 55de4e95-4f8b-40a4-bbb8-9334dcdbae04 {{(pid=87098) _create_snapshot /opt/stack/cinder/cinder/volume/drivers/remotefs.py:1816}}
Jul 13 13:51:48 devstack cinder-volume[87098]: DEBUG oslo.privsep.daemon [-] privsep: reply[63629c30-519d-4cb5-80ba-c667fd15ada9]: (4, 'qcow2') {{(pid=88154) _call_back /opt/stack/data/venv/lib/python3.12/site-packages/oslo_privsep/daemon.py:580}}
Jul 13 13:51:48 devstack cinder-volume[87098]: DEBUG oslo_concurrency.processutils [None req-9064d98f-9311-45b5-a1ec-101efbe565bc tempest-GroupSnapshotsTest-803384794 None] Running cmd (subprocess): /opt/stack/data/venv/bin/python3.12 -m oslo_concurrency.prlimit --as=1073741824 --cpu=60 -- sudo cinder-rootwrap /etc/cinder/rootwrap.conf env LC_ALL=C qemu-img info -f qcow2 --output=json --force-share /opt/stack/data/cinder/mnt/9e2afc6a449296549b3c7b5e28bdac78/volume-55de4e95-4f8b-40a4-bbb8-9334dcdbae04 {{(pid=87098) execute /opt/stack/data/venv/lib/python3.12/site-packages/oslo_concurrency/processutils.py:440}}
Jul 13 13:51:48 devstack sudo[90864]: quobyte : PWD=/ ; USER=root ; COMMAND=/opt/stack/data/venv/bin/cinder-rootwrap /etc/cinder/rootwrap.conf env LC_ALL=C qemu-img info -f qcow2 --output=json --force-share /opt/stack/data/cinder/mnt/9e2afc6a449296549b3c7b5e28bdac78/volume-55de4e95-4f8b-40a4-bbb8-9334dcdbae04
Jul 13 13:51:48 devstack sudo[90864]: pam_unix(sudo:session): session opened for user root(uid=0) by (uid=1000)
Jul 13 13:51:49 devstack sudo[90864]: pam_unix(sudo:session): session closed for user root
Jul 13 13:51:49 devstack cinder-volume[87098]: DEBUG oslo_concurrency.processutils [None req-9064d98f-9311-45b5-a1ec-101efbe565bc tempest-GroupSnapshotsTest-803384794 None] CMD "/opt/stack/data/venv/bin/python3.12 -m oslo_concurrency.prlimit --as=1073741824 --cpu=60 -- sudo cinder-rootwrap /etc/cinder/rootwrap.conf env LC_ALL=C qemu-img info -f qcow2 --output=json --force-share /opt/stack/data/cinder/mnt/9e2afc6a449296549b3c7b5e28bdac78/volume-55de4e95-4f8b-40a4-bbb8-9334dcdbae04" returned: 0 in 0.695s {{(pid=87098) execute /opt/stack/data/venv/lib/python3.12/site-packages/oslo_concurrency/processutils.py:468}}
Jul 13 13:51:49 devstack cinder-volume[87098]: DEBUG oslo_concurrency.processutils [None req-9064d98f-9311-45b5-a1ec-101efbe565bc tempest-GroupSnapshotsTest-803384794 None] Running cmd (subprocess): sudo cinder-rootwrap /etc/cinder/rootwrap.conf qemu-img create -f qcow2 -o backing_file=/opt/stack/data/cinder/mnt/9e2afc6a449296549b3c7b5e28bdac78/volume-55de4e95-4f8b-40a4-bbb8-9334dcdbae04,backing_fmt=qcow2 /opt/stack/data/cinder/mnt/9e2afc6a449296549b3c7b5e28bdac78/volume-55de4e95-4f8b-40a4-bbb8-9334dcdbae04.1a581473-1c63-4331-86ff-77628ee028aa 1G {{(pid=87098) execute /opt/stack/data/venv/lib/python3.12/site-packages/oslo_concurrency/processutils.py:440}}
Jul 13 13:51:49 devstack sudo[90870]: quobyte : PWD=/ ; USER=root ; COMMAND=/opt/stack/data/venv/bin/cinder-rootwrap /etc/cinder/rootwrap.conf qemu-img create -f qcow2 -o backing_file=/opt/stack/data/cinder/mnt/9e2afc6a449296549b3c7b5e28bdac78/volume-55de4e95-4f8b-40a4-bbb8-9334dcdbae04,backing_fmt=qcow2 /opt/stack/data/cinder/mnt/9e2afc6a449296549b3c7b5e28bdac78/volume-55de4e95-4f8b-40a4-bbb8-9334dcdbae04.1a581473-1c63-4331-86ff-77628ee028aa 1G
Jul 13 13:51:49 devstack sudo[90870]: pam_unix(sudo:session): session opened for user root(uid=0) by (uid=1000)
Jul 13 13:51:49 devstack sudo[90870]: pam_unix(sudo:session): session closed for user root
Jul 13 13:51:49 devstack cinder-volume[87098]: DEBUG oslo_concurrency.processutils [None req-9064d98f-9311-45b5-a1ec-101efbe565bc tempest-GroupSnapshotsTest-803384794 None] CMD "sudo cinder-rootwrap /etc/cinder/rootwrap.conf qemu-img create -f qcow2 -o backing_file=/opt/stack/data/cinder/mnt/9e2afc6a449296549b3c7b5e28bdac78/volume-55de4e95-4f8b-40a4-bbb8-9334dcdbae04,backing_fmt=qcow2 /opt/stack/data/cinder/mnt/9e2afc6a449296549b3c7b5e28bdac78/volume-55de4e95-4f8b-40a4-bbb8-9334dcdbae04.1a581473-1c63-4331-86ff-77628ee028aa 1G" returned: 0 in 0.857s {{(pid=87098) execute /opt/stack/data/venv/lib/python3.12/site-packages/oslo_concurrency/processutils.py:468}}
Jul 13 13:51:49 devstack cinder-volume[87098]: DEBUG oslo_concurrency.processutils [None req-9064d98f-9311-45b5-a1ec-101efbe565bc tempest-GroupSnapshotsTest-803384794 None] Running cmd (subprocess): sudo cinder-rootwrap /etc/cinder/rootwrap.conf qemu-img rebase -u -b volume-55de4e95-4f8b-40a4-bbb8-9334dcdbae04 -F qcow2 /opt/stack/data/cinder/mnt/9e2afc6a449296549b3c7b5e28bdac78/volume-55de4e95-4f8b-40a4-bbb8-9334dcdbae04.1a581473-1c63-4331-86ff-77628ee028aa {{(pid=87098) execute /opt/stack/data/venv/lib/python3.12/site-packages/oslo_concurrency/processutils.py:440}}
Jul 13 13:51:49 devstack sudo[90877]: quobyte : PWD=/ ; USER=root ; COMMAND=/opt/stack/data/venv/bin/cinder-rootwrap /etc/cinder/rootwrap.conf qemu-img rebase -u -b volume-55de4e95-4f8b-40a4-bbb8-9334dcdbae04 -F qcow2 /opt/stack/data/cinder/mnt/9e2afc6a449296549b3c7b5e28bdac78/volume-55de4e95-4f8b-40a4-bbb8-9334dcdbae04.1a581473-1c63-4331-86ff-77628ee028aa
Jul 13 13:51:49 devstack sudo[90877]: pam_unix(sudo:session): session opened for user root(uid=0) by (uid=1000)
Jul 13 13:51:50 devstack sudo[90877]: pam_unix(sudo:session): session closed for user root
Jul 13 13:51:50 devstack cinder-volume[87098]: DEBUG oslo_concurrency.processutils [None req-9064d98f-9311-45b5-a1ec-101efbe565bc tempest-GroupSnapshotsTest-803384794 None] CMD "sudo cinder-rootwrap /etc/cinder/rootwrap.conf qemu-img rebase -u -b volume-55de4e95-4f8b-40a4-bbb8-9334dcdbae04 -F qcow2 /opt/stack/data/cinder/mnt/9e2afc6a449296549b3c7b5e28bdac78/volume-55de4e95-4f8b-40a4-bbb8-9334dcdbae04.1a581473-1c63-4331-86ff-77628ee028aa" returned: 0 in 0.399s {{(pid=87098) execute /opt/stack/data/venv/lib/python3.12/site-packages/oslo_concurrency/processutils.py:468}}
Jul 13 13:51:50 devstack cinder-volume[87098]: WARNING cinder.volume.drivers.remotefs [None req-9064d98f-9311-45b5-a1ec-101efbe565bc tempest-GroupSnapshotsTest-803384794 None] /opt/stack/data/cinder/mnt/9e2afc6a449296549b3c7b5e28bdac78/volume-55de4e95-4f8b-40a4-bbb8-9334dcdbae04.1a581473-1c63-4331-86ff-77628ee028aa is being set with open permissions: ugo+rw: NotImplementedError
Jul 13 13:51:50 devstack cinder-volume[87098]: DEBUG oslo_concurrency.processutils [None req-9064d98f-9311-45b5-a1ec-101efbe565bc tempest-GroupSnapshotsTest-803384794 None] Running cmd (subprocess): sudo cinder-rootwrap /etc/cinder/rootwrap.conf chmod ugo+rw /opt/stack/data/cinder/mnt/9e2afc6a449296549b3c7b5e28bdac78/volume-55de4e95-4f8b-40a4-bbb8-9334dcdbae04.1a581473-1c63-4331-86ff-77628ee028aa {{(pid=87098) execute /opt/stack/data/venv/lib/python3.12/site-packages/oslo_concurrency/processutils.py:440}}
Jul 13 13:51:50 devstack sudo[90883]: quobyte : PWD=/ ; USER=root ; COMMAND=/opt/stack/data/venv/bin/cinder-rootwrap /etc/cinder/rootwrap.conf chmod ugo+rw /opt/stack/data/cinder/mnt/9e2afc6a449296549b3c7b5e28bdac78/volume-55de4e95-4f8b-40a4-bbb8-9334dcdbae04.1a581473-1c63-4331-86ff-77628ee028aa
Jul 13 13:51:50 devstack sudo[90883]: pam_unix(sudo:session): session opened for user root(uid=0) by (uid=1000)
Jul 13 13:51:50 devstack sudo[90883]: pam_unix(sudo:session): session closed for user root
Jul 13 13:51:50 devstack cinder-volume[87098]: DEBUG oslo_concurrency.processutils [None req-9064d98f-9311-45b5-a1ec-101efbe565bc tempest-GroupSnapshotsTest-803384794 None] CMD "sudo cinder-rootwrap /etc/cinder/rootwrap.conf chmod ugo+rw /opt/stack/data/cinder/mnt/9e2afc6a449296549b3c7b5e28bdac78/volume-55de4e95-4f8b-40a4-bbb8-9334dcdbae04.1a581473-1c63-4331-86ff-77628ee028aa" returned: 0 in 0.460s {{(pid=87098) execute /opt/stack/data/venv/lib/python3.12/site-packages/oslo_concurrency/processutils.py:468}}
Jul 13 13:51:50 devstack cinder-volume[87098]: DEBUG oslo_concurrency.processutils [None req-9064d98f-9311-45b5-a1ec-101efbe565bc tempest-GroupSnapshotsTest-803384794 None] Running cmd (subprocess): sudo cinder-rootwrap /etc/cinder/rootwrap.conf truncate -s0 /opt/stack/data/cinder/mnt/9e2afc6a449296549b3c7b5e28bdac78/volume-55de4e95-4f8b-40a4-bbb8-9334dcdbae04.info {{(pid=87098) execute /opt/stack/data/venv/lib/python3.12/site-packages/oslo_concurrency/processutils.py:440}}
Jul 13 13:51:50 devstack sudo[90888]: quobyte : PWD=/ ; USER=root ; COMMAND=/opt/stack/data/venv/bin/cinder-rootwrap /etc/cinder/rootwrap.conf truncate -s0 /opt/stack/data/cinder/mnt/9e2afc6a449296549b3c7b5e28bdac78/volume-55de4e95-4f8b-40a4-bbb8-9334dcdbae04.info
Jul 13 13:51:50 devstack sudo[90888]: pam_unix(sudo:session): session opened for user root(uid=0) by (uid=1000)
Jul 13 13:51:51 devstack sudo[90888]: pam_unix(sudo:session): session closed for user root
Jul 13 13:51:51 devstack cinder-volume[87098]: DEBUG oslo_concurrency.processutils [None req-9064d98f-9311-45b5-a1ec-101efbe565bc tempest-GroupSnapshotsTest-803384794 None] CMD "sudo cinder-rootwrap /etc/cinder/rootwrap.conf truncate -s0 /opt/stack/data/cinder/mnt/9e2afc6a449296549b3c7b5e28bdac78/volume-55de4e95-4f8b-40a4-bbb8-9334dcdbae04.info" returned: 0 in 0.430s {{(pid=87098) execute /opt/stack/data/venv/lib/python3.12/site-packages/oslo_concurrency/processutils.py:468}}
Jul 13 13:51:51 devstack cinder-volume[87098]: WARNING cinder.volume.drivers.remotefs [None req-9064d98f-9311-45b5-a1ec-101efbe565bc tempest-GroupSnapshotsTest-803384794 None] /opt/stack/data/cinder/mnt/9e2afc6a449296549b3c7b5e28bdac78/volume-55de4e95-4f8b-40a4-bbb8-9334dcdbae04.info is being set with open permissions: ugo+rw: NotImplementedError
Jul 13 13:51:51 devstack cinder-volume[87098]: DEBUG oslo_concurrency.processutils [None req-9064d98f-9311-45b5-a1ec-101efbe565bc tempest-GroupSnapshotsTest-803384794 None] Running cmd (subprocess): sudo cinder-rootwrap /etc/cinder/rootwrap.conf chmod ugo+rw /opt/stack/data/cinder/mnt/9e2afc6a449296549b3c7b5e28bdac78/volume-55de4e95-4f8b-40a4-bbb8-9334dcdbae04.info {{(pid=87098) execute /opt/stack/data/venv/lib/python3.12/site-packages/oslo_concurrency/processutils.py:440}}
Jul 13 13:51:51 devstack sudo[90891]: quobyte : PWD=/ ; USER=root ; COMMAND=/opt/stack/data/venv/bin/cinder-rootwrap /etc/cinder/rootwrap.conf chmod ugo+rw /opt/stack/data/cinder/mnt/9e2afc6a449296549b3c7b5e28bdac78/volume-55de4e95-4f8b-40a4-bbb8-9334dcdbae04.info
Jul 13 13:51:51 devstack sudo[90891]: pam_unix(sudo:session): session opened for user root(uid=0) by (uid=1000)
Jul 13 13:51:51 devstack sudo[90891]: pam_unix(sudo:session): session closed for user root
Jul 13 13:51:51 devstack cinder-volume[87098]: DEBUG oslo_concurrency.processutils [None req-9064d98f-9311-45b5-a1ec-101efbe565bc tempest-GroupSnapshotsTest-803384794 None] CMD "sudo cinder-rootwrap /etc/cinder/rootwrap.conf chmod ugo+rw /opt/stack/data/cinder/mnt/9e2afc6a449296549b3c7b5e28bdac78/volume-55de4e95-4f8b-40a4-bbb8-9334dcdbae04.info" returned: 0 in 0.379s {{(pid=87098) execute /opt/stack/data/venv/lib/python3.12/site-packages/oslo_concurrency/processutils.py:468}}
Jul 13 13:51:51 devstack cinder-volume[87098]: DEBUG oslo_concurrency.lockutils [None req-9064d98f-9311-45b5-a1ec-101efbe565bc tempest-GroupSnapshotsTest-803384794 None] Lock "quobyte" "released" by "cinder.volume.drivers.quobyte.QuobyteDriver.create_snapshot" :: held 3.380s {{(pid=87098) inner /opt/stack/data/venv/lib/python3.12/site-packages/oslo_concurrency/lockutils.py:543}}
Jul 13 13:51:51 devstack cinder-volume[87098]: DEBUG oslo_concurrency.lockutils [None req-9064d98f-9311-45b5-a1ec-101efbe565bc tempest-GroupSnapshotsTest-803384794 None] Acquiring lock "quobyte" by "cinder.volume.drivers.quobyte.QuobyteDriver.create_snapshot" {{(pid=87098) inner /opt/stack/data/venv/lib/python3.12/site-packages/oslo_concurrency/lockutils.py:511}}
Jul 13 13:51:51 devstack cinder-volume[87098]: DEBUG oslo_concurrency.lockutils [None req-9064d98f-9311-45b5-a1ec-101efbe565bc tempest-GroupSnapshotsTest-803384794 None] Lock "quobyte" acquired by "cinder.volume.drivers.quobyte.QuobyteDriver.create_snapshot" :: waited 0.003s {{(pid=87098) inner /opt/stack/data/venv/lib/python3.12/site-packages/oslo_concurrency/lockutils.py:524}}
Jul 13 13:51:51 devstack cinder-volume[87098]: DEBUG cinder.volume.drivers.remotefs [None req-9064d98f-9311-45b5-a1ec-101efbe565bc tempest-GroupSnapshotsTest-803384794 None] Creating offline snapshot 2b769c2f-9f55-4c56-a7f0-f062a3800bb2 of volume 08fc2087-8cf3-40a4-bb9c-d746181f1fc4 {{(pid=87098) _create_snapshot /opt/stack/cinder/cinder/volume/drivers/remotefs.py:1816}}
Jul 13 13:51:51 devstack cinder-volume[87098]: DEBUG oslo.privsep.daemon [-] privsep: reply[ea08be15-2a7b-4f84-aa9f-d3bab64423f0]: (4, 'qcow2') {{(pid=88154) _call_back /opt/stack/data/venv/lib/python3.12/site-packages/oslo_privsep/daemon.py:580}}
Jul 13 13:51:51 devstack cinder-volume[87098]: DEBUG oslo_concurrency.processutils [None req-9064d98f-9311-45b5-a1ec-101efbe565bc tempest-GroupSnapshotsTest-803384794 None] Running cmd (subprocess): /opt/stack/data/venv/bin/python3.12 -m oslo_concurrency.prlimit --as=1073741824 --cpu=60 -- sudo cinder-rootwrap /etc/cinder/rootwrap.conf env LC_ALL=C qemu-img info -f qcow2 --output=json --force-share /opt/stack/data/cinder/mnt/9e2afc6a449296549b3c7b5e28bdac78/volume-08fc2087-8cf3-40a4-bb9c-d746181f1fc4 {{(pid=87098) execute /opt/stack/data/venv/lib/python3.12/site-packages/oslo_concurrency/processutils.py:440}}
Jul 13 13:51:51 devstack sudo[90921]: quobyte : PWD=/ ; USER=root ; COMMAND=/opt/stack/data/venv/bin/cinder-rootwrap /etc/cinder/rootwrap.conf env LC_ALL=C qemu-img info -f qcow2 --output=json --force-share /opt/stack/data/cinder/mnt/9e2afc6a449296549b3c7b5e28bdac78/volume-08fc2087-8cf3-40a4-bb9c-d746181f1fc4
Jul 13 13:51:51 devstack sudo[90921]: pam_unix(sudo:session): session opened for user root(uid=0) by (uid=1000)
Jul 13 13:51:52 devstack sudo[90921]: pam_unix(sudo:session): session closed for user root
Jul 13 13:51:52 devstack cinder-volume[87098]: DEBUG oslo_concurrency.processutils [None req-9064d98f-9311-45b5-a1ec-101efbe565bc tempest-GroupSnapshotsTest-803384794 None] CMD "/opt/stack/data/venv/bin/python3.12 -m oslo_concurrency.prlimit --as=1073741824 --cpu=60 -- sudo cinder-rootwrap /etc/cinder/rootwrap.conf env LC_ALL=C qemu-img info -f qcow2 --output=json --force-share /opt/stack/data/cinder/mnt/9e2afc6a449296549b3c7b5e28bdac78/volume-08fc2087-8cf3-40a4-bb9c-d746181f1fc4" returned: 0 in 0.549s {{(pid=87098) execute /opt/stack/data/venv/lib/python3.12/site-packages/oslo_concurrency/processutils.py:468}}
Jul 13 13:51:52 devstack cinder-volume[87098]: DEBUG oslo_concurrency.processutils [None req-9064d98f-9311-45b5-a1ec-101efbe565bc tempest-GroupSnapshotsTest-803384794 None] Running cmd (subprocess): sudo cinder-rootwrap /etc/cinder/rootwrap.conf qemu-img create -f qcow2 -o backing_file=/opt/stack/data/cinder/mnt/9e2afc6a449296549b3c7b5e28bdac78/volume-08fc2087-8cf3-40a4-bb9c-d746181f1fc4,backing_fmt=qcow2 /opt/stack/data/cinder/mnt/9e2afc6a449296549b3c7b5e28bdac78/volume-08fc2087-8cf3-40a4-bb9c-d746181f1fc4.2b769c2f-9f55-4c56-a7f0-f062a3800bb2 1G {{(pid=87098) execute /opt/stack/data/venv/lib/python3.12/site-packages/oslo_concurrency/processutils.py:440}}
Jul 13 13:51:52 devstack sudo[90926]: quobyte : PWD=/ ; USER=root ; COMMAND=/opt/stack/data/venv/bin/cinder-rootwrap /etc/cinder/rootwrap.conf qemu-img create -f qcow2 -o backing_file=/opt/stack/data/cinder/mnt/9e2afc6a449296549b3c7b5e28bdac78/volume-08fc2087-8cf3-40a4-bb9c-d746181f1fc4,backing_fmt=qcow2 /opt/stack/data/cinder/mnt/9e2afc6a449296549b3c7b5e28bdac78/volume-08fc2087-8cf3-40a4-bb9c-d746181f1fc4.2b769c2f-9f55-4c56-a7f0-f062a3800bb2 1G
Jul 13 13:51:52 devstack sudo[90926]: pam_unix(sudo:session): session opened for user root(uid=0) by (uid=1000)
Jul 13 13:51:52 devstack sudo[90926]: pam_unix(sudo:session): session closed for user root
Jul 13 13:51:52 devstack cinder-volume[87098]: DEBUG oslo_concurrency.processutils [None req-9064d98f-9311-45b5-a1ec-101efbe565bc tempest-GroupSnapshotsTest-803384794 None] CMD "sudo cinder-rootwrap /etc/cinder/rootwrap.conf qemu-img create -f qcow2 -o backing_file=/opt/stack/data/cinder/mnt/9e2afc6a449296549b3c7b5e28bdac78/volume-08fc2087-8cf3-40a4-bb9c-d746181f1fc4,backing_fmt=qcow2 /opt/stack/data/cinder/mnt/9e2afc6a449296549b3c7b5e28bdac78/volume-08fc2087-8cf3-40a4-bb9c-d746181f1fc4.2b769c2f-9f55-4c56-a7f0-f062a3800bb2 1G" returned: 0 in 0.513s {{(pid=87098) execute /opt/stack/data/venv/lib/python3.12/site-packages/oslo_concurrency/processutils.py:468}}
Jul 13 13:51:52 devstack cinder-volume[87098]: DEBUG oslo_concurrency.processutils [None req-9064d98f-9311-45b5-a1ec-101efbe565bc tempest-GroupSnapshotsTest-803384794 None] Running cmd (subprocess): sudo cinder-rootwrap /etc/cinder/rootwrap.conf qemu-img rebase -u -b volume-08fc2087-8cf3-40a4-bb9c-d746181f1fc4 -F qcow2 /opt/stack/data/cinder/mnt/9e2afc6a449296549b3c7b5e28bdac78/volume-08fc2087-8cf3-40a4-bb9c-d746181f1fc4.2b769c2f-9f55-4c56-a7f0-f062a3800bb2 {{(pid=87098) execute /opt/stack/data/venv/lib/python3.12/site-packages/oslo_concurrency/processutils.py:440}}
Jul 13 13:51:52 devstack sudo[90932]: quobyte : PWD=/ ; USER=root ; COMMAND=/opt/stack/data/venv/bin/cinder-rootwrap /etc/cinder/rootwrap.conf qemu-img rebase -u -b volume-08fc2087-8cf3-40a4-bb9c-d746181f1fc4 -F qcow2 /opt/stack/data/cinder/mnt/9e2afc6a449296549b3c7b5e28bdac78/volume-08fc2087-8cf3-40a4-bb9c-d746181f1fc4.2b769c2f-9f55-4c56-a7f0-f062a3800bb2
Jul 13 13:51:52 devstack sudo[90932]: pam_unix(sudo:session): session opened for user root(uid=0) by (uid=1000)
Jul 13 13:51:53 devstack sudo[90932]: pam_unix(sudo:session): session closed for user root
Jul 13 13:51:53 devstack cinder-volume[87098]: DEBUG oslo_concurrency.processutils [None req-9064d98f-9311-45b5-a1ec-101efbe565bc tempest-GroupSnapshotsTest-803384794 None] CMD "sudo cinder-rootwrap /etc/cinder/rootwrap.conf qemu-img rebase -u -b volume-08fc2087-8cf3-40a4-bb9c-d746181f1fc4 -F qcow2 /opt/stack/data/cinder/mnt/9e2afc6a449296549b3c7b5e28bdac78/volume-08fc2087-8cf3-40a4-bb9c-d746181f1fc4.2b769c2f-9f55-4c56-a7f0-f062a3800bb2" returned: 0 in 0.352s {{(pid=87098) execute /opt/stack/data/venv/lib/python3.12/site-packages/oslo_concurrency/processutils.py:468}}
Jul 13 13:51:53 devstack cinder-volume[87098]: WARNING cinder.volume.drivers.remotefs [None req-9064d98f-9311-45b5-a1ec-101efbe565bc tempest-GroupSnapshotsTest-803384794 None] /opt/stack/data/cinder/mnt/9e2afc6a449296549b3c7b5e28bdac78/volume-08fc2087-8cf3-40a4-bb9c-d746181f1fc4.2b769c2f-9f55-4c56-a7f0-f062a3800bb2 is being set with open permissions: ugo+rw: NotImplementedError
Jul 13 13:51:53 devstack cinder-volume[87098]: DEBUG oslo_concurrency.processutils [None req-9064d98f-9311-45b5-a1ec-101efbe565bc tempest-GroupSnapshotsTest-803384794 None] Running cmd (subprocess): sudo cinder-rootwrap /etc/cinder/rootwrap.conf chmod ugo+rw /opt/stack/data/cinder/mnt/9e2afc6a449296549b3c7b5e28bdac78/volume-08fc2087-8cf3-40a4-bb9c-d746181f1fc4.2b769c2f-9f55-4c56-a7f0-f062a3800bb2 {{(pid=87098) execute /opt/stack/data/venv/lib/python3.12/site-packages/oslo_concurrency/processutils.py:440}}
Jul 13 13:51:53 devstack sudo[90938]: quobyte : PWD=/ ; USER=root ; COMMAND=/opt/stack/data/venv/bin/cinder-rootwrap /etc/cinder/rootwrap.conf chmod ugo+rw /opt/stack/data/cinder/mnt/9e2afc6a449296549b3c7b5e28bdac78/volume-08fc2087-8cf3-40a4-bb9c-d746181f1fc4.2b769c2f-9f55-4c56-a7f0-f062a3800bb2
Jul 13 13:51:53 devstack sudo[90938]: pam_unix(sudo:session): session opened for user root(uid=0) by (uid=1000)
Jul 13 13:51:53 devstack sudo[90938]: pam_unix(sudo:session): session closed for user root
Jul 13 13:51:53 devstack cinder-volume[87098]: DEBUG oslo_concurrency.processutils [None req-9064d98f-9311-45b5-a1ec-101efbe565bc tempest-GroupSnapshotsTest-803384794 None] CMD "sudo cinder-rootwrap /etc/cinder/rootwrap.conf chmod ugo+rw /opt/stack/data/cinder/mnt/9e2afc6a449296549b3c7b5e28bdac78/volume-08fc2087-8cf3-40a4-bb9c-d746181f1fc4.2b769c2f-9f55-4c56-a7f0-f062a3800bb2" returned: 0 in 0.287s {{(pid=87098) execute /opt/stack/data/venv/lib/python3.12/site-packages/oslo_concurrency/processutils.py:468}}
Jul 13 13:51:53 devstack cinder-volume[87098]: DEBUG oslo_concurrency.processutils [None req-9064d98f-9311-45b5-a1ec-101efbe565bc tempest-GroupSnapshotsTest-803384794 None] Running cmd (subprocess): sudo cinder-rootwrap /etc/cinder/rootwrap.conf truncate -s0 /opt/stack/data/cinder/mnt/9e2afc6a449296549b3c7b5e28bdac78/volume-08fc2087-8cf3-40a4-bb9c-d746181f1fc4.info {{(pid=87098) execute /opt/stack/data/venv/lib/python3.12/site-packages/oslo_concurrency/processutils.py:440}}
Jul 13 13:51:53 devstack sudo[90942]: quobyte : PWD=/ ; USER=root ; COMMAND=/opt/stack/data/venv/bin/cinder-rootwrap /etc/cinder/rootwrap.conf truncate -s0 /opt/stack/data/cinder/mnt/9e2afc6a449296549b3c7b5e28bdac78/volume-08fc2087-8cf3-40a4-bb9c-d746181f1fc4.info
Jul 13 13:51:53 devstack sudo[90942]: pam_unix(sudo:session): session opened for user root(uid=0) by (uid=1000)
Jul 13 13:51:53 devstack sudo[90942]: pam_unix(sudo:session): session closed for user root
Jul 13 13:51:53 devstack cinder-volume[87098]: DEBUG oslo_concurrency.processutils [None req-9064d98f-9311-45b5-a1ec-101efbe565bc tempest-GroupSnapshotsTest-803384794 None] CMD "sudo cinder-rootwrap /etc/cinder/rootwrap.conf truncate -s0 /opt/stack/data/cinder/mnt/9e2afc6a449296549b3c7b5e28bdac78/volume-08fc2087-8cf3-40a4-bb9c-d746181f1fc4.info" returned: 0 in 0.300s {{(pid=87098) execute /opt/stack/data/venv/lib/python3.12/site-packages/oslo_concurrency/processutils.py:468}}
Jul 13 13:51:53 devstack cinder-volume[87098]: WARNING cinder.volume.drivers.remotefs [None req-9064d98f-9311-45b5-a1ec-101efbe565bc tempest-GroupSnapshotsTest-803384794 None] /opt/stack/data/cinder/mnt/9e2afc6a449296549b3c7b5e28bdac78/volume-08fc2087-8cf3-40a4-bb9c-d746181f1fc4.info is being set with open permissions: ugo+rw: NotImplementedError
Jul 13 13:51:53 devstack cinder-volume[87098]: DEBUG oslo_concurrency.processutils [None req-9064d98f-9311-45b5-a1ec-101efbe565bc tempest-GroupSnapshotsTest-803384794 None] Running cmd (subprocess): sudo cinder-rootwrap /etc/cinder/rootwrap.conf chmod ugo+rw /opt/stack/data/cinder/mnt/9e2afc6a449296549b3c7b5e28bdac78/volume-08fc2087-8cf3-40a4-bb9c-d746181f1fc4.info {{(pid=87098) execute /opt/stack/data/venv/lib/python3.12/site-packages/oslo_concurrency/processutils.py:440}}
Jul 13 13:51:53 devstack sudo[90945]: quobyte : PWD=/ ; USER=root ; COMMAND=/opt/stack/data/venv/bin/cinder-rootwrap /etc/cinder/rootwrap.conf chmod ugo+rw /opt/stack/data/cinder/mnt/9e2afc6a449296549b3c7b5e28bdac78/volume-08fc2087-8cf3-40a4-bb9c-d746181f1fc4.info
Jul 13 13:51:53 devstack sudo[90945]: pam_unix(sudo:session): session opened for user root(uid=0) by (uid=1000)
Jul 13 13:51:54 devstack sudo[90945]: pam_unix(sudo:session): session closed for user root
Jul 13 13:51:54 devstack cinder-volume[87098]: DEBUG oslo_concurrency.processutils [None req-9064d98f-9311-45b5-a1ec-101efbe565bc tempest-GroupSnapshotsTest-803384794 None] CMD "sudo cinder-rootwrap /etc/cinder/rootwrap.conf chmod ugo+rw /opt/stack/data/cinder/mnt/9e2afc6a449296549b3c7b5e28bdac78/volume-08fc2087-8cf3-40a4-bb9c-d746181f1fc4.info" returned: 0 in 0.274s {{(pid=87098) execute /opt/stack/data/venv/lib/python3.12/site-packages/oslo_concurrency/processutils.py:468}}
Jul 13 13:51:54 devstack cinder-volume[87098]: DEBUG oslo_concurrency.lockutils [None req-9064d98f-9311-45b5-a1ec-101efbe565bc tempest-GroupSnapshotsTest-803384794 None] Lock "quobyte" "released" by "cinder.volume.drivers.quobyte.QuobyteDriver.create_snapshot" :: held 2.401s {{(pid=87098) inner /opt/stack/data/venv/lib/python3.12/site-packages/oslo_concurrency/lockutils.py:543}}
