Jul 13 13:53:32 devstack cinder-volume[87098]: DEBUG oslo_concurrency.processutils [None req-32e46ed6-fc8c-41c4-a16b-9aa24a9f03e4 tempest-AttachVolumeShelveTestJSON-1995934202 None] Running cmd (subprocess): sudo cinder-rootwrap /etc/cinder/rootwrap.conf rm -f /opt/stack/data/cinder/mnt/9e2afc6a449296549b3c7b5e28bdac78/volume-1e08e8da-b20c-48db-a2fa-475a66c73eeb {{(pid=87098) execute /opt/stack/data/venv/lib/python3.12/site-packages/oslo_concurrency/processutils.py:440}}
Jul 13 13:53:32 devstack sudo[93039]: quobyte : PWD=/ ; USER=root ; COMMAND=/opt/stack/data/venv/bin/cinder-rootwrap /etc/cinder/rootwrap.conf chmod ugo+rw /opt/stack/data/cinder/mnt/9e2afc6a449296549b3c7b5e28bdac78/volume-4d6acaa8-0e67-4582-9dd0-70d8aabadfcf.info
Jul 13 13:53:32 devstack sudo[93039]: pam_unix(sudo:session): session opened for user root(uid=0) by (uid=1000)
Jul 13 13:53:32 devstack sudo[93041]: quobyte : PWD=/ ; USER=root ; COMMAND=/opt/stack/data/venv/bin/cinder-rootwrap /etc/cinder/rootwrap.conf rm -f /opt/stack/data/cinder/mnt/9e2afc6a449296549b3c7b5e28bdac78/volume-1e08e8da-b20c-48db-a2fa-475a66c73eeb
Jul 13 13:53:32 devstack sudo[93041]: pam_unix(sudo:session): session opened for user root(uid=0) by (uid=1000)
Jul 13 13:53:32 devstack cinder-volume[87098]: DEBUG cinder.volume.manager [None req-b31464b1-c017-47fc-b834-05baae2aa1bf tempest-BackendsCapabilitiesAdminTestsJSON-894213969 None] Obtained capabilities list: {'volume_backend_name': 'QuobyteHD', 'vendor_name': 'Open Source', 'driver_version': '1.1.14', 'storage_protocol': 'quobyte', 'total_capacity_gb': 1775.7577095031738, 'free_capacity_gb': 1775.7577095031738, 'reserved_percentage': 0, 'QoS_support': False, 'properties': {'thin_provisioning': {'title': 'Thin Provisioning', 'description': 'Sets thin provisioning.', 'type': 'boolean'}, 'compression': {'title': 'Compression', 'description': 'Enables compression.', 'type': 'boolean'}, 'qos': {'title': 'QoS', 'description': 'Enables QoS.', 'type': 'boolean'}, 'replication_enabled': {'title': 'Replication', 'description': 'Enables replication.', 'type': 'boolean'}}}. {{(pid=87098) get_capabilities /opt/stack/cinder/cinder/volume/manager.py:4830}}
Jul 13 13:53:32 devstack cinder-volume[87098]: DEBUG cinder.volume.manager [None req-b2f5b0a2-87d9-4b62-bfef-8bcfa74b0ee2 tempest-BackendsCapabilitiesAdminTestsJSON-894213969 None] Obtained capabilities list: {'volume_backend_name': 'QuobyteHD', 'vendor_name': 'Open Source', 'driver_version': '1.1.14', 'storage_protocol': 'quobyte', 'total_capacity_gb': 1775.7577095031738, 'free_capacity_gb': 1775.7577095031738, 'reserved_percentage': 0, 'QoS_support': False, 'properties': {'thin_provisioning': {'title': 'Thin Provisioning', 'description': 'Sets thin provisioning.', 'type': 'boolean'}, 'compression': {'title': 'Compression', 'description': 'Enables compression.', 'type': 'boolean'}, 'qos': {'title': 'QoS', 'description': 'Enables QoS.', 'type': 'boolean'}, 'replication_enabled': {'title': 'Replication', 'description': 'Enables replication.', 'type': 'boolean'}}}. {{(pid=87098) get_capabilities /opt/stack/cinder/cinder/volume/manager.py:4830}}
Jul 13 13:53:32 devstack sudo[93039]: pam_unix(sudo:session): session closed for user root
Jul 13 13:53:32 devstack cinder-volume[87098]: DEBUG oslo_concurrency.processutils [None req-377ba7a3-f85d-4f7a-ae5c-a1e0f360f2b1 tempest-VolumesDeleteCascade-447158706 None] CMD "sudo cinder-rootwrap /etc/cinder/rootwrap.conf chmod ugo+rw /opt/stack/data/cinder/mnt/9e2afc6a449296549b3c7b5e28bdac78/volume-4d6acaa8-0e67-4582-9dd0-70d8aabadfcf.info" returned: 0 in 0.313s {{(pid=87098) execute /opt/stack/data/venv/lib/python3.12/site-packages/oslo_concurrency/processutils.py:468}}
Jul 13 13:53:32 devstack sudo[93041]: pam_unix(sudo:session): session closed for user root
Jul 13 13:53:32 devstack cinder-volume[87098]: DEBUG oslo_concurrency.lockutils [None req-377ba7a3-f85d-4f7a-ae5c-a1e0f360f2b1 tempest-VolumesDeleteCascade-447158706 None] Lock "quobyte" "released" by "cinder.volume.drivers.quobyte.QuobyteDriver.create_snapshot" :: held 2.617s {{(pid=87098) inner /opt/stack/data/venv/lib/python3.12/site-packages/oslo_concurrency/lockutils.py:543}}
Jul 13 13:53:32 devstack cinder-volume[87098]: DEBUG oslo_concurrency.processutils [None req-32e46ed6-fc8c-41c4-a16b-9aa24a9f03e4 tempest-AttachVolumeShelveTestJSON-1995934202 None] CMD "sudo cinder-rootwrap /etc/cinder/rootwrap.conf rm -f /opt/stack/data/cinder/mnt/9e2afc6a449296549b3c7b5e28bdac78/volume-1e08e8da-b20c-48db-a2fa-475a66c73eeb" returned: 0 in 0.316s {{(pid=87098) execute /opt/stack/data/venv/lib/python3.12/site-packages/oslo_concurrency/processutils.py:468}}
Jul 13 13:53:32 devstack cinder-volume[87098]: DEBUG cinder.coordination [None req-32e46ed6-fc8c-41c4-a16b-9aa24a9f03e4 tempest-AttachVolumeShelveTestJSON-1995934202 None] Lock "cinder-quobyte-1e08e8da-b20c-48db-a2fa-475a66c73eeb" released by "delete_volume" :: held 0.831s {{(pid=87098) __release /opt/stack/cinder/cinder/coordination.py:152}}
Jul 13 13:53:32 devstack cinder-volume[87098]: INFO cinder.volume.manager [None req-377ba7a3-f85d-4f7a-ae5c-a1e0f360f2b1 tempest-VolumesDeleteCascade-447158706 None] Create snapshot completed successfully
Jul 13 13:53:32 devstack cinder-volume[87098]: DEBUG cinder.quota [None req-32e46ed6-fc8c-41c4-a16b-9aa24a9f03e4 tempest-AttachVolumeShelveTestJSON-1995934202 None] Created reservations ['8142ffb9-2ba0-46dc-b1cd-4993b393a06b', '549b0b56-1b72-4f62-9891-6a56dc094dd8', 'ef782871-b8c3-4c44-881f-f03b971ceec8', '7cf2d899-3b5e-4191-aba5-a8dd8b07b979'] {{(pid=87098) reserve /opt/stack/cinder/cinder/quota.py:752}}
Jul 13 13:53:32 devstack cinder-volume[87098]: DEBUG oslo_concurrency.lockutils [None req-32e46ed6-fc8c-41c4-a16b-9aa24a9f03e4 tempest-AttachVolumeShelveTestJSON-1995934202 None] Acquiring lock "quobyte_ensure" by "cinder.volume.drivers.quobyte.QuobyteDriver._ensure_shares_mounted" {{(pid=87098) inner /opt/stack/data/venv/lib/python3.12/site-packages/oslo_concurrency/lockutils.py:511}}
Jul 13 13:53:32 devstack cinder-volume[87098]: DEBUG oslo_concurrency.lockutils [None req-32e46ed6-fc8c-41c4-a16b-9aa24a9f03e4 tempest-AttachVolumeShelveTestJSON-1995934202 None] Lock "quobyte_ensure" acquired by "cinder.volume.drivers.quobyte.QuobyteDriver._ensure_shares_mounted" :: waited 0.001s {{(pid=87098) inner /opt/stack/data/venv/lib/python3.12/site-packages/oslo_concurrency/lockutils.py:524}}
Jul 13 13:53:32 devstack cinder-volume[87098]: DEBUG cinder.volume.drivers.quobyte [None req-32e46ed6-fc8c-41c4-a16b-9aa24a9f03e4 tempest-AttachVolumeShelveTestJSON-1995934202 None] Quobyte Volume URL set to: {'osci02.corp.quobyte.com/cinder-vol-60f3971a-2ede-4526-9b18-1598d72d4654': None} {{(pid=87098) _load_shares_config /opt/stack/cinder/cinder/volume/drivers/quobyte.py:617}}
Jul 13 13:53:32 devstack cinder-volume[87098]: DEBUG cinder.volume.drivers.quobyte [None req-32e46ed6-fc8c-41c4-a16b-9aa24a9f03e4 tempest-AttachVolumeShelveTestJSON-1995934202 None] Available shares ['osci02.corp.quobyte.com/cinder-vol-60f3971a-2ede-4526-9b18-1598d72d4654'] {{(pid=87098) _ensure_shares_mounted /opt/stack/cinder/cinder/volume/drivers/quobyte.py:647}}
Jul 13 13:53:32 devstack cinder-volume[87098]: DEBUG oslo_concurrency.lockutils [None req-32e46ed6-fc8c-41c4-a16b-9aa24a9f03e4 tempest-AttachVolumeShelveTestJSON-1995934202 None] Lock "quobyte_ensure" "released" by "cinder.volume.drivers.quobyte.QuobyteDriver._ensure_shares_mounted" :: held 0.009s {{(pid=87098) inner /opt/stack/data/venv/lib/python3.12/site-packages/oslo_concurrency/lockutils.py:543}}
Jul 13 13:53:32 devstack cinder-volume[87098]: DEBUG oslo_concurrency.processutils [None req-32e46ed6-fc8c-41c4-a16b-9aa24a9f03e4 tempest-AttachVolumeShelveTestJSON-1995934202 None] Running cmd (subprocess): sudo cinder-rootwrap /etc/cinder/rootwrap.conf df --portability --block-size 1 /opt/stack/data/cinder/mnt/9e2afc6a449296549b3c7b5e28bdac78 {{(pid=87098) execute /opt/stack/data/venv/lib/python3.12/site-packages/oslo_concurrency/processutils.py:440}}
Jul 13 13:53:32 devstack sudo[93045]: quobyte : PWD=/ ; USER=root ; COMMAND=/opt/stack/data/venv/bin/cinder-rootwrap /etc/cinder/rootwrap.conf df --portability --block-size 1 /opt/stack/data/cinder/mnt/9e2afc6a449296549b3c7b5e28bdac78
Jul 13 13:53:32 devstack sudo[93045]: pam_unix(sudo:session): session opened for user root(uid=0) by (uid=1000)
Jul 13 13:53:32 devstack sudo[93045]: pam_unix(sudo:session): session closed for user root
Jul 13 13:53:32 devstack cinder-volume[87098]: DEBUG oslo_concurrency.processutils [None req-32e46ed6-fc8c-41c4-a16b-9aa24a9f03e4 tempest-AttachVolumeShelveTestJSON-1995934202 None] CMD "sudo cinder-rootwrap /etc/cinder/rootwrap.conf df --portability --block-size 1 /opt/stack/data/cinder/mnt/9e2afc6a449296549b3c7b5e28bdac78" returned: 0 in 0.314s {{(pid=87098) execute /opt/stack/data/venv/lib/python3.12/site-packages/oslo_concurrency/processutils.py:468}}
Jul 13 13:53:32 devstack cinder-volume[87098]: DEBUG cinder.manager [None req-32e46ed6-fc8c-41c4-a16b-9aa24a9f03e4 tempest-AttachVolumeShelveTestJSON-1995934202 None] Notifying Schedulers of capabilities ... {{(pid=87098) _publish_service_capabilities /opt/stack/cinder/cinder/manager.py:219}}
Jul 13 13:53:32 devstack cinder-volume[87098]: INFO cinder.volume.manager [None req-32e46ed6-fc8c-41c4-a16b-9aa24a9f03e4 tempest-AttachVolumeShelveTestJSON-1995934202 None] Deleted volume successfully.
Jul 13 13:53:33 devstack cinder-volume[87098]: DEBUG cinder.coordination [None req-32e46ed6-fc8c-41c4-a16b-9aa24a9f03e4 tempest-AttachVolumeShelveTestJSON-1995934202 None] Lock "cinder-1e08e8da-b20c-48db-a2fa-475a66c73eeb-delete_volume" released by "delete_volume" :: held 1.429s {{(pid=87098) __release /opt/stack/cinder/cinder/coordination.py:152}}
Jul 13 13:53:33 devstack cinder-volume[87098]: DEBUG oslo_concurrency.lockutils [None req-6c7325b2-e447-4560-a350-c52623d24d64 tempest-VolumesDeleteCascade-447158706 None] Acquiring lock "quobyte" by "cinder.volume.drivers.quobyte.QuobyteDriver.create_snapshot" {{(pid=87098) inner /opt/stack/data/venv/lib/python3.12/site-packages/oslo_concurrency/lockutils.py:511}}
Jul 13 13:53:33 devstack cinder-volume[87098]: DEBUG oslo_concurrency.lockutils [None req-6c7325b2-e447-4560-a350-c52623d24d64 tempest-VolumesDeleteCascade-447158706 None] Lock "quobyte" acquired by "cinder.volume.drivers.quobyte.QuobyteDriver.create_snapshot" :: waited 0.001s {{(pid=87098) inner /opt/stack/data/venv/lib/python3.12/site-packages/oslo_concurrency/lockutils.py:524}}
Jul 13 13:53:33 devstack cinder-volume[87098]: DEBUG cinder.volume.drivers.remotefs [None req-6c7325b2-e447-4560-a350-c52623d24d64 tempest-VolumesDeleteCascade-447158706 None] Creating offline snapshot c12df310-9569-4f7b-bd88-523c09d8bfba of volume 4d6acaa8-0e67-4582-9dd0-70d8aabadfcf {{(pid=87098) _create_snapshot /opt/stack/cinder/cinder/volume/drivers/remotefs.py:1816}}
Jul 13 13:53:33 devstack cinder-volume[87098]: DEBUG oslo.privsep.daemon [-] privsep: reply[a533bd5a-f844-445d-99bc-912aa3844019]: (4, 'qcow2') {{(pid=88154) _call_back /opt/stack/data/venv/lib/python3.12/site-packages/oslo_privsep/daemon.py:580}}
Jul 13 13:53:33 devstack cinder-volume[87098]: DEBUG oslo_concurrency.processutils [None req-6c7325b2-e447-4560-a350-c52623d24d64 tempest-VolumesDeleteCascade-447158706 None] Running cmd (subprocess): /opt/stack/data/venv/bin/python3.12 -m oslo_concurrency.prlimit --as=1073741824 --cpu=60 -- sudo cinder-rootwrap /etc/cinder/rootwrap.conf env LC_ALL=C qemu-img info -f qcow2 --output=json --force-share /opt/stack/data/cinder/mnt/9e2afc6a449296549b3c7b5e28bdac78/volume-4d6acaa8-0e67-4582-9dd0-70d8aabadfcf.5021b08e-f651-4f22-8eb5-7d2f1f8cf3cd {{(pid=87098) execute /opt/stack/data/venv/lib/python3.12/site-packages/oslo_concurrency/processutils.py:440}}
Jul 13 13:53:33 devstack sudo[93048]: quobyte : PWD=/ ; USER=root ; COMMAND=/opt/stack/data/venv/bin/cinder-rootwrap /etc/cinder/rootwrap.conf env LC_ALL=C qemu-img info -f qcow2 --output=json --force-share /opt/stack/data/cinder/mnt/9e2afc6a449296549b3c7b5e28bdac78/volume-4d6acaa8-0e67-4582-9dd0-70d8aabadfcf.5021b08e-f651-4f22-8eb5-7d2f1f8cf3cd
Jul 13 13:53:33 devstack sudo[93048]: pam_unix(sudo:session): session opened for user root(uid=0) by (uid=1000)
Jul 13 13:53:33 devstack sudo[93048]: pam_unix(sudo:session): session closed for user root
Jul 13 13:53:33 devstack cinder-volume[87098]: DEBUG oslo_concurrency.processutils [None req-6c7325b2-e447-4560-a350-c52623d24d64 tempest-VolumesDeleteCascade-447158706 None] CMD "/opt/stack/data/venv/bin/python3.12 -m oslo_concurrency.prlimit --as=1073741824 --cpu=60 -- sudo cinder-rootwrap /etc/cinder/rootwrap.conf env LC_ALL=C qemu-img info -f qcow2 --output=json --force-share /opt/stack/data/cinder/mnt/9e2afc6a449296549b3c7b5e28bdac78/volume-4d6acaa8-0e67-4582-9dd0-70d8aabadfcf.5021b08e-f651-4f22-8eb5-7d2f1f8cf3cd" returned: 0 in 0.535s {{(pid=87098) execute /opt/stack/data/venv/lib/python3.12/site-packages/oslo_concurrency/processutils.py:468}}
Jul 13 13:53:33 devstack cinder-volume[87098]: DEBUG cinder.volume.drivers.remotefs [None req-6c7325b2-e447-4560-a350-c52623d24d64 tempest-VolumesDeleteCascade-447158706 None] Fetching qemu-img info with special backing_file_template: (/opt/stack/data/cinder/mnt/[0-9a-f]+/)?(volume-4d6acaa8-0e67-4582-9dd0-70d8aabadfcf(.(tmp-snap-)?[0-9a-f-]+)?|volume_from_snapshot_cache/(tmp-snap-)?[0-9a-f-]+(.(child-|parent-)[0-9a-f-]+)?)$ {{(pid=87098) _qemu_img_info_base /opt/stack/cinder/cinder/volume/drivers/remotefs.py:896}}
Jul 13 13:53:33 devstack cinder-volume[87098]: DEBUG oslo_concurrency.processutils [None req-6c7325b2-e447-4560-a350-c52623d24d64 tempest-VolumesDeleteCascade-447158706 None] Running cmd (subprocess): sudo cinder-rootwrap /etc/cinder/rootwrap.conf qemu-img create -f qcow2 -o backing_file=/opt/stack/data/cinder/mnt/9e2afc6a449296549b3c7b5e28bdac78/volume-4d6acaa8-0e67-4582-9dd0-70d8aabadfcf.5021b08e-f651-4f22-8eb5-7d2f1f8cf3cd,backing_fmt=qcow2 /opt/stack/data/cinder/mnt/9e2afc6a449296549b3c7b5e28bdac78/volume-4d6acaa8-0e67-4582-9dd0-70d8aabadfcf.c12df310-9569-4f7b-bd88-523c09d8bfba 1G {{(pid=87098) execute /opt/stack/data/venv/lib/python3.12/site-packages/oslo_concurrency/processutils.py:440}}
Jul 13 13:53:33 devstack sudo[93053]: quobyte : PWD=/ ; USER=root ; COMMAND=/opt/stack/data/venv/bin/cinder-rootwrap /etc/cinder/rootwrap.conf qemu-img create -f qcow2 -o backing_file=/opt/stack/data/cinder/mnt/9e2afc6a449296549b3c7b5e28bdac78/volume-4d6acaa8-0e67-4582-9dd0-70d8aabadfcf.5021b08e-f651-4f22-8eb5-7d2f1f8cf3cd,backing_fmt=qcow2 /opt/stack/data/cinder/mnt/9e2afc6a449296549b3c7b5e28bdac78/volume-4d6acaa8-0e67-4582-9dd0-70d8aabadfcf.c12df310-9569-4f7b-bd88-523c09d8bfba 1G
Jul 13 13:53:33 devstack sudo[93053]: pam_unix(sudo:session): session opened for user root(uid=0) by (uid=1000)
Jul 13 13:53:34 devstack sudo[93053]: pam_unix(sudo:session): session closed for user root
Jul 13 13:53:34 devstack cinder-volume[87098]: DEBUG oslo_concurrency.processutils [None req-6c7325b2-e447-4560-a350-c52623d24d64 tempest-VolumesDeleteCascade-447158706 None] CMD "sudo cinder-rootwrap /etc/cinder/rootwrap.conf qemu-img create -f qcow2 -o backing_file=/opt/stack/data/cinder/mnt/9e2afc6a449296549b3c7b5e28bdac78/volume-4d6acaa8-0e67-4582-9dd0-70d8aabadfcf.5021b08e-f651-4f22-8eb5-7d2f1f8cf3cd,backing_fmt=qcow2 /opt/stack/data/cinder/mnt/9e2afc6a449296549b3c7b5e28bdac78/volume-4d6acaa8-0e67-4582-9dd0-70d8aabadfcf.c12df310-9569-4f7b-bd88-523c09d8bfba 1G" returned: 0 in 0.528s {{(pid=87098) execute /opt/stack/data/venv/lib/python3.12/site-packages/oslo_concurrency/processutils.py:468}}
Jul 13 13:53:34 devstack cinder-volume[87098]: DEBUG oslo_concurrency.processutils [None req-6c7325b2-e447-4560-a350-c52623d24d64 tempest-VolumesDeleteCascade-447158706 None] Running cmd (subprocess): sudo cinder-rootwrap /etc/cinder/rootwrap.conf qemu-img rebase -u -b volume-4d6acaa8-0e67-4582-9dd0-70d8aabadfcf.5021b08e-f651-4f22-8eb5-7d2f1f8cf3cd -F qcow2 /opt/stack/data/cinder/mnt/9e2afc6a449296549b3c7b5e28bdac78/volume-4d6acaa8-0e67-4582-9dd0-70d8aabadfcf.c12df310-9569-4f7b-bd88-523c09d8bfba {{(pid=87098) execute /opt/stack/data/venv/lib/python3.12/site-packages/oslo_concurrency/processutils.py:440}}
Jul 13 13:53:34 devstack sudo[93059]: quobyte : PWD=/ ; USER=root ; COMMAND=/opt/stack/data/venv/bin/cinder-rootwrap /etc/cinder/rootwrap.conf qemu-img rebase -u -b volume-4d6acaa8-0e67-4582-9dd0-70d8aabadfcf.5021b08e-f651-4f22-8eb5-7d2f1f8cf3cd -F qcow2 /opt/stack/data/cinder/mnt/9e2afc6a449296549b3c7b5e28bdac78/volume-4d6acaa8-0e67-4582-9dd0-70d8aabadfcf.c12df310-9569-4f7b-bd88-523c09d8bfba
Jul 13 13:53:34 devstack sudo[93059]: pam_unix(sudo:session): session opened for user root(uid=0) by (uid=1000)
Jul 13 13:53:34 devstack sudo[93059]: pam_unix(sudo:session): session closed for user root
Jul 13 13:53:34 devstack cinder-volume[87098]: DEBUG oslo_concurrency.processutils [None req-6c7325b2-e447-4560-a350-c52623d24d64 tempest-VolumesDeleteCascade-447158706 None] CMD "sudo cinder-rootwrap /etc/cinder/rootwrap.conf qemu-img rebase -u -b volume-4d6acaa8-0e67-4582-9dd0-70d8aabadfcf.5021b08e-f651-4f22-8eb5-7d2f1f8cf3cd -F qcow2 /opt/stack/data/cinder/mnt/9e2afc6a449296549b3c7b5e28bdac78/volume-4d6acaa8-0e67-4582-9dd0-70d8aabadfcf.c12df310-9569-4f7b-bd88-523c09d8bfba" returned: 0 in 0.448s {{(pid=87098) execute /opt/stack/data/venv/lib/python3.12/site-packages/oslo_concurrency/processutils.py:468}}
Jul 13 13:53:34 devstack cinder-volume[87098]: WARNING cinder.volume.drivers.remotefs [None req-6c7325b2-e447-4560-a350-c52623d24d64 tempest-VolumesDeleteCascade-447158706 None] /opt/stack/data/cinder/mnt/9e2afc6a449296549b3c7b5e28bdac78/volume-4d6acaa8-0e67-4582-9dd0-70d8aabadfcf.c12df310-9569-4f7b-bd88-523c09d8bfba is being set with open permissions: ugo+rw
Jul 13 13:53:34 devstack cinder-volume[87098]: DEBUG oslo_concurrency.processutils [None req-6c7325b2-e447-4560-a350-c52623d24d64 tempest-VolumesDeleteCascade-447158706 None] Running cmd (subprocess): sudo cinder-rootwrap /etc/cinder/rootwrap.conf chmod ugo+rw /opt/stack/data/cinder/mnt/9e2afc6a449296549b3c7b5e28bdac78/volume-4d6acaa8-0e67-4582-9dd0-70d8aabadfcf.c12df310-9569-4f7b-bd88-523c09d8bfba {{(pid=87098) execute /opt/stack/data/venv/lib/python3.12/site-packages/oslo_concurrency/processutils.py:440}}
Jul 13 13:53:34 devstack sudo[93065]: quobyte : PWD=/ ; USER=root ; COMMAND=/opt/stack/data/venv/bin/cinder-rootwrap /etc/cinder/rootwrap.conf chmod ugo+rw /opt/stack/data/cinder/mnt/9e2afc6a449296549b3c7b5e28bdac78/volume-4d6acaa8-0e67-4582-9dd0-70d8aabadfcf.c12df310-9569-4f7b-bd88-523c09d8bfba
Jul 13 13:53:34 devstack sudo[93065]: pam_unix(sudo:session): session opened for user root(uid=0) by (uid=1000)
Jul 13 13:53:35 devstack sudo[93065]: pam_unix(sudo:session): session closed for user root
Jul 13 13:53:35 devstack cinder-volume[87098]: DEBUG oslo_concurrency.processutils [None req-6c7325b2-e447-4560-a350-c52623d24d64 tempest-VolumesDeleteCascade-447158706 None] CMD "sudo cinder-rootwrap /etc/cinder/rootwrap.conf chmod ugo+rw /opt/stack/data/cinder/mnt/9e2afc6a449296549b3c7b5e28bdac78/volume-4d6acaa8-0e67-4582-9dd0-70d8aabadfcf.c12df310-9569-4f7b-bd88-523c09d8bfba" returned: 0 in 0.293s {{(pid=87098) execute /opt/stack/data/venv/lib/python3.12/site-packages/oslo_concurrency/processutils.py:468}}
Jul 13 13:53:35 devstack cinder-volume[87098]: DEBUG oslo_concurrency.lockutils [None req-6c7325b2-e447-4560-a350-c52623d24d64 tempest-VolumesDeleteCascade-447158706 None] Lock "quobyte" "released" by "cinder.volume.drivers.quobyte.QuobyteDriver.create_snapshot" :: held 1.943s {{(pid=87098) inner /opt/stack/data/venv/lib/python3.12/site-packages/oslo_concurrency/lockutils.py:543}}
Jul 13 13:53:35 devstack cinder-volume[87098]: INFO cinder.volume.manager [None req-6c7325b2-e447-4560-a350-c52623d24d64 tempest-VolumesDeleteCascade-447158706 None] Create snapshot completed successfully
Jul 13 13:53:35 devstack cinder-volume[87098]: DEBUG cinder.coordination [None req-c8ceb1b9-97a7-4fc3-9f42-edd7393cd156 tempest-VolumesDeleteCascade-447158706 None] Acquiring lock "cinder-4d6acaa8-0e67-4582-9dd0-70d8aabadfcf-delete_volume" by "delete_volume" {{(pid=87098) __acquire /opt/stack/cinder/cinder/coordination.py:138}}
Jul 13 13:53:35 devstack cinder-volume[87098]: DEBUG cinder.coordination [None req-c8ceb1b9-97a7-4fc3-9f42-edd7393cd156 tempest-VolumesDeleteCascade-447158706 None] Lock "cinder-4d6acaa8-0e67-4582-9dd0-70d8aabadfcf-delete_volume" acquired by "delete_volume" :: waited 0.021s {{(pid=87098) __acquire /opt/stack/cinder/cinder/coordination.py:141}}
Jul 13 13:53:35 devstack cinder-volume[87098]: DEBUG cinder.volume.manager [None req-c8ceb1b9-97a7-4fc3-9f42-edd7393cd156 tempest-VolumesDeleteCascade-447158706 None] Performing cascade delete. {{(pid=87098) delete_volume /opt/stack/cinder/cinder/volume/manager.py:995}}
Jul 13 13:53:35 devstack cinder-volume[87098]: DEBUG cinder.coordination [None req-c8ceb1b9-97a7-4fc3-9f42-edd7393cd156 tempest-VolumesDeleteCascade-447158706 None] Acquiring lock "cinder-5021b08e-f651-4f22-8eb5-7d2f1f8cf3cd-delete_snapshot" by "delete_snapshot" {{(pid=87098) __acquire /opt/stack/cinder/cinder/coordination.py:138}}
Jul 13 13:53:35 devstack cinder-volume[87098]: DEBUG cinder.coordination [None req-c8ceb1b9-97a7-4fc3-9f42-edd7393cd156 tempest-VolumesDeleteCascade-447158706 None] Lock "cinder-5021b08e-f651-4f22-8eb5-7d2f1f8cf3cd-delete_snapshot" acquired by "delete_snapshot" :: waited 0.019s {{(pid=87098) __acquire /opt/stack/cinder/cinder/coordination.py:141}}
Jul 13 13:53:35 devstack cinder-volume[87098]: DEBUG cinder.coordination [None req-c8ceb1b9-97a7-4fc3-9f42-edd7393cd156 tempest-VolumesDeleteCascade-447158706 None] Acquiring lock "cinder-quobyte-4d6acaa8-0e67-4582-9dd0-70d8aabadfcf" by "delete_snapshot" {{(pid=87098) __acquire /opt/stack/cinder/cinder/coordination.py:138}}
Jul 13 13:53:35 devstack cinder-volume[87098]: DEBUG cinder.coordination [None req-c8ceb1b9-97a7-4fc3-9f42-edd7393cd156 tempest-VolumesDeleteCascade-447158706 None] Lock "cinder-quobyte-4d6acaa8-0e67-4582-9dd0-70d8aabadfcf" acquired by "delete_snapshot" :: waited 0.018s {{(pid=87098) __acquire /opt/stack/cinder/cinder/coordination.py:141}}
Jul 13 13:53:35 devstack cinder-volume[87098]: DEBUG cinder.coordination [None req-c8ceb1b9-97a7-4fc3-9f42-edd7393cd156 tempest-VolumesDeleteCascade-447158706 None] Acquiring lock "cinder-quobyte-5021b08e-f651-4f22-8eb5-7d2f1f8cf3cd" by "_delete_snapshot" {{(pid=87098) __acquire /opt/stack/cinder/cinder/coordination.py:138}}
Jul 13 13:53:35 devstack cinder-volume[87098]: DEBUG cinder.coordination [None req-c8ceb1b9-97a7-4fc3-9f42-edd7393cd156 tempest-VolumesDeleteCascade-447158706 None] Lock "cinder-quobyte-5021b08e-f651-4f22-8eb5-7d2f1f8cf3cd" acquired by "_delete_snapshot" :: waited 0.019s {{(pid=87098) __acquire /opt/stack/cinder/cinder/coordination.py:141}}
Jul 13 13:53:35 devstack cinder-volume[87098]: DEBUG cinder.volume.drivers.remotefs [None req-c8ceb1b9-97a7-4fc3-9f42-edd7393cd156 tempest-VolumesDeleteCascade-447158706 None] Deleting offline snapshot 5021b08e-f651-4f22-8eb5-7d2f1f8cf3cd of volume 4d6acaa8-0e67-4582-9dd0-70d8aabadfcf {{(pid=87098) _delete_snapshot /opt/stack/cinder/cinder/volume/drivers/remotefs.py:1288}}
Jul 13 13:53:35 devstack cinder-volume[87098]: DEBUG cinder.volume.drivers.remotefs [None req-c8ceb1b9-97a7-4fc3-9f42-edd7393cd156 tempest-VolumesDeleteCascade-447158706 None] snapshot_file for this snap is: volume-4d6acaa8-0e67-4582-9dd0-70d8aabadfcf.5021b08e-f651-4f22-8eb5-7d2f1f8cf3cd {{(pid=87098) _delete_snapshot /opt/stack/cinder/cinder/volume/drivers/remotefs.py:1317}}
Jul 13 13:53:35 devstack cinder-volume[87098]: DEBUG oslo.privsep.daemon [-] privsep: reply[887499c9-605d-497c-bb1d-0e25652ba420]: (4, 'qcow2') {{(pid=88154) _call_back /opt/stack/data/venv/lib/python3.12/site-packages/oslo_privsep/daemon.py:580}}
Jul 13 13:53:35 devstack cinder-volume[87098]: DEBUG oslo_concurrency.processutils [None req-c8ceb1b9-97a7-4fc3-9f42-edd7393cd156 tempest-VolumesDeleteCascade-447158706 None] Running cmd (subprocess): /opt/stack/data/venv/bin/python3.12 -m oslo_concurrency.prlimit --as=1073741824 --cpu=60 -- sudo cinder-rootwrap /etc/cinder/rootwrap.conf env LC_ALL=C qemu-img info -f qcow2 --output=json --force-share /opt/stack/data/cinder/mnt/9e2afc6a449296549b3c7b5e28bdac78/volume-4d6acaa8-0e67-4582-9dd0-70d8aabadfcf.5021b08e-f651-4f22-8eb5-7d2f1f8cf3cd {{(pid=87098) execute /opt/stack/data/venv/lib/python3.12/site-packages/oslo_concurrency/processutils.py:440}}
Jul 13 13:53:35 devstack sudo[93068]: quobyte : PWD=/ ; USER=root ; COMMAND=/opt/stack/data/venv/bin/cinder-rootwrap /etc/cinder/rootwrap.conf env LC_ALL=C qemu-img info -f qcow2 --output=json --force-share /opt/stack/data/cinder/mnt/9e2afc6a449296549b3c7b5e28bdac78/volume-4d6acaa8-0e67-4582-9dd0-70d8aabadfcf.5021b08e-f651-4f22-8eb5-7d2f1f8cf3cd
Jul 13 13:53:35 devstack sudo[93068]: pam_unix(sudo:session): session opened for user root(uid=0) by (uid=1000)
Jul 13 13:53:36 devstack sudo[93068]: pam_unix(sudo:session): session closed for user root
Jul 13 13:53:36 devstack cinder-volume[87098]: DEBUG oslo_concurrency.processutils [None req-c8ceb1b9-97a7-4fc3-9f42-edd7393cd156 tempest-VolumesDeleteCascade-447158706 None] CMD "/opt/stack/data/venv/bin/python3.12 -m oslo_concurrency.prlimit --as=1073741824 --cpu=60 -- sudo cinder-rootwrap /etc/cinder/rootwrap.conf env LC_ALL=C qemu-img info -f qcow2 --output=json --force-share /opt/stack/data/cinder/mnt/9e2afc6a449296549b3c7b5e28bdac78/volume-4d6acaa8-0e67-4582-9dd0-70d8aabadfcf.5021b08e-f651-4f22-8eb5-7d2f1f8cf3cd" returned: 0 in 0.467s {{(pid=87098) execute /opt/stack/data/venv/lib/python3.12/site-packages/oslo_concurrency/processutils.py:468}}
Jul 13 13:53:36 devstack cinder-volume[87098]: DEBUG cinder.volume.drivers.remotefs [None req-c8ceb1b9-97a7-4fc3-9f42-edd7393cd156 tempest-VolumesDeleteCascade-447158706 None] Fetching qemu-img info with special backing_file_template: (/opt/stack/data/cinder/mnt/[0-9a-f]+/)?(volume-4d6acaa8-0e67-4582-9dd0-70d8aabadfcf(.(tmp-snap-)?[0-9a-f-]+)?|volume_from_snapshot_cache/(tmp-snap-)?[0-9a-f-]+(.(child-|parent-)[0-9a-f-]+)?)$ {{(pid=87098) _qemu_img_info_base /opt/stack/cinder/cinder/volume/drivers/remotefs.py:896}}
Jul 13 13:53:36 devstack cinder-volume[87098]: DEBUG oslo.privsep.daemon [-] privsep: reply[a3fc543d-bb7d-4e78-acaa-9539b3569883]: (4, 'qcow2') {{(pid=88154) _call_back /opt/stack/data/venv/lib/python3.12/site-packages/oslo_privsep/daemon.py:580}}
Jul 13 13:53:36 devstack cinder-volume[87098]: DEBUG oslo_concurrency.processutils [None req-c8ceb1b9-97a7-4fc3-9f42-edd7393cd156 tempest-VolumesDeleteCascade-447158706 None] Running cmd (subprocess): /opt/stack/data/venv/bin/python3.12 -m oslo_concurrency.prlimit --as=1073741824 --cpu=60 -- sudo cinder-rootwrap /etc/cinder/rootwrap.conf env LC_ALL=C qemu-img info -f qcow2 --output=json --force-share /opt/stack/data/cinder/mnt/9e2afc6a449296549b3c7b5e28bdac78/volume-4d6acaa8-0e67-4582-9dd0-70d8aabadfcf {{(pid=87098) execute /opt/stack/data/venv/lib/python3.12/site-packages/oslo_concurrency/processutils.py:440}}
Jul 13 13:53:36 devstack sudo[93074]: quobyte : PWD=/ ; USER=root ; COMMAND=/opt/stack/data/venv/bin/cinder-rootwrap /etc/cinder/rootwrap.conf env LC_ALL=C qemu-img info -f qcow2 --output=json --force-share /opt/stack/data/cinder/mnt/9e2afc6a449296549b3c7b5e28bdac78/volume-4d6acaa8-0e67-4582-9dd0-70d8aabadfcf
Jul 13 13:53:36 devstack sudo[93074]: pam_unix(sudo:session): session opened for user root(uid=0) by (uid=1000)
Jul 13 13:53:36 devstack sudo[93074]: pam_unix(sudo:session): session closed for user root
Jul 13 13:53:36 devstack cinder-volume[87098]: DEBUG oslo_concurrency.processutils [None req-c8ceb1b9-97a7-4fc3-9f42-edd7393cd156 tempest-VolumesDeleteCascade-447158706 None] CMD "/opt/stack/data/venv/bin/python3.12 -m oslo_concurrency.prlimit --as=1073741824 --cpu=60 -- sudo cinder-rootwrap /etc/cinder/rootwrap.conf env LC_ALL=C qemu-img info -f qcow2 --output=json --force-share /opt/stack/data/cinder/mnt/9e2afc6a449296549b3c7b5e28bdac78/volume-4d6acaa8-0e67-4582-9dd0-70d8aabadfcf" returned: 0 in 0.490s {{(pid=87098) execute /opt/stack/data/venv/lib/python3.12/site-packages/oslo_concurrency/processutils.py:468}}
Jul 13 13:53:36 devstack cinder-volume[87098]: DEBUG oslo.privsep.daemon [-] privsep: reply[f13e6563-0b03-4cbb-b11b-f51863f27b20]: (4, 'qcow2') {{(pid=88154) _call_back /opt/stack/data/venv/lib/python3.12/site-packages/oslo_privsep/daemon.py:580}}
Jul 13 13:53:36 devstack cinder-volume[87098]: DEBUG oslo_concurrency.processutils [None req-c8ceb1b9-97a7-4fc3-9f42-edd7393cd156 tempest-VolumesDeleteCascade-447158706 None] Running cmd (subprocess): /opt/stack/data/venv/bin/python3.12 -m oslo_concurrency.prlimit --as=1073741824 --cpu=60 -- sudo cinder-rootwrap /etc/cinder/rootwrap.conf env LC_ALL=C qemu-img info -f qcow2 --output=json --force-share /opt/stack/data/cinder/mnt/9e2afc6a449296549b3c7b5e28bdac78/volume-4d6acaa8-0e67-4582-9dd0-70d8aabadfcf.c12df310-9569-4f7b-bd88-523c09d8bfba {{(pid=87098) execute /opt/stack/data/venv/lib/python3.12/site-packages/oslo_concurrency/processutils.py:440}}
Jul 13 13:53:36 devstack sudo[93080]: quobyte : PWD=/ ; USER=root ; COMMAND=/opt/stack/data/venv/bin/cinder-rootwrap /etc/cinder/rootwrap.conf env LC_ALL=C qemu-img info -f qcow2 --output=json --force-share /opt/stack/data/cinder/mnt/9e2afc6a449296549b3c7b5e28bdac78/volume-4d6acaa8-0e67-4582-9dd0-70d8aabadfcf.c12df310-9569-4f7b-bd88-523c09d8bfba
Jul 13 13:53:36 devstack sudo[93080]: pam_unix(sudo:session): session opened for user root(uid=0) by (uid=1000)
Jul 13 13:53:37 devstack sudo[93080]: pam_unix(sudo:session): session closed for user root
Jul 13 13:53:37 devstack cinder-volume[87098]: DEBUG oslo_concurrency.processutils [None req-c8ceb1b9-97a7-4fc3-9f42-edd7393cd156 tempest-VolumesDeleteCascade-447158706 None] CMD "/opt/stack/data/venv/bin/python3.12 -m oslo_concurrency.prlimit --as=1073741824 --cpu=60 -- sudo cinder-rootwrap /etc/cinder/rootwrap.conf env LC_ALL=C qemu-img info -f qcow2 --output=json --force-share /opt/stack/data/cinder/mnt/9e2afc6a449296549b3c7b5e28bdac78/volume-4d6acaa8-0e67-4582-9dd0-70d8aabadfcf.c12df310-9569-4f7b-bd88-523c09d8bfba" returned: 0 in 0.461s {{(pid=87098) execute /opt/stack/data/venv/lib/python3.12/site-packages/oslo_concurrency/processutils.py:468}}
Jul 13 13:53:37 devstack cinder-volume[87098]: DEBUG cinder.volume.drivers.remotefs [None req-c8ceb1b9-97a7-4fc3-9f42-edd7393cd156 tempest-VolumesDeleteCascade-447158706 None] Fetching qemu-img info with special backing_file_template: (/opt/stack/data/cinder/mnt/[0-9a-f]+/)?(volume-4d6acaa8-0e67-4582-9dd0-70d8aabadfcf(.(tmp-snap-)?[0-9a-f-]+)?|volume_from_snapshot_cache/(tmp-snap-)?[0-9a-f-]+(.(child-|parent-)[0-9a-f-]+)?)$ {{(pid=87098) _qemu_img_info_base /opt/stack/cinder/cinder/volume/drivers/remotefs.py:896}}
Jul 13 13:53:37 devstack cinder-volume[87098]: DEBUG oslo.privsep.daemon [-] privsep: reply[a8667eef-487b-464f-8a7e-0fe768e43555]: (4, 'qcow2') {{(pid=88154) _call_back /opt/stack/data/venv/lib/python3.12/site-packages/oslo_privsep/daemon.py:580}}
Jul 13 13:53:37 devstack cinder-volume[87098]: DEBUG oslo_concurrency.processutils [None req-c8ceb1b9-97a7-4fc3-9f42-edd7393cd156 tempest-VolumesDeleteCascade-447158706 None] Running cmd (subprocess): /opt/stack/data/venv/bin/python3.12 -m oslo_concurrency.prlimit --as=1073741824 --cpu=60 -- sudo cinder-rootwrap /etc/cinder/rootwrap.conf env LC_ALL=C qemu-img info -f qcow2 --output=json --force-share /opt/stack/data/cinder/mnt/9e2afc6a449296549b3c7b5e28bdac78/volume-4d6acaa8-0e67-4582-9dd0-70d8aabadfcf.5021b08e-f651-4f22-8eb5-7d2f1f8cf3cd {{(pid=87098) execute /opt/stack/data/venv/lib/python3.12/site-packages/oslo_concurrency/processutils.py:440}}
Jul 13 13:53:37 devstack sudo[93086]: quobyte : PWD=/ ; USER=root ; COMMAND=/opt/stack/data/venv/bin/cinder-rootwrap /etc/cinder/rootwrap.conf env LC_ALL=C qemu-img info -f qcow2 --output=json --force-share /opt/stack/data/cinder/mnt/9e2afc6a449296549b3c7b5e28bdac78/volume-4d6acaa8-0e67-4582-9dd0-70d8aabadfcf.5021b08e-f651-4f22-8eb5-7d2f1f8cf3cd
Jul 13 13:53:37 devstack sudo[93086]: pam_unix(sudo:session): session opened for user root(uid=0) by (uid=1000)
Jul 13 13:53:37 devstack sudo[93086]: pam_unix(sudo:session): session closed for user root
Jul 13 13:53:37 devstack cinder-volume[87098]: DEBUG oslo_concurrency.processutils [None req-c8ceb1b9-97a7-4fc3-9f42-edd7393cd156 tempest-VolumesDeleteCascade-447158706 None] CMD "/opt/stack/data/venv/bin/python3.12 -m oslo_concurrency.prlimit --as=1073741824 --cpu=60 -- sudo cinder-rootwrap /etc/cinder/rootwrap.conf env LC_ALL=C qemu-img info -f qcow2 --output=json --force-share /opt/stack/data/cinder/mnt/9e2afc6a449296549b3c7b5e28bdac78/volume-4d6acaa8-0e67-4582-9dd0-70d8aabadfcf.5021b08e-f651-4f22-8eb5-7d2f1f8cf3cd" returned: 0 in 0.513s {{(pid=87098) execute /opt/stack/data/venv/lib/python3.12/site-packages/oslo_concurrency/processutils.py:468}}
Jul 13 13:53:37 devstack cinder-volume[87098]: DEBUG cinder.volume.drivers.remotefs [None req-c8ceb1b9-97a7-4fc3-9f42-edd7393cd156 tempest-VolumesDeleteCascade-447158706 None] Fetching qemu-img info with special backing_file_template: (/opt/stack/data/cinder/mnt/[0-9a-f]+/)?(volume-4d6acaa8-0e67-4582-9dd0-70d8aabadfcf(.(tmp-snap-)?[0-9a-f-]+)?|volume_from_snapshot_cache/(tmp-snap-)?[0-9a-f-]+(.(child-|parent-)[0-9a-f-]+)?)$ {{(pid=87098) _qemu_img_info_base /opt/stack/cinder/cinder/volume/drivers/remotefs.py:896}}
Jul 13 13:53:37 devstack cinder-volume[87098]: DEBUG oslo.privsep.daemon [-] privsep: reply[f8091770-b64a-4518-ab5c-0bfb477663f4]: (4, 'qcow2') {{(pid=88154) _call_back /opt/stack/data/venv/lib/python3.12/site-packages/oslo_privsep/daemon.py:580}}
Jul 13 13:53:37 devstack cinder-volume[87098]: DEBUG oslo_concurrency.processutils [None req-c8ceb1b9-97a7-4fc3-9f42-edd7393cd156 tempest-VolumesDeleteCascade-447158706 None] Running cmd (subprocess): /opt/stack/data/venv/bin/python3.12 -m oslo_concurrency.prlimit --as=1073741824 --cpu=60 -- sudo cinder-rootwrap /etc/cinder/rootwrap.conf env LC_ALL=C qemu-img info -f qcow2 --output=json --force-share /opt/stack/data/cinder/mnt/9e2afc6a449296549b3c7b5e28bdac78/volume-4d6acaa8-0e67-4582-9dd0-70d8aabadfcf {{(pid=87098) execute /opt/stack/data/venv/lib/python3.12/site-packages/oslo_concurrency/processutils.py:440}}
Jul 13 13:53:37 devstack sudo[93092]: quobyte : PWD=/ ; USER=root ; COMMAND=/opt/stack/data/venv/bin/cinder-rootwrap /etc/cinder/rootwrap.conf env LC_ALL=C qemu-img info -f qcow2 --output=json --force-share /opt/stack/data/cinder/mnt/9e2afc6a449296549b3c7b5e28bdac78/volume-4d6acaa8-0e67-4582-9dd0-70d8aabadfcf
Jul 13 13:53:37 devstack sudo[93092]: pam_unix(sudo:session): session opened for user root(uid=0) by (uid=1000)
Jul 13 13:53:38 devstack sudo[93092]: pam_unix(sudo:session): session closed for user root
Jul 13 13:53:38 devstack cinder-volume[87098]: DEBUG oslo_concurrency.processutils [None req-c8ceb1b9-97a7-4fc3-9f42-edd7393cd156 tempest-VolumesDeleteCascade-447158706 None] CMD "/opt/stack/data/venv/bin/python3.12 -m oslo_concurrency.prlimit --as=1073741824 --cpu=60 -- sudo cinder-rootwrap /etc/cinder/rootwrap.conf env LC_ALL=C qemu-img info -f qcow2 --output=json --force-share /opt/stack/data/cinder/mnt/9e2afc6a449296549b3c7b5e28bdac78/volume-4d6acaa8-0e67-4582-9dd0-70d8aabadfcf" returned: 0 in 0.458s {{(pid=87098) execute /opt/stack/data/venv/lib/python3.12/site-packages/oslo_concurrency/processutils.py:468}}
Jul 13 13:53:38 devstack cinder-volume[87098]: DEBUG oslo_concurrency.processutils [None req-c8ceb1b9-97a7-4fc3-9f42-edd7393cd156 tempest-VolumesDeleteCascade-447158706 None] Running cmd (subprocess): sudo cinder-rootwrap /etc/cinder/rootwrap.conf qemu-img commit -d /opt/stack/data/cinder/mnt/9e2afc6a449296549b3c7b5e28bdac78/volume-4d6acaa8-0e67-4582-9dd0-70d8aabadfcf.5021b08e-f651-4f22-8eb5-7d2f1f8cf3cd {{(pid=87098) execute /opt/stack/data/venv/lib/python3.12/site-packages/oslo_concurrency/processutils.py:440}}
Jul 13 13:53:38 devstack sudo[93098]: quobyte : PWD=/ ; USER=root ; COMMAND=/opt/stack/data/venv/bin/cinder-rootwrap /etc/cinder/rootwrap.conf qemu-img commit -d /opt/stack/data/cinder/mnt/9e2afc6a449296549b3c7b5e28bdac78/volume-4d6acaa8-0e67-4582-9dd0-70d8aabadfcf.5021b08e-f651-4f22-8eb5-7d2f1f8cf3cd
Jul 13 13:53:38 devstack sudo[93098]: pam_unix(sudo:session): session opened for user root(uid=0) by (uid=1000)
Jul 13 13:53:38 devstack sudo[93098]: pam_unix(sudo:session): session closed for user root
Jul 13 13:53:38 devstack cinder-volume[87098]: DEBUG oslo_concurrency.processutils [None req-c8ceb1b9-97a7-4fc3-9f42-edd7393cd156 tempest-VolumesDeleteCascade-447158706 None] CMD "sudo cinder-rootwrap /etc/cinder/rootwrap.conf qemu-img commit -d /opt/stack/data/cinder/mnt/9e2afc6a449296549b3c7b5e28bdac78/volume-4d6acaa8-0e67-4582-9dd0-70d8aabadfcf.5021b08e-f651-4f22-8eb5-7d2f1f8cf3cd" returned: 0 in 0.450s {{(pid=87098) execute /opt/stack/data/venv/lib/python3.12/site-packages/oslo_concurrency/processutils.py:468}}
Jul 13 13:53:38 devstack cinder-volume[87098]: DEBUG oslo_concurrency.processutils [None req-c8ceb1b9-97a7-4fc3-9f42-edd7393cd156 tempest-VolumesDeleteCascade-447158706 None] Running cmd (subprocess): sudo cinder-rootwrap /etc/cinder/rootwrap.conf rm -f /opt/stack/data/cinder/mnt/9e2afc6a449296549b3c7b5e28bdac78/volume-4d6acaa8-0e67-4582-9dd0-70d8aabadfcf.5021b08e-f651-4f22-8eb5-7d2f1f8cf3cd {{(pid=87098) execute /opt/stack/data/venv/lib/python3.12/site-packages/oslo_concurrency/processutils.py:440}}
Jul 13 13:53:38 devstack sudo[93103]: quobyte : PWD=/ ; USER=root ; COMMAND=/opt/stack/data/venv/bin/cinder-rootwrap /etc/cinder/rootwrap.conf rm -f /opt/stack/data/cinder/mnt/9e2afc6a449296549b3c7b5e28bdac78/volume-4d6acaa8-0e67-4582-9dd0-70d8aabadfcf.5021b08e-f651-4f22-8eb5-7d2f1f8cf3cd
Jul 13 13:53:38 devstack sudo[93103]: pam_unix(sudo:session): session opened for user root(uid=0) by (uid=1000)
Jul 13 13:53:38 devstack sudo[93103]: pam_unix(sudo:session): session closed for user root
Jul 13 13:53:38 devstack cinder-volume[87098]: DEBUG oslo_concurrency.processutils [None req-c8ceb1b9-97a7-4fc3-9f42-edd7393cd156 tempest-VolumesDeleteCascade-447158706 None] CMD "sudo cinder-rootwrap /etc/cinder/rootwrap.conf rm -f /opt/stack/data/cinder/mnt/9e2afc6a449296549b3c7b5e28bdac78/volume-4d6acaa8-0e67-4582-9dd0-70d8aabadfcf.5021b08e-f651-4f22-8eb5-7d2f1f8cf3cd" returned: 0 in 0.353s {{(pid=87098) execute /opt/stack/data/venv/lib/python3.12/site-packages/oslo_concurrency/processutils.py:468}}
Jul 13 13:53:38 devstack cinder-volume[87098]: DEBUG oslo_concurrency.processutils [None req-c8ceb1b9-97a7-4fc3-9f42-edd7393cd156 tempest-VolumesDeleteCascade-447158706 None] Running cmd (subprocess): sudo cinder-rootwrap /etc/cinder/rootwrap.conf qemu-img rebase -u -b volume-4d6acaa8-0e67-4582-9dd0-70d8aabadfcf /opt/stack/data/cinder/mnt/9e2afc6a449296549b3c7b5e28bdac78/volume-4d6acaa8-0e67-4582-9dd0-70d8aabadfcf.c12df310-9569-4f7b-bd88-523c09d8bfba -F qcow2 {{(pid=87098) execute /opt/stack/data/venv/lib/python3.12/site-packages/oslo_concurrency/processutils.py:440}}
Jul 13 13:53:38 devstack sudo[93106]: quobyte : PWD=/ ; USER=root ; COMMAND=/opt/stack/data/venv/bin/cinder-rootwrap /etc/cinder/rootwrap.conf qemu-img rebase -u -b volume-4d6acaa8-0e67-4582-9dd0-70d8aabadfcf /opt/stack/data/cinder/mnt/9e2afc6a449296549b3c7b5e28bdac78/volume-4d6acaa8-0e67-4582-9dd0-70d8aabadfcf.c12df310-9569-4f7b-bd88-523c09d8bfba -F qcow2
Jul 13 13:53:38 devstack sudo[93106]: pam_unix(sudo:session): session opened for user root(uid=0) by (uid=1000)
Jul 13 13:53:39 devstack sudo[93106]: pam_unix(sudo:session): session closed for user root
Jul 13 13:53:39 devstack cinder-volume[87098]: DEBUG oslo_concurrency.processutils [None req-c8ceb1b9-97a7-4fc3-9f42-edd7393cd156 tempest-VolumesDeleteCascade-447158706 None] CMD "sudo cinder-rootwrap /etc/cinder/rootwrap.conf qemu-img rebase -u -b volume-4d6acaa8-0e67-4582-9dd0-70d8aabadfcf /opt/stack/data/cinder/mnt/9e2afc6a449296549b3c7b5e28bdac78/volume-4d6acaa8-0e67-4582-9dd0-70d8aabadfcf.c12df310-9569-4f7b-bd88-523c09d8bfba -F qcow2" returned: 0 in 0.326s {{(pid=87098) execute /opt/stack/data/venv/lib/python3.12/site-packages/oslo_concurrency/processutils.py:468}}
Jul 13 13:53:39 devstack cinder-volume[87098]: DEBUG cinder.coordination [None req-c8ceb1b9-97a7-4fc3-9f42-edd7393cd156 tempest-VolumesDeleteCascade-447158706 None] Lock "cinder-quobyte-5021b08e-f651-4f22-8eb5-7d2f1f8cf3cd" released by "_delete_snapshot" :: held 3.767s {{(pid=87098) __release /opt/stack/cinder/cinder/coordination.py:152}}
Jul 13 13:53:39 devstack cinder-volume[87098]: DEBUG cinder.coordination [None req-c8ceb1b9-97a7-4fc3-9f42-edd7393cd156 tempest-VolumesDeleteCascade-447158706 None] Lock "cinder-quobyte-4d6acaa8-0e67-4582-9dd0-70d8aabadfcf" released by "delete_snapshot" :: held 3.795s {{(pid=87098) __release /opt/stack/cinder/cinder/coordination.py:152}}
Jul 13 13:53:39 devstack cinder-volume[87098]: DEBUG cinder.quota [None req-c8ceb1b9-97a7-4fc3-9f42-edd7393cd156 tempest-VolumesDeleteCascade-447158706 None] Created reservations ['199cc845-6393-488a-82cd-8f74512664cf', '2d3ad5be-6fd7-4bf6-b99d-218fabdd321d', '00b2c6a7-b5cf-40f6-abe9-6f8fef876bdd', '380c8f41-50d7-4e01-84ba-407c93ff4ced'] {{(pid=87098) reserve /opt/stack/cinder/cinder/quota.py:752}}
Jul 13 13:53:39 devstack cinder-volume[87098]: INFO cinder.volume.manager [None req-c8ceb1b9-97a7-4fc3-9f42-edd7393cd156 tempest-VolumesDeleteCascade-447158706 None] Delete snapshot completed successfully.
Jul 13 13:53:39 devstack cinder-volume[87098]: DEBUG cinder.coordination [None req-c8ceb1b9-97a7-4fc3-9f42-edd7393cd156 tempest-VolumesDeleteCascade-447158706 None] Lock "cinder-5021b08e-f651-4f22-8eb5-7d2f1f8cf3cd-delete_snapshot" released by "delete_snapshot" :: held 3.975s {{(pid=87098) __release /opt/stack/cinder/cinder/coordination.py:152}}
Jul 13 13:53:39 devstack cinder-volume[87098]: DEBUG cinder.coordination [None req-c8ceb1b9-97a7-4fc3-9f42-edd7393cd156 tempest-VolumesDeleteCascade-447158706 None] Acquiring lock "cinder-c12df310-9569-4f7b-bd88-523c09d8bfba-delete_snapshot" by "delete_snapshot" {{(pid=87098) __acquire /opt/stack/cinder/cinder/coordination.py:138}}
Jul 13 13:53:39 devstack cinder-volume[87098]: DEBUG cinder.coordination [None req-c8ceb1b9-97a7-4fc3-9f42-edd7393cd156 tempest-VolumesDeleteCascade-447158706 None] Lock "cinder-c12df310-9569-4f7b-bd88-523c09d8bfba-delete_snapshot" acquired by "delete_snapshot" :: waited 0.018s {{(pid=87098) __acquire /opt/stack/cinder/cinder/coordination.py:141}}
Jul 13 13:53:39 devstack cinder-volume[87098]: DEBUG cinder.coordination [None req-c8ceb1b9-97a7-4fc3-9f42-edd7393cd156 tempest-VolumesDeleteCascade-447158706 None] Acquiring lock "cinder-quobyte-4d6acaa8-0e67-4582-9dd0-70d8aabadfcf" by "delete_snapshot" {{(pid=87098) __acquire /opt/stack/cinder/cinder/coordination.py:138}}
Jul 13 13:53:39 devstack cinder-volume[87098]: DEBUG cinder.coordination [None req-c8ceb1b9-97a7-4fc3-9f42-edd7393cd156 tempest-VolumesDeleteCascade-447158706 None] Lock "cinder-quobyte-4d6acaa8-0e67-4582-9dd0-70d8aabadfcf" acquired by "delete_snapshot" :: waited 0.029s {{(pid=87098) __acquire /opt/stack/cinder/cinder/coordination.py:141}}
Jul 13 13:53:39 devstack cinder-volume[87098]: DEBUG cinder.coordination [None req-c8ceb1b9-97a7-4fc3-9f42-edd7393cd156 tempest-VolumesDeleteCascade-447158706 None] Acquiring lock "cinder-quobyte-c12df310-9569-4f7b-bd88-523c09d8bfba" by "_delete_snapshot" {{(pid=87098) __acquire /opt/stack/cinder/cinder/coordination.py:138}}
Jul 13 13:53:39 devstack cinder-volume[87098]: DEBUG cinder.coordination [None req-c8ceb1b9-97a7-4fc3-9f42-edd7393cd156 tempest-VolumesDeleteCascade-447158706 None] Lock "cinder-quobyte-c12df310-9569-4f7b-bd88-523c09d8bfba" acquired by "_delete_snapshot" :: waited 0.033s {{(pid=87098) __acquire /opt/stack/cinder/cinder/coordination.py:141}}
Jul 13 13:53:39 devstack cinder-volume[87098]: DEBUG cinder.volume.drivers.remotefs [None req-c8ceb1b9-97a7-4fc3-9f42-edd7393cd156 tempest-VolumesDeleteCascade-447158706 None] Deleting offline snapshot c12df310-9569-4f7b-bd88-523c09d8bfba of volume 4d6acaa8-0e67-4582-9dd0-70d8aabadfcf {{(pid=87098) _delete_snapshot /opt/stack/cinder/cinder/volume/drivers/remotefs.py:1288}}
Jul 13 13:53:39 devstack cinder-volume[87098]: DEBUG cinder.volume.drivers.remotefs [None req-c8ceb1b9-97a7-4fc3-9f42-edd7393cd156 tempest-VolumesDeleteCascade-447158706 None] snapshot_file for this snap is: volume-4d6acaa8-0e67-4582-9dd0-70d8aabadfcf.c12df310-9569-4f7b-bd88-523c09d8bfba {{(pid=87098) _delete_snapshot /opt/stack/cinder/cinder/volume/drivers/remotefs.py:1317}}
Jul 13 13:53:39 devstack cinder-volume[87098]: DEBUG oslo.privsep.daemon [-] privsep: reply[2be3d767-9b99-40ba-8671-225205384d82]: (4, 'qcow2') {{(pid=88154) _call_back /opt/stack/data/venv/lib/python3.12/site-packages/oslo_privsep/daemon.py:580}}
Jul 13 13:53:39 devstack cinder-volume[87098]: DEBUG oslo_concurrency.processutils [None req-c8ceb1b9-97a7-4fc3-9f42-edd7393cd156 tempest-VolumesDeleteCascade-447158706 None] Running cmd (subprocess): /opt/stack/data/venv/bin/python3.12 -m oslo_concurrency.prlimit --as=1073741824 --cpu=60 -- sudo cinder-rootwrap /etc/cinder/rootwrap.conf env LC_ALL=C qemu-img info -f qcow2 --output=json --force-share /opt/stack/data/cinder/mnt/9e2afc6a449296549b3c7b5e28bdac78/volume-4d6acaa8-0e67-4582-9dd0-70d8aabadfcf.c12df310-9569-4f7b-bd88-523c09d8bfba {{(pid=87098) execute /opt/stack/data/venv/lib/python3.12/site-packages/oslo_concurrency/processutils.py:440}}
Jul 13 13:53:39 devstack sudo[93112]: quobyte : PWD=/ ; USER=root ; COMMAND=/opt/stack/data/venv/bin/cinder-rootwrap /etc/cinder/rootwrap.conf env LC_ALL=C qemu-img info -f qcow2 --output=json --force-share /opt/stack/data/cinder/mnt/9e2afc6a449296549b3c7b5e28bdac78/volume-4d6acaa8-0e67-4582-9dd0-70d8aabadfcf.c12df310-9569-4f7b-bd88-523c09d8bfba
Jul 13 13:53:39 devstack sudo[93112]: pam_unix(sudo:session): session opened for user root(uid=0) by (uid=1000)
Jul 13 13:53:40 devstack cinder-volume[87098]: DEBUG dbcounter [-] [87098] Writing DB stats cinder:SELECT=105,cinder:UPDATE=115,cinder:INSERT=27,cinder:DELETE=10 {{(pid=87098) stat_writer /opt/stack/data/venv/lib/python3.12/site-packages/dbcounter.py:115}}
Jul 13 13:53:40 devstack cinder-volume[87098]: DEBUG dbcounter [-] [87098] Writing DB stats cinder:SELECT=90,cinder:UPDATE=105,cinder:INSERT=27,cinder:DELETE=8 {{(pid=87098) stat_writer /opt/stack/data/venv/lib/python3.12/site-packages/dbcounter.py:115}}
Jul 13 13:53:40 devstack sudo[93112]: pam_unix(sudo:session): session closed for user root
Jul 13 13:53:40 devstack cinder-volume[87098]: DEBUG oslo_concurrency.processutils [None req-c8ceb1b9-97a7-4fc3-9f42-edd7393cd156 tempest-VolumesDeleteCascade-447158706 None] CMD "/opt/stack/data/venv/bin/python3.12 -m oslo_concurrency.prlimit --as=1073741824 --cpu=60 -- sudo cinder-rootwrap /etc/cinder/rootwrap.conf env LC_ALL=C qemu-img info -f qcow2 --output=json --force-share /opt/stack/data/cinder/mnt/9e2afc6a449296549b3c7b5e28bdac78/volume-4d6acaa8-0e67-4582-9dd0-70d8aabadfcf.c12df310-9569-4f7b-bd88-523c09d8bfba" returned: 0 in 0.454s {{(pid=87098) execute /opt/stack/data/venv/lib/python3.12/site-packages/oslo_concurrency/processutils.py:468}}
Jul 13 13:53:40 devstack cinder-volume[87098]: DEBUG cinder.volume.drivers.remotefs [None req-c8ceb1b9-97a7-4fc3-9f42-edd7393cd156 tempest-VolumesDeleteCascade-447158706 None] Fetching qemu-img info with special backing_file_template: (/opt/stack/data/cinder/mnt/[0-9a-f]+/)?(volume-4d6acaa8-0e67-4582-9dd0-70d8aabadfcf(.(tmp-snap-)?[0-9a-f-]+)?|volume_from_snapshot_cache/(tmp-snap-)?[0-9a-f-]+(.(child-|parent-)[0-9a-f-]+)?)$ {{(pid=87098) _qemu_img_info_base /opt/stack/cinder/cinder/volume/drivers/remotefs.py:896}}
Jul 13 13:53:40 devstack cinder-volume[87098]: DEBUG oslo.privsep.daemon [-] privsep: reply[545fe06a-57c9-413c-b5bc-b9551770d566]: (4, 'qcow2') {{(pid=88154) _call_back /opt/stack/data/venv/lib/python3.12/site-packages/oslo_privsep/daemon.py:580}}
Jul 13 13:53:40 devstack cinder-volume[87098]: DEBUG oslo_concurrency.processutils [None req-c8ceb1b9-97a7-4fc3-9f42-edd7393cd156 tempest-VolumesDeleteCascade-447158706 None] Running cmd (subprocess): /opt/stack/data/venv/bin/python3.12 -m oslo_concurrency.prlimit --as=1073741824 --cpu=60 -- sudo cinder-rootwrap /etc/cinder/rootwrap.conf env LC_ALL=C qemu-img info -f qcow2 --output=json --force-share /opt/stack/data/cinder/mnt/9e2afc6a449296549b3c7b5e28bdac78/volume-4d6acaa8-0e67-4582-9dd0-70d8aabadfcf {{(pid=87098) execute /opt/stack/data/venv/lib/python3.12/site-packages/oslo_concurrency/processutils.py:440}}
Jul 13 13:53:40 devstack sudo[93120]: quobyte : PWD=/ ; USER=root ; COMMAND=/opt/stack/data/venv/bin/cinder-rootwrap /etc/cinder/rootwrap.conf env LC_ALL=C qemu-img info -f qcow2 --output=json --force-share /opt/stack/data/cinder/mnt/9e2afc6a449296549b3c7b5e28bdac78/volume-4d6acaa8-0e67-4582-9dd0-70d8aabadfcf
Jul 13 13:53:40 devstack sudo[93120]: pam_unix(sudo:session): session opened for user root(uid=0) by (uid=1000)
Jul 13 13:53:40 devstack sudo[93120]: pam_unix(sudo:session): session closed for user root
Jul 13 13:53:40 devstack cinder-volume[87098]: DEBUG oslo_concurrency.processutils [None req-c8ceb1b9-97a7-4fc3-9f42-edd7393cd156 tempest-VolumesDeleteCascade-447158706 None] CMD "/opt/stack/data/venv/bin/python3.12 -m oslo_concurrency.prlimit --as=1073741824 --cpu=60 -- sudo cinder-rootwrap /etc/cinder/rootwrap.conf env LC_ALL=C qemu-img info -f qcow2 --output=json --force-share /opt/stack/data/cinder/mnt/9e2afc6a449296549b3c7b5e28bdac78/volume-4d6acaa8-0e67-4582-9dd0-70d8aabadfcf" returned: 0 in 0.456s {{(pid=87098) execute /opt/stack/data/venv/lib/python3.12/site-packages/oslo_concurrency/processutils.py:468}}
