Jul 13 13:54:06 devstack cinder-volume[87098]: DEBUG oslo_concurrency.processutils [None req-7862ab3b-360e-41c4-9486-b25027aa5e90 tempest-SnapshotsActionsTest-1565083684 None] Running cmd (subprocess): sudo cinder-rootwrap /etc/cinder/rootwrap.conf chmod ugo+rw /opt/stack/data/cinder/mnt/9e2afc6a449296549b3c7b5e28bdac78/volume-e77cb2d8-9e38-4e97-884a-243b4a24a834 {{(pid=87098) execute /opt/stack/data/venv/lib/python3.12/site-packages/oslo_concurrency/processutils.py:440}}
Jul 13 13:54:07 devstack sudo[93419]: quobyte : PWD=/ ; USER=root ; COMMAND=/opt/stack/data/venv/bin/cinder-rootwrap /etc/cinder/rootwrap.conf chmod ugo+rw /opt/stack/data/cinder/mnt/9e2afc6a449296549b3c7b5e28bdac78/volume-e77cb2d8-9e38-4e97-884a-243b4a24a834
Jul 13 13:54:07 devstack sudo[93419]: pam_unix(sudo:session): session opened for user root(uid=0) by (uid=1000)
Jul 13 13:54:07 devstack sudo[93413]: quobyte : PWD=/ ; USER=root ; COMMAND=/opt/stack/data/venv/bin/cinder-rootwrap /etc/cinder/rootwrap.conf env LC_ALL=C qemu-img info -f qcow2 --output=json --force-share /opt/stack/data/cinder/mnt/9e2afc6a449296549b3c7b5e28bdac78/volume-0db4affc-9ded-423f-a6d4-81dfa9150238
Jul 13 13:54:07 devstack sudo[93413]: pam_unix(sudo:session): session opened for user root(uid=0) by (uid=1000)
Jul 13 13:54:07 devstack sudo[93419]: pam_unix(sudo:session): session closed for user root
Jul 13 13:54:07 devstack cinder-volume[87098]: DEBUG oslo_concurrency.processutils [None req-7862ab3b-360e-41c4-9486-b25027aa5e90 tempest-SnapshotsActionsTest-1565083684 None] CMD "sudo cinder-rootwrap /etc/cinder/rootwrap.conf chmod ugo+rw /opt/stack/data/cinder/mnt/9e2afc6a449296549b3c7b5e28bdac78/volume-e77cb2d8-9e38-4e97-884a-243b4a24a834" returned: 0 in 0.554s {{(pid=87098) execute /opt/stack/data/venv/lib/python3.12/site-packages/oslo_concurrency/processutils.py:468}}
Jul 13 13:54:07 devstack cinder-volume[87098]: DEBUG cinder.volume.drivers.quobyte [None req-7862ab3b-360e-41c4-9486-b25027aa5e90 tempest-SnapshotsActionsTest-1565083684 None] <== create_volume: return (1444ms) {'provider_location': 'osci02.corp.quobyte.com/cinder-vol-60f3971a-2ede-4526-9b18-1598d72d4654'} {{(pid=87098) trace_logging_wrapper /opt/stack/cinder/cinder/volume/volume_utils.py:1522}}
Jul 13 13:54:07 devstack cinder-volume[87098]: DEBUG oslo_concurrency.lockutils [None req-7862ab3b-360e-41c4-9486-b25027aa5e90 tempest-SnapshotsActionsTest-1565083684 None] Lock "quobyte" "released" by "cinder.volume.drivers.quobyte.QuobyteDriver.create_volume" :: held 1.448s {{(pid=87098) inner /opt/stack/data/venv/lib/python3.12/site-packages/oslo_concurrency/lockutils.py:543}}
Jul 13 13:54:07 devstack cinder-volume[87098]: DEBUG cinder.volume.manager [None req-7862ab3b-360e-41c4-9486-b25027aa5e90 tempest-SnapshotsActionsTest-1565083684 None] Task 'cinder.volume.flows.manager.create_volume.CreateVolumeFromSpecTask;volume:create' (7445c980-8bf1-4078-b4c1-9b52244f869f) transitioned into state 'SUCCESS' from state 'RUNNING' with result '{'status': 'creating', 'volume_name': 'volume-e77cb2d8-9e38-4e97-884a-243b4a24a834', 'volume_size': 1}' {{(pid=87098) _task_receiver /opt/stack/data/venv/lib/python3.12/site-packages/taskflow/listeners/logging.py:218}}
Jul 13 13:54:07 devstack cinder-volume[87098]: DEBUG cinder.volume.manager [None req-7862ab3b-360e-41c4-9486-b25027aa5e90 tempest-SnapshotsActionsTest-1565083684 None] Task 'cinder.volume.flows.manager.create_volume.CreateVolumeOnFinishTask;volume:create, create.end' (2b23699f-5c09-4c3e-a00b-baf12f51bdbf) transitioned into state 'RUNNING' from state 'PENDING' {{(pid=87098) _task_receiver /opt/stack/data/venv/lib/python3.12/site-packages/taskflow/listeners/logging.py:242}}
Jul 13 13:54:07 devstack cinder-volume[87098]: INFO cinder.volume.flows.manager.create_volume [None req-7862ab3b-360e-41c4-9486-b25027aa5e90 tempest-SnapshotsActionsTest-1565083684 None] Volume volume-e77cb2d8-9e38-4e97-884a-243b4a24a834 (e77cb2d8-9e38-4e97-884a-243b4a24a834): created successfully
Jul 13 13:54:07 devstack cinder-volume[87098]: DEBUG cinder.volume.manager [None req-7862ab3b-360e-41c4-9486-b25027aa5e90 tempest-SnapshotsActionsTest-1565083684 None] Task 'cinder.volume.flows.manager.create_volume.CreateVolumeOnFinishTask;volume:create, create.end' (2b23699f-5c09-4c3e-a00b-baf12f51bdbf) transitioned into state 'SUCCESS' from state 'RUNNING' with result 'None' {{(pid=87098) _task_receiver /opt/stack/data/venv/lib/python3.12/site-packages/taskflow/listeners/logging.py:218}}
Jul 13 13:54:07 devstack cinder-volume[87098]: DEBUG cinder.volume.manager [None req-7862ab3b-360e-41c4-9486-b25027aa5e90 tempest-SnapshotsActionsTest-1565083684 None] Flow 'volume_create_manager' (0c96a356-d9dd-4c24-8ba4-971f3a254248) transitioned into state 'SUCCESS' from state 'RUNNING' {{(pid=87098) _flow_receiver /opt/stack/data/venv/lib/python3.12/site-packages/taskflow/listeners/logging.py:160}}
Jul 13 13:54:07 devstack sudo[93413]: pam_unix(sudo:session): session closed for user root
Jul 13 13:54:07 devstack cinder-volume[87098]: DEBUG oslo_concurrency.processutils [None req-918e0007-19e4-4c6d-ac3a-5ac5b5710938 tempest-VolumesDeleteCascade-447158706 None] CMD "/opt/stack/data/venv/bin/python3.12 -m oslo_concurrency.prlimit --as=1073741824 --cpu=60 -- sudo cinder-rootwrap /etc/cinder/rootwrap.conf env LC_ALL=C qemu-img info -f qcow2 --output=json --force-share /opt/stack/data/cinder/mnt/9e2afc6a449296549b3c7b5e28bdac78/volume-0db4affc-9ded-423f-a6d4-81dfa9150238" returned: 0 in 0.935s {{(pid=87098) execute /opt/stack/data/venv/lib/python3.12/site-packages/oslo_concurrency/processutils.py:468}}
Jul 13 13:54:07 devstack cinder-volume[87098]: DEBUG oslo_concurrency.processutils [None req-918e0007-19e4-4c6d-ac3a-5ac5b5710938 tempest-VolumesDeleteCascade-447158706 None] Running cmd (subprocess): sudo cinder-rootwrap /etc/cinder/rootwrap.conf rm -f /opt/stack/data/cinder/mnt/9e2afc6a449296549b3c7b5e28bdac78/volume-0db4affc-9ded-423f-a6d4-81dfa9150238 {{(pid=87098) execute /opt/stack/data/venv/lib/python3.12/site-packages/oslo_concurrency/processutils.py:440}}
Jul 13 13:54:07 devstack cinder-volume[87098]: INFO cinder.volume.manager [None req-7862ab3b-360e-41c4-9486-b25027aa5e90 tempest-SnapshotsActionsTest-1565083684 None] Created volume successfully.
Jul 13 13:54:07 devstack sudo[93471]: quobyte : PWD=/ ; USER=root ; COMMAND=/opt/stack/data/venv/bin/cinder-rootwrap /etc/cinder/rootwrap.conf rm -f /opt/stack/data/cinder/mnt/9e2afc6a449296549b3c7b5e28bdac78/volume-0db4affc-9ded-423f-a6d4-81dfa9150238
Jul 13 13:54:07 devstack sudo[93471]: pam_unix(sudo:session): session opened for user root(uid=0) by (uid=1000)
Jul 13 13:54:08 devstack sudo[93471]: pam_unix(sudo:session): session closed for user root
Jul 13 13:54:08 devstack cinder-volume[87098]: DEBUG oslo_concurrency.processutils [None req-918e0007-19e4-4c6d-ac3a-5ac5b5710938 tempest-VolumesDeleteCascade-447158706 None] CMD "sudo cinder-rootwrap /etc/cinder/rootwrap.conf rm -f /opt/stack/data/cinder/mnt/9e2afc6a449296549b3c7b5e28bdac78/volume-0db4affc-9ded-423f-a6d4-81dfa9150238" returned: 0 in 0.395s {{(pid=87098) execute /opt/stack/data/venv/lib/python3.12/site-packages/oslo_concurrency/processutils.py:468}}
Jul 13 13:54:08 devstack cinder-volume[87098]: DEBUG cinder.coordination [None req-918e0007-19e4-4c6d-ac3a-5ac5b5710938 tempest-VolumesDeleteCascade-447158706 None] Lock "cinder-quobyte-0db4affc-9ded-423f-a6d4-81dfa9150238" released by "delete_volume" :: held 1.450s {{(pid=87098) __release /opt/stack/cinder/cinder/coordination.py:152}}
Jul 13 13:54:08 devstack cinder-volume[87098]: DEBUG cinder.quota [None req-918e0007-19e4-4c6d-ac3a-5ac5b5710938 tempest-VolumesDeleteCascade-447158706 None] Created reservations ['20102adf-da41-46da-aa42-fb8770a03c0b', '342a9bd1-034a-45ce-a1fa-4404738f42a5', '205b2804-1935-48c2-83c1-da3f5cb4045c', '9eddb2aa-1c38-430b-85f9-442de6d73a61'] {{(pid=87098) reserve /opt/stack/cinder/cinder/quota.py:752}}
Jul 13 13:54:08 devstack cinder-volume[87098]: DEBUG oslo_concurrency.lockutils [None req-918e0007-19e4-4c6d-ac3a-5ac5b5710938 tempest-VolumesDeleteCascade-447158706 None] Acquiring lock "quobyte_ensure" by "cinder.volume.drivers.quobyte.QuobyteDriver._ensure_shares_mounted" {{(pid=87098) inner /opt/stack/data/venv/lib/python3.12/site-packages/oslo_concurrency/lockutils.py:511}}
Jul 13 13:54:08 devstack cinder-volume[87098]: DEBUG oslo_concurrency.lockutils [None req-918e0007-19e4-4c6d-ac3a-5ac5b5710938 tempest-VolumesDeleteCascade-447158706 None] Lock "quobyte_ensure" acquired by "cinder.volume.drivers.quobyte.QuobyteDriver._ensure_shares_mounted" :: waited 0.002s {{(pid=87098) inner /opt/stack/data/venv/lib/python3.12/site-packages/oslo_concurrency/lockutils.py:524}}
Jul 13 13:54:08 devstack cinder-volume[87098]: DEBUG cinder.volume.drivers.quobyte [None req-918e0007-19e4-4c6d-ac3a-5ac5b5710938 tempest-VolumesDeleteCascade-447158706 None] Quobyte Volume URL set to: {'osci02.corp.quobyte.com/cinder-vol-60f3971a-2ede-4526-9b18-1598d72d4654': None} {{(pid=87098) _load_shares_config /opt/stack/cinder/cinder/volume/drivers/quobyte.py:617}}
Jul 13 13:54:08 devstack cinder-volume[87098]: DEBUG cinder.volume.drivers.quobyte [None req-918e0007-19e4-4c6d-ac3a-5ac5b5710938 tempest-VolumesDeleteCascade-447158706 None] Available shares ['osci02.corp.quobyte.com/cinder-vol-60f3971a-2ede-4526-9b18-1598d72d4654'] {{(pid=87098) _ensure_shares_mounted /opt/stack/cinder/cinder/volume/drivers/quobyte.py:647}}
Jul 13 13:54:08 devstack cinder-volume[87098]: DEBUG oslo_concurrency.lockutils [None req-918e0007-19e4-4c6d-ac3a-5ac5b5710938 tempest-VolumesDeleteCascade-447158706 None] Lock "quobyte_ensure" "released" by "cinder.volume.drivers.quobyte.QuobyteDriver._ensure_shares_mounted" :: held 0.026s {{(pid=87098) inner /opt/stack/data/venv/lib/python3.12/site-packages/oslo_concurrency/lockutils.py:543}}
Jul 13 13:54:08 devstack cinder-volume[87098]: DEBUG oslo_concurrency.processutils [None req-918e0007-19e4-4c6d-ac3a-5ac5b5710938 tempest-VolumesDeleteCascade-447158706 None] Running cmd (subprocess): sudo cinder-rootwrap /etc/cinder/rootwrap.conf df --portability --block-size 1 /opt/stack/data/cinder/mnt/9e2afc6a449296549b3c7b5e28bdac78 {{(pid=87098) execute /opt/stack/data/venv/lib/python3.12/site-packages/oslo_concurrency/processutils.py:440}}
Jul 13 13:54:08 devstack sudo[93480]: quobyte : PWD=/ ; USER=root ; COMMAND=/opt/stack/data/venv/bin/cinder-rootwrap /etc/cinder/rootwrap.conf df --portability --block-size 1 /opt/stack/data/cinder/mnt/9e2afc6a449296549b3c7b5e28bdac78
Jul 13 13:54:08 devstack sudo[93480]: pam_unix(sudo:session): session opened for user root(uid=0) by (uid=1000)
Jul 13 13:54:08 devstack cinder-volume[87098]: DEBUG oslo_concurrency.lockutils [None req-66ca89c7-5dc8-499a-83a4-11559cdaa5f2 tempest-SnapshotsActionsTest-1565083684 None] Acquiring lock "quobyte" by "cinder.volume.drivers.quobyte.QuobyteDriver.create_snapshot" {{(pid=87098) inner /opt/stack/data/venv/lib/python3.12/site-packages/oslo_concurrency/lockutils.py:511}}
Jul 13 13:54:08 devstack cinder-volume[87098]: DEBUG oslo_concurrency.lockutils [None req-66ca89c7-5dc8-499a-83a4-11559cdaa5f2 tempest-SnapshotsActionsTest-1565083684 None] Lock "quobyte" acquired by "cinder.volume.drivers.quobyte.QuobyteDriver.create_snapshot" :: waited 0.004s {{(pid=87098) inner /opt/stack/data/venv/lib/python3.12/site-packages/oslo_concurrency/lockutils.py:524}}
Jul 13 13:54:08 devstack cinder-volume[87098]: DEBUG cinder.volume.drivers.remotefs [None req-66ca89c7-5dc8-499a-83a4-11559cdaa5f2 tempest-SnapshotsActionsTest-1565083684 None] Creating offline snapshot 2fe39cbc-c80c-44a6-9305-ffc5bbccbf48 of volume e77cb2d8-9e38-4e97-884a-243b4a24a834 {{(pid=87098) _create_snapshot /opt/stack/cinder/cinder/volume/drivers/remotefs.py:1816}}
Jul 13 13:54:08 devstack cinder-volume[87098]: DEBUG oslo.privsep.daemon [-] privsep: reply[1a010a04-cdf5-432c-8ee6-cb0fe037b7fe]: (4, 'qcow2') {{(pid=88154) _call_back /opt/stack/data/venv/lib/python3.12/site-packages/oslo_privsep/daemon.py:580}}
Jul 13 13:54:08 devstack cinder-volume[87098]: DEBUG oslo_concurrency.processutils [None req-66ca89c7-5dc8-499a-83a4-11559cdaa5f2 tempest-SnapshotsActionsTest-1565083684 None] Running cmd (subprocess): /opt/stack/data/venv/bin/python3.12 -m oslo_concurrency.prlimit --as=1073741824 --cpu=60 -- sudo cinder-rootwrap /etc/cinder/rootwrap.conf env LC_ALL=C qemu-img info -f qcow2 --output=json --force-share /opt/stack/data/cinder/mnt/9e2afc6a449296549b3c7b5e28bdac78/volume-e77cb2d8-9e38-4e97-884a-243b4a24a834 {{(pid=87098) execute /opt/stack/data/venv/lib/python3.12/site-packages/oslo_concurrency/processutils.py:440}}
Jul 13 13:54:08 devstack sudo[93482]: quobyte : PWD=/ ; USER=root ; COMMAND=/opt/stack/data/venv/bin/cinder-rootwrap /etc/cinder/rootwrap.conf env LC_ALL=C qemu-img info -f qcow2 --output=json --force-share /opt/stack/data/cinder/mnt/9e2afc6a449296549b3c7b5e28bdac78/volume-e77cb2d8-9e38-4e97-884a-243b4a24a834
Jul 13 13:54:08 devstack sudo[93482]: pam_unix(sudo:session): session opened for user root(uid=0) by (uid=1000)
Jul 13 13:54:09 devstack sudo[93480]: pam_unix(sudo:session): session closed for user root
Jul 13 13:54:09 devstack cinder-volume[87098]: DEBUG oslo_concurrency.processutils [None req-918e0007-19e4-4c6d-ac3a-5ac5b5710938 tempest-VolumesDeleteCascade-447158706 None] CMD "sudo cinder-rootwrap /etc/cinder/rootwrap.conf df --portability --block-size 1 /opt/stack/data/cinder/mnt/9e2afc6a449296549b3c7b5e28bdac78" returned: 0 in 0.716s {{(pid=87098) execute /opt/stack/data/venv/lib/python3.12/site-packages/oslo_concurrency/processutils.py:468}}
Jul 13 13:54:09 devstack cinder-volume[87098]: DEBUG cinder.manager [None req-918e0007-19e4-4c6d-ac3a-5ac5b5710938 tempest-VolumesDeleteCascade-447158706 None] Notifying Schedulers of capabilities ... {{(pid=87098) _publish_service_capabilities /opt/stack/cinder/cinder/manager.py:219}}
Jul 13 13:54:09 devstack cinder-volume[87098]: INFO cinder.volume.manager [None req-918e0007-19e4-4c6d-ac3a-5ac5b5710938 tempest-VolumesDeleteCascade-447158706 None] Deleted volume successfully.
Jul 13 13:54:09 devstack cinder-volume[87098]: DEBUG cinder.coordination [None req-918e0007-19e4-4c6d-ac3a-5ac5b5710938 tempest-VolumesDeleteCascade-447158706 None] Lock "cinder-0db4affc-9ded-423f-a6d4-81dfa9150238-delete_volume" released by "delete_volume" :: held 2.601s {{(pid=87098) __release /opt/stack/cinder/cinder/coordination.py:152}}
Jul 13 13:54:09 devstack sudo[93482]: pam_unix(sudo:session): session closed for user root
Jul 13 13:54:09 devstack cinder-volume[87098]: DEBUG oslo_concurrency.processutils [None req-66ca89c7-5dc8-499a-83a4-11559cdaa5f2 tempest-SnapshotsActionsTest-1565083684 None] CMD "/opt/stack/data/venv/bin/python3.12 -m oslo_concurrency.prlimit --as=1073741824 --cpu=60 -- sudo cinder-rootwrap /etc/cinder/rootwrap.conf env LC_ALL=C qemu-img info -f qcow2 --output=json --force-share /opt/stack/data/cinder/mnt/9e2afc6a449296549b3c7b5e28bdac78/volume-e77cb2d8-9e38-4e97-884a-243b4a24a834" returned: 0 in 0.777s {{(pid=87098) execute /opt/stack/data/venv/lib/python3.12/site-packages/oslo_concurrency/processutils.py:468}}
Jul 13 13:54:09 devstack cinder-volume[87098]: DEBUG oslo_concurrency.processutils [None req-66ca89c7-5dc8-499a-83a4-11559cdaa5f2 tempest-SnapshotsActionsTest-1565083684 None] Running cmd (subprocess): sudo cinder-rootwrap /etc/cinder/rootwrap.conf qemu-img create -f qcow2 -o backing_file=/opt/stack/data/cinder/mnt/9e2afc6a449296549b3c7b5e28bdac78/volume-e77cb2d8-9e38-4e97-884a-243b4a24a834,backing_fmt=qcow2 /opt/stack/data/cinder/mnt/9e2afc6a449296549b3c7b5e28bdac78/volume-e77cb2d8-9e38-4e97-884a-243b4a24a834.2fe39cbc-c80c-44a6-9305-ffc5bbccbf48 1G {{(pid=87098) execute /opt/stack/data/venv/lib/python3.12/site-packages/oslo_concurrency/processutils.py:440}}
Jul 13 13:54:09 devstack sudo[93490]: quobyte : PWD=/ ; USER=root ; COMMAND=/opt/stack/data/venv/bin/cinder-rootwrap /etc/cinder/rootwrap.conf qemu-img create -f qcow2 -o backing_file=/opt/stack/data/cinder/mnt/9e2afc6a449296549b3c7b5e28bdac78/volume-e77cb2d8-9e38-4e97-884a-243b4a24a834,backing_fmt=qcow2 /opt/stack/data/cinder/mnt/9e2afc6a449296549b3c7b5e28bdac78/volume-e77cb2d8-9e38-4e97-884a-243b4a24a834.2fe39cbc-c80c-44a6-9305-ffc5bbccbf48 1G
Jul 13 13:54:09 devstack sudo[93490]: pam_unix(sudo:session): session opened for user root(uid=0) by (uid=1000)
Jul 13 13:54:09 devstack sudo[93490]: pam_unix(sudo:session): session closed for user root
Jul 13 13:54:09 devstack cinder-volume[87098]: DEBUG oslo_concurrency.processutils [None req-66ca89c7-5dc8-499a-83a4-11559cdaa5f2 tempest-SnapshotsActionsTest-1565083684 None] CMD "sudo cinder-rootwrap /etc/cinder/rootwrap.conf qemu-img create -f qcow2 -o backing_file=/opt/stack/data/cinder/mnt/9e2afc6a449296549b3c7b5e28bdac78/volume-e77cb2d8-9e38-4e97-884a-243b4a24a834,backing_fmt=qcow2 /opt/stack/data/cinder/mnt/9e2afc6a449296549b3c7b5e28bdac78/volume-e77cb2d8-9e38-4e97-884a-243b4a24a834.2fe39cbc-c80c-44a6-9305-ffc5bbccbf48 1G" returned: 0 in 0.617s {{(pid=87098) execute /opt/stack/data/venv/lib/python3.12/site-packages/oslo_concurrency/processutils.py:468}}
Jul 13 13:54:09 devstack cinder-volume[87098]: DEBUG oslo_concurrency.processutils [None req-66ca89c7-5dc8-499a-83a4-11559cdaa5f2 tempest-SnapshotsActionsTest-1565083684 None] Running cmd (subprocess): sudo cinder-rootwrap /etc/cinder/rootwrap.conf qemu-img rebase -u -b volume-e77cb2d8-9e38-4e97-884a-243b4a24a834 -F qcow2 /opt/stack/data/cinder/mnt/9e2afc6a449296549b3c7b5e28bdac78/volume-e77cb2d8-9e38-4e97-884a-243b4a24a834.2fe39cbc-c80c-44a6-9305-ffc5bbccbf48 {{(pid=87098) execute /opt/stack/data/venv/lib/python3.12/site-packages/oslo_concurrency/processutils.py:440}}
Jul 13 13:54:10 devstack sudo[93496]: quobyte : PWD=/ ; USER=root ; COMMAND=/opt/stack/data/venv/bin/cinder-rootwrap /etc/cinder/rootwrap.conf qemu-img rebase -u -b volume-e77cb2d8-9e38-4e97-884a-243b4a24a834 -F qcow2 /opt/stack/data/cinder/mnt/9e2afc6a449296549b3c7b5e28bdac78/volume-e77cb2d8-9e38-4e97-884a-243b4a24a834.2fe39cbc-c80c-44a6-9305-ffc5bbccbf48
Jul 13 13:54:10 devstack sudo[93496]: pam_unix(sudo:session): session opened for user root(uid=0) by (uid=1000)
Jul 13 13:54:10 devstack sudo[93496]: pam_unix(sudo:session): session closed for user root
Jul 13 13:54:10 devstack cinder-volume[87098]: DEBUG oslo_concurrency.processutils [None req-66ca89c7-5dc8-499a-83a4-11559cdaa5f2 tempest-SnapshotsActionsTest-1565083684 None] CMD "sudo cinder-rootwrap /etc/cinder/rootwrap.conf qemu-img rebase -u -b volume-e77cb2d8-9e38-4e97-884a-243b4a24a834 -F qcow2 /opt/stack/data/cinder/mnt/9e2afc6a449296549b3c7b5e28bdac78/volume-e77cb2d8-9e38-4e97-884a-243b4a24a834.2fe39cbc-c80c-44a6-9305-ffc5bbccbf48" returned: 0 in 0.528s {{(pid=87098) execute /opt/stack/data/venv/lib/python3.12/site-packages/oslo_concurrency/processutils.py:468}}
Jul 13 13:54:10 devstack cinder-volume[87098]: WARNING cinder.volume.drivers.remotefs [None req-66ca89c7-5dc8-499a-83a4-11559cdaa5f2 tempest-SnapshotsActionsTest-1565083684 None] /opt/stack/data/cinder/mnt/9e2afc6a449296549b3c7b5e28bdac78/volume-e77cb2d8-9e38-4e97-884a-243b4a24a834.2fe39cbc-c80c-44a6-9305-ffc5bbccbf48 is being set with open permissions: ugo+rw
Jul 13 13:54:10 devstack cinder-volume[87098]: DEBUG oslo_concurrency.processutils [None req-66ca89c7-5dc8-499a-83a4-11559cdaa5f2 tempest-SnapshotsActionsTest-1565083684 None] Running cmd (subprocess): sudo cinder-rootwrap /etc/cinder/rootwrap.conf chmod ugo+rw /opt/stack/data/cinder/mnt/9e2afc6a449296549b3c7b5e28bdac78/volume-e77cb2d8-9e38-4e97-884a-243b4a24a834.2fe39cbc-c80c-44a6-9305-ffc5bbccbf48 {{(pid=87098) execute /opt/stack/data/venv/lib/python3.12/site-packages/oslo_concurrency/processutils.py:440}}
Jul 13 13:54:10 devstack sudo[93501]: quobyte : PWD=/ ; USER=root ; COMMAND=/opt/stack/data/venv/bin/cinder-rootwrap /etc/cinder/rootwrap.conf chmod ugo+rw /opt/stack/data/cinder/mnt/9e2afc6a449296549b3c7b5e28bdac78/volume-e77cb2d8-9e38-4e97-884a-243b4a24a834.2fe39cbc-c80c-44a6-9305-ffc5bbccbf48
Jul 13 13:54:10 devstack sudo[93501]: pam_unix(sudo:session): session opened for user root(uid=0) by (uid=1000)
Jul 13 13:54:10 devstack sudo[93501]: pam_unix(sudo:session): session closed for user root
Jul 13 13:54:10 devstack cinder-volume[87098]: DEBUG oslo_concurrency.processutils [None req-66ca89c7-5dc8-499a-83a4-11559cdaa5f2 tempest-SnapshotsActionsTest-1565083684 None] CMD "sudo cinder-rootwrap /etc/cinder/rootwrap.conf chmod ugo+rw /opt/stack/data/cinder/mnt/9e2afc6a449296549b3c7b5e28bdac78/volume-e77cb2d8-9e38-4e97-884a-243b4a24a834.2fe39cbc-c80c-44a6-9305-ffc5bbccbf48" returned: 0 in 0.401s {{(pid=87098) execute /opt/stack/data/venv/lib/python3.12/site-packages/oslo_concurrency/processutils.py:468}}
Jul 13 13:54:10 devstack cinder-volume[87098]: DEBUG oslo_concurrency.processutils [None req-66ca89c7-5dc8-499a-83a4-11559cdaa5f2 tempest-SnapshotsActionsTest-1565083684 None] Running cmd (subprocess): sudo cinder-rootwrap /etc/cinder/rootwrap.conf truncate -s0 /opt/stack/data/cinder/mnt/9e2afc6a449296549b3c7b5e28bdac78/volume-e77cb2d8-9e38-4e97-884a-243b4a24a834.info {{(pid=87098) execute /opt/stack/data/venv/lib/python3.12/site-packages/oslo_concurrency/processutils.py:440}}
Jul 13 13:54:11 devstack sudo[93504]: quobyte : PWD=/ ; USER=root ; COMMAND=/opt/stack/data/venv/bin/cinder-rootwrap /etc/cinder/rootwrap.conf truncate -s0 /opt/stack/data/cinder/mnt/9e2afc6a449296549b3c7b5e28bdac78/volume-e77cb2d8-9e38-4e97-884a-243b4a24a834.info
Jul 13 13:54:11 devstack sudo[93504]: pam_unix(sudo:session): session opened for user root(uid=0) by (uid=1000)
Jul 13 13:54:11 devstack sudo[93504]: pam_unix(sudo:session): session closed for user root
Jul 13 13:54:11 devstack cinder-volume[87098]: DEBUG oslo_concurrency.processutils [None req-66ca89c7-5dc8-499a-83a4-11559cdaa5f2 tempest-SnapshotsActionsTest-1565083684 None] CMD "sudo cinder-rootwrap /etc/cinder/rootwrap.conf truncate -s0 /opt/stack/data/cinder/mnt/9e2afc6a449296549b3c7b5e28bdac78/volume-e77cb2d8-9e38-4e97-884a-243b4a24a834.info" returned: 0 in 0.451s {{(pid=87098) execute /opt/stack/data/venv/lib/python3.12/site-packages/oslo_concurrency/processutils.py:468}}
Jul 13 13:54:11 devstack cinder-volume[87098]: WARNING cinder.volume.drivers.remotefs [None req-66ca89c7-5dc8-499a-83a4-11559cdaa5f2 tempest-SnapshotsActionsTest-1565083684 None] /opt/stack/data/cinder/mnt/9e2afc6a449296549b3c7b5e28bdac78/volume-e77cb2d8-9e38-4e97-884a-243b4a24a834.info is being set with open permissions: ugo+rw
Jul 13 13:54:11 devstack cinder-volume[87098]: DEBUG oslo_concurrency.processutils [None req-66ca89c7-5dc8-499a-83a4-11559cdaa5f2 tempest-SnapshotsActionsTest-1565083684 None] Running cmd (subprocess): sudo cinder-rootwrap /etc/cinder/rootwrap.conf chmod ugo+rw /opt/stack/data/cinder/mnt/9e2afc6a449296549b3c7b5e28bdac78/volume-e77cb2d8-9e38-4e97-884a-243b4a24a834.info {{(pid=87098) execute /opt/stack/data/venv/lib/python3.12/site-packages/oslo_concurrency/processutils.py:440}}
Jul 13 13:54:11 devstack sudo[93507]: quobyte : PWD=/ ; USER=root ; COMMAND=/opt/stack/data/venv/bin/cinder-rootwrap /etc/cinder/rootwrap.conf chmod ugo+rw /opt/stack/data/cinder/mnt/9e2afc6a449296549b3c7b5e28bdac78/volume-e77cb2d8-9e38-4e97-884a-243b4a24a834.info
Jul 13 13:54:11 devstack sudo[93507]: pam_unix(sudo:session): session opened for user root(uid=0) by (uid=1000)
Jul 13 13:54:11 devstack sudo[93507]: pam_unix(sudo:session): session closed for user root
Jul 13 13:54:11 devstack cinder-volume[87098]: DEBUG oslo_concurrency.processutils [None req-66ca89c7-5dc8-499a-83a4-11559cdaa5f2 tempest-SnapshotsActionsTest-1565083684 None] CMD "sudo cinder-rootwrap /etc/cinder/rootwrap.conf chmod ugo+rw /opt/stack/data/cinder/mnt/9e2afc6a449296549b3c7b5e28bdac78/volume-e77cb2d8-9e38-4e97-884a-243b4a24a834.info" returned: 0 in 0.371s {{(pid=87098) execute /opt/stack/data/venv/lib/python3.12/site-packages/oslo_concurrency/processutils.py:468}}
Jul 13 13:54:11 devstack cinder-volume[87098]: DEBUG oslo_concurrency.lockutils [None req-66ca89c7-5dc8-499a-83a4-11559cdaa5f2 tempest-SnapshotsActionsTest-1565083684 None] Lock "quobyte" "released" by "cinder.volume.drivers.quobyte.QuobyteDriver.create_snapshot" :: held 3.321s {{(pid=87098) inner /opt/stack/data/venv/lib/python3.12/site-packages/oslo_concurrency/lockutils.py:543}}
Jul 13 13:54:11 devstack cinder-volume[87098]: INFO cinder.volume.manager [None req-66ca89c7-5dc8-499a-83a4-11559cdaa5f2 tempest-SnapshotsActionsTest-1565083684 None] Create snapshot completed successfully
Jul 13 13:54:13 devstack cinder-volume[87098]: DEBUG oslo_concurrency.lockutils [None req-4c7e7a73-59ee-4f07-addb-1a01e6fa9758 tempest-SnapshotsActionsTest-1565083684 None] Acquiring lock "quobyte" by "cinder.volume.drivers.quobyte.QuobyteDriver.create_snapshot" {{(pid=87098) inner /opt/stack/data/venv/lib/python3.12/site-packages/oslo_concurrency/lockutils.py:511}}
Jul 13 13:54:13 devstack cinder-volume[87098]: DEBUG oslo_concurrency.lockutils [None req-4c7e7a73-59ee-4f07-addb-1a01e6fa9758 tempest-SnapshotsActionsTest-1565083684 None] Lock "quobyte" acquired by "cinder.volume.drivers.quobyte.QuobyteDriver.create_snapshot" :: waited 0.001s {{(pid=87098) inner /opt/stack/data/venv/lib/python3.12/site-packages/oslo_concurrency/lockutils.py:524}}
Jul 13 13:54:13 devstack cinder-volume[87098]: DEBUG cinder.volume.drivers.remotefs [None req-4c7e7a73-59ee-4f07-addb-1a01e6fa9758 tempest-SnapshotsActionsTest-1565083684 None] Creating offline snapshot 8951ded8-57e9-4640-b5ec-8bc5b1f9f6c6 of volume e77cb2d8-9e38-4e97-884a-243b4a24a834 {{(pid=87098) _create_snapshot /opt/stack/cinder/cinder/volume/drivers/remotefs.py:1816}}
Jul 13 13:54:13 devstack cinder-volume[87098]: DEBUG oslo.privsep.daemon [-] privsep: reply[1ffc270f-e8c3-4a24-9e93-a7911c150528]: (4, 'qcow2') {{(pid=88154) _call_back /opt/stack/data/venv/lib/python3.12/site-packages/oslo_privsep/daemon.py:580}}
Jul 13 13:54:13 devstack cinder-volume[87098]: DEBUG oslo_concurrency.processutils [None req-4c7e7a73-59ee-4f07-addb-1a01e6fa9758 tempest-SnapshotsActionsTest-1565083684 None] Running cmd (subprocess): /opt/stack/data/venv/bin/python3.12 -m oslo_concurrency.prlimit --as=1073741824 --cpu=60 -- sudo cinder-rootwrap /etc/cinder/rootwrap.conf env LC_ALL=C qemu-img info -f qcow2 --output=json --force-share /opt/stack/data/cinder/mnt/9e2afc6a449296549b3c7b5e28bdac78/volume-e77cb2d8-9e38-4e97-884a-243b4a24a834.2fe39cbc-c80c-44a6-9305-ffc5bbccbf48 {{(pid=87098) execute /opt/stack/data/venv/lib/python3.12/site-packages/oslo_concurrency/processutils.py:440}}
Jul 13 13:54:14 devstack sudo[93512]: quobyte : PWD=/ ; USER=root ; COMMAND=/opt/stack/data/venv/bin/cinder-rootwrap /etc/cinder/rootwrap.conf env LC_ALL=C qemu-img info -f qcow2 --output=json --force-share /opt/stack/data/cinder/mnt/9e2afc6a449296549b3c7b5e28bdac78/volume-e77cb2d8-9e38-4e97-884a-243b4a24a834.2fe39cbc-c80c-44a6-9305-ffc5bbccbf48
Jul 13 13:54:14 devstack sudo[93512]: pam_unix(sudo:session): session opened for user root(uid=0) by (uid=1000)
Jul 13 13:54:14 devstack sudo[93512]: pam_unix(sudo:session): session closed for user root
Jul 13 13:54:14 devstack cinder-volume[87098]: DEBUG oslo_concurrency.processutils [None req-4c7e7a73-59ee-4f07-addb-1a01e6fa9758 tempest-SnapshotsActionsTest-1565083684 None] CMD "/opt/stack/data/venv/bin/python3.12 -m oslo_concurrency.prlimit --as=1073741824 --cpu=60 -- sudo cinder-rootwrap /etc/cinder/rootwrap.conf env LC_ALL=C qemu-img info -f qcow2 --output=json --force-share /opt/stack/data/cinder/mnt/9e2afc6a449296549b3c7b5e28bdac78/volume-e77cb2d8-9e38-4e97-884a-243b4a24a834.2fe39cbc-c80c-44a6-9305-ffc5bbccbf48" returned: 0 in 0.500s {{(pid=87098) execute /opt/stack/data/venv/lib/python3.12/site-packages/oslo_concurrency/processutils.py:468}}
Jul 13 13:54:14 devstack cinder-volume[87098]: DEBUG cinder.volume.drivers.remotefs [None req-4c7e7a73-59ee-4f07-addb-1a01e6fa9758 tempest-SnapshotsActionsTest-1565083684 None] Fetching qemu-img info with special backing_file_template: (/opt/stack/data/cinder/mnt/[0-9a-f]+/)?(volume-e77cb2d8-9e38-4e97-884a-243b4a24a834(.(tmp-snap-)?[0-9a-f-]+)?|volume_from_snapshot_cache/(tmp-snap-)?[0-9a-f-]+(.(child-|parent-)[0-9a-f-]+)?)$ {{(pid=87098) _qemu_img_info_base /opt/stack/cinder/cinder/volume/drivers/remotefs.py:896}}
Jul 13 13:54:14 devstack cinder-volume[87098]: DEBUG oslo_concurrency.processutils [None req-4c7e7a73-59ee-4f07-addb-1a01e6fa9758 tempest-SnapshotsActionsTest-1565083684 None] Running cmd (subprocess): sudo cinder-rootwrap /etc/cinder/rootwrap.conf qemu-img create -f qcow2 -o backing_file=/opt/stack/data/cinder/mnt/9e2afc6a449296549b3c7b5e28bdac78/volume-e77cb2d8-9e38-4e97-884a-243b4a24a834.2fe39cbc-c80c-44a6-9305-ffc5bbccbf48,backing_fmt=qcow2 /opt/stack/data/cinder/mnt/9e2afc6a449296549b3c7b5e28bdac78/volume-e77cb2d8-9e38-4e97-884a-243b4a24a834.8951ded8-57e9-4640-b5ec-8bc5b1f9f6c6 1G {{(pid=87098) execute /opt/stack/data/venv/lib/python3.12/site-packages/oslo_concurrency/processutils.py:440}}
Jul 13 13:54:14 devstack sudo[93518]: quobyte : PWD=/ ; USER=root ; COMMAND=/opt/stack/data/venv/bin/cinder-rootwrap /etc/cinder/rootwrap.conf qemu-img create -f qcow2 -o backing_file=/opt/stack/data/cinder/mnt/9e2afc6a449296549b3c7b5e28bdac78/volume-e77cb2d8-9e38-4e97-884a-243b4a24a834.2fe39cbc-c80c-44a6-9305-ffc5bbccbf48,backing_fmt=qcow2 /opt/stack/data/cinder/mnt/9e2afc6a449296549b3c7b5e28bdac78/volume-e77cb2d8-9e38-4e97-884a-243b4a24a834.8951ded8-57e9-4640-b5ec-8bc5b1f9f6c6 1G
Jul 13 13:54:14 devstack sudo[93518]: pam_unix(sudo:session): session opened for user root(uid=0) by (uid=1000)
Jul 13 13:54:15 devstack sudo[93518]: pam_unix(sudo:session): session closed for user root
Jul 13 13:54:15 devstack cinder-volume[87098]: DEBUG oslo_concurrency.processutils [None req-4c7e7a73-59ee-4f07-addb-1a01e6fa9758 tempest-SnapshotsActionsTest-1565083684 None] CMD "sudo cinder-rootwrap /etc/cinder/rootwrap.conf qemu-img create -f qcow2 -o backing_file=/opt/stack/data/cinder/mnt/9e2afc6a449296549b3c7b5e28bdac78/volume-e77cb2d8-9e38-4e97-884a-243b4a24a834.2fe39cbc-c80c-44a6-9305-ffc5bbccbf48,backing_fmt=qcow2 /opt/stack/data/cinder/mnt/9e2afc6a449296549b3c7b5e28bdac78/volume-e77cb2d8-9e38-4e97-884a-243b4a24a834.8951ded8-57e9-4640-b5ec-8bc5b1f9f6c6 1G" returned: 0 in 0.693s {{(pid=87098) execute /opt/stack/data/venv/lib/python3.12/site-packages/oslo_concurrency/processutils.py:468}}
Jul 13 13:54:15 devstack cinder-volume[87098]: DEBUG oslo_concurrency.processutils [None req-4c7e7a73-59ee-4f07-addb-1a01e6fa9758 tempest-SnapshotsActionsTest-1565083684 None] Running cmd (subprocess): sudo cinder-rootwrap /etc/cinder/rootwrap.conf qemu-img rebase -u -b volume-e77cb2d8-9e38-4e97-884a-243b4a24a834.2fe39cbc-c80c-44a6-9305-ffc5bbccbf48 -F qcow2 /opt/stack/data/cinder/mnt/9e2afc6a449296549b3c7b5e28bdac78/volume-e77cb2d8-9e38-4e97-884a-243b4a24a834.8951ded8-57e9-4640-b5ec-8bc5b1f9f6c6 {{(pid=87098) execute /opt/stack/data/venv/lib/python3.12/site-packages/oslo_concurrency/processutils.py:440}}
Jul 13 13:54:15 devstack sudo[93524]: quobyte : PWD=/ ; USER=root ; COMMAND=/opt/stack/data/venv/bin/cinder-rootwrap /etc/cinder/rootwrap.conf qemu-img rebase -u -b volume-e77cb2d8-9e38-4e97-884a-243b4a24a834.2fe39cbc-c80c-44a6-9305-ffc5bbccbf48 -F qcow2 /opt/stack/data/cinder/mnt/9e2afc6a449296549b3c7b5e28bdac78/volume-e77cb2d8-9e38-4e97-884a-243b4a24a834.8951ded8-57e9-4640-b5ec-8bc5b1f9f6c6
Jul 13 13:54:15 devstack sudo[93524]: pam_unix(sudo:session): session opened for user root(uid=0) by (uid=1000)
Jul 13 13:54:15 devstack sudo[93524]: pam_unix(sudo:session): session closed for user root
Jul 13 13:54:15 devstack cinder-volume[87098]: DEBUG oslo_concurrency.processutils [None req-4c7e7a73-59ee-4f07-addb-1a01e6fa9758 tempest-SnapshotsActionsTest-1565083684 None] CMD "sudo cinder-rootwrap /etc/cinder/rootwrap.conf qemu-img rebase -u -b volume-e77cb2d8-9e38-4e97-884a-243b4a24a834.2fe39cbc-c80c-44a6-9305-ffc5bbccbf48 -F qcow2 /opt/stack/data/cinder/mnt/9e2afc6a449296549b3c7b5e28bdac78/volume-e77cb2d8-9e38-4e97-884a-243b4a24a834.8951ded8-57e9-4640-b5ec-8bc5b1f9f6c6" returned: 0 in 0.411s {{(pid=87098) execute /opt/stack/data/venv/lib/python3.12/site-packages/oslo_concurrency/processutils.py:468}}
Jul 13 13:54:15 devstack cinder-volume[87098]: WARNING cinder.volume.drivers.remotefs [None req-4c7e7a73-59ee-4f07-addb-1a01e6fa9758 tempest-SnapshotsActionsTest-1565083684 None] /opt/stack/data/cinder/mnt/9e2afc6a449296549b3c7b5e28bdac78/volume-e77cb2d8-9e38-4e97-884a-243b4a24a834.8951ded8-57e9-4640-b5ec-8bc5b1f9f6c6 is being set with open permissions: ugo+rw
Jul 13 13:54:15 devstack cinder-volume[87098]: DEBUG oslo_concurrency.processutils [None req-4c7e7a73-59ee-4f07-addb-1a01e6fa9758 tempest-SnapshotsActionsTest-1565083684 None] Running cmd (subprocess): sudo cinder-rootwrap /etc/cinder/rootwrap.conf chmod ugo+rw /opt/stack/data/cinder/mnt/9e2afc6a449296549b3c7b5e28bdac78/volume-e77cb2d8-9e38-4e97-884a-243b4a24a834.8951ded8-57e9-4640-b5ec-8bc5b1f9f6c6 {{(pid=87098) execute /opt/stack/data/venv/lib/python3.12/site-packages/oslo_concurrency/processutils.py:440}}
Jul 13 13:54:15 devstack sudo[93530]: quobyte : PWD=/ ; USER=root ; COMMAND=/opt/stack/data/venv/bin/cinder-rootwrap /etc/cinder/rootwrap.conf chmod ugo+rw /opt/stack/data/cinder/mnt/9e2afc6a449296549b3c7b5e28bdac78/volume-e77cb2d8-9e38-4e97-884a-243b4a24a834.8951ded8-57e9-4640-b5ec-8bc5b1f9f6c6
Jul 13 13:54:15 devstack sudo[93530]: pam_unix(sudo:session): session opened for user root(uid=0) by (uid=1000)
Jul 13 13:54:15 devstack sudo[93530]: pam_unix(sudo:session): session closed for user root
Jul 13 13:54:15 devstack cinder-volume[87098]: DEBUG oslo_concurrency.processutils [None req-4c7e7a73-59ee-4f07-addb-1a01e6fa9758 tempest-SnapshotsActionsTest-1565083684 None] CMD "sudo cinder-rootwrap /etc/cinder/rootwrap.conf chmod ugo+rw /opt/stack/data/cinder/mnt/9e2afc6a449296549b3c7b5e28bdac78/volume-e77cb2d8-9e38-4e97-884a-243b4a24a834.8951ded8-57e9-4640-b5ec-8bc5b1f9f6c6" returned: 0 in 0.325s {{(pid=87098) execute /opt/stack/data/venv/lib/python3.12/site-packages/oslo_concurrency/processutils.py:468}}
Jul 13 13:54:15 devstack cinder-volume[87098]: DEBUG oslo_concurrency.lockutils [None req-4c7e7a73-59ee-4f07-addb-1a01e6fa9758 tempest-SnapshotsActionsTest-1565083684 None] Lock "quobyte" "released" by "cinder.volume.drivers.quobyte.QuobyteDriver.create_snapshot" :: held 2.096s {{(pid=87098) inner /opt/stack/data/venv/lib/python3.12/site-packages/oslo_concurrency/lockutils.py:543}}
Jul 13 13:54:15 devstack cinder-volume[87098]: INFO cinder.volume.manager [None req-4c7e7a73-59ee-4f07-addb-1a01e6fa9758 tempest-SnapshotsActionsTest-1565083684 None] Create snapshot completed successfully
Jul 13 13:54:17 devstack cinder-volume[87098]: DEBUG cinder.coordination [None req-927f0f11-a38b-4b5b-8bf6-3c753370035b tempest-SnapshotsActionsTest-1484405774 None] Acquiring lock "cinder-8951ded8-57e9-4640-b5ec-8bc5b1f9f6c6-delete_snapshot" by "delete_snapshot" {{(pid=87098) __acquire /opt/stack/cinder/cinder/coordination.py:138}}
Jul 13 13:54:17 devstack cinder-volume[87098]: DEBUG cinder.coordination [None req-927f0f11-a38b-4b5b-8bf6-3c753370035b tempest-SnapshotsActionsTest-1484405774 None] Lock "cinder-8951ded8-57e9-4640-b5ec-8bc5b1f9f6c6-delete_snapshot" acquired by "delete_snapshot" :: waited 0.027s {{(pid=87098) __acquire /opt/stack/cinder/cinder/coordination.py:141}}
Jul 13 13:54:17 devstack cinder-volume[87098]: DEBUG cinder.coordination [None req-927f0f11-a38b-4b5b-8bf6-3c753370035b tempest-SnapshotsActionsTest-1484405774 None] Acquiring lock "cinder-quobyte-e77cb2d8-9e38-4e97-884a-243b4a24a834" by "delete_snapshot" {{(pid=87098) __acquire /opt/stack/cinder/cinder/coordination.py:138}}
Jul 13 13:54:17 devstack cinder-volume[87098]: DEBUG cinder.coordination [None req-927f0f11-a38b-4b5b-8bf6-3c753370035b tempest-SnapshotsActionsTest-1484405774 None] Lock "cinder-quobyte-e77cb2d8-9e38-4e97-884a-243b4a24a834" acquired by "delete_snapshot" :: waited 0.028s {{(pid=87098) __acquire /opt/stack/cinder/cinder/coordination.py:141}}
Jul 13 13:54:17 devstack cinder-volume[87098]: DEBUG cinder.coordination [None req-927f0f11-a38b-4b5b-8bf6-3c753370035b tempest-SnapshotsActionsTest-1484405774 None] Acquiring lock "cinder-quobyte-8951ded8-57e9-4640-b5ec-8bc5b1f9f6c6" by "_delete_snapshot" {{(pid=87098) __acquire /opt/stack/cinder/cinder/coordination.py:138}}
Jul 13 13:54:17 devstack cinder-volume[87098]: DEBUG cinder.coordination [None req-927f0f11-a38b-4b5b-8bf6-3c753370035b tempest-SnapshotsActionsTest-1484405774 None] Lock "cinder-quobyte-8951ded8-57e9-4640-b5ec-8bc5b1f9f6c6" acquired by "_delete_snapshot" :: waited 0.030s {{(pid=87098) __acquire /opt/stack/cinder/cinder/coordination.py:141}}
Jul 13 13:54:17 devstack cinder-volume[87098]: DEBUG cinder.volume.drivers.remotefs [None req-927f0f11-a38b-4b5b-8bf6-3c753370035b tempest-SnapshotsActionsTest-1484405774 None] Deleting offline snapshot 8951ded8-57e9-4640-b5ec-8bc5b1f9f6c6 of volume e77cb2d8-9e38-4e97-884a-243b4a24a834 {{(pid=87098) _delete_snapshot /opt/stack/cinder/cinder/volume/drivers/remotefs.py:1288}}
Jul 13 13:54:17 devstack cinder-volume[87098]: DEBUG cinder.volume.drivers.remotefs [None req-927f0f11-a38b-4b5b-8bf6-3c753370035b tempest-SnapshotsActionsTest-1484405774 None] snapshot_file for this snap is: volume-e77cb2d8-9e38-4e97-884a-243b4a24a834.8951ded8-57e9-4640-b5ec-8bc5b1f9f6c6 {{(pid=87098) _delete_snapshot /opt/stack/cinder/cinder/volume/drivers/remotefs.py:1317}}
Jul 13 13:54:17 devstack cinder-volume[87098]: DEBUG oslo.privsep.daemon [-] privsep: reply[baca5ee4-bbd0-4467-ba18-8179961251d0]: (4, 'qcow2') {{(pid=88154) _call_back /opt/stack/data/venv/lib/python3.12/site-packages/oslo_privsep/daemon.py:580}}
Jul 13 13:54:17 devstack cinder-volume[87098]: DEBUG oslo_concurrency.processutils [None req-927f0f11-a38b-4b5b-8bf6-3c753370035b tempest-SnapshotsActionsTest-1484405774 None] Running cmd (subprocess): /opt/stack/data/venv/bin/python3.12 -m oslo_concurrency.prlimit --as=1073741824 --cpu=60 -- sudo cinder-rootwrap /etc/cinder/rootwrap.conf env LC_ALL=C qemu-img info -f qcow2 --output=json --force-share /opt/stack/data/cinder/mnt/9e2afc6a449296549b3c7b5e28bdac78/volume-e77cb2d8-9e38-4e97-884a-243b4a24a834.8951ded8-57e9-4640-b5ec-8bc5b1f9f6c6 {{(pid=87098) execute /opt/stack/data/venv/lib/python3.12/site-packages/oslo_concurrency/processutils.py:440}}
Jul 13 13:54:17 devstack sudo[93534]: quobyte : PWD=/ ; USER=root ; COMMAND=/opt/stack/data/venv/bin/cinder-rootwrap /etc/cinder/rootwrap.conf env LC_ALL=C qemu-img info -f qcow2 --output=json --force-share /opt/stack/data/cinder/mnt/9e2afc6a449296549b3c7b5e28bdac78/volume-e77cb2d8-9e38-4e97-884a-243b4a24a834.8951ded8-57e9-4640-b5ec-8bc5b1f9f6c6
Jul 13 13:54:17 devstack sudo[93534]: pam_unix(sudo:session): session opened for user root(uid=0) by (uid=1000)
Jul 13 13:54:17 devstack sudo[93534]: pam_unix(sudo:session): session closed for user root
Jul 13 13:54:17 devstack cinder-volume[87098]: DEBUG oslo_concurrency.processutils [None req-927f0f11-a38b-4b5b-8bf6-3c753370035b tempest-SnapshotsActionsTest-1484405774 None] CMD "/opt/stack/data/venv/bin/python3.12 -m oslo_concurrency.prlimit --as=1073741824 --cpu=60 -- sudo cinder-rootwrap /etc/cinder/rootwrap.conf env LC_ALL=C qemu-img info -f qcow2 --output=json --force-share /opt/stack/data/cinder/mnt/9e2afc6a449296549b3c7b5e28bdac78/volume-e77cb2d8-9e38-4e97-884a-243b4a24a834.8951ded8-57e9-4640-b5ec-8bc5b1f9f6c6" returned: 0 in 0.568s {{(pid=87098) execute /opt/stack/data/venv/lib/python3.12/site-packages/oslo_concurrency/processutils.py:468}}
Jul 13 13:54:17 devstack cinder-volume[87098]: DEBUG cinder.volume.drivers.remotefs [None req-927f0f11-a38b-4b5b-8bf6-3c753370035b tempest-SnapshotsActionsTest-1484405774 None] Fetching qemu-img info with special backing_file_template: (/opt/stack/data/cinder/mnt/[0-9a-f]+/)?(volume-e77cb2d8-9e38-4e97-884a-243b4a24a834(.(tmp-snap-)?[0-9a-f-]+)?|volume_from_snapshot_cache/(tmp-snap-)?[0-9a-f-]+(.(child-|parent-)[0-9a-f-]+)?)$ {{(pid=87098) _qemu_img_info_base /opt/stack/cinder/cinder/volume/drivers/remotefs.py:896}}
Jul 13 13:54:17 devstack cinder-volume[87098]: DEBUG oslo.privsep.daemon [-] privsep: reply[e2336c6c-6e2c-4f0c-a53c-0b808a1a010a]: (4, 'qcow2') {{(pid=88154) _call_back /opt/stack/data/venv/lib/python3.12/site-packages/oslo_privsep/daemon.py:580}}
Jul 13 13:54:17 devstack cinder-volume[87098]: DEBUG oslo_concurrency.processutils [None req-927f0f11-a38b-4b5b-8bf6-3c753370035b tempest-SnapshotsActionsTest-1484405774 None] Running cmd (subprocess): /opt/stack/data/venv/bin/python3.12 -m oslo_concurrency.prlimit --as=1073741824 --cpu=60 -- sudo cinder-rootwrap /etc/cinder/rootwrap.conf env LC_ALL=C qemu-img info -f qcow2 --output=json --force-share /opt/stack/data/cinder/mnt/9e2afc6a449296549b3c7b5e28bdac78/volume-e77cb2d8-9e38-4e97-884a-243b4a24a834.2fe39cbc-c80c-44a6-9305-ffc5bbccbf48 {{(pid=87098) execute /opt/stack/data/venv/lib/python3.12/site-packages/oslo_concurrency/processutils.py:440}}
Jul 13 13:54:18 devstack sudo[93539]: quobyte : PWD=/ ; USER=root ; COMMAND=/opt/stack/data/venv/bin/cinder-rootwrap /etc/cinder/rootwrap.conf env LC_ALL=C qemu-img info -f qcow2 --output=json --force-share /opt/stack/data/cinder/mnt/9e2afc6a449296549b3c7b5e28bdac78/volume-e77cb2d8-9e38-4e97-884a-243b4a24a834.2fe39cbc-c80c-44a6-9305-ffc5bbccbf48
Jul 13 13:54:18 devstack sudo[93539]: pam_unix(sudo:session): session opened for user root(uid=0) by (uid=1000)
Jul 13 13:54:18 devstack sudo[93539]: pam_unix(sudo:session): session closed for user root
Jul 13 13:54:18 devstack cinder-volume[87098]: DEBUG oslo_concurrency.processutils [None req-927f0f11-a38b-4b5b-8bf6-3c753370035b tempest-SnapshotsActionsTest-1484405774 None] CMD "/opt/stack/data/venv/bin/python3.12 -m oslo_concurrency.prlimit --as=1073741824 --cpu=60 -- sudo cinder-rootwrap /etc/cinder/rootwrap.conf env LC_ALL=C qemu-img info -f qcow2 --output=json --force-share /opt/stack/data/cinder/mnt/9e2afc6a449296549b3c7b5e28bdac78/volume-e77cb2d8-9e38-4e97-884a-243b4a24a834.2fe39cbc-c80c-44a6-9305-ffc5bbccbf48" returned: 0 in 0.704s {{(pid=87098) execute /opt/stack/data/venv/lib/python3.12/site-packages/oslo_concurrency/processutils.py:468}}
Jul 13 13:54:18 devstack cinder-volume[87098]: DEBUG cinder.volume.drivers.remotefs [None req-927f0f11-a38b-4b5b-8bf6-3c753370035b tempest-SnapshotsActionsTest-1484405774 None] Fetching qemu-img info with special backing_file_template: (/opt/stack/data/cinder/mnt/[0-9a-f]+/)?(volume-e77cb2d8-9e38-4e97-884a-243b4a24a834(.(tmp-snap-)?[0-9a-f-]+)?|volume_from_snapshot_cache/(tmp-snap-)?[0-9a-f-]+(.(child-|parent-)[0-9a-f-]+)?)$ {{(pid=87098) _qemu_img_info_base /opt/stack/cinder/cinder/volume/drivers/remotefs.py:896}}
Jul 13 13:54:18 devstack cinder-volume[87098]: DEBUG oslo_concurrency.processutils [None req-927f0f11-a38b-4b5b-8bf6-3c753370035b tempest-SnapshotsActionsTest-1484405774 None] Running cmd (subprocess): sudo cinder-rootwrap /etc/cinder/rootwrap.conf qemu-img commit -d /opt/stack/data/cinder/mnt/9e2afc6a449296549b3c7b5e28bdac78/volume-e77cb2d8-9e38-4e97-884a-243b4a24a834.8951ded8-57e9-4640-b5ec-8bc5b1f9f6c6 {{(pid=87098) execute /opt/stack/data/venv/lib/python3.12/site-packages/oslo_concurrency/processutils.py:440}}
Jul 13 13:54:18 devstack sudo[93553]: quobyte : PWD=/ ; USER=root ; COMMAND=/opt/stack/data/venv/bin/cinder-rootwrap /etc/cinder/rootwrap.conf qemu-img commit -d /opt/stack/data/cinder/mnt/9e2afc6a449296549b3c7b5e28bdac78/volume-e77cb2d8-9e38-4e97-884a-243b4a24a834.8951ded8-57e9-4640-b5ec-8bc5b1f9f6c6
Jul 13 13:54:18 devstack sudo[93553]: pam_unix(sudo:session): session opened for user root(uid=0) by (uid=1000)
Jul 13 13:54:19 devstack sudo[93553]: pam_unix(sudo:session): session closed for user root
Jul 13 13:54:19 devstack cinder-volume[87098]: DEBUG oslo_concurrency.processutils [None req-927f0f11-a38b-4b5b-8bf6-3c753370035b tempest-SnapshotsActionsTest-1484405774 None] CMD "sudo cinder-rootwrap /etc/cinder/rootwrap.conf qemu-img commit -d /opt/stack/data/cinder/mnt/9e2afc6a449296549b3c7b5e28bdac78/volume-e77cb2d8-9e38-4e97-884a-243b4a24a834.8951ded8-57e9-4640-b5ec-8bc5b1f9f6c6" returned: 0 in 0.497s {{(pid=87098) execute /opt/stack/data/venv/lib/python3.12/site-packages/oslo_concurrency/processutils.py:468}}
Jul 13 13:54:19 devstack cinder-volume[87098]: DEBUG oslo_concurrency.processutils [None req-927f0f11-a38b-4b5b-8bf6-3c753370035b tempest-SnapshotsActionsTest-1484405774 None] Running cmd (subprocess): sudo cinder-rootwrap /etc/cinder/rootwrap.conf rm -f /opt/stack/data/cinder/mnt/9e2afc6a449296549b3c7b5e28bdac78/volume-e77cb2d8-9e38-4e97-884a-243b4a24a834.8951ded8-57e9-4640-b5ec-8bc5b1f9f6c6 {{(pid=87098) execute /opt/stack/data/venv/lib/python3.12/site-packages/oslo_concurrency/processutils.py:440}}
Jul 13 13:54:19 devstack sudo[93558]: quobyte : PWD=/ ; USER=root ; COMMAND=/opt/stack/data/venv/bin/cinder-rootwrap /etc/cinder/rootwrap.conf rm -f /opt/stack/data/cinder/mnt/9e2afc6a449296549b3c7b5e28bdac78/volume-e77cb2d8-9e38-4e97-884a-243b4a24a834.8951ded8-57e9-4640-b5ec-8bc5b1f9f6c6
Jul 13 13:54:19 devstack sudo[93558]: pam_unix(sudo:session): session opened for user root(uid=0) by (uid=1000)
Jul 13 13:54:19 devstack sudo[93558]: pam_unix(sudo:session): session closed for user root
Jul 13 13:54:19 devstack cinder-volume[87098]: DEBUG oslo_concurrency.processutils [None req-927f0f11-a38b-4b5b-8bf6-3c753370035b tempest-SnapshotsActionsTest-1484405774 None] CMD "sudo cinder-rootwrap /etc/cinder/rootwrap.conf rm -f /opt/stack/data/cinder/mnt/9e2afc6a449296549b3c7b5e28bdac78/volume-e77cb2d8-9e38-4e97-884a-243b4a24a834.8951ded8-57e9-4640-b5ec-8bc5b1f9f6c6" returned: 0 in 0.337s {{(pid=87098) execute /opt/stack/data/venv/lib/python3.12/site-packages/oslo_concurrency/processutils.py:468}}
Jul 13 13:54:19 devstack cinder-volume[87098]: DEBUG cinder.coordination [None req-927f0f11-a38b-4b5b-8bf6-3c753370035b tempest-SnapshotsActionsTest-1484405774 None] Lock "cinder-quobyte-8951ded8-57e9-4640-b5ec-8bc5b1f9f6c6" released by "_delete_snapshot" :: held 2.245s {{(pid=87098) __release /opt/stack/cinder/cinder/coordination.py:152}}
Jul 13 13:54:19 devstack cinder-volume[87098]: DEBUG cinder.coordination [None req-927f0f11-a38b-4b5b-8bf6-3c753370035b tempest-SnapshotsActionsTest-1484405774 None] Lock "cinder-quobyte-e77cb2d8-9e38-4e97-884a-243b4a24a834" released by "delete_snapshot" :: held 2.287s {{(pid=87098) __release /opt/stack/cinder/cinder/coordination.py:152}}
Jul 13 13:54:19 devstack cinder-volume[87098]: DEBUG cinder.quota [None req-927f0f11-a38b-4b5b-8bf6-3c753370035b tempest-SnapshotsActionsTest-1484405774 None] Created reservations ['5bce62e1-bcb6-4c9d-836c-7c8ef9278c05', '6ff0da79-31ac-458e-ab4c-4c94eef7eb6c', '1c6d6916-5bf7-43f4-9493-132b323dc97d', '23b53682-00d7-4a79-9e64-ddcda88495e5'] {{(pid=87098) reserve /opt/stack/cinder/cinder/quota.py:752}}
Jul 13 13:54:19 devstack cinder-volume[87098]: INFO cinder.volume.manager [None req-927f0f11-a38b-4b5b-8bf6-3c753370035b tempest-SnapshotsActionsTest-1484405774 None] Delete snapshot completed successfully.
Jul 13 13:54:19 devstack cinder-volume[87098]: DEBUG cinder.coordination [None req-927f0f11-a38b-4b5b-8bf6-3c753370035b tempest-SnapshotsActionsTest-1484405774 None] Lock "cinder-8951ded8-57e9-4640-b5ec-8bc5b1f9f6c6-delete_snapshot" released by "delete_snapshot" :: held 2.530s {{(pid=87098) __release /opt/stack/cinder/cinder/coordination.py:152}}
Jul 13 13:54:20 devstack cinder-volume[87098]: DEBUG oslo_concurrency.lockutils [None req-018c2c3b-c101-4137-b0e5-85a24761a60c tempest-SnapshotsActionsTest-1565083684 None] Acquiring lock "quobyte" by "cinder.volume.drivers.quobyte.QuobyteDriver.create_snapshot" {{(pid=87098) inner /opt/stack/data/venv/lib/python3.12/site-packages/oslo_concurrency/lockutils.py:511}}
Jul 13 13:54:20 devstack cinder-volume[87098]: DEBUG oslo_concurrency.lockutils [None req-018c2c3b-c101-4137-b0e5-85a24761a60c tempest-SnapshotsActionsTest-1565083684 None] Lock "quobyte" acquired by "cinder.volume.drivers.quobyte.QuobyteDriver.create_snapshot" :: waited 0.001s {{(pid=87098) inner /opt/stack/data/venv/lib/python3.12/site-packages/oslo_concurrency/lockutils.py:524}}
Jul 13 13:54:21 devstack cinder-volume[87098]: DEBUG cinder.volume.drivers.remotefs [None req-018c2c3b-c101-4137-b0e5-85a24761a60c tempest-SnapshotsActionsTest-1565083684 None] Creating offline snapshot 4d4fe225-5032-4242-b96f-f2373e204703 of volume e77cb2d8-9e38-4e97-884a-243b4a24a834 {{(pid=87098) _create_snapshot /opt/stack/cinder/cinder/volume/drivers/remotefs.py:1816}}
Jul 13 13:54:21 devstack cinder-volume[87098]: DEBUG oslo.privsep.daemon [-] privsep: reply[babd893d-47ea-4c06-b7e9-a6965e0d282a]: (4, 'qcow2') {{(pid=88154) _call_back /opt/stack/data/venv/lib/python3.12/site-packages/oslo_privsep/daemon.py:580}}
Jul 13 13:54:21 devstack cinder-volume[87098]: DEBUG oslo_concurrency.processutils [None req-018c2c3b-c101-4137-b0e5-85a24761a60c tempest-SnapshotsActionsTest-1565083684 None] Running cmd (subprocess): /opt/stack/data/venv/bin/python3.12 -m oslo_concurrency.prlimit --as=1073741824 --cpu=60 -- sudo cinder-rootwrap /etc/cinder/rootwrap.conf env LC_ALL=C qemu-img info -f qcow2 --output=json --force-share /opt/stack/data/cinder/mnt/9e2afc6a449296549b3c7b5e28bdac78/volume-e77cb2d8-9e38-4e97-884a-243b4a24a834.2fe39cbc-c80c-44a6-9305-ffc5bbccbf48 {{(pid=87098) execute /opt/stack/data/venv/lib/python3.12/site-packages/oslo_concurrency/processutils.py:440}}
Jul 13 13:54:21 devstack sudo[93575]: quobyte : PWD=/ ; USER=root ; COMMAND=/opt/stack/data/venv/bin/cinder-rootwrap /etc/cinder/rootwrap.conf env LC_ALL=C qemu-img info -f qcow2 --output=json --force-share /opt/stack/data/cinder/mnt/9e2afc6a449296549b3c7b5e28bdac78/volume-e77cb2d8-9e38-4e97-884a-243b4a24a834.2fe39cbc-c80c-44a6-9305-ffc5bbccbf48
Jul 13 13:54:21 devstack sudo[93575]: pam_unix(sudo:session): session opened for user root(uid=0) by (uid=1000)
