Jun 18 17:29:35 devstack cinder-volume[91934]: DEBUG oslo_concurrency.processutils [None req-5a1e1a42-fa7d-41ef-9423-ef8ceff04375 tempest-SnapshotsActionsTest-1369847146 None] Running cmd (subprocess): sudo cinder-rootwrap /etc/cinder/rootwrap.conf qemu-img rebase -u -b volume-a1b1cc04-9b11-4ca2-8a03-fbec689658d6.98cadc69-cda2-4b38-bffa-e675c25f39fe -F qcow2 /opt/stack/data/cinder/mnt/14da0529437b3a90cec5e195e1b49746/volume-a1b1cc04-9b11-4ca2-8a03-fbec689658d6.9bc70103-8e2d-4d87-9ae8-35e515930b8c {{(pid=91934) execute /opt/stack/data/venv/lib/python3.12/site-packages/oslo_concurrency/processutils.py:440}}
Jun 18 17:29:35 devstack sudo[95961]: quobyte : PWD=/ ; USER=root ; COMMAND=/opt/stack/data/venv/bin/cinder-rootwrap /etc/cinder/rootwrap.conf qemu-img rebase -u -b volume-a1b1cc04-9b11-4ca2-8a03-fbec689658d6.98cadc69-cda2-4b38-bffa-e675c25f39fe -F qcow2 /opt/stack/data/cinder/mnt/14da0529437b3a90cec5e195e1b49746/volume-a1b1cc04-9b11-4ca2-8a03-fbec689658d6.9bc70103-8e2d-4d87-9ae8-35e515930b8c
Jun 18 17:29:35 devstack sudo[95961]: pam_unix(sudo:session): session opened for user root(uid=0) by (uid=1000)
Jun 18 17:29:36 devstack sudo[95961]: pam_unix(sudo:session): session closed for user root
Jun 18 17:29:36 devstack cinder-volume[91934]: DEBUG oslo_concurrency.processutils [None req-5a1e1a42-fa7d-41ef-9423-ef8ceff04375 tempest-SnapshotsActionsTest-1369847146 None] CMD "sudo cinder-rootwrap /etc/cinder/rootwrap.conf qemu-img rebase -u -b volume-a1b1cc04-9b11-4ca2-8a03-fbec689658d6.98cadc69-cda2-4b38-bffa-e675c25f39fe -F qcow2 /opt/stack/data/cinder/mnt/14da0529437b3a90cec5e195e1b49746/volume-a1b1cc04-9b11-4ca2-8a03-fbec689658d6.9bc70103-8e2d-4d87-9ae8-35e515930b8c" returned: 0 in 0.857s {{(pid=91934) execute /opt/stack/data/venv/lib/python3.12/site-packages/oslo_concurrency/processutils.py:468}}
Jun 18 17:29:36 devstack cinder-volume[91934]: WARNING cinder.volume.drivers.remotefs [None req-5a1e1a42-fa7d-41ef-9423-ef8ceff04375 tempest-SnapshotsActionsTest-1369847146 None] /opt/stack/data/cinder/mnt/14da0529437b3a90cec5e195e1b49746/volume-a1b1cc04-9b11-4ca2-8a03-fbec689658d6.9bc70103-8e2d-4d87-9ae8-35e515930b8c is being set with open permissions: ugo+rw
Jun 18 17:29:36 devstack cinder-volume[91934]: DEBUG oslo_concurrency.processutils [None req-5a1e1a42-fa7d-41ef-9423-ef8ceff04375 tempest-SnapshotsActionsTest-1369847146 None] Running cmd (subprocess): sudo cinder-rootwrap /etc/cinder/rootwrap.conf chmod ugo+rw /opt/stack/data/cinder/mnt/14da0529437b3a90cec5e195e1b49746/volume-a1b1cc04-9b11-4ca2-8a03-fbec689658d6.9bc70103-8e2d-4d87-9ae8-35e515930b8c {{(pid=91934) execute /opt/stack/data/venv/lib/python3.12/site-packages/oslo_concurrency/processutils.py:440}}
Jun 18 17:29:36 devstack sudo[95966]: quobyte : PWD=/ ; USER=root ; COMMAND=/opt/stack/data/venv/bin/cinder-rootwrap /etc/cinder/rootwrap.conf chmod ugo+rw /opt/stack/data/cinder/mnt/14da0529437b3a90cec5e195e1b49746/volume-a1b1cc04-9b11-4ca2-8a03-fbec689658d6.9bc70103-8e2d-4d87-9ae8-35e515930b8c
Jun 18 17:29:36 devstack sudo[95966]: pam_unix(sudo:session): session opened for user root(uid=0) by (uid=1000)
Jun 18 17:29:37 devstack sudo[95966]: pam_unix(sudo:session): session closed for user root
Jun 18 17:29:37 devstack cinder-volume[91934]: DEBUG oslo_concurrency.processutils [None req-5a1e1a42-fa7d-41ef-9423-ef8ceff04375 tempest-SnapshotsActionsTest-1369847146 None] CMD "sudo cinder-rootwrap /etc/cinder/rootwrap.conf chmod ugo+rw /opt/stack/data/cinder/mnt/14da0529437b3a90cec5e195e1b49746/volume-a1b1cc04-9b11-4ca2-8a03-fbec689658d6.9bc70103-8e2d-4d87-9ae8-35e515930b8c" returned: 0 in 0.942s {{(pid=91934) execute /opt/stack/data/venv/lib/python3.12/site-packages/oslo_concurrency/processutils.py:468}}
Jun 18 17:29:37 devstack cinder-volume[91934]: DEBUG oslo_concurrency.lockutils [None req-5a1e1a42-fa7d-41ef-9423-ef8ceff04375 tempest-SnapshotsActionsTest-1369847146 None] Lock "quobyte" "released" by "cinder.volume.drivers.quobyte.QuobyteDriver.create_snapshot" :: held 3.939s {{(pid=91934) inner /opt/stack/data/venv/lib/python3.12/site-packages/oslo_concurrency/lockutils.py:543}}
Jun 18 17:29:37 devstack cinder-volume[91934]: DEBUG oslo_concurrency.lockutils [req-11d39dd8-7d3a-41e9-b3a0-0aab3e8c7f9d req-5621820a-98a7-43bf-9fff-664d3e488089 tempest-ServerActionsTestOtherA-619839081 None] Lock "quobyte" acquired by "cinder.volume.drivers.quobyte.QuobyteDriver.initialize_connection" :: waited 3.764s {{(pid=91934) inner /opt/stack/data/venv/lib/python3.12/site-packages/oslo_concurrency/lockutils.py:524}}
Jun 18 17:29:37 devstack cinder-volume[91934]: DEBUG oslo.privsep.daemon [-] privsep: reply[f285cfff-3f75-4332-99ad-7b97cecb2df7]: (4, 'qcow2') {{(pid=93207) _call_back /opt/stack/data/venv/lib/python3.12/site-packages/oslo_privsep/daemon.py:580}}
Jun 18 17:29:37 devstack cinder-volume[91934]: DEBUG oslo_concurrency.processutils [req-11d39dd8-7d3a-41e9-b3a0-0aab3e8c7f9d req-5621820a-98a7-43bf-9fff-664d3e488089 tempest-ServerActionsTestOtherA-619839081 None] Running cmd (subprocess): /opt/stack/data/venv/bin/python3.12 -m oslo_concurrency.prlimit --as=1073741824 --cpu=60 -- sudo cinder-rootwrap /etc/cinder/rootwrap.conf env LC_ALL=C qemu-img info -f qcow2 --output=json --force-share /opt/stack/data/cinder/mnt/14da0529437b3a90cec5e195e1b49746/volume-7be3e316-53f4-427b-ae5e-c6a6a7368bd9 {{(pid=91934) execute /opt/stack/data/venv/lib/python3.12/site-packages/oslo_concurrency/processutils.py:440}}
Jun 18 17:29:37 devstack cinder-volume[91934]: INFO cinder.volume.manager [None req-5a1e1a42-fa7d-41ef-9423-ef8ceff04375 tempest-SnapshotsActionsTest-1369847146 None] Create snapshot completed successfully
Jun 18 17:29:37 devstack sudo[95969]: quobyte : PWD=/ ; USER=root ; COMMAND=/opt/stack/data/venv/bin/cinder-rootwrap /etc/cinder/rootwrap.conf env LC_ALL=C qemu-img info -f qcow2 --output=json --force-share /opt/stack/data/cinder/mnt/14da0529437b3a90cec5e195e1b49746/volume-7be3e316-53f4-427b-ae5e-c6a6a7368bd9
Jun 18 17:29:37 devstack sudo[95969]: pam_unix(sudo:session): session opened for user root(uid=0) by (uid=1000)
Jun 18 17:29:38 devstack cinder-volume[91934]: DEBUG cinder.coordination [None req-798f3139-5cca-492e-902d-0ba9f64a887a tempest-SnapshotsActionsTest-619339203 None] Acquiring lock "cinder-9bc70103-8e2d-4d87-9ae8-35e515930b8c-delete_snapshot" by "delete_snapshot" {{(pid=91934) __acquire /opt/stack/cinder/cinder/coordination.py:138}}
Jun 18 17:29:38 devstack cinder-volume[91934]: DEBUG cinder.coordination [None req-798f3139-5cca-492e-902d-0ba9f64a887a tempest-SnapshotsActionsTest-619339203 None] Lock "cinder-9bc70103-8e2d-4d87-9ae8-35e515930b8c-delete_snapshot" acquired by "delete_snapshot" :: waited 0.027s {{(pid=91934) __acquire /opt/stack/cinder/cinder/coordination.py:141}}
Jun 18 17:29:38 devstack cinder-volume[91934]: DEBUG cinder.coordination [None req-798f3139-5cca-492e-902d-0ba9f64a887a tempest-SnapshotsActionsTest-619339203 None] Acquiring lock "cinder-quobyte-a1b1cc04-9b11-4ca2-8a03-fbec689658d6" by "delete_snapshot" {{(pid=91934) __acquire /opt/stack/cinder/cinder/coordination.py:138}}
Jun 18 17:29:38 devstack cinder-volume[91934]: DEBUG cinder.coordination [None req-798f3139-5cca-492e-902d-0ba9f64a887a tempest-SnapshotsActionsTest-619339203 None] Lock "cinder-quobyte-a1b1cc04-9b11-4ca2-8a03-fbec689658d6" acquired by "delete_snapshot" :: waited 0.034s {{(pid=91934) __acquire /opt/stack/cinder/cinder/coordination.py:141}}
Jun 18 17:29:38 devstack cinder-volume[91934]: DEBUG cinder.coordination [None req-798f3139-5cca-492e-902d-0ba9f64a887a tempest-SnapshotsActionsTest-619339203 None] Acquiring lock "cinder-quobyte-9bc70103-8e2d-4d87-9ae8-35e515930b8c" by "_delete_snapshot" {{(pid=91934) __acquire /opt/stack/cinder/cinder/coordination.py:138}}
Jun 18 17:29:38 devstack cinder-volume[91934]: DEBUG cinder.coordination [None req-798f3139-5cca-492e-902d-0ba9f64a887a tempest-SnapshotsActionsTest-619339203 None] Lock "cinder-quobyte-9bc70103-8e2d-4d87-9ae8-35e515930b8c" acquired by "_delete_snapshot" :: waited 0.030s {{(pid=91934) __acquire /opt/stack/cinder/cinder/coordination.py:141}}
Jun 18 17:29:38 devstack cinder-volume[91934]: DEBUG cinder.volume.drivers.remotefs [None req-798f3139-5cca-492e-902d-0ba9f64a887a tempest-SnapshotsActionsTest-619339203 None] Deleting offline snapshot 9bc70103-8e2d-4d87-9ae8-35e515930b8c of volume a1b1cc04-9b11-4ca2-8a03-fbec689658d6 {{(pid=91934) _delete_snapshot /opt/stack/cinder/cinder/volume/drivers/remotefs.py:1288}}
Jun 18 17:29:38 devstack cinder-volume[91934]: DEBUG cinder.volume.drivers.remotefs [None req-798f3139-5cca-492e-902d-0ba9f64a887a tempest-SnapshotsActionsTest-619339203 None] snapshot_file for this snap is: volume-a1b1cc04-9b11-4ca2-8a03-fbec689658d6.9bc70103-8e2d-4d87-9ae8-35e515930b8c {{(pid=91934) _delete_snapshot /opt/stack/cinder/cinder/volume/drivers/remotefs.py:1317}}
Jun 18 17:29:38 devstack cinder-volume[91934]: DEBUG oslo.privsep.daemon [-] privsep: reply[e565ef6f-6aaa-4bb6-94f6-76a2ea82d0dc]: (4, 'qcow2') {{(pid=93207) _call_back /opt/stack/data/venv/lib/python3.12/site-packages/oslo_privsep/daemon.py:580}}
Jun 18 17:29:38 devstack cinder-volume[91934]: DEBUG oslo_concurrency.processutils [None req-798f3139-5cca-492e-902d-0ba9f64a887a tempest-SnapshotsActionsTest-619339203 None] Running cmd (subprocess): /opt/stack/data/venv/bin/python3.12 -m oslo_concurrency.prlimit --as=1073741824 --cpu=60 -- sudo cinder-rootwrap /etc/cinder/rootwrap.conf env LC_ALL=C qemu-img info -f qcow2 --output=json --force-share /opt/stack/data/cinder/mnt/14da0529437b3a90cec5e195e1b49746/volume-a1b1cc04-9b11-4ca2-8a03-fbec689658d6.9bc70103-8e2d-4d87-9ae8-35e515930b8c {{(pid=91934) execute /opt/stack/data/venv/lib/python3.12/site-packages/oslo_concurrency/processutils.py:440}}
Jun 18 17:29:38 devstack sudo[95972]: quobyte : PWD=/ ; USER=root ; COMMAND=/opt/stack/data/venv/bin/cinder-rootwrap /etc/cinder/rootwrap.conf env LC_ALL=C qemu-img info -f qcow2 --output=json --force-share /opt/stack/data/cinder/mnt/14da0529437b3a90cec5e195e1b49746/volume-a1b1cc04-9b11-4ca2-8a03-fbec689658d6.9bc70103-8e2d-4d87-9ae8-35e515930b8c
Jun 18 17:29:38 devstack sudo[95972]: pam_unix(sudo:session): session opened for user root(uid=0) by (uid=1000)
Jun 18 17:29:38 devstack sudo[95969]: pam_unix(sudo:session): session closed for user root
Jun 18 17:29:38 devstack cinder-volume[91934]: DEBUG oslo_concurrency.processutils [req-11d39dd8-7d3a-41e9-b3a0-0aab3e8c7f9d req-5621820a-98a7-43bf-9fff-664d3e488089 tempest-ServerActionsTestOtherA-619839081 None] CMD "/opt/stack/data/venv/bin/python3.12 -m oslo_concurrency.prlimit --as=1073741824 --cpu=60 -- sudo cinder-rootwrap /etc/cinder/rootwrap.conf env LC_ALL=C qemu-img info -f qcow2 --output=json --force-share /opt/stack/data/cinder/mnt/14da0529437b3a90cec5e195e1b49746/volume-7be3e316-53f4-427b-ae5e-c6a6a7368bd9" returned: 0 in 1.113s {{(pid=91934) execute /opt/stack/data/venv/lib/python3.12/site-packages/oslo_concurrency/processutils.py:468}}
Jun 18 17:29:38 devstack cinder-volume[91934]: DEBUG oslo_concurrency.lockutils [req-11d39dd8-7d3a-41e9-b3a0-0aab3e8c7f9d req-5621820a-98a7-43bf-9fff-664d3e488089 tempest-ServerActionsTestOtherA-619839081 None] Lock "quobyte" "released" by "cinder.volume.drivers.quobyte.QuobyteDriver.initialize_connection" :: held 1.147s {{(pid=91934) inner /opt/stack/data/venv/lib/python3.12/site-packages/oslo_concurrency/lockutils.py:543}}
Jun 18 17:29:38 devstack cinder-volume[91934]: DEBUG cinder.volume.manager [req-11d39dd8-7d3a-41e9-b3a0-0aab3e8c7f9d req-5621820a-98a7-43bf-9fff-664d3e488089 tempest-ServerActionsTestOtherA-619839081 None] Connection info returned from driver {'export': 'osci02.corp.quobyte.com/cinder-vol-b0f2870e-e250-4cbc-8508-ebcb912cff23', 'name': 'volume-7be3e316-53f4-427b-ae5e-c6a6a7368bd9', 'options': None, 'format': 'qcow2', 'qos_specs': None, 'access_mode': 'rw', 'encrypted': False, 'cacheable': False, 'driver_volume_type': 'quobyte', 'mount_point_base': '/opt/stack/data/cinder/mnt', 'attachment_id': '06905ec0-ec4f-42e4-9b07-76ee1c10b09c', 'enforce_multipath': True} {{(pid=91934) _connection_create /opt/stack/cinder/cinder/volume/manager.py:4924}}
Jun 18 17:29:38 devstack cinder-volume[91934]: INFO cinder.volume.manager [req-11d39dd8-7d3a-41e9-b3a0-0aab3e8c7f9d req-5621820a-98a7-43bf-9fff-664d3e488089 tempest-ServerActionsTestOtherA-619839081 None] attachment_update completed successfully.
Jun 18 17:29:39 devstack sudo[95972]: pam_unix(sudo:session): session closed for user root
Jun 18 17:29:39 devstack cinder-volume[91934]: DEBUG oslo_concurrency.processutils [None req-798f3139-5cca-492e-902d-0ba9f64a887a tempest-SnapshotsActionsTest-619339203 None] CMD "/opt/stack/data/venv/bin/python3.12 -m oslo_concurrency.prlimit --as=1073741824 --cpu=60 -- sudo cinder-rootwrap /etc/cinder/rootwrap.conf env LC_ALL=C qemu-img info -f qcow2 --output=json --force-share /opt/stack/data/cinder/mnt/14da0529437b3a90cec5e195e1b49746/volume-a1b1cc04-9b11-4ca2-8a03-fbec689658d6.9bc70103-8e2d-4d87-9ae8-35e515930b8c" returned: 0 in 1.112s {{(pid=91934) execute /opt/stack/data/venv/lib/python3.12/site-packages/oslo_concurrency/processutils.py:468}}
Jun 18 17:29:39 devstack cinder-volume[91934]: DEBUG cinder.volume.drivers.remotefs [None req-798f3139-5cca-492e-902d-0ba9f64a887a tempest-SnapshotsActionsTest-619339203 None] Fetching qemu-img info with special backing_file_template: (/opt/stack/data/cinder/mnt/[0-9a-f]+/)?(volume-a1b1cc04-9b11-4ca2-8a03-fbec689658d6(.(tmp-snap-)?[0-9a-f-]+)?|volume_from_snapshot_cache/(tmp-snap-)?[0-9a-f-]+(.(child-|parent-)[0-9a-f-]+)?)$ {{(pid=91934) _qemu_img_info_base /opt/stack/cinder/cinder/volume/drivers/remotefs.py:896}}
Jun 18 17:29:39 devstack cinder-volume[91934]: DEBUG oslo.privsep.daemon [-] privsep: reply[bb851254-9546-404e-99ca-43756bffac50]: (4, 'qcow2') {{(pid=93207) _call_back /opt/stack/data/venv/lib/python3.12/site-packages/oslo_privsep/daemon.py:580}}
Jun 18 17:29:39 devstack cinder-volume[91934]: DEBUG oslo_concurrency.processutils [None req-798f3139-5cca-492e-902d-0ba9f64a887a tempest-SnapshotsActionsTest-619339203 None] Running cmd (subprocess): /opt/stack/data/venv/bin/python3.12 -m oslo_concurrency.prlimit --as=1073741824 --cpu=60 -- sudo cinder-rootwrap /etc/cinder/rootwrap.conf env LC_ALL=C qemu-img info -f qcow2 --output=json --force-share /opt/stack/data/cinder/mnt/14da0529437b3a90cec5e195e1b49746/volume-a1b1cc04-9b11-4ca2-8a03-fbec689658d6.98cadc69-cda2-4b38-bffa-e675c25f39fe {{(pid=91934) execute /opt/stack/data/venv/lib/python3.12/site-packages/oslo_concurrency/processutils.py:440}}
Jun 18 17:29:39 devstack sudo[95981]: quobyte : PWD=/ ; USER=root ; COMMAND=/opt/stack/data/venv/bin/cinder-rootwrap /etc/cinder/rootwrap.conf env LC_ALL=C qemu-img info -f qcow2 --output=json --force-share /opt/stack/data/cinder/mnt/14da0529437b3a90cec5e195e1b49746/volume-a1b1cc04-9b11-4ca2-8a03-fbec689658d6.98cadc69-cda2-4b38-bffa-e675c25f39fe
Jun 18 17:29:39 devstack sudo[95981]: pam_unix(sudo:session): session opened for user root(uid=0) by (uid=1000)
Jun 18 17:29:40 devstack cinder-volume[91934]: DEBUG oslo_service.periodic_task [None req-3d203559-5943-46b2-9827-af923f3f26e0 None None] Running periodic task VolumeManager.publish_service_capabilities {{(pid=91934) run_periodic_tasks /opt/stack/data/venv/lib/python3.12/site-packages/oslo_service/periodic_task.py:225}}
Jun 18 17:29:40 devstack cinder-volume[91934]: DEBUG oslo_concurrency.lockutils [None req-3d203559-5943-46b2-9827-af923f3f26e0 None None] Acquiring lock "quobyte_ensure" by "cinder.volume.drivers.quobyte.QuobyteDriver._ensure_shares_mounted" {{(pid=91934) inner /opt/stack/data/venv/lib/python3.12/site-packages/oslo_concurrency/lockutils.py:511}}
Jun 18 17:29:40 devstack cinder-volume[91934]: DEBUG oslo_concurrency.lockutils [None req-3d203559-5943-46b2-9827-af923f3f26e0 None None] Lock "quobyte_ensure" acquired by "cinder.volume.drivers.quobyte.QuobyteDriver._ensure_shares_mounted" :: waited 0.001s {{(pid=91934) inner /opt/stack/data/venv/lib/python3.12/site-packages/oslo_concurrency/lockutils.py:524}}
Jun 18 17:29:40 devstack cinder-volume[91934]: DEBUG cinder.volume.drivers.quobyte [None req-3d203559-5943-46b2-9827-af923f3f26e0 None None] Quobyte Volume URL set to: {'osci02.corp.quobyte.com/cinder-vol-b0f2870e-e250-4cbc-8508-ebcb912cff23': None} {{(pid=91934) _load_shares_config /opt/stack/cinder/cinder/volume/drivers/quobyte.py:617}}
Jun 18 17:29:40 devstack cinder-volume[91934]: DEBUG cinder.volume.drivers.quobyte [None req-3d203559-5943-46b2-9827-af923f3f26e0 None None] Available shares ['osci02.corp.quobyte.com/cinder-vol-b0f2870e-e250-4cbc-8508-ebcb912cff23'] {{(pid=91934) _ensure_shares_mounted /opt/stack/cinder/cinder/volume/drivers/quobyte.py:647}}
Jun 18 17:29:40 devstack cinder-volume[91934]: DEBUG oslo_concurrency.lockutils [None req-3d203559-5943-46b2-9827-af923f3f26e0 None None] Lock "quobyte_ensure" "released" by "cinder.volume.drivers.quobyte.QuobyteDriver._ensure_shares_mounted" :: held 0.008s {{(pid=91934) inner /opt/stack/data/venv/lib/python3.12/site-packages/oslo_concurrency/lockutils.py:543}}
Jun 18 17:29:40 devstack cinder-volume[91934]: DEBUG oslo_concurrency.processutils [None req-3d203559-5943-46b2-9827-af923f3f26e0 None None] Running cmd (subprocess): sudo cinder-rootwrap /etc/cinder/rootwrap.conf df --portability --block-size 1 /opt/stack/data/cinder/mnt/14da0529437b3a90cec5e195e1b49746 {{(pid=91934) execute /opt/stack/data/venv/lib/python3.12/site-packages/oslo_concurrency/processutils.py:440}}
Jun 18 17:29:40 devstack sudo[95983]: quobyte : PWD=/ ; USER=root ; COMMAND=/opt/stack/data/venv/bin/cinder-rootwrap /etc/cinder/rootwrap.conf df --portability --block-size 1 /opt/stack/data/cinder/mnt/14da0529437b3a90cec5e195e1b49746
Jun 18 17:29:40 devstack sudo[95983]: pam_unix(sudo:session): session opened for user root(uid=0) by (uid=1000)
Jun 18 17:29:40 devstack sudo[95981]: pam_unix(sudo:session): session closed for user root
Jun 18 17:29:40 devstack cinder-volume[91934]: DEBUG oslo_concurrency.processutils [None req-798f3139-5cca-492e-902d-0ba9f64a887a tempest-SnapshotsActionsTest-619339203 None] CMD "/opt/stack/data/venv/bin/python3.12 -m oslo_concurrency.prlimit --as=1073741824 --cpu=60 -- sudo cinder-rootwrap /etc/cinder/rootwrap.conf env LC_ALL=C qemu-img info -f qcow2 --output=json --force-share /opt/stack/data/cinder/mnt/14da0529437b3a90cec5e195e1b49746/volume-a1b1cc04-9b11-4ca2-8a03-fbec689658d6.98cadc69-cda2-4b38-bffa-e675c25f39fe" returned: 0 in 1.238s {{(pid=91934) execute /opt/stack/data/venv/lib/python3.12/site-packages/oslo_concurrency/processutils.py:468}}
Jun 18 17:29:40 devstack cinder-volume[91934]: DEBUG cinder.volume.drivers.remotefs [None req-798f3139-5cca-492e-902d-0ba9f64a887a tempest-SnapshotsActionsTest-619339203 None] Fetching qemu-img info with special backing_file_template: (/opt/stack/data/cinder/mnt/[0-9a-f]+/)?(volume-a1b1cc04-9b11-4ca2-8a03-fbec689658d6(.(tmp-snap-)?[0-9a-f-]+)?|volume_from_snapshot_cache/(tmp-snap-)?[0-9a-f-]+(.(child-|parent-)[0-9a-f-]+)?)$ {{(pid=91934) _qemu_img_info_base /opt/stack/cinder/cinder/volume/drivers/remotefs.py:896}}
Jun 18 17:29:40 devstack cinder-volume[91934]: DEBUG oslo_concurrency.processutils [None req-798f3139-5cca-492e-902d-0ba9f64a887a tempest-SnapshotsActionsTest-619339203 None] Running cmd (subprocess): sudo cinder-rootwrap /etc/cinder/rootwrap.conf qemu-img commit -d /opt/stack/data/cinder/mnt/14da0529437b3a90cec5e195e1b49746/volume-a1b1cc04-9b11-4ca2-8a03-fbec689658d6.9bc70103-8e2d-4d87-9ae8-35e515930b8c {{(pid=91934) execute /opt/stack/data/venv/lib/python3.12/site-packages/oslo_concurrency/processutils.py:440}}
Jun 18 17:29:40 devstack sudo[95988]: quobyte : PWD=/ ; USER=root ; COMMAND=/opt/stack/data/venv/bin/cinder-rootwrap /etc/cinder/rootwrap.conf qemu-img commit -d /opt/stack/data/cinder/mnt/14da0529437b3a90cec5e195e1b49746/volume-a1b1cc04-9b11-4ca2-8a03-fbec689658d6.9bc70103-8e2d-4d87-9ae8-35e515930b8c
Jun 18 17:29:40 devstack sudo[95988]: pam_unix(sudo:session): session opened for user root(uid=0) by (uid=1000)
Jun 18 17:29:41 devstack sudo[95983]: pam_unix(sudo:session): session closed for user root
Jun 18 17:29:41 devstack cinder-volume[91934]: DEBUG oslo_concurrency.processutils [None req-3d203559-5943-46b2-9827-af923f3f26e0 None None] CMD "sudo cinder-rootwrap /etc/cinder/rootwrap.conf df --portability --block-size 1 /opt/stack/data/cinder/mnt/14da0529437b3a90cec5e195e1b49746" returned: 0 in 0.904s {{(pid=91934) execute /opt/stack/data/venv/lib/python3.12/site-packages/oslo_concurrency/processutils.py:468}}
Jun 18 17:29:41 devstack cinder-volume[91934]: DEBUG cinder.manager [None req-3d203559-5943-46b2-9827-af923f3f26e0 None None] Notifying Schedulers of capabilities ... {{(pid=91934) _publish_service_capabilities /opt/stack/cinder/cinder/manager.py:219}}
Jun 18 17:29:41 devstack sudo[95988]: pam_unix(sudo:session): session closed for user root
Jun 18 17:29:41 devstack cinder-volume[91934]: DEBUG oslo_concurrency.processutils [None req-798f3139-5cca-492e-902d-0ba9f64a887a tempest-SnapshotsActionsTest-619339203 None] CMD "sudo cinder-rootwrap /etc/cinder/rootwrap.conf qemu-img commit -d /opt/stack/data/cinder/mnt/14da0529437b3a90cec5e195e1b49746/volume-a1b1cc04-9b11-4ca2-8a03-fbec689658d6.9bc70103-8e2d-4d87-9ae8-35e515930b8c" returned: 0 in 1.247s {{(pid=91934) execute /opt/stack/data/venv/lib/python3.12/site-packages/oslo_concurrency/processutils.py:468}}
Jun 18 17:29:41 devstack cinder-volume[91934]: DEBUG oslo_concurrency.processutils [None req-798f3139-5cca-492e-902d-0ba9f64a887a tempest-SnapshotsActionsTest-619339203 None] Running cmd (subprocess): sudo cinder-rootwrap /etc/cinder/rootwrap.conf rm -f /opt/stack/data/cinder/mnt/14da0529437b3a90cec5e195e1b49746/volume-a1b1cc04-9b11-4ca2-8a03-fbec689658d6.9bc70103-8e2d-4d87-9ae8-35e515930b8c {{(pid=91934) execute /opt/stack/data/venv/lib/python3.12/site-packages/oslo_concurrency/processutils.py:440}}
Jun 18 17:29:41 devstack sudo[96012]: quobyte : PWD=/ ; USER=root ; COMMAND=/opt/stack/data/venv/bin/cinder-rootwrap /etc/cinder/rootwrap.conf rm -f /opt/stack/data/cinder/mnt/14da0529437b3a90cec5e195e1b49746/volume-a1b1cc04-9b11-4ca2-8a03-fbec689658d6.9bc70103-8e2d-4d87-9ae8-35e515930b8c
Jun 18 17:29:41 devstack sudo[96012]: pam_unix(sudo:session): session opened for user root(uid=0) by (uid=1000)
Jun 18 17:29:42 devstack sudo[96012]: pam_unix(sudo:session): session closed for user root
Jun 18 17:29:42 devstack cinder-volume[91934]: DEBUG oslo_concurrency.processutils [None req-798f3139-5cca-492e-902d-0ba9f64a887a tempest-SnapshotsActionsTest-619339203 None] CMD "sudo cinder-rootwrap /etc/cinder/rootwrap.conf rm -f /opt/stack/data/cinder/mnt/14da0529437b3a90cec5e195e1b49746/volume-a1b1cc04-9b11-4ca2-8a03-fbec689658d6.9bc70103-8e2d-4d87-9ae8-35e515930b8c" returned: 0 in 0.923s {{(pid=91934) execute /opt/stack/data/venv/lib/python3.12/site-packages/oslo_concurrency/processutils.py:468}}
Jun 18 17:29:42 devstack cinder-volume[91934]: DEBUG cinder.coordination [None req-798f3139-5cca-492e-902d-0ba9f64a887a tempest-SnapshotsActionsTest-619339203 None] Lock "cinder-quobyte-9bc70103-8e2d-4d87-9ae8-35e515930b8c" released by "_delete_snapshot" :: held 4.707s {{(pid=91934) __release /opt/stack/cinder/cinder/coordination.py:152}}
Jun 18 17:29:42 devstack cinder-volume[91934]: DEBUG cinder.coordination [None req-798f3139-5cca-492e-902d-0ba9f64a887a tempest-SnapshotsActionsTest-619339203 None] Lock "cinder-quobyte-a1b1cc04-9b11-4ca2-8a03-fbec689658d6" released by "delete_snapshot" :: held 4.754s {{(pid=91934) __release /opt/stack/cinder/cinder/coordination.py:152}}
Jun 18 17:29:43 devstack cinder-volume[91934]: DEBUG cinder.quota [None req-798f3139-5cca-492e-902d-0ba9f64a887a tempest-SnapshotsActionsTest-619339203 None] Created reservations ['8d93e13e-16ea-4f0c-9793-c4c463b758d2', '9462fe8a-1e76-402b-b81d-d742366073af', 'f3da5f62-cb0a-4995-9272-ababee74f955', '4fb94624-0d81-42a4-bb3b-28ea9e5de4ae'] {{(pid=91934) reserve /opt/stack/cinder/cinder/quota.py:752}}
Jun 18 17:29:43 devstack cinder-volume[91934]: INFO cinder.volume.manager [None req-798f3139-5cca-492e-902d-0ba9f64a887a tempest-SnapshotsActionsTest-619339203 None] Delete snapshot completed successfully.
Jun 18 17:29:43 devstack cinder-volume[91934]: DEBUG cinder.coordination [None req-798f3139-5cca-492e-902d-0ba9f64a887a tempest-SnapshotsActionsTest-619339203 None] Lock "cinder-9bc70103-8e2d-4d87-9ae8-35e515930b8c-delete_snapshot" released by "delete_snapshot" :: held 5.002s {{(pid=91934) __release /opt/stack/cinder/cinder/coordination.py:152}}
Jun 18 17:29:43 devstack cinder-volume[91934]: DEBUG oslo_concurrency.lockutils [None req-8dcabc41-6a36-4d36-867d-7ccdc052c68c tempest-SnapshotsActionsTest-1369847146 None] Acquiring lock "quobyte" by "cinder.volume.drivers.quobyte.QuobyteDriver.create_snapshot" {{(pid=91934) inner /opt/stack/data/venv/lib/python3.12/site-packages/oslo_concurrency/lockutils.py:511}}
Jun 18 17:29:43 devstack cinder-volume[91934]: DEBUG oslo_concurrency.lockutils [None req-8dcabc41-6a36-4d36-867d-7ccdc052c68c tempest-SnapshotsActionsTest-1369847146 None] Lock "quobyte" acquired by "cinder.volume.drivers.quobyte.QuobyteDriver.create_snapshot" :: waited 0.001s {{(pid=91934) inner /opt/stack/data/venv/lib/python3.12/site-packages/oslo_concurrency/lockutils.py:524}}
Jun 18 17:29:43 devstack cinder-volume[91934]: DEBUG cinder.volume.drivers.remotefs [None req-8dcabc41-6a36-4d36-867d-7ccdc052c68c tempest-SnapshotsActionsTest-1369847146 None] Creating offline snapshot 98b049e7-076a-4204-b8fe-e857ba69a01d of volume a1b1cc04-9b11-4ca2-8a03-fbec689658d6 {{(pid=91934) _create_snapshot /opt/stack/cinder/cinder/volume/drivers/remotefs.py:1816}}
Jun 18 17:29:43 devstack cinder-volume[91934]: DEBUG oslo.privsep.daemon [-] privsep: reply[86804a8f-2118-4ecc-84dd-1766b3fb49a6]: (4, 'qcow2') {{(pid=93207) _call_back /opt/stack/data/venv/lib/python3.12/site-packages/oslo_privsep/daemon.py:580}}
Jun 18 17:29:43 devstack cinder-volume[91934]: DEBUG oslo_concurrency.processutils [None req-8dcabc41-6a36-4d36-867d-7ccdc052c68c tempest-SnapshotsActionsTest-1369847146 None] Running cmd (subprocess): /opt/stack/data/venv/bin/python3.12 -m oslo_concurrency.prlimit --as=1073741824 --cpu=60 -- sudo cinder-rootwrap /etc/cinder/rootwrap.conf env LC_ALL=C qemu-img info -f qcow2 --output=json --force-share /opt/stack/data/cinder/mnt/14da0529437b3a90cec5e195e1b49746/volume-a1b1cc04-9b11-4ca2-8a03-fbec689658d6.98cadc69-cda2-4b38-bffa-e675c25f39fe {{(pid=91934) execute /opt/stack/data/venv/lib/python3.12/site-packages/oslo_concurrency/processutils.py:440}}
Jun 18 17:29:44 devstack sudo[96085]: quobyte : PWD=/ ; USER=root ; COMMAND=/opt/stack/data/venv/bin/cinder-rootwrap /etc/cinder/rootwrap.conf env LC_ALL=C qemu-img info -f qcow2 --output=json --force-share /opt/stack/data/cinder/mnt/14da0529437b3a90cec5e195e1b49746/volume-a1b1cc04-9b11-4ca2-8a03-fbec689658d6.98cadc69-cda2-4b38-bffa-e675c25f39fe
Jun 18 17:29:44 devstack sudo[96085]: pam_unix(sudo:session): session opened for user root(uid=0) by (uid=1000)
Jun 18 17:29:44 devstack sudo[96085]: pam_unix(sudo:session): session closed for user root
Jun 18 17:29:44 devstack cinder-volume[91934]: DEBUG oslo_concurrency.processutils [None req-8dcabc41-6a36-4d36-867d-7ccdc052c68c tempest-SnapshotsActionsTest-1369847146 None] CMD "/opt/stack/data/venv/bin/python3.12 -m oslo_concurrency.prlimit --as=1073741824 --cpu=60 -- sudo cinder-rootwrap /etc/cinder/rootwrap.conf env LC_ALL=C qemu-img info -f qcow2 --output=json --force-share /opt/stack/data/cinder/mnt/14da0529437b3a90cec5e195e1b49746/volume-a1b1cc04-9b11-4ca2-8a03-fbec689658d6.98cadc69-cda2-4b38-bffa-e675c25f39fe" returned: 0 in 0.933s {{(pid=91934) execute /opt/stack/data/venv/lib/python3.12/site-packages/oslo_concurrency/processutils.py:468}}
Jun 18 17:29:44 devstack cinder-volume[91934]: DEBUG cinder.volume.drivers.remotefs [None req-8dcabc41-6a36-4d36-867d-7ccdc052c68c tempest-SnapshotsActionsTest-1369847146 None] Fetching qemu-img info with special backing_file_template: (/opt/stack/data/cinder/mnt/[0-9a-f]+/)?(volume-a1b1cc04-9b11-4ca2-8a03-fbec689658d6(.(tmp-snap-)?[0-9a-f-]+)?|volume_from_snapshot_cache/(tmp-snap-)?[0-9a-f-]+(.(child-|parent-)[0-9a-f-]+)?)$ {{(pid=91934) _qemu_img_info_base /opt/stack/cinder/cinder/volume/drivers/remotefs.py:896}}
Jun 18 17:29:44 devstack cinder-volume[91934]: DEBUG oslo_concurrency.processutils [None req-8dcabc41-6a36-4d36-867d-7ccdc052c68c tempest-SnapshotsActionsTest-1369847146 None] Running cmd (subprocess): sudo cinder-rootwrap /etc/cinder/rootwrap.conf qemu-img create -f qcow2 -o backing_file=/opt/stack/data/cinder/mnt/14da0529437b3a90cec5e195e1b49746/volume-a1b1cc04-9b11-4ca2-8a03-fbec689658d6.98cadc69-cda2-4b38-bffa-e675c25f39fe,backing_fmt=qcow2 /opt/stack/data/cinder/mnt/14da0529437b3a90cec5e195e1b49746/volume-a1b1cc04-9b11-4ca2-8a03-fbec689658d6.98b049e7-076a-4204-b8fe-e857ba69a01d 1G {{(pid=91934) execute /opt/stack/data/venv/lib/python3.12/site-packages/oslo_concurrency/processutils.py:440}}
Jun 18 17:29:44 devstack sudo[96090]: quobyte : PWD=/ ; USER=root ; COMMAND=/opt/stack/data/venv/bin/cinder-rootwrap /etc/cinder/rootwrap.conf qemu-img create -f qcow2 -o backing_file=/opt/stack/data/cinder/mnt/14da0529437b3a90cec5e195e1b49746/volume-a1b1cc04-9b11-4ca2-8a03-fbec689658d6.98cadc69-cda2-4b38-bffa-e675c25f39fe,backing_fmt=qcow2 /opt/stack/data/cinder/mnt/14da0529437b3a90cec5e195e1b49746/volume-a1b1cc04-9b11-4ca2-8a03-fbec689658d6.98b049e7-076a-4204-b8fe-e857ba69a01d 1G
Jun 18 17:29:44 devstack sudo[96090]: pam_unix(sudo:session): session opened for user root(uid=0) by (uid=1000)
Jun 18 17:29:46 devstack sudo[96090]: pam_unix(sudo:session): session closed for user root
Jun 18 17:29:46 devstack cinder-volume[91934]: DEBUG oslo_concurrency.processutils [None req-8dcabc41-6a36-4d36-867d-7ccdc052c68c tempest-SnapshotsActionsTest-1369847146 None] CMD "sudo cinder-rootwrap /etc/cinder/rootwrap.conf qemu-img create -f qcow2 -o backing_file=/opt/stack/data/cinder/mnt/14da0529437b3a90cec5e195e1b49746/volume-a1b1cc04-9b11-4ca2-8a03-fbec689658d6.98cadc69-cda2-4b38-bffa-e675c25f39fe,backing_fmt=qcow2 /opt/stack/data/cinder/mnt/14da0529437b3a90cec5e195e1b49746/volume-a1b1cc04-9b11-4ca2-8a03-fbec689658d6.98b049e7-076a-4204-b8fe-e857ba69a01d 1G" returned: 0 in 1.300s {{(pid=91934) execute /opt/stack/data/venv/lib/python3.12/site-packages/oslo_concurrency/processutils.py:468}}
Jun 18 17:29:46 devstack cinder-volume[91934]: DEBUG oslo_concurrency.processutils [None req-8dcabc41-6a36-4d36-867d-7ccdc052c68c tempest-SnapshotsActionsTest-1369847146 None] Running cmd (subprocess): sudo cinder-rootwrap /etc/cinder/rootwrap.conf qemu-img rebase -u -b volume-a1b1cc04-9b11-4ca2-8a03-fbec689658d6.98cadc69-cda2-4b38-bffa-e675c25f39fe -F qcow2 /opt/stack/data/cinder/mnt/14da0529437b3a90cec5e195e1b49746/volume-a1b1cc04-9b11-4ca2-8a03-fbec689658d6.98b049e7-076a-4204-b8fe-e857ba69a01d {{(pid=91934) execute /opt/stack/data/venv/lib/python3.12/site-packages/oslo_concurrency/processutils.py:440}}
Jun 18 17:29:46 devstack sudo[96446]: quobyte : PWD=/ ; USER=root ; COMMAND=/opt/stack/data/venv/bin/cinder-rootwrap /etc/cinder/rootwrap.conf qemu-img rebase -u -b volume-a1b1cc04-9b11-4ca2-8a03-fbec689658d6.98cadc69-cda2-4b38-bffa-e675c25f39fe -F qcow2 /opt/stack/data/cinder/mnt/14da0529437b3a90cec5e195e1b49746/volume-a1b1cc04-9b11-4ca2-8a03-fbec689658d6.98b049e7-076a-4204-b8fe-e857ba69a01d
Jun 18 17:29:46 devstack sudo[96446]: pam_unix(sudo:session): session opened for user root(uid=0) by (uid=1000)
Jun 18 17:29:47 devstack sudo[96446]: pam_unix(sudo:session): session closed for user root
Jun 18 17:29:47 devstack cinder-volume[91934]: DEBUG oslo_concurrency.processutils [None req-8dcabc41-6a36-4d36-867d-7ccdc052c68c tempest-SnapshotsActionsTest-1369847146 None] CMD "sudo cinder-rootwrap /etc/cinder/rootwrap.conf qemu-img rebase -u -b volume-a1b1cc04-9b11-4ca2-8a03-fbec689658d6.98cadc69-cda2-4b38-bffa-e675c25f39fe -F qcow2 /opt/stack/data/cinder/mnt/14da0529437b3a90cec5e195e1b49746/volume-a1b1cc04-9b11-4ca2-8a03-fbec689658d6.98b049e7-076a-4204-b8fe-e857ba69a01d" returned: 0 in 0.819s {{(pid=91934) execute /opt/stack/data/venv/lib/python3.12/site-packages/oslo_concurrency/processutils.py:468}}
Jun 18 17:29:47 devstack cinder-volume[91934]: WARNING cinder.volume.drivers.remotefs [None req-8dcabc41-6a36-4d36-867d-7ccdc052c68c tempest-SnapshotsActionsTest-1369847146 None] /opt/stack/data/cinder/mnt/14da0529437b3a90cec5e195e1b49746/volume-a1b1cc04-9b11-4ca2-8a03-fbec689658d6.98b049e7-076a-4204-b8fe-e857ba69a01d is being set with open permissions: ugo+rw
Jun 18 17:29:47 devstack cinder-volume[91934]: DEBUG oslo_concurrency.processutils [None req-8dcabc41-6a36-4d36-867d-7ccdc052c68c tempest-SnapshotsActionsTest-1369847146 None] Running cmd (subprocess): sudo cinder-rootwrap /etc/cinder/rootwrap.conf chmod ugo+rw /opt/stack/data/cinder/mnt/14da0529437b3a90cec5e195e1b49746/volume-a1b1cc04-9b11-4ca2-8a03-fbec689658d6.98b049e7-076a-4204-b8fe-e857ba69a01d {{(pid=91934) execute /opt/stack/data/venv/lib/python3.12/site-packages/oslo_concurrency/processutils.py:440}}
Jun 18 17:29:47 devstack sudo[96453]: quobyte : PWD=/ ; USER=root ; COMMAND=/opt/stack/data/venv/bin/cinder-rootwrap /etc/cinder/rootwrap.conf chmod ugo+rw /opt/stack/data/cinder/mnt/14da0529437b3a90cec5e195e1b49746/volume-a1b1cc04-9b11-4ca2-8a03-fbec689658d6.98b049e7-076a-4204-b8fe-e857ba69a01d
Jun 18 17:29:47 devstack sudo[96453]: pam_unix(sudo:session): session opened for user root(uid=0) by (uid=1000)
Jun 18 17:29:47 devstack sudo[96453]: pam_unix(sudo:session): session closed for user root
Jun 18 17:29:47 devstack cinder-volume[91934]: DEBUG oslo_concurrency.processutils [None req-8dcabc41-6a36-4d36-867d-7ccdc052c68c tempest-SnapshotsActionsTest-1369847146 None] CMD "sudo cinder-rootwrap /etc/cinder/rootwrap.conf chmod ugo+rw /opt/stack/data/cinder/mnt/14da0529437b3a90cec5e195e1b49746/volume-a1b1cc04-9b11-4ca2-8a03-fbec689658d6.98b049e7-076a-4204-b8fe-e857ba69a01d" returned: 0 in 0.974s {{(pid=91934) execute /opt/stack/data/venv/lib/python3.12/site-packages/oslo_concurrency/processutils.py:468}}
Jun 18 17:29:48 devstack cinder-volume[91934]: DEBUG oslo_concurrency.lockutils [None req-8dcabc41-6a36-4d36-867d-7ccdc052c68c tempest-SnapshotsActionsTest-1369847146 None] Lock "quobyte" "released" by "cinder.volume.drivers.quobyte.QuobyteDriver.create_snapshot" :: held 4.169s {{(pid=91934) inner /opt/stack/data/venv/lib/python3.12/site-packages/oslo_concurrency/lockutils.py:543}}
Jun 18 17:29:48 devstack cinder-volume[91934]: INFO cinder.volume.manager [None req-8dcabc41-6a36-4d36-867d-7ccdc052c68c tempest-SnapshotsActionsTest-1369847146 None] Create snapshot completed successfully
Jun 18 17:29:49 devstack cinder-volume[91934]: DEBUG cinder.coordination [None req-c9d7c50a-44ce-4a2f-9066-eaca65d512fe tempest-SnapshotsActionsTest-619339203 None] Acquiring lock "cinder-98b049e7-076a-4204-b8fe-e857ba69a01d-delete_snapshot" by "delete_snapshot" {{(pid=91934) __acquire /opt/stack/cinder/cinder/coordination.py:138}}
Jun 18 17:29:49 devstack cinder-volume[91934]: DEBUG cinder.coordination [None req-c9d7c50a-44ce-4a2f-9066-eaca65d512fe tempest-SnapshotsActionsTest-619339203 None] Lock "cinder-98b049e7-076a-4204-b8fe-e857ba69a01d-delete_snapshot" acquired by "delete_snapshot" :: waited 0.042s {{(pid=91934) __acquire /opt/stack/cinder/cinder/coordination.py:141}}
Jun 18 17:29:49 devstack cinder-volume[91934]: DEBUG cinder.coordination [None req-c9d7c50a-44ce-4a2f-9066-eaca65d512fe tempest-SnapshotsActionsTest-619339203 None] Acquiring lock "cinder-quobyte-a1b1cc04-9b11-4ca2-8a03-fbec689658d6" by "delete_snapshot" {{(pid=91934) __acquire /opt/stack/cinder/cinder/coordination.py:138}}
Jun 18 17:29:49 devstack cinder-volume[91934]: DEBUG cinder.coordination [None req-c9d7c50a-44ce-4a2f-9066-eaca65d512fe tempest-SnapshotsActionsTest-619339203 None] Lock "cinder-quobyte-a1b1cc04-9b11-4ca2-8a03-fbec689658d6" acquired by "delete_snapshot" :: waited 0.056s {{(pid=91934) __acquire /opt/stack/cinder/cinder/coordination.py:141}}
Jun 18 17:29:49 devstack cinder-volume[91934]: DEBUG cinder.coordination [None req-c9d7c50a-44ce-4a2f-9066-eaca65d512fe tempest-SnapshotsActionsTest-619339203 None] Acquiring lock "cinder-quobyte-98b049e7-076a-4204-b8fe-e857ba69a01d" by "_delete_snapshot" {{(pid=91934) __acquire /opt/stack/cinder/cinder/coordination.py:138}}
Jun 18 17:29:49 devstack cinder-volume[91934]: DEBUG cinder.coordination [None req-c9d7c50a-44ce-4a2f-9066-eaca65d512fe tempest-SnapshotsActionsTest-619339203 None] Lock "cinder-quobyte-98b049e7-076a-4204-b8fe-e857ba69a01d" acquired by "_delete_snapshot" :: waited 0.041s {{(pid=91934) __acquire /opt/stack/cinder/cinder/coordination.py:141}}
Jun 18 17:29:49 devstack cinder-volume[91934]: DEBUG cinder.volume.drivers.remotefs [None req-c9d7c50a-44ce-4a2f-9066-eaca65d512fe tempest-SnapshotsActionsTest-619339203 None] Deleting offline snapshot 98b049e7-076a-4204-b8fe-e857ba69a01d of volume a1b1cc04-9b11-4ca2-8a03-fbec689658d6 {{(pid=91934) _delete_snapshot /opt/stack/cinder/cinder/volume/drivers/remotefs.py:1288}}
Jun 18 17:29:49 devstack cinder-volume[91934]: DEBUG cinder.volume.drivers.remotefs [None req-c9d7c50a-44ce-4a2f-9066-eaca65d512fe tempest-SnapshotsActionsTest-619339203 None] snapshot_file for this snap is: volume-a1b1cc04-9b11-4ca2-8a03-fbec689658d6.98b049e7-076a-4204-b8fe-e857ba69a01d {{(pid=91934) _delete_snapshot /opt/stack/cinder/cinder/volume/drivers/remotefs.py:1317}}
Jun 18 17:29:49 devstack cinder-volume[91934]: DEBUG oslo.privsep.daemon [-] privsep: reply[760134c2-4bf5-457a-b14d-d2089a1cf53e]: (4, 'qcow2') {{(pid=93207) _call_back /opt/stack/data/venv/lib/python3.12/site-packages/oslo_privsep/daemon.py:580}}
Jun 18 17:29:49 devstack cinder-volume[91934]: DEBUG oslo_concurrency.processutils [None req-c9d7c50a-44ce-4a2f-9066-eaca65d512fe tempest-SnapshotsActionsTest-619339203 None] Running cmd (subprocess): /opt/stack/data/venv/bin/python3.12 -m oslo_concurrency.prlimit --as=1073741824 --cpu=60 -- sudo cinder-rootwrap /etc/cinder/rootwrap.conf env LC_ALL=C qemu-img info -f qcow2 --output=json --force-share /opt/stack/data/cinder/mnt/14da0529437b3a90cec5e195e1b49746/volume-a1b1cc04-9b11-4ca2-8a03-fbec689658d6.98b049e7-076a-4204-b8fe-e857ba69a01d {{(pid=91934) execute /opt/stack/data/venv/lib/python3.12/site-packages/oslo_concurrency/processutils.py:440}}
Jun 18 17:29:49 devstack sudo[96463]: quobyte : PWD=/ ; USER=root ; COMMAND=/opt/stack/data/venv/bin/cinder-rootwrap /etc/cinder/rootwrap.conf env LC_ALL=C qemu-img info -f qcow2 --output=json --force-share /opt/stack/data/cinder/mnt/14da0529437b3a90cec5e195e1b49746/volume-a1b1cc04-9b11-4ca2-8a03-fbec689658d6.98b049e7-076a-4204-b8fe-e857ba69a01d
Jun 18 17:29:49 devstack sudo[96463]: pam_unix(sudo:session): session opened for user root(uid=0) by (uid=1000)
Jun 18 17:29:50 devstack sudo[96463]: pam_unix(sudo:session): session closed for user root
Jun 18 17:29:50 devstack cinder-volume[91934]: DEBUG oslo_concurrency.processutils [None req-c9d7c50a-44ce-4a2f-9066-eaca65d512fe tempest-SnapshotsActionsTest-619339203 None] CMD "/opt/stack/data/venv/bin/python3.12 -m oslo_concurrency.prlimit --as=1073741824 --cpu=60 -- sudo cinder-rootwrap /etc/cinder/rootwrap.conf env LC_ALL=C qemu-img info -f qcow2 --output=json --force-share /opt/stack/data/cinder/mnt/14da0529437b3a90cec5e195e1b49746/volume-a1b1cc04-9b11-4ca2-8a03-fbec689658d6.98b049e7-076a-4204-b8fe-e857ba69a01d" returned: 0 in 1.143s {{(pid=91934) execute /opt/stack/data/venv/lib/python3.12/site-packages/oslo_concurrency/processutils.py:468}}
Jun 18 17:29:50 devstack cinder-volume[91934]: DEBUG cinder.volume.drivers.remotefs [None req-c9d7c50a-44ce-4a2f-9066-eaca65d512fe tempest-SnapshotsActionsTest-619339203 None] Fetching qemu-img info with special backing_file_template: (/opt/stack/data/cinder/mnt/[0-9a-f]+/)?(volume-a1b1cc04-9b11-4ca2-8a03-fbec689658d6(.(tmp-snap-)?[0-9a-f-]+)?|volume_from_snapshot_cache/(tmp-snap-)?[0-9a-f-]+(.(child-|parent-)[0-9a-f-]+)?)$ {{(pid=91934) _qemu_img_info_base /opt/stack/cinder/cinder/volume/drivers/remotefs.py:896}}
Jun 18 17:29:50 devstack cinder-volume[91934]: DEBUG oslo.privsep.daemon [-] privsep: reply[6055c1c4-1939-4aeb-88f4-cdcb9d03d6aa]: (4, 'qcow2') {{(pid=93207) _call_back /opt/stack/data/venv/lib/python3.12/site-packages/oslo_privsep/daemon.py:580}}
Jun 18 17:29:50 devstack cinder-volume[91934]: DEBUG oslo_concurrency.processutils [None req-c9d7c50a-44ce-4a2f-9066-eaca65d512fe tempest-SnapshotsActionsTest-619339203 None] Running cmd (subprocess): /opt/stack/data/venv/bin/python3.12 -m oslo_concurrency.prlimit --as=1073741824 --cpu=60 -- sudo cinder-rootwrap /etc/cinder/rootwrap.conf env LC_ALL=C qemu-img info -f qcow2 --output=json --force-share /opt/stack/data/cinder/mnt/14da0529437b3a90cec5e195e1b49746/volume-a1b1cc04-9b11-4ca2-8a03-fbec689658d6.98cadc69-cda2-4b38-bffa-e675c25f39fe {{(pid=91934) execute /opt/stack/data/venv/lib/python3.12/site-packages/oslo_concurrency/processutils.py:440}}
Jun 18 17:29:51 devstack sudo[96471]: quobyte : PWD=/ ; USER=root ; COMMAND=/opt/stack/data/venv/bin/cinder-rootwrap /etc/cinder/rootwrap.conf env LC_ALL=C qemu-img info -f qcow2 --output=json --force-share /opt/stack/data/cinder/mnt/14da0529437b3a90cec5e195e1b49746/volume-a1b1cc04-9b11-4ca2-8a03-fbec689658d6.98cadc69-cda2-4b38-bffa-e675c25f39fe
Jun 18 17:29:51 devstack sudo[96471]: pam_unix(sudo:session): session opened for user root(uid=0) by (uid=1000)
Jun 18 17:29:51 devstack sudo[96471]: pam_unix(sudo:session): session closed for user root
Jun 18 17:29:51 devstack cinder-volume[91934]: DEBUG oslo_concurrency.processutils [None req-c9d7c50a-44ce-4a2f-9066-eaca65d512fe tempest-SnapshotsActionsTest-619339203 None] CMD "/opt/stack/data/venv/bin/python3.12 -m oslo_concurrency.prlimit --as=1073741824 --cpu=60 -- sudo cinder-rootwrap /etc/cinder/rootwrap.conf env LC_ALL=C qemu-img info -f qcow2 --output=json --force-share /opt/stack/data/cinder/mnt/14da0529437b3a90cec5e195e1b49746/volume-a1b1cc04-9b11-4ca2-8a03-fbec689658d6.98cadc69-cda2-4b38-bffa-e675c25f39fe" returned: 0 in 0.816s {{(pid=91934) execute /opt/stack/data/venv/lib/python3.12/site-packages/oslo_concurrency/processutils.py:468}}
Jun 18 17:29:51 devstack cinder-volume[91934]: DEBUG cinder.volume.drivers.remotefs [None req-c9d7c50a-44ce-4a2f-9066-eaca65d512fe tempest-SnapshotsActionsTest-619339203 None] Fetching qemu-img info with special backing_file_template: (/opt/stack/data/cinder/mnt/[0-9a-f]+/)?(volume-a1b1cc04-9b11-4ca2-8a03-fbec689658d6(.(tmp-snap-)?[0-9a-f-]+)?|volume_from_snapshot_cache/(tmp-snap-)?[0-9a-f-]+(.(child-|parent-)[0-9a-f-]+)?)$ {{(pid=91934) _qemu_img_info_base /opt/stack/cinder/cinder/volume/drivers/remotefs.py:896}}
Jun 18 17:29:51 devstack cinder-volume[91934]: DEBUG oslo_concurrency.processutils [None req-c9d7c50a-44ce-4a2f-9066-eaca65d512fe tempest-SnapshotsActionsTest-619339203 None] Running cmd (subprocess): sudo cinder-rootwrap /etc/cinder/rootwrap.conf qemu-img commit -d /opt/stack/data/cinder/mnt/14da0529437b3a90cec5e195e1b49746/volume-a1b1cc04-9b11-4ca2-8a03-fbec689658d6.98b049e7-076a-4204-b8fe-e857ba69a01d {{(pid=91934) execute /opt/stack/data/venv/lib/python3.12/site-packages/oslo_concurrency/processutils.py:440}}
Jun 18 17:29:51 devstack sudo[96476]: quobyte : PWD=/ ; USER=root ; COMMAND=/opt/stack/data/venv/bin/cinder-rootwrap /etc/cinder/rootwrap.conf qemu-img commit -d /opt/stack/data/cinder/mnt/14da0529437b3a90cec5e195e1b49746/volume-a1b1cc04-9b11-4ca2-8a03-fbec689658d6.98b049e7-076a-4204-b8fe-e857ba69a01d
Jun 18 17:29:51 devstack sudo[96476]: pam_unix(sudo:session): session opened for user root(uid=0) by (uid=1000)
Jun 18 17:29:52 devstack sudo[96476]: pam_unix(sudo:session): session closed for user root
Jun 18 17:29:52 devstack cinder-volume[91934]: DEBUG oslo_concurrency.processutils [None req-c9d7c50a-44ce-4a2f-9066-eaca65d512fe tempest-SnapshotsActionsTest-619339203 None] CMD "sudo cinder-rootwrap /etc/cinder/rootwrap.conf qemu-img commit -d /opt/stack/data/cinder/mnt/14da0529437b3a90cec5e195e1b49746/volume-a1b1cc04-9b11-4ca2-8a03-fbec689658d6.98b049e7-076a-4204-b8fe-e857ba69a01d" returned: 0 in 0.891s {{(pid=91934) execute /opt/stack/data/venv/lib/python3.12/site-packages/oslo_concurrency/processutils.py:468}}
Jun 18 17:29:52 devstack cinder-volume[91934]: DEBUG oslo_concurrency.processutils [None req-c9d7c50a-44ce-4a2f-9066-eaca65d512fe tempest-SnapshotsActionsTest-619339203 None] Running cmd (subprocess): sudo cinder-rootwrap /etc/cinder/rootwrap.conf rm -f /opt/stack/data/cinder/mnt/14da0529437b3a90cec5e195e1b49746/volume-a1b1cc04-9b11-4ca2-8a03-fbec689658d6.98b049e7-076a-4204-b8fe-e857ba69a01d {{(pid=91934) execute /opt/stack/data/venv/lib/python3.12/site-packages/oslo_concurrency/processutils.py:440}}
Jun 18 17:29:52 devstack sudo[96482]: quobyte : PWD=/ ; USER=root ; COMMAND=/opt/stack/data/venv/bin/cinder-rootwrap /etc/cinder/rootwrap.conf rm -f /opt/stack/data/cinder/mnt/14da0529437b3a90cec5e195e1b49746/volume-a1b1cc04-9b11-4ca2-8a03-fbec689658d6.98b049e7-076a-4204-b8fe-e857ba69a01d
Jun 18 17:29:52 devstack sudo[96482]: pam_unix(sudo:session): session opened for user root(uid=0) by (uid=1000)
Jun 18 17:29:53 devstack sudo[96482]: pam_unix(sudo:session): session closed for user root
Jun 18 17:29:53 devstack cinder-volume[91934]: DEBUG oslo_concurrency.processutils [None req-c9d7c50a-44ce-4a2f-9066-eaca65d512fe tempest-SnapshotsActionsTest-619339203 None] CMD "sudo cinder-rootwrap /etc/cinder/rootwrap.conf rm -f /opt/stack/data/cinder/mnt/14da0529437b3a90cec5e195e1b49746/volume-a1b1cc04-9b11-4ca2-8a03-fbec689658d6.98b049e7-076a-4204-b8fe-e857ba69a01d" returned: 0 in 0.751s {{(pid=91934) execute /opt/stack/data/venv/lib/python3.12/site-packages/oslo_concurrency/processutils.py:468}}
Jun 18 17:29:53 devstack cinder-volume[91934]: DEBUG cinder.coordination [None req-c9d7c50a-44ce-4a2f-9066-eaca65d512fe tempest-SnapshotsActionsTest-619339203 None] Lock "cinder-quobyte-98b049e7-076a-4204-b8fe-e857ba69a01d" released by "_delete_snapshot" :: held 3.801s {{(pid=91934) __release /opt/stack/cinder/cinder/coordination.py:152}}
Jun 18 17:29:53 devstack cinder-volume[91934]: DEBUG cinder.coordination [None req-c9d7c50a-44ce-4a2f-9066-eaca65d512fe tempest-SnapshotsActionsTest-619339203 None] Lock "cinder-quobyte-a1b1cc04-9b11-4ca2-8a03-fbec689658d6" released by "delete_snapshot" :: held 3.855s {{(pid=91934) __release /opt/stack/cinder/cinder/coordination.py:152}}
Jun 18 17:29:53 devstack cinder-volume[91934]: DEBUG dbcounter [-] [91934] Writing DB stats cinder:SELECT=60,cinder:UPDATE=49,cinder:DELETE=5,cinder:INSERT=8 {{(pid=91934) stat_writer /opt/stack/data/venv/lib/python3.12/site-packages/dbcounter.py:115}}
Jun 18 17:29:53 devstack cinder-volume[91934]: DEBUG dbcounter [-] [91934] Writing DB stats cinder:SELECT=54,cinder:UPDATE=48,cinder:INSERT=13,cinder:DELETE=5 {{(pid=91934) stat_writer /opt/stack/data/venv/lib/python3.12/site-packages/dbcounter.py:115}}
Jun 18 17:29:53 devstack cinder-volume[91934]: DEBUG cinder.quota [None req-c9d7c50a-44ce-4a2f-9066-eaca65d512fe tempest-SnapshotsActionsTest-619339203 None] Created reservations ['20e70403-fd5c-46c8-ac0d-d48e2ce1463d', 'b1a70d6d-354f-41ec-8191-ce2f0323a179', 'f33a6d9a-3a73-4afa-858a-a0269341c970', '893ac735-1396-4e6b-8fbd-7b7f86fbd92c'] {{(pid=91934) reserve /opt/stack/cinder/cinder/quota.py:752}}
Jun 18 17:29:53 devstack cinder-volume[91934]: INFO cinder.volume.manager [None req-c9d7c50a-44ce-4a2f-9066-eaca65d512fe tempest-SnapshotsActionsTest-619339203 None] Delete snapshot completed successfully.
Jun 18 17:29:53 devstack cinder-volume[91934]: DEBUG cinder.coordination [None req-c9d7c50a-44ce-4a2f-9066-eaca65d512fe tempest-SnapshotsActionsTest-619339203 None] Lock "cinder-98b049e7-076a-4204-b8fe-e857ba69a01d-delete_snapshot" released by "delete_snapshot" :: held 4.250s {{(pid=91934) __release /opt/stack/cinder/cinder/coordination.py:152}}
Jun 18 17:29:54 devstack cinder-volume[91934]: DEBUG oslo_concurrency.lockutils [None req-fc1dfe81-6e59-4373-9d11-ae1811c26d71 tempest-SnapshotsActionsTest-1369847146 None] Acquiring lock "quobyte" by "cinder.volume.drivers.quobyte.QuobyteDriver.create_snapshot" {{(pid=91934) inner /opt/stack/data/venv/lib/python3.12/site-packages/oslo_concurrency/lockutils.py:511}}
Jun 18 17:29:54 devstack cinder-volume[91934]: DEBUG oslo_concurrency.lockutils [None req-fc1dfe81-6e59-4373-9d11-ae1811c26d71 tempest-SnapshotsActionsTest-1369847146 None] Lock "quobyte" acquired by "cinder.volume.drivers.quobyte.QuobyteDriver.create_snapshot" :: waited 0.001s {{(pid=91934) inner /opt/stack/data/venv/lib/python3.12/site-packages/oslo_concurrency/lockutils.py:524}}
Jun 18 17:29:54 devstack cinder-volume[91934]: DEBUG cinder.volume.drivers.remotefs [None req-fc1dfe81-6e59-4373-9d11-ae1811c26d71 tempest-SnapshotsActionsTest-1369847146 None] Creating offline snapshot 594f38c2-b83a-4fbb-8d55-184d25298e8f of volume a1b1cc04-9b11-4ca2-8a03-fbec689658d6 {{(pid=91934) _create_snapshot /opt/stack/cinder/cinder/volume/drivers/remotefs.py:1816}}
Jun 18 17:29:54 devstack cinder-volume[91934]: DEBUG oslo.privsep.daemon [-] privsep: reply[07d4dffe-07b8-4e57-8b6a-64f701d31a16]: (4, 'qcow2') {{(pid=93207) _call_back /opt/stack/data/venv/lib/python3.12/site-packages/oslo_privsep/daemon.py:580}}
