Jun 18 17:29:14 devstack sudo[95210]: quobyte : PWD=/ ; USER=root ; COMMAND=/opt/stack/data/venv/bin/cinder-rootwrap /etc/cinder/rootwrap.conf env LC_ALL=C qemu-img info -f qcow2 --output=json --force-share /opt/stack/data/cinder/mnt/14da0529437b3a90cec5e195e1b49746/volume-c4cc0a57-bf1c-49e8-bea0-6aed4c371c83
Jun 18 17:29:14 devstack sudo[95210]: pam_unix(sudo:session): session opened for user root(uid=0) by (uid=1000)
Jun 18 17:29:15 devstack sudo[95210]: pam_unix(sudo:session): session closed for user root
Jun 18 17:29:15 devstack cinder-volume[91934]: DEBUG oslo_concurrency.processutils [req-d1aada78-8369-4276-8ea5-3ca82f9b5782 req-e092ed40-bc8d-4eb2-a4af-a10868b5b2a6 tempest-AttachVolumeTestJSON-1882771420 None] CMD "/opt/stack/data/venv/bin/python3.12 -m oslo_concurrency.prlimit --as=1073741824 --cpu=60 -- sudo cinder-rootwrap /etc/cinder/rootwrap.conf env LC_ALL=C qemu-img info -f qcow2 --output=json --force-share /opt/stack/data/cinder/mnt/14da0529437b3a90cec5e195e1b49746/volume-c4cc0a57-bf1c-49e8-bea0-6aed4c371c83" returned: 0 in 0.908s {{(pid=91934) execute /opt/stack/data/venv/lib/python3.12/site-packages/oslo_concurrency/processutils.py:468}}
Jun 18 17:29:15 devstack cinder-volume[91934]: DEBUG oslo_concurrency.lockutils [req-d1aada78-8369-4276-8ea5-3ca82f9b5782 req-e092ed40-bc8d-4eb2-a4af-a10868b5b2a6 tempest-AttachVolumeTestJSON-1882771420 None] Lock "quobyte" "released" by "cinder.volume.drivers.quobyte.QuobyteDriver.initialize_connection" :: held 0.944s {{(pid=91934) inner /opt/stack/data/venv/lib/python3.12/site-packages/oslo_concurrency/lockutils.py:543}}
Jun 18 17:29:15 devstack cinder-volume[91934]: DEBUG cinder.volume.manager [req-d1aada78-8369-4276-8ea5-3ca82f9b5782 req-e092ed40-bc8d-4eb2-a4af-a10868b5b2a6 tempest-AttachVolumeTestJSON-1882771420 None] Connection info returned from driver {'export': 'osci02.corp.quobyte.com/cinder-vol-b0f2870e-e250-4cbc-8508-ebcb912cff23', 'name': 'volume-c4cc0a57-bf1c-49e8-bea0-6aed4c371c83', 'options': None, 'format': 'qcow2', 'qos_specs': None, 'access_mode': 'rw', 'encrypted': False, 'cacheable': False, 'driver_volume_type': 'quobyte', 'mount_point_base': '/opt/stack/data/cinder/mnt', 'attachment_id': '77692be8-fb49-48b9-8f1e-fd5ea898786c', 'enforce_multipath': True} {{(pid=91934) _connection_create /opt/stack/cinder/cinder/volume/manager.py:4924}}
Jun 18 17:29:15 devstack cinder-volume[91934]: INFO cinder.volume.manager [req-d1aada78-8369-4276-8ea5-3ca82f9b5782 req-e092ed40-bc8d-4eb2-a4af-a10868b5b2a6 tempest-AttachVolumeTestJSON-1882771420 None] attachment_update completed successfully.
Jun 18 17:29:16 devstack cinder-volume[91934]: DEBUG oslo_concurrency.lockutils [None req-166b81b6-9de3-44dd-a8cc-a4c1753f3e4b tempest-SnapshotsActionsTest-1369847146 None] Acquiring lock "quobyte" by "cinder.volume.drivers.quobyte.QuobyteDriver.create_snapshot" {{(pid=91934) inner /opt/stack/data/venv/lib/python3.12/site-packages/oslo_concurrency/lockutils.py:511}}
Jun 18 17:29:16 devstack cinder-volume[91934]: DEBUG oslo_concurrency.lockutils [None req-166b81b6-9de3-44dd-a8cc-a4c1753f3e4b tempest-SnapshotsActionsTest-1369847146 None] Lock "quobyte" acquired by "cinder.volume.drivers.quobyte.QuobyteDriver.create_snapshot" :: waited 0.002s {{(pid=91934) inner /opt/stack/data/venv/lib/python3.12/site-packages/oslo_concurrency/lockutils.py:524}}
Jun 18 17:29:16 devstack cinder-volume[91934]: DEBUG cinder.volume.drivers.remotefs [None req-166b81b6-9de3-44dd-a8cc-a4c1753f3e4b tempest-SnapshotsActionsTest-1369847146 None] Creating offline snapshot 98cadc69-cda2-4b38-bffa-e675c25f39fe of volume a1b1cc04-9b11-4ca2-8a03-fbec689658d6 {{(pid=91934) _create_snapshot /opt/stack/cinder/cinder/volume/drivers/remotefs.py:1816}}
Jun 18 17:29:16 devstack cinder-volume[91934]: DEBUG oslo.privsep.daemon [-] privsep: reply[753608f1-323e-4948-a401-c48dd2855d97]: (4, 'qcow2') {{(pid=93207) _call_back /opt/stack/data/venv/lib/python3.12/site-packages/oslo_privsep/daemon.py:580}}
Jun 18 17:29:16 devstack cinder-volume[91934]: DEBUG oslo_concurrency.processutils [None req-166b81b6-9de3-44dd-a8cc-a4c1753f3e4b tempest-SnapshotsActionsTest-1369847146 None] Running cmd (subprocess): /opt/stack/data/venv/bin/python3.12 -m oslo_concurrency.prlimit --as=1073741824 --cpu=60 -- sudo cinder-rootwrap /etc/cinder/rootwrap.conf env LC_ALL=C qemu-img info -f qcow2 --output=json --force-share /opt/stack/data/cinder/mnt/14da0529437b3a90cec5e195e1b49746/volume-a1b1cc04-9b11-4ca2-8a03-fbec689658d6 {{(pid=91934) execute /opt/stack/data/venv/lib/python3.12/site-packages/oslo_concurrency/processutils.py:440}}
Jun 18 17:29:16 devstack sudo[95323]: quobyte : PWD=/ ; USER=root ; COMMAND=/opt/stack/data/venv/bin/cinder-rootwrap /etc/cinder/rootwrap.conf env LC_ALL=C qemu-img info -f qcow2 --output=json --force-share /opt/stack/data/cinder/mnt/14da0529437b3a90cec5e195e1b49746/volume-a1b1cc04-9b11-4ca2-8a03-fbec689658d6
Jun 18 17:29:16 devstack sudo[95323]: pam_unix(sudo:session): session opened for user root(uid=0) by (uid=1000)
Jun 18 17:29:17 devstack sudo[95323]: pam_unix(sudo:session): session closed for user root
Jun 18 17:29:17 devstack cinder-volume[91934]: DEBUG oslo_concurrency.processutils [None req-166b81b6-9de3-44dd-a8cc-a4c1753f3e4b tempest-SnapshotsActionsTest-1369847146 None] CMD "/opt/stack/data/venv/bin/python3.12 -m oslo_concurrency.prlimit --as=1073741824 --cpu=60 -- sudo cinder-rootwrap /etc/cinder/rootwrap.conf env LC_ALL=C qemu-img info -f qcow2 --output=json --force-share /opt/stack/data/cinder/mnt/14da0529437b3a90cec5e195e1b49746/volume-a1b1cc04-9b11-4ca2-8a03-fbec689658d6" returned: 0 in 1.003s {{(pid=91934) execute /opt/stack/data/venv/lib/python3.12/site-packages/oslo_concurrency/processutils.py:468}}
Jun 18 17:29:17 devstack cinder-volume[91934]: DEBUG oslo_concurrency.processutils [None req-166b81b6-9de3-44dd-a8cc-a4c1753f3e4b tempest-SnapshotsActionsTest-1369847146 None] Running cmd (subprocess): sudo cinder-rootwrap /etc/cinder/rootwrap.conf qemu-img create -f qcow2 -o backing_file=/opt/stack/data/cinder/mnt/14da0529437b3a90cec5e195e1b49746/volume-a1b1cc04-9b11-4ca2-8a03-fbec689658d6,backing_fmt=qcow2 /opt/stack/data/cinder/mnt/14da0529437b3a90cec5e195e1b49746/volume-a1b1cc04-9b11-4ca2-8a03-fbec689658d6.98cadc69-cda2-4b38-bffa-e675c25f39fe 1G {{(pid=91934) execute /opt/stack/data/venv/lib/python3.12/site-packages/oslo_concurrency/processutils.py:440}}
Jun 18 17:29:17 devstack sudo[95650]: quobyte : PWD=/ ; USER=root ; COMMAND=/opt/stack/data/venv/bin/cinder-rootwrap /etc/cinder/rootwrap.conf qemu-img create -f qcow2 -o backing_file=/opt/stack/data/cinder/mnt/14da0529437b3a90cec5e195e1b49746/volume-a1b1cc04-9b11-4ca2-8a03-fbec689658d6,backing_fmt=qcow2 /opt/stack/data/cinder/mnt/14da0529437b3a90cec5e195e1b49746/volume-a1b1cc04-9b11-4ca2-8a03-fbec689658d6.98cadc69-cda2-4b38-bffa-e675c25f39fe 1G
Jun 18 17:29:17 devstack sudo[95650]: pam_unix(sudo:session): session opened for user root(uid=0) by (uid=1000)
Jun 18 17:29:18 devstack sudo[95650]: pam_unix(sudo:session): session closed for user root
Jun 18 17:29:18 devstack cinder-volume[91934]: DEBUG oslo_concurrency.processutils [None req-166b81b6-9de3-44dd-a8cc-a4c1753f3e4b tempest-SnapshotsActionsTest-1369847146 None] CMD "sudo cinder-rootwrap /etc/cinder/rootwrap.conf qemu-img create -f qcow2 -o backing_file=/opt/stack/data/cinder/mnt/14da0529437b3a90cec5e195e1b49746/volume-a1b1cc04-9b11-4ca2-8a03-fbec689658d6,backing_fmt=qcow2 /opt/stack/data/cinder/mnt/14da0529437b3a90cec5e195e1b49746/volume-a1b1cc04-9b11-4ca2-8a03-fbec689658d6.98cadc69-cda2-4b38-bffa-e675c25f39fe 1G" returned: 0 in 0.974s {{(pid=91934) execute /opt/stack/data/venv/lib/python3.12/site-packages/oslo_concurrency/processutils.py:468}}
Jun 18 17:29:18 devstack cinder-volume[91934]: DEBUG oslo_concurrency.processutils [None req-166b81b6-9de3-44dd-a8cc-a4c1753f3e4b tempest-SnapshotsActionsTest-1369847146 None] Running cmd (subprocess): sudo cinder-rootwrap /etc/cinder/rootwrap.conf qemu-img rebase -u -b volume-a1b1cc04-9b11-4ca2-8a03-fbec689658d6 -F qcow2 /opt/stack/data/cinder/mnt/14da0529437b3a90cec5e195e1b49746/volume-a1b1cc04-9b11-4ca2-8a03-fbec689658d6.98cadc69-cda2-4b38-bffa-e675c25f39fe {{(pid=91934) execute /opt/stack/data/venv/lib/python3.12/site-packages/oslo_concurrency/processutils.py:440}}
Jun 18 17:29:18 devstack sudo[95658]: quobyte : PWD=/ ; USER=root ; COMMAND=/opt/stack/data/venv/bin/cinder-rootwrap /etc/cinder/rootwrap.conf qemu-img rebase -u -b volume-a1b1cc04-9b11-4ca2-8a03-fbec689658d6 -F qcow2 /opt/stack/data/cinder/mnt/14da0529437b3a90cec5e195e1b49746/volume-a1b1cc04-9b11-4ca2-8a03-fbec689658d6.98cadc69-cda2-4b38-bffa-e675c25f39fe
Jun 18 17:29:18 devstack sudo[95658]: pam_unix(sudo:session): session opened for user root(uid=0) by (uid=1000)
Jun 18 17:29:18 devstack sudo[95658]: pam_unix(sudo:session): session closed for user root
Jun 18 17:29:18 devstack cinder-volume[91934]: DEBUG oslo_concurrency.processutils [None req-166b81b6-9de3-44dd-a8cc-a4c1753f3e4b tempest-SnapshotsActionsTest-1369847146 None] CMD "sudo cinder-rootwrap /etc/cinder/rootwrap.conf qemu-img rebase -u -b volume-a1b1cc04-9b11-4ca2-8a03-fbec689658d6 -F qcow2 /opt/stack/data/cinder/mnt/14da0529437b3a90cec5e195e1b49746/volume-a1b1cc04-9b11-4ca2-8a03-fbec689658d6.98cadc69-cda2-4b38-bffa-e675c25f39fe" returned: 0 in 0.775s {{(pid=91934) execute /opt/stack/data/venv/lib/python3.12/site-packages/oslo_concurrency/processutils.py:468}}
Jun 18 17:29:18 devstack cinder-volume[91934]: WARNING cinder.volume.drivers.remotefs [None req-166b81b6-9de3-44dd-a8cc-a4c1753f3e4b tempest-SnapshotsActionsTest-1369847146 None] /opt/stack/data/cinder/mnt/14da0529437b3a90cec5e195e1b49746/volume-a1b1cc04-9b11-4ca2-8a03-fbec689658d6.98cadc69-cda2-4b38-bffa-e675c25f39fe is being set with open permissions: ugo+rw
Jun 18 17:29:18 devstack cinder-volume[91934]: DEBUG oslo_concurrency.processutils [None req-166b81b6-9de3-44dd-a8cc-a4c1753f3e4b tempest-SnapshotsActionsTest-1369847146 None] Running cmd (subprocess): sudo cinder-rootwrap /etc/cinder/rootwrap.conf chmod ugo+rw /opt/stack/data/cinder/mnt/14da0529437b3a90cec5e195e1b49746/volume-a1b1cc04-9b11-4ca2-8a03-fbec689658d6.98cadc69-cda2-4b38-bffa-e675c25f39fe {{(pid=91934) execute /opt/stack/data/venv/lib/python3.12/site-packages/oslo_concurrency/processutils.py:440}}
Jun 18 17:29:18 devstack sudo[95667]: quobyte : PWD=/ ; USER=root ; COMMAND=/opt/stack/data/venv/bin/cinder-rootwrap /etc/cinder/rootwrap.conf chmod ugo+rw /opt/stack/data/cinder/mnt/14da0529437b3a90cec5e195e1b49746/volume-a1b1cc04-9b11-4ca2-8a03-fbec689658d6.98cadc69-cda2-4b38-bffa-e675c25f39fe
Jun 18 17:29:18 devstack sudo[95667]: pam_unix(sudo:session): session opened for user root(uid=0) by (uid=1000)
Jun 18 17:29:19 devstack sudo[95667]: pam_unix(sudo:session): session closed for user root
Jun 18 17:29:19 devstack cinder-volume[91934]: DEBUG oslo_concurrency.processutils [None req-166b81b6-9de3-44dd-a8cc-a4c1753f3e4b tempest-SnapshotsActionsTest-1369847146 None] CMD "sudo cinder-rootwrap /etc/cinder/rootwrap.conf chmod ugo+rw /opt/stack/data/cinder/mnt/14da0529437b3a90cec5e195e1b49746/volume-a1b1cc04-9b11-4ca2-8a03-fbec689658d6.98cadc69-cda2-4b38-bffa-e675c25f39fe" returned: 0 in 0.801s {{(pid=91934) execute /opt/stack/data/venv/lib/python3.12/site-packages/oslo_concurrency/processutils.py:468}}
Jun 18 17:29:19 devstack cinder-volume[91934]: DEBUG oslo_concurrency.processutils [None req-166b81b6-9de3-44dd-a8cc-a4c1753f3e4b tempest-SnapshotsActionsTest-1369847146 None] Running cmd (subprocess): sudo cinder-rootwrap /etc/cinder/rootwrap.conf truncate -s0 /opt/stack/data/cinder/mnt/14da0529437b3a90cec5e195e1b49746/volume-a1b1cc04-9b11-4ca2-8a03-fbec689658d6.info {{(pid=91934) execute /opt/stack/data/venv/lib/python3.12/site-packages/oslo_concurrency/processutils.py:440}}
Jun 18 17:29:19 devstack sudo[95695]: quobyte : PWD=/ ; USER=root ; COMMAND=/opt/stack/data/venv/bin/cinder-rootwrap /etc/cinder/rootwrap.conf truncate -s0 /opt/stack/data/cinder/mnt/14da0529437b3a90cec5e195e1b49746/volume-a1b1cc04-9b11-4ca2-8a03-fbec689658d6.info
Jun 18 17:29:19 devstack sudo[95695]: pam_unix(sudo:session): session opened for user root(uid=0) by (uid=1000)
Jun 18 17:29:19 devstack cinder-volume[91934]: DEBUG oslo_concurrency.lockutils [req-9fbfa921-8e3e-4c06-9195-6fe6f07606e6 req-4921a244-05ab-4ab2-aee7-dc48fe433236 tempest-ServerActionsTestOtherA-619839081 None] Acquiring lock "quobyte" by "cinder.volume.drivers.quobyte.QuobyteDriver.initialize_connection" {{(pid=91934) inner /opt/stack/data/venv/lib/python3.12/site-packages/oslo_concurrency/lockutils.py:511}}
Jun 18 17:29:20 devstack sudo[95695]: pam_unix(sudo:session): session closed for user root
Jun 18 17:29:20 devstack cinder-volume[91934]: DEBUG oslo_concurrency.processutils [None req-166b81b6-9de3-44dd-a8cc-a4c1753f3e4b tempest-SnapshotsActionsTest-1369847146 None] CMD "sudo cinder-rootwrap /etc/cinder/rootwrap.conf truncate -s0 /opt/stack/data/cinder/mnt/14da0529437b3a90cec5e195e1b49746/volume-a1b1cc04-9b11-4ca2-8a03-fbec689658d6.info" returned: 0 in 0.841s {{(pid=91934) execute /opt/stack/data/venv/lib/python3.12/site-packages/oslo_concurrency/processutils.py:468}}
Jun 18 17:29:20 devstack cinder-volume[91934]: WARNING cinder.volume.drivers.remotefs [None req-166b81b6-9de3-44dd-a8cc-a4c1753f3e4b tempest-SnapshotsActionsTest-1369847146 None] /opt/stack/data/cinder/mnt/14da0529437b3a90cec5e195e1b49746/volume-a1b1cc04-9b11-4ca2-8a03-fbec689658d6.info is being set with open permissions: ugo+rw
Jun 18 17:29:20 devstack cinder-volume[91934]: DEBUG oslo_concurrency.processutils [None req-166b81b6-9de3-44dd-a8cc-a4c1753f3e4b tempest-SnapshotsActionsTest-1369847146 None] Running cmd (subprocess): sudo cinder-rootwrap /etc/cinder/rootwrap.conf chmod ugo+rw /opt/stack/data/cinder/mnt/14da0529437b3a90cec5e195e1b49746/volume-a1b1cc04-9b11-4ca2-8a03-fbec689658d6.info {{(pid=91934) execute /opt/stack/data/venv/lib/python3.12/site-packages/oslo_concurrency/processutils.py:440}}
Jun 18 17:29:20 devstack sudo[95702]: quobyte : PWD=/ ; USER=root ; COMMAND=/opt/stack/data/venv/bin/cinder-rootwrap /etc/cinder/rootwrap.conf chmod ugo+rw /opt/stack/data/cinder/mnt/14da0529437b3a90cec5e195e1b49746/volume-a1b1cc04-9b11-4ca2-8a03-fbec689658d6.info
Jun 18 17:29:20 devstack sudo[95702]: pam_unix(sudo:session): session opened for user root(uid=0) by (uid=1000)
Jun 18 17:29:21 devstack sudo[95702]: pam_unix(sudo:session): session closed for user root
Jun 18 17:29:21 devstack cinder-volume[91934]: DEBUG oslo_concurrency.processutils [None req-166b81b6-9de3-44dd-a8cc-a4c1753f3e4b tempest-SnapshotsActionsTest-1369847146 None] CMD "sudo cinder-rootwrap /etc/cinder/rootwrap.conf chmod ugo+rw /opt/stack/data/cinder/mnt/14da0529437b3a90cec5e195e1b49746/volume-a1b1cc04-9b11-4ca2-8a03-fbec689658d6.info" returned: 0 in 0.744s {{(pid=91934) execute /opt/stack/data/venv/lib/python3.12/site-packages/oslo_concurrency/processutils.py:468}}
Jun 18 17:29:21 devstack cinder-volume[91934]: DEBUG oslo_concurrency.lockutils [None req-166b81b6-9de3-44dd-a8cc-a4c1753f3e4b tempest-SnapshotsActionsTest-1369847146 None] Lock "quobyte" "released" by "cinder.volume.drivers.quobyte.QuobyteDriver.create_snapshot" :: held 5.273s {{(pid=91934) inner /opt/stack/data/venv/lib/python3.12/site-packages/oslo_concurrency/lockutils.py:543}}
Jun 18 17:29:21 devstack cinder-volume[91934]: DEBUG oslo_concurrency.lockutils [req-9fbfa921-8e3e-4c06-9195-6fe6f07606e6 req-4921a244-05ab-4ab2-aee7-dc48fe433236 tempest-ServerActionsTestOtherA-619839081 None] Lock "quobyte" acquired by "cinder.volume.drivers.quobyte.QuobyteDriver.initialize_connection" :: waited 1.559s {{(pid=91934) inner /opt/stack/data/venv/lib/python3.12/site-packages/oslo_concurrency/lockutils.py:524}}
Jun 18 17:29:21 devstack cinder-volume[91934]: DEBUG oslo.privsep.daemon [-] privsep: reply[105fb88a-9e14-427c-b1d8-a392e49304c4]: (4, 'qcow2') {{(pid=93207) _call_back /opt/stack/data/venv/lib/python3.12/site-packages/oslo_privsep/daemon.py:580}}
Jun 18 17:29:21 devstack cinder-volume[91934]: DEBUG oslo_concurrency.processutils [req-9fbfa921-8e3e-4c06-9195-6fe6f07606e6 req-4921a244-05ab-4ab2-aee7-dc48fe433236 tempest-ServerActionsTestOtherA-619839081 None] Running cmd (subprocess): /opt/stack/data/venv/bin/python3.12 -m oslo_concurrency.prlimit --as=1073741824 --cpu=60 -- sudo cinder-rootwrap /etc/cinder/rootwrap.conf env LC_ALL=C qemu-img info -f qcow2 --output=json --force-share /opt/stack/data/cinder/mnt/14da0529437b3a90cec5e195e1b49746/volume-7be3e316-53f4-427b-ae5e-c6a6a7368bd9 {{(pid=91934) execute /opt/stack/data/venv/lib/python3.12/site-packages/oslo_concurrency/processutils.py:440}}
Jun 18 17:29:21 devstack cinder-volume[91934]: INFO cinder.volume.manager [None req-166b81b6-9de3-44dd-a8cc-a4c1753f3e4b tempest-SnapshotsActionsTest-1369847146 None] Create snapshot completed successfully
Jun 18 17:29:21 devstack sudo[95705]: quobyte : PWD=/ ; USER=root ; COMMAND=/opt/stack/data/venv/bin/cinder-rootwrap /etc/cinder/rootwrap.conf env LC_ALL=C qemu-img info -f qcow2 --output=json --force-share /opt/stack/data/cinder/mnt/14da0529437b3a90cec5e195e1b49746/volume-7be3e316-53f4-427b-ae5e-c6a6a7368bd9
Jun 18 17:29:21 devstack sudo[95705]: pam_unix(sudo:session): session opened for user root(uid=0) by (uid=1000)
Jun 18 17:29:22 devstack sudo[95705]: pam_unix(sudo:session): session closed for user root
Jun 18 17:29:22 devstack cinder-volume[91934]: DEBUG oslo_concurrency.processutils [req-9fbfa921-8e3e-4c06-9195-6fe6f07606e6 req-4921a244-05ab-4ab2-aee7-dc48fe433236 tempest-ServerActionsTestOtherA-619839081 None] CMD "/opt/stack/data/venv/bin/python3.12 -m oslo_concurrency.prlimit --as=1073741824 --cpu=60 -- sudo cinder-rootwrap /etc/cinder/rootwrap.conf env LC_ALL=C qemu-img info -f qcow2 --output=json --force-share /opt/stack/data/cinder/mnt/14da0529437b3a90cec5e195e1b49746/volume-7be3e316-53f4-427b-ae5e-c6a6a7368bd9" returned: 0 in 1.096s {{(pid=91934) execute /opt/stack/data/venv/lib/python3.12/site-packages/oslo_concurrency/processutils.py:468}}
Jun 18 17:29:22 devstack cinder-volume[91934]: DEBUG oslo_concurrency.lockutils [req-9fbfa921-8e3e-4c06-9195-6fe6f07606e6 req-4921a244-05ab-4ab2-aee7-dc48fe433236 tempest-ServerActionsTestOtherA-619839081 None] Lock "quobyte" "released" by "cinder.volume.drivers.quobyte.QuobyteDriver.initialize_connection" :: held 1.123s {{(pid=91934) inner /opt/stack/data/venv/lib/python3.12/site-packages/oslo_concurrency/lockutils.py:543}}
Jun 18 17:29:22 devstack cinder-volume[91934]: DEBUG cinder.volume.manager [req-9fbfa921-8e3e-4c06-9195-6fe6f07606e6 req-4921a244-05ab-4ab2-aee7-dc48fe433236 tempest-ServerActionsTestOtherA-619839081 None] Connection info returned from driver {'export': 'osci02.corp.quobyte.com/cinder-vol-b0f2870e-e250-4cbc-8508-ebcb912cff23', 'name': 'volume-7be3e316-53f4-427b-ae5e-c6a6a7368bd9', 'options': None, 'format': 'qcow2', 'qos_specs': None, 'access_mode': 'rw', 'encrypted': False, 'cacheable': False, 'driver_volume_type': 'quobyte', 'mount_point_base': '/opt/stack/data/cinder/mnt', 'attachment_id': '6c0f7cb1-40c6-42bf-b5f1-2a330db444a9', 'enforce_multipath': True} {{(pid=91934) _connection_create /opt/stack/cinder/cinder/volume/manager.py:4924}}
Jun 18 17:29:22 devstack cinder-volume[91934]: INFO cinder.volume.manager [req-9fbfa921-8e3e-4c06-9195-6fe6f07606e6 req-4921a244-05ab-4ab2-aee7-dc48fe433236 tempest-ServerActionsTestOtherA-619839081 None] attachment_update completed successfully.
Jun 18 17:29:23 devstack cinder-volume[91934]: DEBUG oslo_concurrency.lockutils [None req-1e820f6e-9838-4dd7-ae90-5c50a5d29d77 tempest-SnapshotsActionsTest-1369847146 None] Acquiring lock "quobyte" by "cinder.volume.drivers.quobyte.QuobyteDriver.create_snapshot" {{(pid=91934) inner /opt/stack/data/venv/lib/python3.12/site-packages/oslo_concurrency/lockutils.py:511}}
Jun 18 17:29:23 devstack cinder-volume[91934]: DEBUG oslo_concurrency.lockutils [None req-1e820f6e-9838-4dd7-ae90-5c50a5d29d77 tempest-SnapshotsActionsTest-1369847146 None] Lock "quobyte" acquired by "cinder.volume.drivers.quobyte.QuobyteDriver.create_snapshot" :: waited 0.001s {{(pid=91934) inner /opt/stack/data/venv/lib/python3.12/site-packages/oslo_concurrency/lockutils.py:524}}
Jun 18 17:29:23 devstack cinder-volume[91934]: DEBUG cinder.volume.drivers.remotefs [None req-1e820f6e-9838-4dd7-ae90-5c50a5d29d77 tempest-SnapshotsActionsTest-1369847146 None] Creating offline snapshot 9b2dc474-8961-492a-ae5f-e45c532a1a0c of volume a1b1cc04-9b11-4ca2-8a03-fbec689658d6 {{(pid=91934) _create_snapshot /opt/stack/cinder/cinder/volume/drivers/remotefs.py:1816}}
Jun 18 17:29:23 devstack cinder-volume[91934]: DEBUG oslo.privsep.daemon [-] privsep: reply[57051a41-1ef5-42f8-969e-ef8cbc6fe44b]: (4, 'qcow2') {{(pid=93207) _call_back /opt/stack/data/venv/lib/python3.12/site-packages/oslo_privsep/daemon.py:580}}
Jun 18 17:29:23 devstack cinder-volume[91934]: DEBUG oslo_concurrency.processutils [None req-1e820f6e-9838-4dd7-ae90-5c50a5d29d77 tempest-SnapshotsActionsTest-1369847146 None] Running cmd (subprocess): /opt/stack/data/venv/bin/python3.12 -m oslo_concurrency.prlimit --as=1073741824 --cpu=60 -- sudo cinder-rootwrap /etc/cinder/rootwrap.conf env LC_ALL=C qemu-img info -f qcow2 --output=json --force-share /opt/stack/data/cinder/mnt/14da0529437b3a90cec5e195e1b49746/volume-a1b1cc04-9b11-4ca2-8a03-fbec689658d6.98cadc69-cda2-4b38-bffa-e675c25f39fe {{(pid=91934) execute /opt/stack/data/venv/lib/python3.12/site-packages/oslo_concurrency/processutils.py:440}}
Jun 18 17:29:23 devstack sudo[95787]: quobyte : PWD=/ ; USER=root ; COMMAND=/opt/stack/data/venv/bin/cinder-rootwrap /etc/cinder/rootwrap.conf env LC_ALL=C qemu-img info -f qcow2 --output=json --force-share /opt/stack/data/cinder/mnt/14da0529437b3a90cec5e195e1b49746/volume-a1b1cc04-9b11-4ca2-8a03-fbec689658d6.98cadc69-cda2-4b38-bffa-e675c25f39fe
Jun 18 17:29:23 devstack sudo[95787]: pam_unix(sudo:session): session opened for user root(uid=0) by (uid=1000)
Jun 18 17:29:24 devstack sudo[95787]: pam_unix(sudo:session): session closed for user root
Jun 18 17:29:24 devstack cinder-volume[91934]: DEBUG oslo_concurrency.processutils [None req-1e820f6e-9838-4dd7-ae90-5c50a5d29d77 tempest-SnapshotsActionsTest-1369847146 None] CMD "/opt/stack/data/venv/bin/python3.12 -m oslo_concurrency.prlimit --as=1073741824 --cpu=60 -- sudo cinder-rootwrap /etc/cinder/rootwrap.conf env LC_ALL=C qemu-img info -f qcow2 --output=json --force-share /opt/stack/data/cinder/mnt/14da0529437b3a90cec5e195e1b49746/volume-a1b1cc04-9b11-4ca2-8a03-fbec689658d6.98cadc69-cda2-4b38-bffa-e675c25f39fe" returned: 0 in 1.029s {{(pid=91934) execute /opt/stack/data/venv/lib/python3.12/site-packages/oslo_concurrency/processutils.py:468}}
Jun 18 17:29:24 devstack cinder-volume[91934]: DEBUG cinder.volume.drivers.remotefs [None req-1e820f6e-9838-4dd7-ae90-5c50a5d29d77 tempest-SnapshotsActionsTest-1369847146 None] Fetching qemu-img info with special backing_file_template: (/opt/stack/data/cinder/mnt/[0-9a-f]+/)?(volume-a1b1cc04-9b11-4ca2-8a03-fbec689658d6(.(tmp-snap-)?[0-9a-f-]+)?|volume_from_snapshot_cache/(tmp-snap-)?[0-9a-f-]+(.(child-|parent-)[0-9a-f-]+)?)$ {{(pid=91934) _qemu_img_info_base /opt/stack/cinder/cinder/volume/drivers/remotefs.py:896}}
Jun 18 17:29:24 devstack cinder-volume[91934]: DEBUG oslo_concurrency.processutils [None req-1e820f6e-9838-4dd7-ae90-5c50a5d29d77 tempest-SnapshotsActionsTest-1369847146 None] Running cmd (subprocess): sudo cinder-rootwrap /etc/cinder/rootwrap.conf qemu-img create -f qcow2 -o backing_file=/opt/stack/data/cinder/mnt/14da0529437b3a90cec5e195e1b49746/volume-a1b1cc04-9b11-4ca2-8a03-fbec689658d6.98cadc69-cda2-4b38-bffa-e675c25f39fe,backing_fmt=qcow2 /opt/stack/data/cinder/mnt/14da0529437b3a90cec5e195e1b49746/volume-a1b1cc04-9b11-4ca2-8a03-fbec689658d6.9b2dc474-8961-492a-ae5f-e45c532a1a0c 1G {{(pid=91934) execute /opt/stack/data/venv/lib/python3.12/site-packages/oslo_concurrency/processutils.py:440}}
Jun 18 17:29:24 devstack sudo[95798]: quobyte : PWD=/ ; USER=root ; COMMAND=/opt/stack/data/venv/bin/cinder-rootwrap /etc/cinder/rootwrap.conf qemu-img create -f qcow2 -o backing_file=/opt/stack/data/cinder/mnt/14da0529437b3a90cec5e195e1b49746/volume-a1b1cc04-9b11-4ca2-8a03-fbec689658d6.98cadc69-cda2-4b38-bffa-e675c25f39fe,backing_fmt=qcow2 /opt/stack/data/cinder/mnt/14da0529437b3a90cec5e195e1b49746/volume-a1b1cc04-9b11-4ca2-8a03-fbec689658d6.9b2dc474-8961-492a-ae5f-e45c532a1a0c 1G
Jun 18 17:29:24 devstack sudo[95798]: pam_unix(sudo:session): session opened for user root(uid=0) by (uid=1000)
Jun 18 17:29:25 devstack sudo[95798]: pam_unix(sudo:session): session closed for user root
Jun 18 17:29:25 devstack cinder-volume[91934]: DEBUG oslo_concurrency.processutils [None req-1e820f6e-9838-4dd7-ae90-5c50a5d29d77 tempest-SnapshotsActionsTest-1369847146 None] CMD "sudo cinder-rootwrap /etc/cinder/rootwrap.conf qemu-img create -f qcow2 -o backing_file=/opt/stack/data/cinder/mnt/14da0529437b3a90cec5e195e1b49746/volume-a1b1cc04-9b11-4ca2-8a03-fbec689658d6.98cadc69-cda2-4b38-bffa-e675c25f39fe,backing_fmt=qcow2 /opt/stack/data/cinder/mnt/14da0529437b3a90cec5e195e1b49746/volume-a1b1cc04-9b11-4ca2-8a03-fbec689658d6.9b2dc474-8961-492a-ae5f-e45c532a1a0c 1G" returned: 0 in 1.000s {{(pid=91934) execute /opt/stack/data/venv/lib/python3.12/site-packages/oslo_concurrency/processutils.py:468}}
Jun 18 17:29:25 devstack cinder-volume[91934]: DEBUG oslo_concurrency.processutils [None req-1e820f6e-9838-4dd7-ae90-5c50a5d29d77 tempest-SnapshotsActionsTest-1369847146 None] Running cmd (subprocess): sudo cinder-rootwrap /etc/cinder/rootwrap.conf qemu-img rebase -u -b volume-a1b1cc04-9b11-4ca2-8a03-fbec689658d6.98cadc69-cda2-4b38-bffa-e675c25f39fe -F qcow2 /opt/stack/data/cinder/mnt/14da0529437b3a90cec5e195e1b49746/volume-a1b1cc04-9b11-4ca2-8a03-fbec689658d6.9b2dc474-8961-492a-ae5f-e45c532a1a0c {{(pid=91934) execute /opt/stack/data/venv/lib/python3.12/site-packages/oslo_concurrency/processutils.py:440}}
Jun 18 17:29:25 devstack sudo[95805]: quobyte : PWD=/ ; USER=root ; COMMAND=/opt/stack/data/venv/bin/cinder-rootwrap /etc/cinder/rootwrap.conf qemu-img rebase -u -b volume-a1b1cc04-9b11-4ca2-8a03-fbec689658d6.98cadc69-cda2-4b38-bffa-e675c25f39fe -F qcow2 /opt/stack/data/cinder/mnt/14da0529437b3a90cec5e195e1b49746/volume-a1b1cc04-9b11-4ca2-8a03-fbec689658d6.9b2dc474-8961-492a-ae5f-e45c532a1a0c
Jun 18 17:29:25 devstack sudo[95805]: pam_unix(sudo:session): session opened for user root(uid=0) by (uid=1000)
Jun 18 17:29:26 devstack sudo[95805]: pam_unix(sudo:session): session closed for user root
Jun 18 17:29:26 devstack cinder-volume[91934]: DEBUG oslo_concurrency.processutils [None req-1e820f6e-9838-4dd7-ae90-5c50a5d29d77 tempest-SnapshotsActionsTest-1369847146 None] CMD "sudo cinder-rootwrap /etc/cinder/rootwrap.conf qemu-img rebase -u -b volume-a1b1cc04-9b11-4ca2-8a03-fbec689658d6.98cadc69-cda2-4b38-bffa-e675c25f39fe -F qcow2 /opt/stack/data/cinder/mnt/14da0529437b3a90cec5e195e1b49746/volume-a1b1cc04-9b11-4ca2-8a03-fbec689658d6.9b2dc474-8961-492a-ae5f-e45c532a1a0c" returned: 0 in 0.883s {{(pid=91934) execute /opt/stack/data/venv/lib/python3.12/site-packages/oslo_concurrency/processutils.py:468}}
Jun 18 17:29:26 devstack cinder-volume[91934]: WARNING cinder.volume.drivers.remotefs [None req-1e820f6e-9838-4dd7-ae90-5c50a5d29d77 tempest-SnapshotsActionsTest-1369847146 None] /opt/stack/data/cinder/mnt/14da0529437b3a90cec5e195e1b49746/volume-a1b1cc04-9b11-4ca2-8a03-fbec689658d6.9b2dc474-8961-492a-ae5f-e45c532a1a0c is being set with open permissions: ugo+rw
Jun 18 17:29:26 devstack cinder-volume[91934]: DEBUG oslo_concurrency.processutils [None req-1e820f6e-9838-4dd7-ae90-5c50a5d29d77 tempest-SnapshotsActionsTest-1369847146 None] Running cmd (subprocess): sudo cinder-rootwrap /etc/cinder/rootwrap.conf chmod ugo+rw /opt/stack/data/cinder/mnt/14da0529437b3a90cec5e195e1b49746/volume-a1b1cc04-9b11-4ca2-8a03-fbec689658d6.9b2dc474-8961-492a-ae5f-e45c532a1a0c {{(pid=91934) execute /opt/stack/data/venv/lib/python3.12/site-packages/oslo_concurrency/processutils.py:440}}
Jun 18 17:29:26 devstack sudo[95811]: quobyte : PWD=/ ; USER=root ; COMMAND=/opt/stack/data/venv/bin/cinder-rootwrap /etc/cinder/rootwrap.conf chmod ugo+rw /opt/stack/data/cinder/mnt/14da0529437b3a90cec5e195e1b49746/volume-a1b1cc04-9b11-4ca2-8a03-fbec689658d6.9b2dc474-8961-492a-ae5f-e45c532a1a0c
Jun 18 17:29:26 devstack sudo[95811]: pam_unix(sudo:session): session opened for user root(uid=0) by (uid=1000)
Jun 18 17:29:27 devstack sudo[95811]: pam_unix(sudo:session): session closed for user root
Jun 18 17:29:27 devstack cinder-volume[91934]: DEBUG oslo_concurrency.processutils [None req-1e820f6e-9838-4dd7-ae90-5c50a5d29d77 tempest-SnapshotsActionsTest-1369847146 None] CMD "sudo cinder-rootwrap /etc/cinder/rootwrap.conf chmod ugo+rw /opt/stack/data/cinder/mnt/14da0529437b3a90cec5e195e1b49746/volume-a1b1cc04-9b11-4ca2-8a03-fbec689658d6.9b2dc474-8961-492a-ae5f-e45c532a1a0c" returned: 0 in 0.961s {{(pid=91934) execute /opt/stack/data/venv/lib/python3.12/site-packages/oslo_concurrency/processutils.py:468}}
Jun 18 17:29:27 devstack cinder-volume[91934]: DEBUG oslo_concurrency.lockutils [None req-1e820f6e-9838-4dd7-ae90-5c50a5d29d77 tempest-SnapshotsActionsTest-1369847146 None] Lock "quobyte" "released" by "cinder.volume.drivers.quobyte.QuobyteDriver.create_snapshot" :: held 4.021s {{(pid=91934) inner /opt/stack/data/venv/lib/python3.12/site-packages/oslo_concurrency/lockutils.py:543}}
Jun 18 17:29:27 devstack cinder-volume[91934]: INFO cinder.volume.manager [None req-1e820f6e-9838-4dd7-ae90-5c50a5d29d77 tempest-SnapshotsActionsTest-1369847146 None] Create snapshot completed successfully
Jun 18 17:29:27 devstack cinder-volume[91934]: DEBUG cinder.coordination [None req-5934353d-e0f5-4f41-bd16-db2187cb9746 tempest-SnapshotsActionsTest-619339203 None] Acquiring lock "cinder-9b2dc474-8961-492a-ae5f-e45c532a1a0c-delete_snapshot" by "delete_snapshot" {{(pid=91934) __acquire /opt/stack/cinder/cinder/coordination.py:138}}
Jun 18 17:29:27 devstack cinder-volume[91934]: DEBUG cinder.coordination [None req-5934353d-e0f5-4f41-bd16-db2187cb9746 tempest-SnapshotsActionsTest-619339203 None] Lock "cinder-9b2dc474-8961-492a-ae5f-e45c532a1a0c-delete_snapshot" acquired by "delete_snapshot" :: waited 0.027s {{(pid=91934) __acquire /opt/stack/cinder/cinder/coordination.py:141}}
Jun 18 17:29:27 devstack cinder-volume[91934]: DEBUG cinder.coordination [None req-5934353d-e0f5-4f41-bd16-db2187cb9746 tempest-SnapshotsActionsTest-619339203 None] Acquiring lock "cinder-quobyte-a1b1cc04-9b11-4ca2-8a03-fbec689658d6" by "delete_snapshot" {{(pid=91934) __acquire /opt/stack/cinder/cinder/coordination.py:138}}
Jun 18 17:29:27 devstack cinder-volume[91934]: DEBUG cinder.coordination [None req-5934353d-e0f5-4f41-bd16-db2187cb9746 tempest-SnapshotsActionsTest-619339203 None] Lock "cinder-quobyte-a1b1cc04-9b11-4ca2-8a03-fbec689658d6" acquired by "delete_snapshot" :: waited 0.034s {{(pid=91934) __acquire /opt/stack/cinder/cinder/coordination.py:141}}
Jun 18 17:29:27 devstack cinder-volume[91934]: DEBUG cinder.coordination [None req-5934353d-e0f5-4f41-bd16-db2187cb9746 tempest-SnapshotsActionsTest-619339203 None] Acquiring lock "cinder-quobyte-9b2dc474-8961-492a-ae5f-e45c532a1a0c" by "_delete_snapshot" {{(pid=91934) __acquire /opt/stack/cinder/cinder/coordination.py:138}}
Jun 18 17:29:27 devstack cinder-volume[91934]: DEBUG cinder.coordination [None req-5934353d-e0f5-4f41-bd16-db2187cb9746 tempest-SnapshotsActionsTest-619339203 None] Lock "cinder-quobyte-9b2dc474-8961-492a-ae5f-e45c532a1a0c" acquired by "_delete_snapshot" :: waited 0.031s {{(pid=91934) __acquire /opt/stack/cinder/cinder/coordination.py:141}}
Jun 18 17:29:27 devstack cinder-volume[91934]: DEBUG cinder.volume.drivers.remotefs [None req-5934353d-e0f5-4f41-bd16-db2187cb9746 tempest-SnapshotsActionsTest-619339203 None] Deleting offline snapshot 9b2dc474-8961-492a-ae5f-e45c532a1a0c of volume a1b1cc04-9b11-4ca2-8a03-fbec689658d6 {{(pid=91934) _delete_snapshot /opt/stack/cinder/cinder/volume/drivers/remotefs.py:1288}}
Jun 18 17:29:27 devstack cinder-volume[91934]: DEBUG cinder.volume.drivers.remotefs [None req-5934353d-e0f5-4f41-bd16-db2187cb9746 tempest-SnapshotsActionsTest-619339203 None] snapshot_file for this snap is: volume-a1b1cc04-9b11-4ca2-8a03-fbec689658d6.9b2dc474-8961-492a-ae5f-e45c532a1a0c {{(pid=91934) _delete_snapshot /opt/stack/cinder/cinder/volume/drivers/remotefs.py:1317}}
Jun 18 17:29:27 devstack cinder-volume[91934]: DEBUG oslo.privsep.daemon [-] privsep: reply[6bb8d538-984d-4376-b3d7-f9d1a3b9a06d]: (4, 'qcow2') {{(pid=93207) _call_back /opt/stack/data/venv/lib/python3.12/site-packages/oslo_privsep/daemon.py:580}}
Jun 18 17:29:27 devstack cinder-volume[91934]: DEBUG oslo_concurrency.processutils [None req-5934353d-e0f5-4f41-bd16-db2187cb9746 tempest-SnapshotsActionsTest-619339203 None] Running cmd (subprocess): /opt/stack/data/venv/bin/python3.12 -m oslo_concurrency.prlimit --as=1073741824 --cpu=60 -- sudo cinder-rootwrap /etc/cinder/rootwrap.conf env LC_ALL=C qemu-img info -f qcow2 --output=json --force-share /opt/stack/data/cinder/mnt/14da0529437b3a90cec5e195e1b49746/volume-a1b1cc04-9b11-4ca2-8a03-fbec689658d6.9b2dc474-8961-492a-ae5f-e45c532a1a0c {{(pid=91934) execute /opt/stack/data/venv/lib/python3.12/site-packages/oslo_concurrency/processutils.py:440}}
Jun 18 17:29:28 devstack sudo[95816]: quobyte : PWD=/ ; USER=root ; COMMAND=/opt/stack/data/venv/bin/cinder-rootwrap /etc/cinder/rootwrap.conf env LC_ALL=C qemu-img info -f qcow2 --output=json --force-share /opt/stack/data/cinder/mnt/14da0529437b3a90cec5e195e1b49746/volume-a1b1cc04-9b11-4ca2-8a03-fbec689658d6.9b2dc474-8961-492a-ae5f-e45c532a1a0c
Jun 18 17:29:28 devstack sudo[95816]: pam_unix(sudo:session): session opened for user root(uid=0) by (uid=1000)
Jun 18 17:29:28 devstack sudo[95816]: pam_unix(sudo:session): session closed for user root
Jun 18 17:29:28 devstack cinder-volume[91934]: DEBUG oslo_concurrency.processutils [None req-5934353d-e0f5-4f41-bd16-db2187cb9746 tempest-SnapshotsActionsTest-619339203 None] CMD "/opt/stack/data/venv/bin/python3.12 -m oslo_concurrency.prlimit --as=1073741824 --cpu=60 -- sudo cinder-rootwrap /etc/cinder/rootwrap.conf env LC_ALL=C qemu-img info -f qcow2 --output=json --force-share /opt/stack/data/cinder/mnt/14da0529437b3a90cec5e195e1b49746/volume-a1b1cc04-9b11-4ca2-8a03-fbec689658d6.9b2dc474-8961-492a-ae5f-e45c532a1a0c" returned: 0 in 1.096s {{(pid=91934) execute /opt/stack/data/venv/lib/python3.12/site-packages/oslo_concurrency/processutils.py:468}}
Jun 18 17:29:28 devstack cinder-volume[91934]: DEBUG cinder.volume.drivers.remotefs [None req-5934353d-e0f5-4f41-bd16-db2187cb9746 tempest-SnapshotsActionsTest-619339203 None] Fetching qemu-img info with special backing_file_template: (/opt/stack/data/cinder/mnt/[0-9a-f]+/)?(volume-a1b1cc04-9b11-4ca2-8a03-fbec689658d6(.(tmp-snap-)?[0-9a-f-]+)?|volume_from_snapshot_cache/(tmp-snap-)?[0-9a-f-]+(.(child-|parent-)[0-9a-f-]+)?)$ {{(pid=91934) _qemu_img_info_base /opt/stack/cinder/cinder/volume/drivers/remotefs.py:896}}
Jun 18 17:29:29 devstack cinder-volume[91934]: DEBUG oslo.privsep.daemon [-] privsep: reply[7fc60782-fda6-4058-afd9-ffefa4260882]: (4, 'qcow2') {{(pid=93207) _call_back /opt/stack/data/venv/lib/python3.12/site-packages/oslo_privsep/daemon.py:580}}
Jun 18 17:29:29 devstack cinder-volume[91934]: DEBUG oslo_concurrency.processutils [None req-5934353d-e0f5-4f41-bd16-db2187cb9746 tempest-SnapshotsActionsTest-619339203 None] Running cmd (subprocess): /opt/stack/data/venv/bin/python3.12 -m oslo_concurrency.prlimit --as=1073741824 --cpu=60 -- sudo cinder-rootwrap /etc/cinder/rootwrap.conf env LC_ALL=C qemu-img info -f qcow2 --output=json --force-share /opt/stack/data/cinder/mnt/14da0529437b3a90cec5e195e1b49746/volume-a1b1cc04-9b11-4ca2-8a03-fbec689658d6.98cadc69-cda2-4b38-bffa-e675c25f39fe {{(pid=91934) execute /opt/stack/data/venv/lib/python3.12/site-packages/oslo_concurrency/processutils.py:440}}
Jun 18 17:29:29 devstack sudo[95826]: quobyte : PWD=/ ; USER=root ; COMMAND=/opt/stack/data/venv/bin/cinder-rootwrap /etc/cinder/rootwrap.conf env LC_ALL=C qemu-img info -f qcow2 --output=json --force-share /opt/stack/data/cinder/mnt/14da0529437b3a90cec5e195e1b49746/volume-a1b1cc04-9b11-4ca2-8a03-fbec689658d6.98cadc69-cda2-4b38-bffa-e675c25f39fe
Jun 18 17:29:29 devstack sudo[95826]: pam_unix(sudo:session): session opened for user root(uid=0) by (uid=1000)
Jun 18 17:29:30 devstack sudo[95826]: pam_unix(sudo:session): session closed for user root
Jun 18 17:29:30 devstack cinder-volume[91934]: DEBUG oslo_concurrency.processutils [None req-5934353d-e0f5-4f41-bd16-db2187cb9746 tempest-SnapshotsActionsTest-619339203 None] CMD "/opt/stack/data/venv/bin/python3.12 -m oslo_concurrency.prlimit --as=1073741824 --cpu=60 -- sudo cinder-rootwrap /etc/cinder/rootwrap.conf env LC_ALL=C qemu-img info -f qcow2 --output=json --force-share /opt/stack/data/cinder/mnt/14da0529437b3a90cec5e195e1b49746/volume-a1b1cc04-9b11-4ca2-8a03-fbec689658d6.98cadc69-cda2-4b38-bffa-e675c25f39fe" returned: 0 in 0.963s {{(pid=91934) execute /opt/stack/data/venv/lib/python3.12/site-packages/oslo_concurrency/processutils.py:468}}
Jun 18 17:29:30 devstack cinder-volume[91934]: DEBUG cinder.volume.drivers.remotefs [None req-5934353d-e0f5-4f41-bd16-db2187cb9746 tempest-SnapshotsActionsTest-619339203 None] Fetching qemu-img info with special backing_file_template: (/opt/stack/data/cinder/mnt/[0-9a-f]+/)?(volume-a1b1cc04-9b11-4ca2-8a03-fbec689658d6(.(tmp-snap-)?[0-9a-f-]+)?|volume_from_snapshot_cache/(tmp-snap-)?[0-9a-f-]+(.(child-|parent-)[0-9a-f-]+)?)$ {{(pid=91934) _qemu_img_info_base /opt/stack/cinder/cinder/volume/drivers/remotefs.py:896}}
Jun 18 17:29:30 devstack cinder-volume[91934]: DEBUG oslo_concurrency.processutils [None req-5934353d-e0f5-4f41-bd16-db2187cb9746 tempest-SnapshotsActionsTest-619339203 None] Running cmd (subprocess): sudo cinder-rootwrap /etc/cinder/rootwrap.conf qemu-img commit -d /opt/stack/data/cinder/mnt/14da0529437b3a90cec5e195e1b49746/volume-a1b1cc04-9b11-4ca2-8a03-fbec689658d6.9b2dc474-8961-492a-ae5f-e45c532a1a0c {{(pid=91934) execute /opt/stack/data/venv/lib/python3.12/site-packages/oslo_concurrency/processutils.py:440}}
Jun 18 17:29:30 devstack sudo[95832]: quobyte : PWD=/ ; USER=root ; COMMAND=/opt/stack/data/venv/bin/cinder-rootwrap /etc/cinder/rootwrap.conf qemu-img commit -d /opt/stack/data/cinder/mnt/14da0529437b3a90cec5e195e1b49746/volume-a1b1cc04-9b11-4ca2-8a03-fbec689658d6.9b2dc474-8961-492a-ae5f-e45c532a1a0c
Jun 18 17:29:30 devstack sudo[95832]: pam_unix(sudo:session): session opened for user root(uid=0) by (uid=1000)
Jun 18 17:29:31 devstack cinder-volume[91934]: INFO cinder.volume.manager [req-11d39dd8-7d3a-41e9-b3a0-0aab3e8c7f9d req-450cf468-5773-4876-af93-58b7b0835a46 tempest-ServerActionsTestOtherA-619839081 None] Terminate volume connection completed successfully.
Jun 18 17:29:31 devstack cinder-volume[91934]: DEBUG cinder.volume.manager [req-11d39dd8-7d3a-41e9-b3a0-0aab3e8c7f9d req-450cf468-5773-4876-af93-58b7b0835a46 tempest-ServerActionsTestOtherA-619839081 None] Deleting attachment 6c0f7cb1-40c6-42bf-b5f1-2a330db444a9. {{(pid=91934) attachment_delete /opt/stack/cinder/cinder/volume/manager.py:5055}}
Jun 18 17:29:31 devstack sudo[95832]: pam_unix(sudo:session): session closed for user root
Jun 18 17:29:31 devstack cinder-volume[91934]: DEBUG oslo_concurrency.processutils [None req-5934353d-e0f5-4f41-bd16-db2187cb9746 tempest-SnapshotsActionsTest-619339203 None] CMD "sudo cinder-rootwrap /etc/cinder/rootwrap.conf qemu-img commit -d /opt/stack/data/cinder/mnt/14da0529437b3a90cec5e195e1b49746/volume-a1b1cc04-9b11-4ca2-8a03-fbec689658d6.9b2dc474-8961-492a-ae5f-e45c532a1a0c" returned: 0 in 1.581s {{(pid=91934) execute /opt/stack/data/venv/lib/python3.12/site-packages/oslo_concurrency/processutils.py:468}}
Jun 18 17:29:31 devstack cinder-volume[91934]: DEBUG oslo_concurrency.processutils [None req-5934353d-e0f5-4f41-bd16-db2187cb9746 tempest-SnapshotsActionsTest-619339203 None] Running cmd (subprocess): sudo cinder-rootwrap /etc/cinder/rootwrap.conf rm -f /opt/stack/data/cinder/mnt/14da0529437b3a90cec5e195e1b49746/volume-a1b1cc04-9b11-4ca2-8a03-fbec689658d6.9b2dc474-8961-492a-ae5f-e45c532a1a0c {{(pid=91934) execute /opt/stack/data/venv/lib/python3.12/site-packages/oslo_concurrency/processutils.py:440}}
Jun 18 17:29:31 devstack sudo[95913]: quobyte : PWD=/ ; USER=root ; COMMAND=/opt/stack/data/venv/bin/cinder-rootwrap /etc/cinder/rootwrap.conf rm -f /opt/stack/data/cinder/mnt/14da0529437b3a90cec5e195e1b49746/volume-a1b1cc04-9b11-4ca2-8a03-fbec689658d6.9b2dc474-8961-492a-ae5f-e45c532a1a0c
Jun 18 17:29:31 devstack sudo[95913]: pam_unix(sudo:session): session opened for user root(uid=0) by (uid=1000)
Jun 18 17:29:32 devstack sudo[95913]: pam_unix(sudo:session): session closed for user root
Jun 18 17:29:32 devstack cinder-volume[91934]: DEBUG oslo_concurrency.processutils [None req-5934353d-e0f5-4f41-bd16-db2187cb9746 tempest-SnapshotsActionsTest-619339203 None] CMD "sudo cinder-rootwrap /etc/cinder/rootwrap.conf rm -f /opt/stack/data/cinder/mnt/14da0529437b3a90cec5e195e1b49746/volume-a1b1cc04-9b11-4ca2-8a03-fbec689658d6.9b2dc474-8961-492a-ae5f-e45c532a1a0c" returned: 0 in 0.911s {{(pid=91934) execute /opt/stack/data/venv/lib/python3.12/site-packages/oslo_concurrency/processutils.py:468}}
Jun 18 17:29:32 devstack cinder-volume[91934]: DEBUG cinder.coordination [None req-5934353d-e0f5-4f41-bd16-db2187cb9746 tempest-SnapshotsActionsTest-619339203 None] Lock "cinder-quobyte-9b2dc474-8961-492a-ae5f-e45c532a1a0c" released by "_delete_snapshot" :: held 4.729s {{(pid=91934) __release /opt/stack/cinder/cinder/coordination.py:152}}
Jun 18 17:29:32 devstack cinder-volume[91934]: DEBUG cinder.coordination [None req-5934353d-e0f5-4f41-bd16-db2187cb9746 tempest-SnapshotsActionsTest-619339203 None] Lock "cinder-quobyte-a1b1cc04-9b11-4ca2-8a03-fbec689658d6" released by "delete_snapshot" :: held 4.772s {{(pid=91934) __release /opt/stack/cinder/cinder/coordination.py:152}}
Jun 18 17:29:32 devstack cinder-volume[91934]: WARNING cinder.quota [None req-5934353d-e0f5-4f41-bd16-db2187cb9746 tempest-SnapshotsActionsTest-619339203 None] Deprecated: Default quota for resource: snapshots_QuobyteHD is set by the default quota flag: quota_snapshots_QuobyteHD, it is now deprecated. Please use the default quota class for default quota.
Jun 18 17:29:32 devstack cinder-volume[91934]: DEBUG cinder.quota [None req-5934353d-e0f5-4f41-bd16-db2187cb9746 tempest-SnapshotsActionsTest-619339203 None] Created reservations ['0db7451d-e67d-40fd-873f-ca61b8a47e62', '1423bfa5-7bd2-4ee8-831f-2f4c61c1f3d8', 'fe421cb6-c730-4ef3-a39a-ac5e52c58e6b', '6d6f88a9-4bc6-4f9d-8e07-ce5a813f4031'] {{(pid=91934) reserve /opt/stack/cinder/cinder/quota.py:752}}
Jun 18 17:29:32 devstack cinder-volume[91934]: INFO cinder.volume.manager [None req-5934353d-e0f5-4f41-bd16-db2187cb9746 tempest-SnapshotsActionsTest-619339203 None] Delete snapshot completed successfully.
Jun 18 17:29:32 devstack cinder-volume[91934]: DEBUG cinder.coordination [None req-5934353d-e0f5-4f41-bd16-db2187cb9746 tempest-SnapshotsActionsTest-619339203 None] Lock "cinder-9b2dc474-8961-492a-ae5f-e45c532a1a0c-delete_snapshot" released by "delete_snapshot" :: held 5.041s {{(pid=91934) __release /opt/stack/cinder/cinder/coordination.py:152}}
Jun 18 17:29:33 devstack cinder-volume[91934]: DEBUG oslo_concurrency.lockutils [None req-5a1e1a42-fa7d-41ef-9423-ef8ceff04375 tempest-SnapshotsActionsTest-1369847146 None] Acquiring lock "quobyte" by "cinder.volume.drivers.quobyte.QuobyteDriver.create_snapshot" {{(pid=91934) inner /opt/stack/data/venv/lib/python3.12/site-packages/oslo_concurrency/lockutils.py:511}}
Jun 18 17:29:33 devstack cinder-volume[91934]: DEBUG oslo_concurrency.lockutils [None req-5a1e1a42-fa7d-41ef-9423-ef8ceff04375 tempest-SnapshotsActionsTest-1369847146 None] Lock "quobyte" acquired by "cinder.volume.drivers.quobyte.QuobyteDriver.create_snapshot" :: waited 0.001s {{(pid=91934) inner /opt/stack/data/venv/lib/python3.12/site-packages/oslo_concurrency/lockutils.py:524}}
Jun 18 17:29:33 devstack cinder-volume[91934]: DEBUG cinder.volume.drivers.remotefs [None req-5a1e1a42-fa7d-41ef-9423-ef8ceff04375 tempest-SnapshotsActionsTest-1369847146 None] Creating offline snapshot 9bc70103-8e2d-4d87-9ae8-35e515930b8c of volume a1b1cc04-9b11-4ca2-8a03-fbec689658d6 {{(pid=91934) _create_snapshot /opt/stack/cinder/cinder/volume/drivers/remotefs.py:1816}}
Jun 18 17:29:33 devstack cinder-volume[91934]: DEBUG oslo.privsep.daemon [-] privsep: reply[6a9e1ce2-3956-4755-b7fd-ed06dc76943d]: (4, 'qcow2') {{(pid=93207) _call_back /opt/stack/data/venv/lib/python3.12/site-packages/oslo_privsep/daemon.py:580}}
Jun 18 17:29:33 devstack cinder-volume[91934]: DEBUG oslo_concurrency.processutils [None req-5a1e1a42-fa7d-41ef-9423-ef8ceff04375 tempest-SnapshotsActionsTest-1369847146 None] Running cmd (subprocess): /opt/stack/data/venv/bin/python3.12 -m oslo_concurrency.prlimit --as=1073741824 --cpu=60 -- sudo cinder-rootwrap /etc/cinder/rootwrap.conf env LC_ALL=C qemu-img info -f qcow2 --output=json --force-share /opt/stack/data/cinder/mnt/14da0529437b3a90cec5e195e1b49746/volume-a1b1cc04-9b11-4ca2-8a03-fbec689658d6.98cadc69-cda2-4b38-bffa-e675c25f39fe {{(pid=91934) execute /opt/stack/data/venv/lib/python3.12/site-packages/oslo_concurrency/processutils.py:440}}
Jun 18 17:29:33 devstack cinder-volume[91934]: DEBUG oslo_concurrency.lockutils [req-11d39dd8-7d3a-41e9-b3a0-0aab3e8c7f9d req-5621820a-98a7-43bf-9fff-664d3e488089 tempest-ServerActionsTestOtherA-619839081 None] Acquiring lock "quobyte" by "cinder.volume.drivers.quobyte.QuobyteDriver.initialize_connection" {{(pid=91934) inner /opt/stack/data/venv/lib/python3.12/site-packages/oslo_concurrency/lockutils.py:511}}
Jun 18 17:29:33 devstack sudo[95950]: quobyte : PWD=/ ; USER=root ; COMMAND=/opt/stack/data/venv/bin/cinder-rootwrap /etc/cinder/rootwrap.conf env LC_ALL=C qemu-img info -f qcow2 --output=json --force-share /opt/stack/data/cinder/mnt/14da0529437b3a90cec5e195e1b49746/volume-a1b1cc04-9b11-4ca2-8a03-fbec689658d6.98cadc69-cda2-4b38-bffa-e675c25f39fe
Jun 18 17:29:33 devstack sudo[95950]: pam_unix(sudo:session): session opened for user root(uid=0) by (uid=1000)
Jun 18 17:29:34 devstack sudo[95950]: pam_unix(sudo:session): session closed for user root
Jun 18 17:29:34 devstack cinder-volume[91934]: DEBUG oslo_concurrency.processutils [None req-5a1e1a42-fa7d-41ef-9423-ef8ceff04375 tempest-SnapshotsActionsTest-1369847146 None] CMD "/opt/stack/data/venv/bin/python3.12 -m oslo_concurrency.prlimit --as=1073741824 --cpu=60 -- sudo cinder-rootwrap /etc/cinder/rootwrap.conf env LC_ALL=C qemu-img info -f qcow2 --output=json --force-share /opt/stack/data/cinder/mnt/14da0529437b3a90cec5e195e1b49746/volume-a1b1cc04-9b11-4ca2-8a03-fbec689658d6.98cadc69-cda2-4b38-bffa-e675c25f39fe" returned: 0 in 0.992s {{(pid=91934) execute /opt/stack/data/venv/lib/python3.12/site-packages/oslo_concurrency/processutils.py:468}}
Jun 18 17:29:34 devstack cinder-volume[91934]: DEBUG cinder.volume.drivers.remotefs [None req-5a1e1a42-fa7d-41ef-9423-ef8ceff04375 tempest-SnapshotsActionsTest-1369847146 None] Fetching qemu-img info with special backing_file_template: (/opt/stack/data/cinder/mnt/[0-9a-f]+/)?(volume-a1b1cc04-9b11-4ca2-8a03-fbec689658d6(.(tmp-snap-)?[0-9a-f-]+)?|volume_from_snapshot_cache/(tmp-snap-)?[0-9a-f-]+(.(child-|parent-)[0-9a-f-]+)?)$ {{(pid=91934) _qemu_img_info_base /opt/stack/cinder/cinder/volume/drivers/remotefs.py:896}}
Jun 18 17:29:34 devstack cinder-volume[91934]: DEBUG oslo_concurrency.processutils [None req-5a1e1a42-fa7d-41ef-9423-ef8ceff04375 tempest-SnapshotsActionsTest-1369847146 None] Running cmd (subprocess): sudo cinder-rootwrap /etc/cinder/rootwrap.conf qemu-img create -f qcow2 -o backing_file=/opt/stack/data/cinder/mnt/14da0529437b3a90cec5e195e1b49746/volume-a1b1cc04-9b11-4ca2-8a03-fbec689658d6.98cadc69-cda2-4b38-bffa-e675c25f39fe,backing_fmt=qcow2 /opt/stack/data/cinder/mnt/14da0529437b3a90cec5e195e1b49746/volume-a1b1cc04-9b11-4ca2-8a03-fbec689658d6.9bc70103-8e2d-4d87-9ae8-35e515930b8c 1G {{(pid=91934) execute /opt/stack/data/venv/lib/python3.12/site-packages/oslo_concurrency/processutils.py:440}}
Jun 18 17:29:34 devstack sudo[95955]: quobyte : PWD=/ ; USER=root ; COMMAND=/opt/stack/data/venv/bin/cinder-rootwrap /etc/cinder/rootwrap.conf qemu-img create -f qcow2 -o backing_file=/opt/stack/data/cinder/mnt/14da0529437b3a90cec5e195e1b49746/volume-a1b1cc04-9b11-4ca2-8a03-fbec689658d6.98cadc69-cda2-4b38-bffa-e675c25f39fe,backing_fmt=qcow2 /opt/stack/data/cinder/mnt/14da0529437b3a90cec5e195e1b49746/volume-a1b1cc04-9b11-4ca2-8a03-fbec689658d6.9bc70103-8e2d-4d87-9ae8-35e515930b8c 1G
Jun 18 17:29:34 devstack sudo[95955]: pam_unix(sudo:session): session opened for user root(uid=0) by (uid=1000)
Jun 18 17:29:35 devstack sudo[95955]: pam_unix(sudo:session): session closed for user root
Jun 18 17:29:35 devstack cinder-volume[91934]: DEBUG oslo_concurrency.processutils [None req-5a1e1a42-fa7d-41ef-9423-ef8ceff04375 tempest-SnapshotsActionsTest-1369847146 None] CMD "sudo cinder-rootwrap /etc/cinder/rootwrap.conf qemu-img create -f qcow2 -o backing_file=/opt/stack/data/cinder/mnt/14da0529437b3a90cec5e195e1b49746/volume-a1b1cc04-9b11-4ca2-8a03-fbec689658d6.98cadc69-cda2-4b38-bffa-e675c25f39fe,backing_fmt=qcow2 /opt/stack/data/cinder/mnt/14da0529437b3a90cec5e195e1b49746/volume-a1b1cc04-9b11-4ca2-8a03-fbec689658d6.9bc70103-8e2d-4d87-9ae8-35e515930b8c 1G" returned: 0 in 1.003s {{(pid=91934) execute /opt/stack/data/venv/lib/python3.12/site-packages/oslo_concurrency/processutils.py:468}}
