Nov 19 21:54:52 devstack cinder-volume[80495]: DEBUG oslo_concurrency.processutils [None req-08ac0772-22c9-4bf4-9ce1-66a5a1dcf72d tempest-SnapshotsActionsTest-334919318 None] CMD "sudo cinder-rootwrap /etc/cinder/rootwrap.conf qemu-img rebase -u -b volume-d2e359a5-dcf8-446d-9b65-a016f033bea0 -F qcow2 /opt/stack/data/cinder/mnt/94dd1ec3495539f721b570f4921882e3/volume-d2e359a5-dcf8-446d-9b65-a016f033bea0.7e3896ac-c413-4dcb-928d-bb706c6a8e59" returned: 0 in 0.675s {{(pid=80495) execute /opt/stack/data/venv/lib/python3.10/site-packages/oslo_concurrency/processutils.py:372}}
Nov 19 21:54:52 devstack cinder-volume[80495]: WARNING cinder.volume.drivers.remotefs [None req-08ac0772-22c9-4bf4-9ce1-66a5a1dcf72d tempest-SnapshotsActionsTest-334919318 None] /opt/stack/data/cinder/mnt/94dd1ec3495539f721b570f4921882e3/volume-d2e359a5-dcf8-446d-9b65-a016f033bea0.7e3896ac-c413-4dcb-928d-bb706c6a8e59 is being set with open permissions: ugo+rw
Nov 19 21:54:52 devstack cinder-volume[80495]: DEBUG oslo_concurrency.processutils [None req-08ac0772-22c9-4bf4-9ce1-66a5a1dcf72d tempest-SnapshotsActionsTest-334919318 None] Running cmd (subprocess): sudo cinder-rootwrap /etc/cinder/rootwrap.conf chmod ugo+rw /opt/stack/data/cinder/mnt/94dd1ec3495539f721b570f4921882e3/volume-d2e359a5-dcf8-446d-9b65-a016f033bea0.7e3896ac-c413-4dcb-928d-bb706c6a8e59 {{(pid=80495) execute /opt/stack/data/venv/lib/python3.10/site-packages/oslo_concurrency/processutils.py:349}}
Nov 19 21:54:52 devstack sudo[87379]: quobyte : PWD=/ ; USER=root ; COMMAND=/opt/stack/data/venv/bin/cinder-rootwrap /etc/cinder/rootwrap.conf chmod ugo+rw /opt/stack/data/cinder/mnt/94dd1ec3495539f721b570f4921882e3/volume-d2e359a5-dcf8-446d-9b65-a016f033bea0.7e3896ac-c413-4dcb-928d-bb706c6a8e59
Nov 19 21:54:52 devstack sudo[87379]: pam_unix(sudo:session): session opened for user root(uid=0) by (uid=1000)
Nov 19 21:54:52 devstack sudo[87372]: pam_unix(sudo:session): session closed for user root
Nov 19 21:54:52 devstack cinder-volume[80495]: DEBUG oslo_concurrency.processutils [None req-66884f9c-6df1-49e3-86cf-fae412d9600f tempest-TaggedBootDevicesTest_v242-459388895 None] CMD "sudo cinder-rootwrap /etc/cinder/rootwrap.conf rm -f /opt/stack/data/cinder/mnt/94dd1ec3495539f721b570f4921882e3/volume-71b800fc-b434-4083-b4ad-e6449bc69d5a" returned: 0 in 0.807s {{(pid=80495) execute /opt/stack/data/venv/lib/python3.10/site-packages/oslo_concurrency/processutils.py:372}}
Nov 19 21:54:52 devstack cinder-volume[80495]: DEBUG cinder.coordination [None req-66884f9c-6df1-49e3-86cf-fae412d9600f tempest-TaggedBootDevicesTest_v242-459388895 None] Lock "cinder-quobyte-71b800fc-b434-4083-b4ad-e6449bc69d5a" released by "delete_volume" :: held 2.296s {{(pid=80495) __release /opt/stack/cinder/cinder/coordination.py:157}}
Nov 19 21:54:52 devstack cinder-volume[80495]: DEBUG cinder.quota [None req-66884f9c-6df1-49e3-86cf-fae412d9600f tempest-TaggedBootDevicesTest_v242-459388895 None] Created reservations ['bbd342ec-c74e-49c4-a38b-85adbe93fa4d', '98242493-fa4c-4266-a107-676f03b3cfac', '645e7062-0fa0-4907-a281-8231b224a3b8', 'c639fe01-e40b-45cf-8331-ac7ebf7a9c07'] {{(pid=80495) reserve /opt/stack/cinder/cinder/quota.py:752}}
Nov 19 21:54:52 devstack cinder-volume[80495]: DEBUG oslo_concurrency.lockutils [None req-66884f9c-6df1-49e3-86cf-fae412d9600f tempest-TaggedBootDevicesTest_v242-459388895 None] Acquiring lock "quobyte_ensure" by "cinder.volume.drivers.quobyte.QuobyteDriver._ensure_shares_mounted" {{(pid=80495) inner /opt/stack/data/venv/lib/python3.10/site-packages/oslo_concurrency/lockutils.py:405}}
Nov 19 21:54:52 devstack cinder-volume[80495]: DEBUG oslo_concurrency.lockutils [None req-66884f9c-6df1-49e3-86cf-fae412d9600f tempest-TaggedBootDevicesTest_v242-459388895 None] Lock "quobyte_ensure" acquired by "cinder.volume.drivers.quobyte.QuobyteDriver._ensure_shares_mounted" :: waited 0.001s {{(pid=80495) inner /opt/stack/data/venv/lib/python3.10/site-packages/oslo_concurrency/lockutils.py:410}}
Nov 19 21:54:52 devstack cinder-volume[80495]: DEBUG cinder.volume.drivers.quobyte [None req-66884f9c-6df1-49e3-86cf-fae412d9600f tempest-TaggedBootDevicesTest_v242-459388895 None] Quobyte Volume URL set to: {'osci02.corp.quobyte.com/cinder-vol-f7c00c51-c67e-448d-8ebd-cdb83be08720': None} {{(pid=80495) _load_shares_config /opt/stack/cinder/cinder/volume/drivers/quobyte.py:604}}
Nov 19 21:54:52 devstack cinder-volume[80495]: DEBUG cinder.volume.drivers.quobyte [None req-66884f9c-6df1-49e3-86cf-fae412d9600f tempest-TaggedBootDevicesTest_v242-459388895 None] Available shares ['osci02.corp.quobyte.com/cinder-vol-f7c00c51-c67e-448d-8ebd-cdb83be08720'] {{(pid=80495) _ensure_shares_mounted /opt/stack/cinder/cinder/volume/drivers/quobyte.py:634}}
Nov 19 21:54:52 devstack cinder-volume[80495]: DEBUG oslo_concurrency.lockutils [None req-66884f9c-6df1-49e3-86cf-fae412d9600f tempest-TaggedBootDevicesTest_v242-459388895 None] Lock "quobyte_ensure" "released" by "cinder.volume.drivers.quobyte.QuobyteDriver._ensure_shares_mounted" :: held 0.007s {{(pid=80495) inner /opt/stack/data/venv/lib/python3.10/site-packages/oslo_concurrency/lockutils.py:424}}
Nov 19 21:54:52 devstack cinder-volume[80495]: DEBUG oslo_concurrency.processutils [None req-66884f9c-6df1-49e3-86cf-fae412d9600f tempest-TaggedBootDevicesTest_v242-459388895 None] Running cmd (subprocess): sudo cinder-rootwrap /etc/cinder/rootwrap.conf df --portability --block-size 1 /opt/stack/data/cinder/mnt/94dd1ec3495539f721b570f4921882e3 {{(pid=80495) execute /opt/stack/data/venv/lib/python3.10/site-packages/oslo_concurrency/processutils.py:349}}
Nov 19 21:54:52 devstack sudo[87383]: quobyte : PWD=/ ; USER=root ; COMMAND=/opt/stack/data/venv/bin/cinder-rootwrap /etc/cinder/rootwrap.conf df --portability --block-size 1 /opt/stack/data/cinder/mnt/94dd1ec3495539f721b570f4921882e3
Nov 19 21:54:52 devstack sudo[87383]: pam_unix(sudo:session): session opened for user root(uid=0) by (uid=1000)
Nov 19 21:54:52 devstack sudo[87379]: pam_unix(sudo:session): session closed for user root
Nov 19 21:54:52 devstack cinder-volume[80495]: DEBUG oslo_concurrency.processutils [None req-08ac0772-22c9-4bf4-9ce1-66a5a1dcf72d tempest-SnapshotsActionsTest-334919318 None] CMD "sudo cinder-rootwrap /etc/cinder/rootwrap.conf chmod ugo+rw /opt/stack/data/cinder/mnt/94dd1ec3495539f721b570f4921882e3/volume-d2e359a5-dcf8-446d-9b65-a016f033bea0.7e3896ac-c413-4dcb-928d-bb706c6a8e59" returned: 0 in 0.631s {{(pid=80495) execute /opt/stack/data/venv/lib/python3.10/site-packages/oslo_concurrency/processutils.py:372}}
Nov 19 21:54:52 devstack cinder-volume[80495]: DEBUG oslo_concurrency.processutils [None req-08ac0772-22c9-4bf4-9ce1-66a5a1dcf72d tempest-SnapshotsActionsTest-334919318 None] Running cmd (subprocess): sudo cinder-rootwrap /etc/cinder/rootwrap.conf truncate -s0 /opt/stack/data/cinder/mnt/94dd1ec3495539f721b570f4921882e3/volume-d2e359a5-dcf8-446d-9b65-a016f033bea0.info {{(pid=80495) execute /opt/stack/data/venv/lib/python3.10/site-packages/oslo_concurrency/processutils.py:349}}
Nov 19 21:54:52 devstack sudo[87388]: quobyte : PWD=/ ; USER=root ; COMMAND=/opt/stack/data/venv/bin/cinder-rootwrap /etc/cinder/rootwrap.conf truncate -s0 /opt/stack/data/cinder/mnt/94dd1ec3495539f721b570f4921882e3/volume-d2e359a5-dcf8-446d-9b65-a016f033bea0.info
Nov 19 21:54:52 devstack sudo[87388]: pam_unix(sudo:session): session opened for user root(uid=0) by (uid=1000)
Nov 19 21:54:53 devstack sudo[87383]: pam_unix(sudo:session): session closed for user root
Nov 19 21:54:53 devstack cinder-volume[80495]: DEBUG oslo_concurrency.processutils [None req-66884f9c-6df1-49e3-86cf-fae412d9600f tempest-TaggedBootDevicesTest_v242-459388895 None] CMD "sudo cinder-rootwrap /etc/cinder/rootwrap.conf df --portability --block-size 1 /opt/stack/data/cinder/mnt/94dd1ec3495539f721b570f4921882e3" returned: 0 in 0.747s {{(pid=80495) execute /opt/stack/data/venv/lib/python3.10/site-packages/oslo_concurrency/processutils.py:372}}
Nov 19 21:54:53 devstack cinder-volume[80495]: DEBUG cinder.manager [None req-66884f9c-6df1-49e3-86cf-fae412d9600f tempest-TaggedBootDevicesTest_v242-459388895 None] Notifying Schedulers of capabilities ... {{(pid=80495) _publish_service_capabilities /opt/stack/cinder/cinder/manager.py:202}}
Nov 19 21:54:53 devstack cinder-volume[80495]: INFO cinder.volume.manager [None req-66884f9c-6df1-49e3-86cf-fae412d9600f tempest-TaggedBootDevicesTest_v242-459388895 None] Deleted volume successfully.
Nov 19 21:54:53 devstack cinder-volume[80495]: DEBUG cinder.coordination [None req-66884f9c-6df1-49e3-86cf-fae412d9600f tempest-TaggedBootDevicesTest_v242-459388895 None] Lock "cinder-71b800fc-b434-4083-b4ad-e6449bc69d5a-delete_volume" released by "delete_volume" :: held 3.242s {{(pid=80495) __release /opt/stack/cinder/cinder/coordination.py:157}}
Nov 19 21:54:53 devstack sudo[87388]: pam_unix(sudo:session): session closed for user root
Nov 19 21:54:53 devstack cinder-volume[80495]: DEBUG oslo_concurrency.processutils [None req-08ac0772-22c9-4bf4-9ce1-66a5a1dcf72d tempest-SnapshotsActionsTest-334919318 None] CMD "sudo cinder-rootwrap /etc/cinder/rootwrap.conf truncate -s0 /opt/stack/data/cinder/mnt/94dd1ec3495539f721b570f4921882e3/volume-d2e359a5-dcf8-446d-9b65-a016f033bea0.info" returned: 0 in 0.581s {{(pid=80495) execute /opt/stack/data/venv/lib/python3.10/site-packages/oslo_concurrency/processutils.py:372}}
Nov 19 21:54:53 devstack cinder-volume[80495]: WARNING cinder.volume.drivers.remotefs [None req-08ac0772-22c9-4bf4-9ce1-66a5a1dcf72d tempest-SnapshotsActionsTest-334919318 None] /opt/stack/data/cinder/mnt/94dd1ec3495539f721b570f4921882e3/volume-d2e359a5-dcf8-446d-9b65-a016f033bea0.info is being set with open permissions: ugo+rw
Nov 19 21:54:53 devstack cinder-volume[80495]: DEBUG oslo_concurrency.processutils [None req-08ac0772-22c9-4bf4-9ce1-66a5a1dcf72d tempest-SnapshotsActionsTest-334919318 None] Running cmd (subprocess): sudo cinder-rootwrap /etc/cinder/rootwrap.conf chmod ugo+rw /opt/stack/data/cinder/mnt/94dd1ec3495539f721b570f4921882e3/volume-d2e359a5-dcf8-446d-9b65-a016f033bea0.info {{(pid=80495) execute /opt/stack/data/venv/lib/python3.10/site-packages/oslo_concurrency/processutils.py:349}}
Nov 19 21:54:53 devstack sudo[87396]: quobyte : PWD=/ ; USER=root ; COMMAND=/opt/stack/data/venv/bin/cinder-rootwrap /etc/cinder/rootwrap.conf chmod ugo+rw /opt/stack/data/cinder/mnt/94dd1ec3495539f721b570f4921882e3/volume-d2e359a5-dcf8-446d-9b65-a016f033bea0.info
Nov 19 21:54:53 devstack sudo[87396]: pam_unix(sudo:session): session opened for user root(uid=0) by (uid=1000)
Nov 19 21:54:54 devstack sudo[87396]: pam_unix(sudo:session): session closed for user root
Nov 19 21:54:54 devstack cinder-volume[80495]: DEBUG oslo_concurrency.processutils [None req-08ac0772-22c9-4bf4-9ce1-66a5a1dcf72d tempest-SnapshotsActionsTest-334919318 None] CMD "sudo cinder-rootwrap /etc/cinder/rootwrap.conf chmod ugo+rw /opt/stack/data/cinder/mnt/94dd1ec3495539f721b570f4921882e3/volume-d2e359a5-dcf8-446d-9b65-a016f033bea0.info" returned: 0 in 0.578s {{(pid=80495) execute /opt/stack/data/venv/lib/python3.10/site-packages/oslo_concurrency/processutils.py:372}}
Nov 19 21:54:54 devstack cinder-volume[80495]: DEBUG oslo_concurrency.lockutils [None req-08ac0772-22c9-4bf4-9ce1-66a5a1dcf72d tempest-SnapshotsActionsTest-334919318 None] Lock "quobyte" "released" by "cinder.volume.drivers.quobyte.QuobyteDriver.create_snapshot" :: held 4.015s {{(pid=80495) inner /opt/stack/data/venv/lib/python3.10/site-packages/oslo_concurrency/lockutils.py:424}}
Nov 19 21:54:54 devstack cinder-volume[80495]: INFO cinder.volume.manager [None req-08ac0772-22c9-4bf4-9ce1-66a5a1dcf72d tempest-SnapshotsActionsTest-334919318 None] Create snapshot completed successfully
Nov 19 21:54:54 devstack cinder-volume[80495]: WARNING cinder.volume.volume_utils [None req-939a4710-de2f-4a06-866a-f3802925e36b tempest-SnapshotsActionsTest-334919318 None] Volume driver (QuobyteDriver 1.1.13) is currently unsupported and may be removed in the next release of OpenStack. Use at your own risk.
Nov 19 21:54:54 devstack cinder-volume[80495]: DEBUG oslo_concurrency.lockutils [None req-939a4710-de2f-4a06-866a-f3802925e36b tempest-SnapshotsActionsTest-334919318 None] Acquiring lock "quobyte" by "cinder.volume.drivers.quobyte.QuobyteDriver.create_snapshot" {{(pid=80495) inner /opt/stack/data/venv/lib/python3.10/site-packages/oslo_concurrency/lockutils.py:405}}
Nov 19 21:54:54 devstack cinder-volume[80495]: DEBUG oslo_concurrency.lockutils [None req-939a4710-de2f-4a06-866a-f3802925e36b tempest-SnapshotsActionsTest-334919318 None] Lock "quobyte" acquired by "cinder.volume.drivers.quobyte.QuobyteDriver.create_snapshot" :: waited 0.000s {{(pid=80495) inner /opt/stack/data/venv/lib/python3.10/site-packages/oslo_concurrency/lockutils.py:410}}
Nov 19 21:54:54 devstack cinder-volume[80495]: DEBUG cinder.volume.drivers.remotefs [None req-939a4710-de2f-4a06-866a-f3802925e36b tempest-SnapshotsActionsTest-334919318 None] Creating offline snapshot 06c033bc-0078-41bc-a4bc-94f0565ac2a7 of volume d2e359a5-dcf8-446d-9b65-a016f033bea0 {{(pid=80495) _create_snapshot /opt/stack/cinder/cinder/volume/drivers/remotefs.py:1694}}
Nov 19 21:54:54 devstack cinder-volume[80495]: DEBUG oslo.privsep.daemon [-] privsep: reply[54e5f5b8-6c51-43f2-b2c8-7ee693f13737]: (4, 'qcow2') {{(pid=81613) _call_back /opt/stack/data/venv/lib/python3.10/site-packages/oslo_privsep/daemon.py:515}}
Nov 19 21:54:54 devstack cinder-volume[80495]: DEBUG oslo_concurrency.processutils [None req-939a4710-de2f-4a06-866a-f3802925e36b tempest-SnapshotsActionsTest-334919318 None] Running cmd (subprocess): /opt/stack/data/venv/bin/python3.10 -m oslo_concurrency.prlimit --as=1073741824 --cpu=60 -- sudo cinder-rootwrap /etc/cinder/rootwrap.conf env LC_ALL=C qemu-img info -f qcow2 --output=json --force-share /opt/stack/data/cinder/mnt/94dd1ec3495539f721b570f4921882e3/volume-d2e359a5-dcf8-446d-9b65-a016f033bea0.7e3896ac-c413-4dcb-928d-bb706c6a8e59 {{(pid=80495) execute /opt/stack/data/venv/lib/python3.10/site-packages/oslo_concurrency/processutils.py:349}}
Nov 19 21:54:54 devstack sudo[87403]: quobyte : PWD=/ ; USER=root ; COMMAND=/opt/stack/data/venv/bin/cinder-rootwrap /etc/cinder/rootwrap.conf env LC_ALL=C qemu-img info -f qcow2 --output=json --force-share /opt/stack/data/cinder/mnt/94dd1ec3495539f721b570f4921882e3/volume-d2e359a5-dcf8-446d-9b65-a016f033bea0.7e3896ac-c413-4dcb-928d-bb706c6a8e59
Nov 19 21:54:54 devstack sudo[87403]: pam_unix(sudo:session): session opened for user root(uid=0) by (uid=1000)
Nov 19 21:54:55 devstack sudo[87403]: pam_unix(sudo:session): session closed for user root
Nov 19 21:54:55 devstack cinder-volume[80495]: DEBUG oslo_concurrency.processutils [None req-939a4710-de2f-4a06-866a-f3802925e36b tempest-SnapshotsActionsTest-334919318 None] CMD "/opt/stack/data/venv/bin/python3.10 -m oslo_concurrency.prlimit --as=1073741824 --cpu=60 -- sudo cinder-rootwrap /etc/cinder/rootwrap.conf env LC_ALL=C qemu-img info -f qcow2 --output=json --force-share /opt/stack/data/cinder/mnt/94dd1ec3495539f721b570f4921882e3/volume-d2e359a5-dcf8-446d-9b65-a016f033bea0.7e3896ac-c413-4dcb-928d-bb706c6a8e59" returned: 0 in 0.674s {{(pid=80495) execute /opt/stack/data/venv/lib/python3.10/site-packages/oslo_concurrency/processutils.py:372}}
Nov 19 21:54:55 devstack cinder-volume[80495]: DEBUG cinder.volume.drivers.remotefs [None req-939a4710-de2f-4a06-866a-f3802925e36b tempest-SnapshotsActionsTest-334919318 None] Fetching qemu-img info with special backing_file_template: (/opt/stack/data/cinder/mnt/[0-9a-f]+/)?(volume-d2e359a5-dcf8-446d-9b65-a016f033bea0(.(tmp-snap-)?[0-9a-f-]+)?|volume_from_snapshot_cache/(tmp-snap-)?[0-9a-f-]+(.(child-|parent-)[0-9a-f-]+)?)$ {{(pid=80495) _qemu_img_info_base /opt/stack/cinder/cinder/volume/drivers/remotefs.py:886}}
Nov 19 21:54:55 devstack cinder-volume[80495]: DEBUG oslo_concurrency.processutils [None req-939a4710-de2f-4a06-866a-f3802925e36b tempest-SnapshotsActionsTest-334919318 None] Running cmd (subprocess): sudo cinder-rootwrap /etc/cinder/rootwrap.conf qemu-img create -f qcow2 -o backing_file=/opt/stack/data/cinder/mnt/94dd1ec3495539f721b570f4921882e3/volume-d2e359a5-dcf8-446d-9b65-a016f033bea0.7e3896ac-c413-4dcb-928d-bb706c6a8e59,backing_fmt=qcow2 /opt/stack/data/cinder/mnt/94dd1ec3495539f721b570f4921882e3/volume-d2e359a5-dcf8-446d-9b65-a016f033bea0.06c033bc-0078-41bc-a4bc-94f0565ac2a7 1G {{(pid=80495) execute /opt/stack/data/venv/lib/python3.10/site-packages/oslo_concurrency/processutils.py:349}}
Nov 19 21:54:55 devstack sudo[87412]: quobyte : PWD=/ ; USER=root ; COMMAND=/opt/stack/data/venv/bin/cinder-rootwrap /etc/cinder/rootwrap.conf qemu-img create -f qcow2 -o backing_file=/opt/stack/data/cinder/mnt/94dd1ec3495539f721b570f4921882e3/volume-d2e359a5-dcf8-446d-9b65-a016f033bea0.7e3896ac-c413-4dcb-928d-bb706c6a8e59,backing_fmt=qcow2 /opt/stack/data/cinder/mnt/94dd1ec3495539f721b570f4921882e3/volume-d2e359a5-dcf8-446d-9b65-a016f033bea0.06c033bc-0078-41bc-a4bc-94f0565ac2a7 1G
Nov 19 21:54:55 devstack sudo[87412]: pam_unix(sudo:session): session opened for user root(uid=0) by (uid=1000)
Nov 19 21:54:56 devstack sudo[87412]: pam_unix(sudo:session): session closed for user root
Nov 19 21:54:56 devstack cinder-volume[80495]: DEBUG oslo_concurrency.processutils [None req-939a4710-de2f-4a06-866a-f3802925e36b tempest-SnapshotsActionsTest-334919318 None] CMD "sudo cinder-rootwrap /etc/cinder/rootwrap.conf qemu-img create -f qcow2 -o backing_file=/opt/stack/data/cinder/mnt/94dd1ec3495539f721b570f4921882e3/volume-d2e359a5-dcf8-446d-9b65-a016f033bea0.7e3896ac-c413-4dcb-928d-bb706c6a8e59,backing_fmt=qcow2 /opt/stack/data/cinder/mnt/94dd1ec3495539f721b570f4921882e3/volume-d2e359a5-dcf8-446d-9b65-a016f033bea0.06c033bc-0078-41bc-a4bc-94f0565ac2a7 1G" returned: 0 in 0.793s {{(pid=80495) execute /opt/stack/data/venv/lib/python3.10/site-packages/oslo_concurrency/processutils.py:372}}
Nov 19 21:54:56 devstack cinder-volume[80495]: DEBUG oslo_concurrency.processutils [None req-939a4710-de2f-4a06-866a-f3802925e36b tempest-SnapshotsActionsTest-334919318 None] Running cmd (subprocess): sudo cinder-rootwrap /etc/cinder/rootwrap.conf qemu-img rebase -u -b volume-d2e359a5-dcf8-446d-9b65-a016f033bea0.7e3896ac-c413-4dcb-928d-bb706c6a8e59 -F qcow2 /opt/stack/data/cinder/mnt/94dd1ec3495539f721b570f4921882e3/volume-d2e359a5-dcf8-446d-9b65-a016f033bea0.06c033bc-0078-41bc-a4bc-94f0565ac2a7 {{(pid=80495) execute /opt/stack/data/venv/lib/python3.10/site-packages/oslo_concurrency/processutils.py:349}}
Nov 19 21:54:56 devstack sudo[87426]: quobyte : PWD=/ ; USER=root ; COMMAND=/opt/stack/data/venv/bin/cinder-rootwrap /etc/cinder/rootwrap.conf qemu-img rebase -u -b volume-d2e359a5-dcf8-446d-9b65-a016f033bea0.7e3896ac-c413-4dcb-928d-bb706c6a8e59 -F qcow2 /opt/stack/data/cinder/mnt/94dd1ec3495539f721b570f4921882e3/volume-d2e359a5-dcf8-446d-9b65-a016f033bea0.06c033bc-0078-41bc-a4bc-94f0565ac2a7
Nov 19 21:54:56 devstack sudo[87426]: pam_unix(sudo:session): session opened for user root(uid=0) by (uid=1000)
Nov 19 21:54:56 devstack cinder-volume[80495]: DEBUG oslo_concurrency.lockutils [req-b027dd85-0a64-4c4f-8f37-ed1e4e4e5b34 req-6d33ae73-40bb-4c6b-98bd-0771845fc5d9 tempest-AttachVolumeShelveTestJSON-1867398767 None] Acquiring lock "quobyte" by "cinder.volume.drivers.quobyte.QuobyteDriver.initialize_connection" {{(pid=80495) inner /opt/stack/data/venv/lib/python3.10/site-packages/oslo_concurrency/lockutils.py:405}}
Nov 19 21:54:56 devstack sudo[87426]: pam_unix(sudo:session): session closed for user root
Nov 19 21:54:56 devstack cinder-volume[80495]: DEBUG oslo_concurrency.processutils [None req-939a4710-de2f-4a06-866a-f3802925e36b tempest-SnapshotsActionsTest-334919318 None] CMD "sudo cinder-rootwrap /etc/cinder/rootwrap.conf qemu-img rebase -u -b volume-d2e359a5-dcf8-446d-9b65-a016f033bea0.7e3896ac-c413-4dcb-928d-bb706c6a8e59 -F qcow2 /opt/stack/data/cinder/mnt/94dd1ec3495539f721b570f4921882e3/volume-d2e359a5-dcf8-446d-9b65-a016f033bea0.06c033bc-0078-41bc-a4bc-94f0565ac2a7" returned: 0 in 0.593s {{(pid=80495) execute /opt/stack/data/venv/lib/python3.10/site-packages/oslo_concurrency/processutils.py:372}}
Nov 19 21:54:56 devstack cinder-volume[80495]: WARNING cinder.volume.drivers.remotefs [None req-939a4710-de2f-4a06-866a-f3802925e36b tempest-SnapshotsActionsTest-334919318 None] /opt/stack/data/cinder/mnt/94dd1ec3495539f721b570f4921882e3/volume-d2e359a5-dcf8-446d-9b65-a016f033bea0.06c033bc-0078-41bc-a4bc-94f0565ac2a7 is being set with open permissions: ugo+rw
Nov 19 21:54:56 devstack cinder-volume[80495]: DEBUG oslo_concurrency.processutils [None req-939a4710-de2f-4a06-866a-f3802925e36b tempest-SnapshotsActionsTest-334919318 None] Running cmd (subprocess): sudo cinder-rootwrap /etc/cinder/rootwrap.conf chmod ugo+rw /opt/stack/data/cinder/mnt/94dd1ec3495539f721b570f4921882e3/volume-d2e359a5-dcf8-446d-9b65-a016f033bea0.06c033bc-0078-41bc-a4bc-94f0565ac2a7 {{(pid=80495) execute /opt/stack/data/venv/lib/python3.10/site-packages/oslo_concurrency/processutils.py:349}}
Nov 19 21:54:56 devstack sudo[87438]: quobyte : PWD=/ ; USER=root ; COMMAND=/opt/stack/data/venv/bin/cinder-rootwrap /etc/cinder/rootwrap.conf chmod ugo+rw /opt/stack/data/cinder/mnt/94dd1ec3495539f721b570f4921882e3/volume-d2e359a5-dcf8-446d-9b65-a016f033bea0.06c033bc-0078-41bc-a4bc-94f0565ac2a7
Nov 19 21:54:56 devstack sudo[87438]: pam_unix(sudo:session): session opened for user root(uid=0) by (uid=1000)
Nov 19 21:54:57 devstack sudo[87438]: pam_unix(sudo:session): session closed for user root
Nov 19 21:54:57 devstack cinder-volume[80495]: DEBUG oslo_concurrency.processutils [None req-939a4710-de2f-4a06-866a-f3802925e36b tempest-SnapshotsActionsTest-334919318 None] CMD "sudo cinder-rootwrap /etc/cinder/rootwrap.conf chmod ugo+rw /opt/stack/data/cinder/mnt/94dd1ec3495539f721b570f4921882e3/volume-d2e359a5-dcf8-446d-9b65-a016f033bea0.06c033bc-0078-41bc-a4bc-94f0565ac2a7" returned: 0 in 1.095s {{(pid=80495) execute /opt/stack/data/venv/lib/python3.10/site-packages/oslo_concurrency/processutils.py:372}}
Nov 19 21:54:57 devstack cinder-volume[80495]: DEBUG oslo_concurrency.lockutils [None req-939a4710-de2f-4a06-866a-f3802925e36b tempest-SnapshotsActionsTest-334919318 None] Lock "quobyte" "released" by "cinder.volume.drivers.quobyte.QuobyteDriver.create_snapshot" :: held 3.213s {{(pid=80495) inner /opt/stack/data/venv/lib/python3.10/site-packages/oslo_concurrency/lockutils.py:424}}
Nov 19 21:54:57 devstack cinder-volume[80495]: DEBUG oslo_concurrency.lockutils [req-b027dd85-0a64-4c4f-8f37-ed1e4e4e5b34 req-6d33ae73-40bb-4c6b-98bd-0771845fc5d9 tempest-AttachVolumeShelveTestJSON-1867398767 None] Lock "quobyte" acquired by "cinder.volume.drivers.quobyte.QuobyteDriver.initialize_connection" :: waited 1.617s {{(pid=80495) inner /opt/stack/data/venv/lib/python3.10/site-packages/oslo_concurrency/lockutils.py:410}}
Nov 19 21:54:57 devstack cinder-volume[80495]: DEBUG oslo.privsep.daemon [-] privsep: reply[c489cad3-6441-4552-b621-54bf213d47f3]: (4, 'qcow2') {{(pid=81613) _call_back /opt/stack/data/venv/lib/python3.10/site-packages/oslo_privsep/daemon.py:515}}
Nov 19 21:54:57 devstack cinder-volume[80495]: DEBUG oslo_concurrency.processutils [req-b027dd85-0a64-4c4f-8f37-ed1e4e4e5b34 req-6d33ae73-40bb-4c6b-98bd-0771845fc5d9 tempest-AttachVolumeShelveTestJSON-1867398767 None] Running cmd (subprocess): /opt/stack/data/venv/bin/python3.10 -m oslo_concurrency.prlimit --as=1073741824 --cpu=60 -- sudo cinder-rootwrap /etc/cinder/rootwrap.conf env LC_ALL=C qemu-img info -f qcow2 --output=json --force-share /opt/stack/data/cinder/mnt/94dd1ec3495539f721b570f4921882e3/volume-1a7c2a88-1cc3-4db9-911b-8fa8a1dcca93 {{(pid=80495) execute /opt/stack/data/venv/lib/python3.10/site-packages/oslo_concurrency/processutils.py:349}}
Nov 19 21:54:57 devstack cinder-volume[80495]: INFO cinder.volume.manager [None req-939a4710-de2f-4a06-866a-f3802925e36b tempest-SnapshotsActionsTest-334919318 None] Create snapshot completed successfully
Nov 19 21:54:57 devstack sudo[87755]: quobyte : PWD=/ ; USER=root ; COMMAND=/opt/stack/data/venv/bin/cinder-rootwrap /etc/cinder/rootwrap.conf env LC_ALL=C qemu-img info -f qcow2 --output=json --force-share /opt/stack/data/cinder/mnt/94dd1ec3495539f721b570f4921882e3/volume-1a7c2a88-1cc3-4db9-911b-8fa8a1dcca93
Nov 19 21:54:57 devstack sudo[87755]: pam_unix(sudo:session): session opened for user root(uid=0) by (uid=1000)
Nov 19 21:54:58 devstack sudo[87755]: pam_unix(sudo:session): session closed for user root
Nov 19 21:54:58 devstack cinder-volume[80495]: DEBUG oslo_concurrency.processutils [req-b027dd85-0a64-4c4f-8f37-ed1e4e4e5b34 req-6d33ae73-40bb-4c6b-98bd-0771845fc5d9 tempest-AttachVolumeShelveTestJSON-1867398767 None] CMD "/opt/stack/data/venv/bin/python3.10 -m oslo_concurrency.prlimit --as=1073741824 --cpu=60 -- sudo cinder-rootwrap /etc/cinder/rootwrap.conf env LC_ALL=C qemu-img info -f qcow2 --output=json --force-share /opt/stack/data/cinder/mnt/94dd1ec3495539f721b570f4921882e3/volume-1a7c2a88-1cc3-4db9-911b-8fa8a1dcca93" returned: 0 in 0.801s {{(pid=80495) execute /opt/stack/data/venv/lib/python3.10/site-packages/oslo_concurrency/processutils.py:372}}
Nov 19 21:54:58 devstack cinder-volume[80495]: DEBUG oslo_concurrency.lockutils [req-b027dd85-0a64-4c4f-8f37-ed1e4e4e5b34 req-6d33ae73-40bb-4c6b-98bd-0771845fc5d9 tempest-AttachVolumeShelveTestJSON-1867398767 None] Lock "quobyte" "released" by "cinder.volume.drivers.quobyte.QuobyteDriver.initialize_connection" :: held 0.813s {{(pid=80495) inner /opt/stack/data/venv/lib/python3.10/site-packages/oslo_concurrency/lockutils.py:424}}
Nov 19 21:54:58 devstack cinder-volume[80495]: DEBUG cinder.volume.manager [req-b027dd85-0a64-4c4f-8f37-ed1e4e4e5b34 req-6d33ae73-40bb-4c6b-98bd-0771845fc5d9 tempest-AttachVolumeShelveTestJSON-1867398767 None] Connection info returned from driver {'export': 'osci02.corp.quobyte.com/cinder-vol-f7c00c51-c67e-448d-8ebd-cdb83be08720', 'name': 'volume-1a7c2a88-1cc3-4db9-911b-8fa8a1dcca93', 'options': None, 'format': 'qcow2', 'qos_specs': None, 'access_mode': 'rw', 'encrypted': False, 'cacheable': False, 'physical_block_size': '4096', 'logical_block_size': '512', 'driver_volume_type': 'quobyte', 'mount_point_base': '/opt/stack/data/cinder/mnt', 'attachment_id': 'b998cccb-ec8c-4b6b-81a2-347489cc3fd5', 'enforce_multipath': True} {{(pid=80495) _connection_create /opt/stack/cinder/cinder/volume/manager.py:4919}}
Nov 19 21:54:58 devstack cinder-volume[80495]: WARNING cinder.volume.volume_utils [req-b027dd85-0a64-4c4f-8f37-ed1e4e4e5b34 req-6d33ae73-40bb-4c6b-98bd-0771845fc5d9 tempest-AttachVolumeShelveTestJSON-1867398767 None] Volume driver (QuobyteDriver 1.1.13) is currently unsupported and may be removed in the next release of OpenStack. Use at your own risk.
Nov 19 21:54:58 devstack cinder-volume[80495]: INFO cinder.volume.manager [req-b027dd85-0a64-4c4f-8f37-ed1e4e4e5b34 req-6d33ae73-40bb-4c6b-98bd-0771845fc5d9 tempest-AttachVolumeShelveTestJSON-1867398767 None] attachment_update completed successfully.
Nov 19 21:54:58 devstack cinder-volume[80495]: DEBUG cinder.coordination [None req-8151eef2-e461-47ca-a8a7-5cb2a9204a4b tempest-SnapshotsActionsTest-511075252 None] Acquiring lock "cinder-06c033bc-0078-41bc-a4bc-94f0565ac2a7-delete_snapshot" by "delete_snapshot" {{(pid=80495) __acquire /opt/stack/cinder/cinder/coordination.py:143}}
Nov 19 21:54:58 devstack cinder-volume[80495]: DEBUG cinder.coordination [None req-8151eef2-e461-47ca-a8a7-5cb2a9204a4b tempest-SnapshotsActionsTest-511075252 None] Lock "cinder-06c033bc-0078-41bc-a4bc-94f0565ac2a7-delete_snapshot" acquired by "delete_snapshot" :: waited 0.015s {{(pid=80495) __acquire /opt/stack/cinder/cinder/coordination.py:146}}
Nov 19 21:54:58 devstack cinder-volume[80495]: WARNING cinder.volume.volume_utils [None req-8151eef2-e461-47ca-a8a7-5cb2a9204a4b tempest-SnapshotsActionsTest-511075252 None] Volume driver (QuobyteDriver 1.1.13) is currently unsupported and may be removed in the next release of OpenStack. Use at your own risk.
Nov 19 21:54:58 devstack cinder-volume[80495]: DEBUG cinder.coordination [None req-8151eef2-e461-47ca-a8a7-5cb2a9204a4b tempest-SnapshotsActionsTest-511075252 None] Acquiring lock "cinder-quobyte-d2e359a5-dcf8-446d-9b65-a016f033bea0" by "delete_snapshot" {{(pid=80495) __acquire /opt/stack/cinder/cinder/coordination.py:143}}
Nov 19 21:54:58 devstack cinder-volume[80495]: DEBUG cinder.coordination [None req-8151eef2-e461-47ca-a8a7-5cb2a9204a4b tempest-SnapshotsActionsTest-511075252 None] Lock "cinder-quobyte-d2e359a5-dcf8-446d-9b65-a016f033bea0" acquired by "delete_snapshot" :: waited 0.016s {{(pid=80495) __acquire /opt/stack/cinder/cinder/coordination.py:146}}
Nov 19 21:54:58 devstack cinder-volume[80495]: DEBUG cinder.coordination [None req-8151eef2-e461-47ca-a8a7-5cb2a9204a4b tempest-SnapshotsActionsTest-511075252 None] Acquiring lock "cinder-quobyte-06c033bc-0078-41bc-a4bc-94f0565ac2a7" by "_delete_snapshot" {{(pid=80495) __acquire /opt/stack/cinder/cinder/coordination.py:143}}
Nov 19 21:54:58 devstack cinder-volume[80495]: DEBUG cinder.coordination [None req-8151eef2-e461-47ca-a8a7-5cb2a9204a4b tempest-SnapshotsActionsTest-511075252 None] Lock "cinder-quobyte-06c033bc-0078-41bc-a4bc-94f0565ac2a7" acquired by "_delete_snapshot" :: waited 0.011s {{(pid=80495) __acquire /opt/stack/cinder/cinder/coordination.py:146}}
Nov 19 21:54:58 devstack cinder-volume[80495]: DEBUG cinder.volume.drivers.remotefs [None req-8151eef2-e461-47ca-a8a7-5cb2a9204a4b tempest-SnapshotsActionsTest-511075252 None] Deleting offline snapshot 06c033bc-0078-41bc-a4bc-94f0565ac2a7 of volume d2e359a5-dcf8-446d-9b65-a016f033bea0 {{(pid=80495) _delete_snapshot /opt/stack/cinder/cinder/volume/drivers/remotefs.py:1278}}
Nov 19 21:54:58 devstack cinder-volume[80495]: DEBUG cinder.volume.drivers.remotefs [None req-8151eef2-e461-47ca-a8a7-5cb2a9204a4b tempest-SnapshotsActionsTest-511075252 None] snapshot_file for this snap is: volume-d2e359a5-dcf8-446d-9b65-a016f033bea0.06c033bc-0078-41bc-a4bc-94f0565ac2a7 {{(pid=80495) _delete_snapshot /opt/stack/cinder/cinder/volume/drivers/remotefs.py:1307}}
Nov 19 21:54:58 devstack cinder-volume[80495]: DEBUG oslo.privsep.daemon [-] privsep: reply[8f8106da-465b-41b1-a09c-f132abe87003]: (4, 'qcow2') {{(pid=81613) _call_back /opt/stack/data/venv/lib/python3.10/site-packages/oslo_privsep/daemon.py:515}}
Nov 19 21:54:58 devstack cinder-volume[80495]: DEBUG oslo_concurrency.processutils [None req-8151eef2-e461-47ca-a8a7-5cb2a9204a4b tempest-SnapshotsActionsTest-511075252 None] Running cmd (subprocess): /opt/stack/data/venv/bin/python3.10 -m oslo_concurrency.prlimit --as=1073741824 --cpu=60 -- sudo cinder-rootwrap /etc/cinder/rootwrap.conf env LC_ALL=C qemu-img info -f qcow2 --output=json --force-share /opt/stack/data/cinder/mnt/94dd1ec3495539f721b570f4921882e3/volume-d2e359a5-dcf8-446d-9b65-a016f033bea0.06c033bc-0078-41bc-a4bc-94f0565ac2a7 {{(pid=80495) execute /opt/stack/data/venv/lib/python3.10/site-packages/oslo_concurrency/processutils.py:349}}
Nov 19 21:54:59 devstack sudo[87851]: quobyte : PWD=/ ; USER=root ; COMMAND=/opt/stack/data/venv/bin/cinder-rootwrap /etc/cinder/rootwrap.conf env LC_ALL=C qemu-img info -f qcow2 --output=json --force-share /opt/stack/data/cinder/mnt/94dd1ec3495539f721b570f4921882e3/volume-d2e359a5-dcf8-446d-9b65-a016f033bea0.06c033bc-0078-41bc-a4bc-94f0565ac2a7
Nov 19 21:54:59 devstack sudo[87851]: pam_unix(sudo:session): session opened for user root(uid=0) by (uid=1000)
Nov 19 21:54:59 devstack sudo[87851]: pam_unix(sudo:session): session closed for user root
Nov 19 21:54:59 devstack cinder-volume[80495]: DEBUG oslo_concurrency.processutils [None req-8151eef2-e461-47ca-a8a7-5cb2a9204a4b tempest-SnapshotsActionsTest-511075252 None] CMD "/opt/stack/data/venv/bin/python3.10 -m oslo_concurrency.prlimit --as=1073741824 --cpu=60 -- sudo cinder-rootwrap /etc/cinder/rootwrap.conf env LC_ALL=C qemu-img info -f qcow2 --output=json --force-share /opt/stack/data/cinder/mnt/94dd1ec3495539f721b570f4921882e3/volume-d2e359a5-dcf8-446d-9b65-a016f033bea0.06c033bc-0078-41bc-a4bc-94f0565ac2a7" returned: 0 in 0.715s {{(pid=80495) execute /opt/stack/data/venv/lib/python3.10/site-packages/oslo_concurrency/processutils.py:372}}
Nov 19 21:54:59 devstack cinder-volume[80495]: DEBUG cinder.volume.drivers.remotefs [None req-8151eef2-e461-47ca-a8a7-5cb2a9204a4b tempest-SnapshotsActionsTest-511075252 None] Fetching qemu-img info with special backing_file_template: (/opt/stack/data/cinder/mnt/[0-9a-f]+/)?(volume-d2e359a5-dcf8-446d-9b65-a016f033bea0(.(tmp-snap-)?[0-9a-f-]+)?|volume_from_snapshot_cache/(tmp-snap-)?[0-9a-f-]+(.(child-|parent-)[0-9a-f-]+)?)$ {{(pid=80495) _qemu_img_info_base /opt/stack/cinder/cinder/volume/drivers/remotefs.py:886}}
Nov 19 21:54:59 devstack cinder-volume[80495]: DEBUG oslo.privsep.daemon [-] privsep: reply[e72a3d89-c2c1-45f9-82a7-ce58a9d24ed3]: (4, 'qcow2') {{(pid=81613) _call_back /opt/stack/data/venv/lib/python3.10/site-packages/oslo_privsep/daemon.py:515}}
Nov 19 21:54:59 devstack cinder-volume[80495]: DEBUG oslo_concurrency.processutils [None req-8151eef2-e461-47ca-a8a7-5cb2a9204a4b tempest-SnapshotsActionsTest-511075252 None] Running cmd (subprocess): /opt/stack/data/venv/bin/python3.10 -m oslo_concurrency.prlimit --as=1073741824 --cpu=60 -- sudo cinder-rootwrap /etc/cinder/rootwrap.conf env LC_ALL=C qemu-img info -f qcow2 --output=json --force-share /opt/stack/data/cinder/mnt/94dd1ec3495539f721b570f4921882e3/volume-d2e359a5-dcf8-446d-9b65-a016f033bea0.7e3896ac-c413-4dcb-928d-bb706c6a8e59 {{(pid=80495) execute /opt/stack/data/venv/lib/python3.10/site-packages/oslo_concurrency/processutils.py:349}}
Nov 19 21:54:59 devstack sudo[87859]: quobyte : PWD=/ ; USER=root ; COMMAND=/opt/stack/data/venv/bin/cinder-rootwrap /etc/cinder/rootwrap.conf env LC_ALL=C qemu-img info -f qcow2 --output=json --force-share /opt/stack/data/cinder/mnt/94dd1ec3495539f721b570f4921882e3/volume-d2e359a5-dcf8-446d-9b65-a016f033bea0.7e3896ac-c413-4dcb-928d-bb706c6a8e59
Nov 19 21:54:59 devstack sudo[87859]: pam_unix(sudo:session): session opened for user root(uid=0) by (uid=1000)
Nov 19 21:55:00 devstack sudo[87859]: pam_unix(sudo:session): session closed for user root
Nov 19 21:55:00 devstack cinder-volume[80495]: DEBUG oslo_concurrency.processutils [None req-8151eef2-e461-47ca-a8a7-5cb2a9204a4b tempest-SnapshotsActionsTest-511075252 None] CMD "/opt/stack/data/venv/bin/python3.10 -m oslo_concurrency.prlimit --as=1073741824 --cpu=60 -- sudo cinder-rootwrap /etc/cinder/rootwrap.conf env LC_ALL=C qemu-img info -f qcow2 --output=json --force-share /opt/stack/data/cinder/mnt/94dd1ec3495539f721b570f4921882e3/volume-d2e359a5-dcf8-446d-9b65-a016f033bea0.7e3896ac-c413-4dcb-928d-bb706c6a8e59" returned: 0 in 0.689s {{(pid=80495) execute /opt/stack/data/venv/lib/python3.10/site-packages/oslo_concurrency/processutils.py:372}}
Nov 19 21:55:00 devstack cinder-volume[80495]: DEBUG cinder.volume.drivers.remotefs [None req-8151eef2-e461-47ca-a8a7-5cb2a9204a4b tempest-SnapshotsActionsTest-511075252 None] Fetching qemu-img info with special backing_file_template: (/opt/stack/data/cinder/mnt/[0-9a-f]+/)?(volume-d2e359a5-dcf8-446d-9b65-a016f033bea0(.(tmp-snap-)?[0-9a-f-]+)?|volume_from_snapshot_cache/(tmp-snap-)?[0-9a-f-]+(.(child-|parent-)[0-9a-f-]+)?)$ {{(pid=80495) _qemu_img_info_base /opt/stack/cinder/cinder/volume/drivers/remotefs.py:886}}
Nov 19 21:55:00 devstack cinder-volume[80495]: DEBUG oslo_concurrency.processutils [None req-8151eef2-e461-47ca-a8a7-5cb2a9204a4b tempest-SnapshotsActionsTest-511075252 None] Running cmd (subprocess): sudo cinder-rootwrap /etc/cinder/rootwrap.conf qemu-img commit -d /opt/stack/data/cinder/mnt/94dd1ec3495539f721b570f4921882e3/volume-d2e359a5-dcf8-446d-9b65-a016f033bea0.06c033bc-0078-41bc-a4bc-94f0565ac2a7 {{(pid=80495) execute /opt/stack/data/venv/lib/python3.10/site-packages/oslo_concurrency/processutils.py:349}}
Nov 19 21:55:00 devstack sudo[87867]: quobyte : PWD=/ ; USER=root ; COMMAND=/opt/stack/data/venv/bin/cinder-rootwrap /etc/cinder/rootwrap.conf qemu-img commit -d /opt/stack/data/cinder/mnt/94dd1ec3495539f721b570f4921882e3/volume-d2e359a5-dcf8-446d-9b65-a016f033bea0.06c033bc-0078-41bc-a4bc-94f0565ac2a7
Nov 19 21:55:00 devstack sudo[87867]: pam_unix(sudo:session): session opened for user root(uid=0) by (uid=1000)
Nov 19 21:55:01 devstack sudo[87867]: pam_unix(sudo:session): session closed for user root
Nov 19 21:55:01 devstack cinder-volume[80495]: DEBUG oslo_concurrency.processutils [None req-8151eef2-e461-47ca-a8a7-5cb2a9204a4b tempest-SnapshotsActionsTest-511075252 None] CMD "sudo cinder-rootwrap /etc/cinder/rootwrap.conf qemu-img commit -d /opt/stack/data/cinder/mnt/94dd1ec3495539f721b570f4921882e3/volume-d2e359a5-dcf8-446d-9b65-a016f033bea0.06c033bc-0078-41bc-a4bc-94f0565ac2a7" returned: 0 in 0.734s {{(pid=80495) execute /opt/stack/data/venv/lib/python3.10/site-packages/oslo_concurrency/processutils.py:372}}
Nov 19 21:55:01 devstack cinder-volume[80495]: DEBUG oslo_concurrency.processutils [None req-8151eef2-e461-47ca-a8a7-5cb2a9204a4b tempest-SnapshotsActionsTest-511075252 None] Running cmd (subprocess): sudo cinder-rootwrap /etc/cinder/rootwrap.conf rm -f /opt/stack/data/cinder/mnt/94dd1ec3495539f721b570f4921882e3/volume-d2e359a5-dcf8-446d-9b65-a016f033bea0.06c033bc-0078-41bc-a4bc-94f0565ac2a7 {{(pid=80495) execute /opt/stack/data/venv/lib/python3.10/site-packages/oslo_concurrency/processutils.py:349}}
Nov 19 21:55:01 devstack sudo[87872]: quobyte : PWD=/ ; USER=root ; COMMAND=/opt/stack/data/venv/bin/cinder-rootwrap /etc/cinder/rootwrap.conf rm -f /opt/stack/data/cinder/mnt/94dd1ec3495539f721b570f4921882e3/volume-d2e359a5-dcf8-446d-9b65-a016f033bea0.06c033bc-0078-41bc-a4bc-94f0565ac2a7
Nov 19 21:55:01 devstack sudo[87872]: pam_unix(sudo:session): session opened for user root(uid=0) by (uid=1000)
Nov 19 21:55:01 devstack sudo[87872]: pam_unix(sudo:session): session closed for user root
Nov 19 21:55:01 devstack cinder-volume[80495]: DEBUG oslo_concurrency.processutils [None req-8151eef2-e461-47ca-a8a7-5cb2a9204a4b tempest-SnapshotsActionsTest-511075252 None] CMD "sudo cinder-rootwrap /etc/cinder/rootwrap.conf rm -f /opt/stack/data/cinder/mnt/94dd1ec3495539f721b570f4921882e3/volume-d2e359a5-dcf8-446d-9b65-a016f033bea0.06c033bc-0078-41bc-a4bc-94f0565ac2a7" returned: 0 in 0.601s {{(pid=80495) execute /opt/stack/data/venv/lib/python3.10/site-packages/oslo_concurrency/processutils.py:372}}
Nov 19 21:55:01 devstack cinder-volume[80495]: DEBUG cinder.coordination [None req-8151eef2-e461-47ca-a8a7-5cb2a9204a4b tempest-SnapshotsActionsTest-511075252 None] Lock "cinder-quobyte-06c033bc-0078-41bc-a4bc-94f0565ac2a7" released by "_delete_snapshot" :: held 2.846s {{(pid=80495) __release /opt/stack/cinder/cinder/coordination.py:157}}
Nov 19 21:55:01 devstack cinder-volume[80495]: DEBUG cinder.coordination [None req-8151eef2-e461-47ca-a8a7-5cb2a9204a4b tempest-SnapshotsActionsTest-511075252 None] Lock "cinder-quobyte-d2e359a5-dcf8-446d-9b65-a016f033bea0" released by "delete_snapshot" :: held 2.864s {{(pid=80495) __release /opt/stack/cinder/cinder/coordination.py:157}}
Nov 19 21:55:01 devstack cinder-volume[80495]: DEBUG cinder.quota [None req-8151eef2-e461-47ca-a8a7-5cb2a9204a4b tempest-SnapshotsActionsTest-511075252 None] Created reservations ['1df0d5a5-ac2e-46a2-837d-ad68f81769df', '6e262707-aa15-4e24-b6d9-bfebd4556c5a', '9bc28be5-f114-4b19-bab3-fd71a280e726', '7cc73964-c872-4841-8e46-f40776f8eb9c'] {{(pid=80495) reserve /opt/stack/cinder/cinder/quota.py:752}}
Nov 19 21:55:01 devstack cinder-volume[80495]: INFO cinder.volume.manager [None req-8151eef2-e461-47ca-a8a7-5cb2a9204a4b tempest-SnapshotsActionsTest-511075252 None] Delete snapshot completed successfully.
Nov 19 21:55:01 devstack cinder-volume[80495]: DEBUG cinder.coordination [None req-8151eef2-e461-47ca-a8a7-5cb2a9204a4b tempest-SnapshotsActionsTest-511075252 None] Lock "cinder-06c033bc-0078-41bc-a4bc-94f0565ac2a7-delete_snapshot" released by "delete_snapshot" :: held 3.003s {{(pid=80495) __release /opt/stack/cinder/cinder/coordination.py:157}}
Nov 19 21:55:02 devstack cinder-volume[80495]: WARNING cinder.volume.volume_utils [None req-65864bad-8b4e-4772-9d35-8bab4c4e2a0d tempest-SnapshotsActionsTest-334919318 None] Volume driver (QuobyteDriver 1.1.13) is currently unsupported and may be removed in the next release of OpenStack. Use at your own risk.
Nov 19 21:55:02 devstack cinder-volume[80495]: DEBUG oslo_concurrency.lockutils [None req-65864bad-8b4e-4772-9d35-8bab4c4e2a0d tempest-SnapshotsActionsTest-334919318 None] Acquiring lock "quobyte" by "cinder.volume.drivers.quobyte.QuobyteDriver.create_snapshot" {{(pid=80495) inner /opt/stack/data/venv/lib/python3.10/site-packages/oslo_concurrency/lockutils.py:405}}
Nov 19 21:55:02 devstack cinder-volume[80495]: DEBUG oslo_concurrency.lockutils [None req-65864bad-8b4e-4772-9d35-8bab4c4e2a0d tempest-SnapshotsActionsTest-334919318 None] Lock "quobyte" acquired by "cinder.volume.drivers.quobyte.QuobyteDriver.create_snapshot" :: waited 0.001s {{(pid=80495) inner /opt/stack/data/venv/lib/python3.10/site-packages/oslo_concurrency/lockutils.py:410}}
Nov 19 21:55:02 devstack cinder-volume[80495]: DEBUG cinder.volume.drivers.remotefs [None req-65864bad-8b4e-4772-9d35-8bab4c4e2a0d tempest-SnapshotsActionsTest-334919318 None] Creating offline snapshot 1d6da4c0-8a2a-4496-a9ae-bcee2b3ad7ce of volume d2e359a5-dcf8-446d-9b65-a016f033bea0 {{(pid=80495) _create_snapshot /opt/stack/cinder/cinder/volume/drivers/remotefs.py:1694}}
Nov 19 21:55:02 devstack cinder-volume[80495]: DEBUG oslo.privsep.daemon [-] privsep: reply[fea431ad-7b7c-4c9e-b3cb-44da513a15d4]: (4, 'qcow2') {{(pid=81613) _call_back /opt/stack/data/venv/lib/python3.10/site-packages/oslo_privsep/daemon.py:515}}
Nov 19 21:55:02 devstack cinder-volume[80495]: DEBUG oslo_concurrency.processutils [None req-65864bad-8b4e-4772-9d35-8bab4c4e2a0d tempest-SnapshotsActionsTest-334919318 None] Running cmd (subprocess): /opt/stack/data/venv/bin/python3.10 -m oslo_concurrency.prlimit --as=1073741824 --cpu=60 -- sudo cinder-rootwrap /etc/cinder/rootwrap.conf env LC_ALL=C qemu-img info -f qcow2 --output=json --force-share /opt/stack/data/cinder/mnt/94dd1ec3495539f721b570f4921882e3/volume-d2e359a5-dcf8-446d-9b65-a016f033bea0.7e3896ac-c413-4dcb-928d-bb706c6a8e59 {{(pid=80495) execute /opt/stack/data/venv/lib/python3.10/site-packages/oslo_concurrency/processutils.py:349}}
Nov 19 21:55:02 devstack sudo[87879]: quobyte : PWD=/ ; USER=root ; COMMAND=/opt/stack/data/venv/bin/cinder-rootwrap /etc/cinder/rootwrap.conf env LC_ALL=C qemu-img info -f qcow2 --output=json --force-share /opt/stack/data/cinder/mnt/94dd1ec3495539f721b570f4921882e3/volume-d2e359a5-dcf8-446d-9b65-a016f033bea0.7e3896ac-c413-4dcb-928d-bb706c6a8e59
Nov 19 21:55:02 devstack sudo[87879]: pam_unix(sudo:session): session opened for user root(uid=0) by (uid=1000)
Nov 19 21:55:03 devstack sudo[87879]: pam_unix(sudo:session): session closed for user root
Nov 19 21:55:03 devstack cinder-volume[80495]: DEBUG oslo_concurrency.processutils [None req-65864bad-8b4e-4772-9d35-8bab4c4e2a0d tempest-SnapshotsActionsTest-334919318 None] CMD "/opt/stack/data/venv/bin/python3.10 -m oslo_concurrency.prlimit --as=1073741824 --cpu=60 -- sudo cinder-rootwrap /etc/cinder/rootwrap.conf env LC_ALL=C qemu-img info -f qcow2 --output=json --force-share /opt/stack/data/cinder/mnt/94dd1ec3495539f721b570f4921882e3/volume-d2e359a5-dcf8-446d-9b65-a016f033bea0.7e3896ac-c413-4dcb-928d-bb706c6a8e59" returned: 0 in 0.739s {{(pid=80495) execute /opt/stack/data/venv/lib/python3.10/site-packages/oslo_concurrency/processutils.py:372}}
Nov 19 21:55:03 devstack cinder-volume[80495]: DEBUG cinder.volume.drivers.remotefs [None req-65864bad-8b4e-4772-9d35-8bab4c4e2a0d tempest-SnapshotsActionsTest-334919318 None] Fetching qemu-img info with special backing_file_template: (/opt/stack/data/cinder/mnt/[0-9a-f]+/)?(volume-d2e359a5-dcf8-446d-9b65-a016f033bea0(.(tmp-snap-)?[0-9a-f-]+)?|volume_from_snapshot_cache/(tmp-snap-)?[0-9a-f-]+(.(child-|parent-)[0-9a-f-]+)?)$ {{(pid=80495) _qemu_img_info_base /opt/stack/cinder/cinder/volume/drivers/remotefs.py:886}}
Nov 19 21:55:03 devstack cinder-volume[80495]: DEBUG oslo_concurrency.processutils [None req-65864bad-8b4e-4772-9d35-8bab4c4e2a0d tempest-SnapshotsActionsTest-334919318 None] Running cmd (subprocess): sudo cinder-rootwrap /etc/cinder/rootwrap.conf qemu-img create -f qcow2 -o backing_file=/opt/stack/data/cinder/mnt/94dd1ec3495539f721b570f4921882e3/volume-d2e359a5-dcf8-446d-9b65-a016f033bea0.7e3896ac-c413-4dcb-928d-bb706c6a8e59,backing_fmt=qcow2 /opt/stack/data/cinder/mnt/94dd1ec3495539f721b570f4921882e3/volume-d2e359a5-dcf8-446d-9b65-a016f033bea0.1d6da4c0-8a2a-4496-a9ae-bcee2b3ad7ce 1G {{(pid=80495) execute /opt/stack/data/venv/lib/python3.10/site-packages/oslo_concurrency/processutils.py:349}}
Nov 19 21:55:03 devstack sudo[87887]: quobyte : PWD=/ ; USER=root ; COMMAND=/opt/stack/data/venv/bin/cinder-rootwrap /etc/cinder/rootwrap.conf qemu-img create -f qcow2 -o backing_file=/opt/stack/data/cinder/mnt/94dd1ec3495539f721b570f4921882e3/volume-d2e359a5-dcf8-446d-9b65-a016f033bea0.7e3896ac-c413-4dcb-928d-bb706c6a8e59,backing_fmt=qcow2 /opt/stack/data/cinder/mnt/94dd1ec3495539f721b570f4921882e3/volume-d2e359a5-dcf8-446d-9b65-a016f033bea0.1d6da4c0-8a2a-4496-a9ae-bcee2b3ad7ce 1G
Nov 19 21:55:03 devstack sudo[87887]: pam_unix(sudo:session): session opened for user root(uid=0) by (uid=1000)
Nov 19 21:55:03 devstack sudo[87887]: pam_unix(sudo:session): session closed for user root
Nov 19 21:55:03 devstack cinder-volume[80495]: DEBUG oslo_concurrency.processutils [None req-65864bad-8b4e-4772-9d35-8bab4c4e2a0d tempest-SnapshotsActionsTest-334919318 None] CMD "sudo cinder-rootwrap /etc/cinder/rootwrap.conf qemu-img create -f qcow2 -o backing_file=/opt/stack/data/cinder/mnt/94dd1ec3495539f721b570f4921882e3/volume-d2e359a5-dcf8-446d-9b65-a016f033bea0.7e3896ac-c413-4dcb-928d-bb706c6a8e59,backing_fmt=qcow2 /opt/stack/data/cinder/mnt/94dd1ec3495539f721b570f4921882e3/volume-d2e359a5-dcf8-446d-9b65-a016f033bea0.1d6da4c0-8a2a-4496-a9ae-bcee2b3ad7ce 1G" returned: 0 in 0.681s {{(pid=80495) execute /opt/stack/data/venv/lib/python3.10/site-packages/oslo_concurrency/processutils.py:372}}
Nov 19 21:55:03 devstack cinder-volume[80495]: DEBUG oslo_concurrency.processutils [None req-65864bad-8b4e-4772-9d35-8bab4c4e2a0d tempest-SnapshotsActionsTest-334919318 None] Running cmd (subprocess): sudo cinder-rootwrap /etc/cinder/rootwrap.conf qemu-img rebase -u -b volume-d2e359a5-dcf8-446d-9b65-a016f033bea0.7e3896ac-c413-4dcb-928d-bb706c6a8e59 -F qcow2 /opt/stack/data/cinder/mnt/94dd1ec3495539f721b570f4921882e3/volume-d2e359a5-dcf8-446d-9b65-a016f033bea0.1d6da4c0-8a2a-4496-a9ae-bcee2b3ad7ce {{(pid=80495) execute /opt/stack/data/venv/lib/python3.10/site-packages/oslo_concurrency/processutils.py:349}}
Nov 19 21:55:03 devstack sudo[87893]: quobyte : PWD=/ ; USER=root ; COMMAND=/opt/stack/data/venv/bin/cinder-rootwrap /etc/cinder/rootwrap.conf qemu-img rebase -u -b volume-d2e359a5-dcf8-446d-9b65-a016f033bea0.7e3896ac-c413-4dcb-928d-bb706c6a8e59 -F qcow2 /opt/stack/data/cinder/mnt/94dd1ec3495539f721b570f4921882e3/volume-d2e359a5-dcf8-446d-9b65-a016f033bea0.1d6da4c0-8a2a-4496-a9ae-bcee2b3ad7ce
Nov 19 21:55:03 devstack sudo[87893]: pam_unix(sudo:session): session opened for user root(uid=0) by (uid=1000)
Nov 19 21:55:04 devstack cinder-volume[80495]: WARNING cinder.volume.volume_utils [req-bfdb3280-9934-4325-a2e2-1f044fdf18fe req-751d6c9e-fb56-4b60-9c71-31fa5fa18fc6 tempest-TaggedBootDevicesTest-1536026785 None] Volume driver (QuobyteDriver 1.1.13) is currently unsupported and may be removed in the next release of OpenStack. Use at your own risk.
Nov 19 21:55:04 devstack cinder-volume[80495]: WARNING cinder.volume.volume_utils [req-bfdb3280-9934-4325-a2e2-1f044fdf18fe req-751d6c9e-fb56-4b60-9c71-31fa5fa18fc6 tempest-TaggedBootDevicesTest-1536026785 None] Volume driver (QuobyteDriver 1.1.13) is currently unsupported and may be removed in the next release of OpenStack. Use at your own risk.
Nov 19 21:55:04 devstack cinder-volume[80495]: INFO cinder.volume.manager [req-bfdb3280-9934-4325-a2e2-1f044fdf18fe req-751d6c9e-fb56-4b60-9c71-31fa5fa18fc6 tempest-TaggedBootDevicesTest-1536026785 None] Terminate volume connection completed successfully.
Nov 19 21:55:04 devstack cinder-volume[80495]: DEBUG cinder.volume.manager [req-bfdb3280-9934-4325-a2e2-1f044fdf18fe req-751d6c9e-fb56-4b60-9c71-31fa5fa18fc6 tempest-TaggedBootDevicesTest-1536026785 None] Deleting attachment 8ac3895f-456b-40a9-be32-021fdef6008a. {{(pid=80495) attachment_delete /opt/stack/cinder/cinder/volume/manager.py:5050}}
Nov 19 21:55:04 devstack sudo[87893]: pam_unix(sudo:session): session closed for user root
Nov 19 21:55:04 devstack cinder-volume[80495]: DEBUG oslo_concurrency.processutils [None req-65864bad-8b4e-4772-9d35-8bab4c4e2a0d tempest-SnapshotsActionsTest-334919318 None] CMD "sudo cinder-rootwrap /etc/cinder/rootwrap.conf qemu-img rebase -u -b volume-d2e359a5-dcf8-446d-9b65-a016f033bea0.7e3896ac-c413-4dcb-928d-bb706c6a8e59 -F qcow2 /opt/stack/data/cinder/mnt/94dd1ec3495539f721b570f4921882e3/volume-d2e359a5-dcf8-446d-9b65-a016f033bea0.1d6da4c0-8a2a-4496-a9ae-bcee2b3ad7ce" returned: 0 in 0.731s {{(pid=80495) execute /opt/stack/data/venv/lib/python3.10/site-packages/oslo_concurrency/processutils.py:372}}
Nov 19 21:55:04 devstack cinder-volume[80495]: WARNING cinder.volume.drivers.remotefs [None req-65864bad-8b4e-4772-9d35-8bab4c4e2a0d tempest-SnapshotsActionsTest-334919318 None] /opt/stack/data/cinder/mnt/94dd1ec3495539f721b570f4921882e3/volume-d2e359a5-dcf8-446d-9b65-a016f033bea0.1d6da4c0-8a2a-4496-a9ae-bcee2b3ad7ce is being set with open permissions: ugo+rw
