Nov 25 17:20:38 devstack devstack@g-api.service[73287]: DEBUG glance.common.config [None req-e7d8f35a-2d14-415e-aac7-f34bc9df672e None None] barbican.timeout = None {{(pid=73287) log_opt_values /opt/stack/data/venv/lib/python3.10/site-packages/oslo_config/cfg.py:2824}}
Nov 25 17:20:38 devstack devstack@g-api.service[73287]: DEBUG glance.common.config [None req-e7d8f35a-2d14-415e-aac7-f34bc9df672e None None] barbican.verify_ssl = True {{(pid=73287) log_opt_values /opt/stack/data/venv/lib/python3.10/site-packages/oslo_config/cfg.py:2824}}
Nov 25 17:20:38 devstack devstack@g-api.service[73287]: DEBUG glance.common.config [None req-e7d8f35a-2d14-415e-aac7-f34bc9df672e None None] barbican.verify_ssl_path = None {{(pid=73287) log_opt_values /opt/stack/data/venv/lib/python3.10/site-packages/oslo_config/cfg.py:2824}}
Nov 25 17:20:38 devstack devstack@g-api.service[73287]: DEBUG glance.common.config [None req-e7d8f35a-2d14-415e-aac7-f34bc9df672e None None] barbican_service_user.auth_section = None {{(pid=73287) log_opt_values /opt/stack/data/venv/lib/python3.10/site-packages/oslo_config/cfg.py:2824}}
Nov 25 17:20:38 devstack devstack@g-api.service[73287]: DEBUG glance.common.config [None req-e7d8f35a-2d14-415e-aac7-f34bc9df672e None None] barbican_service_user.auth_type = None {{(pid=73287) log_opt_values /opt/stack/data/venv/lib/python3.10/site-packages/oslo_config/cfg.py:2824}}
Nov 25 17:20:38 devstack devstack@g-api.service[73287]: DEBUG glance.common.config [None req-e7d8f35a-2d14-415e-aac7-f34bc9df672e None None] barbican_service_user.cafile = None {{(pid=73287) log_opt_values /opt/stack/data/venv/lib/python3.10/site-packages/oslo_config/cfg.py:2824}}
Nov 25 17:20:38 devstack devstack@g-api.service[73287]: DEBUG glance.common.config [None req-e7d8f35a-2d14-415e-aac7-f34bc9df672e None None] barbican_service_user.certfile = None {{(pid=73287) log_opt_values /opt/stack/data/venv/lib/python3.10/site-packages/oslo_config/cfg.py:2824}}
Nov 25 17:20:38 devstack devstack@g-api.service[73287]: DEBUG glance.common.config [None req-e7d8f35a-2d14-415e-aac7-f34bc9df672e None None] barbican_service_user.collect_timing = False {{(pid=73287) log_opt_values /opt/stack/data/venv/lib/python3.10/site-packages/oslo_config/cfg.py:2824}}
Nov 25 17:20:38 devstack devstack@g-api.service[73287]: DEBUG glance.common.config [None req-e7d8f35a-2d14-415e-aac7-f34bc9df672e None None] barbican_service_user.insecure = False {{(pid=73287) log_opt_values /opt/stack/data/venv/lib/python3.10/site-packages/oslo_config/cfg.py:2824}}
Nov 25 17:20:38 devstack devstack@g-api.service[73287]: DEBUG glance.common.config [None req-e7d8f35a-2d14-415e-aac7-f34bc9df672e None None] barbican_service_user.keyfile = None {{(pid=73287) log_opt_values /opt/stack/data/venv/lib/python3.10/site-packages/oslo_config/cfg.py:2824}}
Nov 25 17:20:38 devstack devstack@g-api.service[73287]: DEBUG glance.common.config [None req-e7d8f35a-2d14-415e-aac7-f34bc9df672e None None] barbican_service_user.split_loggers = False {{(pid=73287) log_opt_values /opt/stack/data/venv/lib/python3.10/site-packages/oslo_config/cfg.py:2824}}
Nov 25 17:20:38 devstack devstack@g-api.service[73287]: DEBUG glance.common.config [None req-e7d8f35a-2d14-415e-aac7-f34bc9df672e None None] barbican_service_user.timeout = None {{(pid=73287) log_opt_values /opt/stack/data/venv/lib/python3.10/site-packages/oslo_config/cfg.py:2824}}
Nov 25 17:20:38 devstack devstack@g-api.service[73287]: DEBUG glance.common.config [None req-e7d8f35a-2d14-415e-aac7-f34bc9df672e None None] database.asyncio_connection = **** {{(pid=73287) log_opt_values /opt/stack/data/venv/lib/python3.10/site-packages/oslo_config/cfg.py:2824}}
Nov 25 17:20:38 devstack devstack@g-api.service[73287]: DEBUG glance.common.config [None req-e7d8f35a-2d14-415e-aac7-f34bc9df672e None None] database.asyncio_slave_connection = **** {{(pid=73287) log_opt_values /opt/stack/data/venv/lib/python3.10/site-packages/oslo_config/cfg.py:2824}}
Nov 25 17:20:38 devstack devstack@g-api.service[73287]: DEBUG glance.common.config [None req-e7d8f35a-2d14-415e-aac7-f34bc9df672e None None] database.backend = sqlalchemy {{(pid=73287) log_opt_values /opt/stack/data/venv/lib/python3.10/site-packages/oslo_config/cfg.py:2824}}
Nov 25 17:20:38 devstack devstack@g-api.service[73287]: DEBUG glance.common.config [None req-e7d8f35a-2d14-415e-aac7-f34bc9df672e None None] database.connection = **** {{(pid=73287) log_opt_values /opt/stack/data/venv/lib/python3.10/site-packages/oslo_config/cfg.py:2824}}
Nov 25 17:20:38 devstack devstack@g-api.service[73287]: DEBUG glance.common.config [None req-e7d8f35a-2d14-415e-aac7-f34bc9df672e None None] database.connection_debug = 0 {{(pid=73287) log_opt_values /opt/stack/data/venv/lib/python3.10/site-packages/oslo_config/cfg.py:2824}}
Nov 25 17:20:38 devstack devstack@g-api.service[73287]: DEBUG glance.common.config [None req-e7d8f35a-2d14-415e-aac7-f34bc9df672e None None] database.connection_parameters = {{(pid=73287) log_opt_values /opt/stack/data/venv/lib/python3.10/site-packages/oslo_config/cfg.py:2824}}
Nov 25 17:20:38 devstack devstack@g-api.service[73287]: DEBUG glance.common.config [None req-e7d8f35a-2d14-415e-aac7-f34bc9df672e None None] database.connection_recycle_time = 3600 {{(pid=73287) log_opt_values /opt/stack/data/venv/lib/python3.10/site-packages/oslo_config/cfg.py:2824}}
Nov 25 17:20:38 devstack devstack@g-api.service[73287]: DEBUG glance.common.config [None req-e7d8f35a-2d14-415e-aac7-f34bc9df672e None None] database.connection_trace = False {{(pid=73287) log_opt_values /opt/stack/data/venv/lib/python3.10/site-packages/oslo_config/cfg.py:2824}}
Nov 25 17:20:38 devstack devstack@g-api.service[73287]: DEBUG glance.common.config [None req-e7d8f35a-2d14-415e-aac7-f34bc9df672e None None] database.db_inc_retry_interval = True {{(pid=73287) log_opt_values /opt/stack/data/venv/lib/python3.10/site-packages/oslo_config/cfg.py:2824}}
Nov 25 17:20:38 devstack devstack@g-api.service[73287]: DEBUG glance.common.config [None req-e7d8f35a-2d14-415e-aac7-f34bc9df672e None None] database.db_max_retries = 20 {{(pid=73287) log_opt_values /opt/stack/data/venv/lib/python3.10/site-packages/oslo_config/cfg.py:2824}}
Nov 25 17:20:38 devstack devstack@g-api.service[73287]: DEBUG glance.common.config [None req-e7d8f35a-2d14-415e-aac7-f34bc9df672e None None] database.db_max_retry_interval = 10 {{(pid=73287) log_opt_values /opt/stack/data/venv/lib/python3.10/site-packages/oslo_config/cfg.py:2824}}
Nov 25 17:20:38 devstack devstack@g-api.service[73287]: DEBUG glance.common.config [None req-e7d8f35a-2d14-415e-aac7-f34bc9df672e None None] database.db_retry_interval = 1 {{(pid=73287) log_opt_values /opt/stack/data/venv/lib/python3.10/site-packages/oslo_config/cfg.py:2824}}
Nov 25 17:20:38 devstack devstack@g-api.service[73287]: DEBUG glance.common.config [None req-e7d8f35a-2d14-415e-aac7-f34bc9df672e None None] database.max_overflow = 50 {{(pid=73287) log_opt_values /opt/stack/data/venv/lib/python3.10/site-packages/oslo_config/cfg.py:2824}}
Nov 25 17:20:38 devstack devstack@g-api.service[73287]: DEBUG glance.common.config [None req-e7d8f35a-2d14-415e-aac7-f34bc9df672e None None] database.max_pool_size = 5 {{(pid=73287) log_opt_values /opt/stack/data/venv/lib/python3.10/site-packages/oslo_config/cfg.py:2824}}
Nov 25 17:20:38 devstack devstack@g-api.service[73287]: DEBUG glance.common.config [None req-e7d8f35a-2d14-415e-aac7-f34bc9df672e None None] database.max_retries = 10 {{(pid=73287) log_opt_values /opt/stack/data/venv/lib/python3.10/site-packages/oslo_config/cfg.py:2824}}
Nov 25 17:20:38 devstack devstack@g-api.service[73287]: DEBUG glance.common.config [None req-e7d8f35a-2d14-415e-aac7-f34bc9df672e None None] database.mysql_sql_mode = TRADITIONAL {{(pid=73287) log_opt_values /opt/stack/data/venv/lib/python3.10/site-packages/oslo_config/cfg.py:2824}}
Nov 25 17:20:38 devstack devstack@g-api.service[73287]: DEBUG glance.common.config [None req-e7d8f35a-2d14-415e-aac7-f34bc9df672e None None] database.mysql_wsrep_sync_wait = None {{(pid=73287) log_opt_values /opt/stack/data/venv/lib/python3.10/site-packages/oslo_config/cfg.py:2824}}
Nov 25 17:20:38 devstack devstack@g-api.service[73287]: DEBUG glance.common.config [None req-e7d8f35a-2d14-415e-aac7-f34bc9df672e None None] database.pool_timeout = None {{(pid=73287) log_opt_values /opt/stack/data/venv/lib/python3.10/site-packages/oslo_config/cfg.py:2824}}
Nov 25 17:20:38 devstack devstack@g-api.service[73287]: DEBUG glance.common.config [None req-e7d8f35a-2d14-415e-aac7-f34bc9df672e None None] database.retry_interval = 10 {{(pid=73287) log_opt_values /opt/stack/data/venv/lib/python3.10/site-packages/oslo_config/cfg.py:2824}}
Nov 25 17:20:38 devstack devstack@g-api.service[73287]: DEBUG glance.common.config [None req-e7d8f35a-2d14-415e-aac7-f34bc9df672e None None] database.slave_connection = **** {{(pid=73287) log_opt_values /opt/stack/data/venv/lib/python3.10/site-packages/oslo_config/cfg.py:2824}}
Nov 25 17:20:38 devstack devstack@g-api.service[73287]: DEBUG glance.common.config [None req-e7d8f35a-2d14-415e-aac7-f34bc9df672e None None] database.sqlite_synchronous = True {{(pid=73287) log_opt_values /opt/stack/data/venv/lib/python3.10/site-packages/oslo_config/cfg.py:2824}}
Nov 25 17:20:38 devstack devstack@g-api.service[73287]: DEBUG glance.common.config [None req-e7d8f35a-2d14-415e-aac7-f34bc9df672e None None] database.use_db_reconnect = False {{(pid=73287) log_opt_values /opt/stack/data/venv/lib/python3.10/site-packages/oslo_config/cfg.py:2824}}
Nov 25 17:20:38 devstack devstack@g-api.service[73287]: DEBUG glance.common.config [None req-e7d8f35a-2d14-415e-aac7-f34bc9df672e None None] healthcheck.allowed_source_ranges = [] {{(pid=73287) log_opt_values /opt/stack/data/venv/lib/python3.10/site-packages/oslo_config/cfg.py:2824}}
Nov 25 17:20:38 devstack devstack@g-api.service[73287]: DEBUG glance.common.config [None req-e7d8f35a-2d14-415e-aac7-f34bc9df672e None None] healthcheck.backends = ['disable_by_file'] {{(pid=73287) log_opt_values /opt/stack/data/venv/lib/python3.10/site-packages/oslo_config/cfg.py:2824}}
Nov 25 17:20:38 devstack devstack@g-api.service[73287]: DEBUG glance.common.config [None req-e7d8f35a-2d14-415e-aac7-f34bc9df672e None None] healthcheck.detailed = False {{(pid=73287) log_opt_values /opt/stack/data/venv/lib/python3.10/site-packages/oslo_config/cfg.py:2824}}
Nov 25 17:20:38 devstack devstack@g-api.service[73287]: DEBUG glance.common.config [None req-e7d8f35a-2d14-415e-aac7-f34bc9df672e None None] healthcheck.disable_by_file_path = None {{(pid=73287) log_opt_values /opt/stack/data/venv/lib/python3.10/site-packages/oslo_config/cfg.py:2824}}
Nov 25 17:20:38 devstack devstack@g-api.service[73287]: DEBUG glance.common.config [None req-e7d8f35a-2d14-415e-aac7-f34bc9df672e None None] healthcheck.ignore_proxied_requests = False {{(pid=73287) log_opt_values /opt/stack/data/venv/lib/python3.10/site-packages/oslo_config/cfg.py:2824}}
Nov 25 17:20:38 devstack devstack@g-api.service[73287]: DEBUG glance.common.config [None req-e7d8f35a-2d14-415e-aac7-f34bc9df672e None None] ******************************************************************************** {{(pid=73287) log_opt_values /opt/stack/data/venv/lib/python3.10/site-packages/oslo_config/cfg.py:2828}}
Nov 25 17:20:38 devstack devstack@g-api.service[73287]: WSGI app 0 (mountpoint='') ready in 3 seconds on interpreter 0x55bd4a1966a0 pid: 73287 (default app)
Nov 25 17:20:41 devstack devstack@g-api.service[73288]: DEBUG glance.api.middleware.version_negotiation [None req-bc3301fe-db33-4e41-9edd-231f7a4031f2 None None] Determining version of request: GET / Accept: application/json {{(pid=73288) process_request /opt/stack/glance/glance/api/middleware/version_negotiation.py:44}}
Nov 25 17:20:41 devstack devstack@g-api.service[73288]: DEBUG glance.api.middleware.version_negotiation [None req-bc3301fe-db33-4e41-9edd-231f7a4031f2 None None] Using url versioning {{(pid=73288) process_request /opt/stack/glance/glance/api/middleware/version_negotiation.py:57}}
Nov 25 17:20:41 devstack devstack@g-api.service[73288]: DEBUG glance.api.middleware.version_negotiation [None req-bc3301fe-db33-4e41-9edd-231f7a4031f2 None None] Unknown version. Returning version choices. {{(pid=73288) process_request /opt/stack/glance/glance/api/middleware/version_negotiation.py:64}}
Nov 25 17:20:41 devstack devstack@g-api.service[73288]: [pid: 73288|app: 0|req: 2/2] 127.0.0.1 () {34 vars in 519 bytes} [Tue Nov 25 17:20:41 2025] GET / => generated 1459 bytes in 2 msecs (HTTP/1.1 300) 3 headers in 106 bytes (1 switches on core 0)
Nov 25 17:20:41 devstack devstack@g-api.service[73287]: DEBUG glance.api.middleware.version_negotiation [None req-e7d8f35a-2d14-415e-aac7-f34bc9df672e None None] Determining version of request: POST /v2/images Accept: */* {{(pid=73287) process_request /opt/stack/glance/glance/api/middleware/version_negotiation.py:44}}
Nov 25 17:20:41 devstack devstack@g-api.service[73287]: DEBUG glance.api.middleware.version_negotiation [None req-e7d8f35a-2d14-415e-aac7-f34bc9df672e None None] Using url versioning {{(pid=73287) process_request /opt/stack/glance/glance/api/middleware/version_negotiation.py:57}}
Nov 25 17:20:41 devstack devstack@g-api.service[73287]: DEBUG glance.api.middleware.version_negotiation [None req-e7d8f35a-2d14-415e-aac7-f34bc9df672e None None] Matched version: v2 {{(pid=73287) process_request /opt/stack/glance/glance/api/middleware/version_negotiation.py:69}}
Nov 25 17:20:41 devstack devstack@g-api.service[73287]: DEBUG glance.api.middleware.version_negotiation [None req-e7d8f35a-2d14-415e-aac7-f34bc9df672e None None] new path /v2/images {{(pid=73287) process_request /opt/stack/glance/glance/api/middleware/version_negotiation.py:70}}
Nov 25 17:20:42 devstack devstack@g-api.service[73287]: [pid: 73287|app: 0|req: 1/3] 127.0.0.1 () {40 vars in 782 bytes} [Tue Nov 25 17:20:41 2025] POST /v2/images => generated 807 bytes in 810 msecs (HTTP/1.1 201) 6 headers in 314 bytes (1 switches on core 0)
Nov 25 17:20:42 devstack devstack@g-api.service[73288]: DEBUG glance.api.middleware.version_negotiation [None req-bc3301fe-db33-4e41-9edd-231f7a4031f2 None None] Determining version of request: PUT /v2/images/8dcd1b87-6226-40ef-9614-d25bbed8f814/file Accept: {{(pid=73288) process_request /opt/stack/glance/glance/api/middleware/version_negotiation.py:44}}
Nov 25 17:20:42 devstack devstack@g-api.service[73288]: DEBUG glance.api.middleware.version_negotiation [None req-bc3301fe-db33-4e41-9edd-231f7a4031f2 None None] Using url versioning {{(pid=73288) process_request /opt/stack/glance/glance/api/middleware/version_negotiation.py:57}}
Nov 25 17:20:42 devstack devstack@g-api.service[73288]: DEBUG glance.api.middleware.version_negotiation [None req-bc3301fe-db33-4e41-9edd-231f7a4031f2 None None] Matched version: v2 {{(pid=73288) process_request /opt/stack/glance/glance/api/middleware/version_negotiation.py:69}}
Nov 25 17:20:42 devstack devstack@g-api.service[73288]: DEBUG glance.api.middleware.version_negotiation [None req-bc3301fe-db33-4e41-9edd-231f7a4031f2 None None] new path /v2/images/8dcd1b87-6226-40ef-9614-d25bbed8f814/file {{(pid=73288) process_request /opt/stack/glance/glance/api/middleware/version_negotiation.py:70}}
Nov 25 17:20:43 devstack devstack@g-api.service[73288]: INFO glance.api.v2.image_data [None req-8b45f04e-8d1e-439e-a407-9cbff65e359e admin admin] Unable to create trust: no such option collect_timing in group [keystone_authtoken] Use the existing user token.
Nov 25 17:20:43 devstack devstack@g-api.service[73288]: DEBUG glance.location [None req-8b45f04e-8d1e-439e-a407-9cbff65e359e admin admin] Enabling in-flight format inspection for qcow2 {{(pid=73288) set_data /opt/stack/glance/glance/location.py:616}}
Nov 25 17:20:43 devstack devstack@g-api.service[73288]: DEBUG oslo_utils.imageutils.format_inspector [None req-8b45f04e-8d1e-439e-a407-9cbff65e359e admin admin] Format inspector for vmdk does not match, excluding from consideration (Signature KDMV not found: b'QFI\xfb') {{(pid=73288) _process_chunk /opt/stack/data/venv/lib/python3.10/site-packages/oslo_utils/imageutils/format_inspector.py:1537}}
Nov 25 17:20:43 devstack devstack@g-api.service[73288]: DEBUG oslo_utils.imageutils.format_inspector [None req-8b45f04e-8d1e-439e-a407-9cbff65e359e admin admin] Format inspector for vhdx does not match, excluding from consideration (Region signature not found at 30000) {{(pid=73288) _process_chunk /opt/stack/data/venv/lib/python3.10/site-packages/oslo_utils/imageutils/format_inspector.py:1537}}
Nov 25 17:20:43 devstack devstack@g-api.service[73288]: DEBUG glance_store._drivers.filesystem [None req-8b45f04e-8d1e-439e-a407-9cbff65e359e admin admin] Wrote 21692416 bytes to /opt/stack/data/glance/images/8dcd1b87-6226-40ef-9614-d25bbed8f814 with checksum 87617e24a5e30cb3b87fda8c0764838f and multihash 9a9bce0083a00939ec17c11febbfc767aa211aaa54f51e75c5a8b271a9b5637c77205a518b7a2007cb391d23cceb01e0e4e8d64832317151bc85b734b92a7be0 {{(pid=73288) add /opt/stack/data/venv/lib/python3.10/site-packages/glance_store/_drivers/filesystem.py:794}}
Nov 25 17:20:43 devstack devstack@g-api.service[73288]: INFO glance.location [None req-8b45f04e-8d1e-439e-a407-9cbff65e359e admin admin] Image format matched and virtual size computed: 117440512
Nov 25 17:20:43 devstack devstack@g-api.service[73288]: DEBUG glance_store.backend [None req-8b45f04e-8d1e-439e-a407-9cbff65e359e admin admin] Skipping store.set_acls... not implemented. {{(pid=73288) set_acls /opt/stack/data/venv/lib/python3.10/site-packages/glance_store/backend.py:507}}
Nov 25 17:20:43 devstack devstack@g-api.service[73288]: [pid: 73288|app: 0|req: 3/4] 127.0.0.1 () {40 vars in 875 bytes} [Tue Nov 25 17:20:42 2025] PUT /v2/images/8dcd1b87-6226-40ef-9614-d25bbed8f814/file => generated 0 bytes in 1108 msecs (HTTP/1.1 204) 4 headers in 171 bytes (1 switches on core 0)
Nov 25 17:20:43 devstack devstack@g-api.service[73287]: DEBUG glance.api.middleware.version_negotiation [None req-dbe04416-b6b7-4cc9-a23e-2a8ece6e2b53 admin admin] Determining version of request: GET /v2/images/8dcd1b87-6226-40ef-9614-d25bbed8f814 Accept: */* {{(pid=73287) process_request /opt/stack/glance/glance/api/middleware/version_negotiation.py:44}}
Nov 25 17:20:43 devstack devstack@g-api.service[73287]: DEBUG glance.api.middleware.version_negotiation [None req-dbe04416-b6b7-4cc9-a23e-2a8ece6e2b53 admin admin] Using url versioning {{(pid=73287) process_request /opt/stack/glance/glance/api/middleware/version_negotiation.py:57}}
Nov 25 17:20:43 devstack devstack@g-api.service[73287]: DEBUG glance.api.middleware.version_negotiation [None req-dbe04416-b6b7-4cc9-a23e-2a8ece6e2b53 admin admin] Matched version: v2 {{(pid=73287) process_request /opt/stack/glance/glance/api/middleware/version_negotiation.py:69}}
Nov 25 17:20:43 devstack devstack@g-api.service[73287]: DEBUG glance.api.middleware.version_negotiation [None req-dbe04416-b6b7-4cc9-a23e-2a8ece6e2b53 admin admin] new path /v2/images/8dcd1b87-6226-40ef-9614-d25bbed8f814 {{(pid=73287) process_request /opt/stack/glance/glance/api/middleware/version_negotiation.py:70}}
Nov 25 17:20:43 devstack devstack@g-api.service[73287]: [pid: 73287|app: 0|req: 2/5] 127.0.0.1 () {36 vars in 802 bytes} [Tue Nov 25 17:20:43 2025] GET /v2/images/8dcd1b87-6226-40ef-9614-d25bbed8f814 => generated 976 bytes in 16 msecs (HTTP/1.1 200) 4 headers in 157 bytes (1 switches on core 0)
Nov 25 17:20:53 devstack devstack@g-api.service[73288]: DEBUG dbcounter [-] [73288] Writing DB stats glance:INSERT=5,glance:SELECT=16,glance:UPDATE=2 {{(pid=73288) stat_writer /opt/stack/data/venv/lib/python3.10/site-packages/dbcounter.py:115}}
Nov 25 17:20:53 devstack devstack@g-api.service[73287]: DEBUG dbcounter [-] [73287] Writing DB stats glance:INSERT=9,glance:SELECT=6 {{(pid=73287) stat_writer /opt/stack/data/venv/lib/python3.10/site-packages/dbcounter.py:115}}
Nov 25 17:21:22 devstack devstack@g-api.service[73288]: DEBUG glance.api.middleware.version_negotiation [None req-8b45f04e-8d1e-439e-a407-9cbff65e359e admin admin] Determining version of request: GET / Accept: application/json {{(pid=73288) process_request /opt/stack/glance/glance/api/middleware/version_negotiation.py:44}}
Nov 25 17:21:22 devstack devstack@g-api.service[73288]: DEBUG glance.api.middleware.version_negotiation [None req-8b45f04e-8d1e-439e-a407-9cbff65e359e admin admin] Using url versioning {{(pid=73288) process_request /opt/stack/glance/glance/api/middleware/version_negotiation.py:57}}
Nov 25 17:21:22 devstack devstack@g-api.service[73288]: DEBUG glance.api.middleware.version_negotiation [None req-8b45f04e-8d1e-439e-a407-9cbff65e359e admin admin] Unknown version. Returning version choices. {{(pid=73288) process_request /opt/stack/glance/glance/api/middleware/version_negotiation.py:64}}
Nov 25 17:21:22 devstack devstack@g-api.service[73288]: [pid: 73288|app: 0|req: 4/6] 127.0.0.1 () {34 vars in 515 bytes} [Tue Nov 25 17:21:22 2025] GET / => generated 1459 bytes in 3 msecs (HTTP/1.1 300) 3 headers in 106 bytes (1 switches on core 0)
Nov 25 17:21:22 devstack devstack@g-api.service[73287]: DEBUG glance.api.middleware.version_negotiation [None req-d328bbd1-dd16-4152-8f83-d73c844a81ff admin admin] Determining version of request: GET /v2/images Accept: application/json {{(pid=73287) process_request /opt/stack/glance/glance/api/middleware/version_negotiation.py:44}}
Nov 25 17:21:22 devstack devstack@g-api.service[73287]: DEBUG glance.api.middleware.version_negotiation [None req-d328bbd1-dd16-4152-8f83-d73c844a81ff admin admin] Using url versioning {{(pid=73287) process_request /opt/stack/glance/glance/api/middleware/version_negotiation.py:57}}
Nov 25 17:21:22 devstack devstack@g-api.service[73287]: DEBUG glance.api.middleware.version_negotiation [None req-d328bbd1-dd16-4152-8f83-d73c844a81ff admin admin] Matched version: v2 {{(pid=73287) process_request /opt/stack/glance/glance/api/middleware/version_negotiation.py:69}}
Nov 25 17:21:22 devstack devstack@g-api.service[73287]: DEBUG glance.api.middleware.version_negotiation [None req-d328bbd1-dd16-4152-8f83-d73c844a81ff admin admin] new path /v2/images {{(pid=73287) process_request /opt/stack/glance/glance/api/middleware/version_negotiation.py:70}}
Nov 25 17:21:22 devstack devstack@g-api.service[73287]: [pid: 73287|app: 0|req: 3/7] 127.0.0.1 () {36 vars in 737 bytes} [Tue Nov 25 17:21:22 2025] GET /v2/images => generated 1045 bytes in 59 msecs (HTTP/1.1 200) 4 headers in 158 bytes (1 switches on core 0)
Nov 25 17:21:27 devstack devstack@g-api.service[73288]: DEBUG glance.api.middleware.version_negotiation [None req-8b45f04e-8d1e-439e-a407-9cbff65e359e admin admin] Determining version of request: GET / Accept: application/json {{(pid=73288) process_request /opt/stack/glance/glance/api/middleware/version_negotiation.py:44}}
Nov 25 17:21:27 devstack devstack@g-api.service[73288]: DEBUG glance.api.middleware.version_negotiation [None req-8b45f04e-8d1e-439e-a407-9cbff65e359e admin admin] Using url versioning {{(pid=73288) process_request /opt/stack/glance/glance/api/middleware/version_negotiation.py:57}}
Nov 25 17:21:27 devstack devstack@g-api.service[73288]: DEBUG glance.api.middleware.version_negotiation [None req-8b45f04e-8d1e-439e-a407-9cbff65e359e admin admin] Unknown version. Returning version choices. {{(pid=73288) process_request /opt/stack/glance/glance/api/middleware/version_negotiation.py:64}}
Nov 25 17:21:27 devstack devstack@g-api.service[73288]: [pid: 73288|app: 0|req: 5/8] 127.0.0.1 () {34 vars in 515 bytes} [Tue Nov 25 17:21:27 2025] GET / => generated 1459 bytes in 2 msecs (HTTP/1.1 300) 3 headers in 106 bytes (1 switches on core 0)
Nov 25 17:21:27 devstack devstack@g-api.service[73287]: DEBUG glance.api.middleware.version_negotiation [None req-76c7b5f5-8a2d-494f-910e-486800346435 admin admin] Determining version of request: GET /v2/images/8dcd1b87-6226-40ef-9614-d25bbed8f814 Accept: */* {{(pid=73287) process_request /opt/stack/glance/glance/api/middleware/version_negotiation.py:44}}
Nov 25 17:21:27 devstack devstack@g-api.service[73287]: DEBUG glance.api.middleware.version_negotiation [None req-76c7b5f5-8a2d-494f-910e-486800346435 admin admin] Using url versioning {{(pid=73287) process_request /opt/stack/glance/glance/api/middleware/version_negotiation.py:57}}
Nov 25 17:21:27 devstack devstack@g-api.service[73287]: DEBUG glance.api.middleware.version_negotiation [None req-76c7b5f5-8a2d-494f-910e-486800346435 admin admin] Matched version: v2 {{(pid=73287) process_request /opt/stack/glance/glance/api/middleware/version_negotiation.py:69}}
Nov 25 17:21:27 devstack devstack@g-api.service[73287]: DEBUG glance.api.middleware.version_negotiation [None req-76c7b5f5-8a2d-494f-910e-486800346435 admin admin] new path /v2/images/8dcd1b87-6226-40ef-9614-d25bbed8f814 {{(pid=73287) process_request /opt/stack/glance/glance/api/middleware/version_negotiation.py:70}}
Nov 25 17:21:27 devstack devstack@g-api.service[73287]: [pid: 73287|app: 0|req: 4/9] 127.0.0.1 () {36 vars in 798 bytes} [Tue Nov 25 17:21:27 2025] GET /v2/images/8dcd1b87-6226-40ef-9614-d25bbed8f814 => generated 976 bytes in 42 msecs (HTTP/1.1 200) 4 headers in 157 bytes (1 switches on core 0)
Nov 25 17:21:31 devstack devstack@g-api.service[73288]: DEBUG glance.api.middleware.version_negotiation [None req-8b45f04e-8d1e-439e-a407-9cbff65e359e admin admin] Determining version of request: GET / Accept: application/json {{(pid=73288) process_request /opt/stack/glance/glance/api/middleware/version_negotiation.py:44}}
Nov 25 17:21:31 devstack devstack@g-api.service[73288]: DEBUG glance.api.middleware.version_negotiation [None req-8b45f04e-8d1e-439e-a407-9cbff65e359e admin admin] Using url versioning {{(pid=73288) process_request /opt/stack/glance/glance/api/middleware/version_negotiation.py:57}}
Nov 25 17:21:31 devstack devstack@g-api.service[73288]: DEBUG glance.api.middleware.version_negotiation [None req-8b45f04e-8d1e-439e-a407-9cbff65e359e admin admin] Unknown version. Returning version choices. {{(pid=73288) process_request /opt/stack/glance/glance/api/middleware/version_negotiation.py:64}}
Nov 25 17:21:31 devstack devstack@g-api.service[73288]: [pid: 73288|app: 0|req: 6/10] 127.0.0.1 () {34 vars in 515 bytes} [Tue Nov 25 17:21:31 2025] GET / => generated 1459 bytes in 2 msecs (HTTP/1.1 300) 3 headers in 106 bytes (1 switches on core 0)
Nov 25 17:21:31 devstack devstack@g-api.service[73287]: DEBUG glance.api.middleware.version_negotiation [None req-0ccadf24-3da0-4980-8d3f-3ee0569ec0be admin admin] Determining version of request: GET /v2/images/8dcd1b87-6226-40ef-9614-d25bbed8f814 Accept: */* {{(pid=73287) process_request /opt/stack/glance/glance/api/middleware/version_negotiation.py:44}}
Nov 25 17:21:31 devstack devstack@g-api.service[73287]: DEBUG glance.api.middleware.version_negotiation [None req-0ccadf24-3da0-4980-8d3f-3ee0569ec0be admin admin] Using url versioning {{(pid=73287) process_request /opt/stack/glance/glance/api/middleware/version_negotiation.py:57}}
Nov 25 17:21:31 devstack devstack@g-api.service[73287]: DEBUG glance.api.middleware.version_negotiation [None req-0ccadf24-3da0-4980-8d3f-3ee0569ec0be admin admin] Matched version: v2 {{(pid=73287) process_request /opt/stack/glance/glance/api/middleware/version_negotiation.py:69}}
Nov 25 17:21:31 devstack devstack@g-api.service[73287]: DEBUG glance.api.middleware.version_negotiation [None req-0ccadf24-3da0-4980-8d3f-3ee0569ec0be admin admin] new path /v2/images/8dcd1b87-6226-40ef-9614-d25bbed8f814 {{(pid=73287) process_request /opt/stack/glance/glance/api/middleware/version_negotiation.py:70}}
Nov 25 17:21:31 devstack devstack@g-api.service[73287]: [pid: 73287|app: 0|req: 5/11] 127.0.0.1 () {36 vars in 798 bytes} [Tue Nov 25 17:21:31 2025] GET /v2/images/8dcd1b87-6226-40ef-9614-d25bbed8f814 => generated 976 bytes in 43 msecs (HTTP/1.1 200) 4 headers in 157 bytes (1 switches on core 0)
Nov 25 17:21:41 devstack devstack@g-api.service[73287]: DEBUG dbcounter [-] [73287] Writing DB stats glance:SELECT=5 {{(pid=73287) stat_writer /opt/stack/data/venv/lib/python3.10/site-packages/dbcounter.py:115}}
Nov 25 17:22:48 devstack devstack@g-api.service[73288]: DEBUG glance.api.middleware.version_negotiation [None req-8b45f04e-8d1e-439e-a407-9cbff65e359e admin admin] Determining version of request: GET / Accept: application/json {{(pid=73288) process_request /opt/stack/glance/glance/api/middleware/version_negotiation.py:44}}
Nov 25 17:22:48 devstack devstack@g-api.service[73288]: DEBUG glance.api.middleware.version_negotiation [None req-8b45f04e-8d1e-439e-a407-9cbff65e359e admin admin] Using url versioning {{(pid=73288) process_request /opt/stack/glance/glance/api/middleware/version_negotiation.py:57}}
Nov 25 17:22:48 devstack devstack@g-api.service[73288]: DEBUG glance.api.middleware.version_negotiation [None req-8b45f04e-8d1e-439e-a407-9cbff65e359e admin admin] Unknown version. Returning version choices. {{(pid=73288) process_request /opt/stack/glance/glance/api/middleware/version_negotiation.py:64}}
Nov 25 17:22:48 devstack devstack@g-api.service[73288]: [pid: 73288|app: 0|req: 7/12] 127.0.0.1 () {36 vars in 486 bytes} [Tue Nov 25 17:22:48 2025] GET / => generated 1459 bytes in 4 msecs (HTTP/1.1 300) 3 headers in 106 bytes (1 switches on core 0)
Nov 25 17:23:53 devstack devstack@g-api.service[73287]: DEBUG glance.api.middleware.version_negotiation [None req-06486715-aa3f-464c-8255-a7d98aff77c5 admin admin] Determining version of request: GET /v2/images/8dcd1b87-6226-40ef-9614-d25bbed8f814 Accept: application/json {{(pid=73287) process_request /opt/stack/glance/glance/api/middleware/version_negotiation.py:44}}
Nov 25 17:23:53 devstack devstack@g-api.service[73287]: DEBUG glance.api.middleware.version_negotiation [None req-06486715-aa3f-464c-8255-a7d98aff77c5 admin admin] Using url versioning {{(pid=73287) process_request /opt/stack/glance/glance/api/middleware/version_negotiation.py:57}}
Nov 25 17:23:53 devstack devstack@g-api.service[73287]: DEBUG glance.api.middleware.version_negotiation [None req-06486715-aa3f-464c-8255-a7d98aff77c5 admin admin] Matched version: v2 {{(pid=73287) process_request /opt/stack/glance/glance/api/middleware/version_negotiation.py:69}}
Nov 25 17:23:53 devstack devstack@g-api.service[73287]: DEBUG glance.api.middleware.version_negotiation [None req-06486715-aa3f-464c-8255-a7d98aff77c5 admin admin] new path /v2/images/8dcd1b87-6226-40ef-9614-d25bbed8f814 {{(pid=73287) process_request /opt/stack/glance/glance/api/middleware/version_negotiation.py:70}}
Nov 25 17:23:53 devstack devstack@g-api.service[73287]: [pid: 73287|app: 0|req: 6/13] 127.0.0.1 () {38 vars in 782 bytes} [Tue Nov 25 17:23:53 2025] GET /v2/images/8dcd1b87-6226-40ef-9614-d25bbed8f814 => generated 976 bytes in 102 msecs (HTTP/1.1 200) 4 headers in 157 bytes (1 switches on core 0)
Nov 25 17:23:53 devstack devstack@g-api.service[73288]: DEBUG glance.api.middleware.version_negotiation [None req-8b45f04e-8d1e-439e-a407-9cbff65e359e admin admin] Determining version of request: GET /v2/images/8dcd1b87-6226-40ef-9614-d25bbed8f814/file Accept: application/json {{(pid=73288) process_request /opt/stack/glance/glance/api/middleware/version_negotiation.py:44}}
Nov 25 17:23:53 devstack devstack@g-api.service[73288]: DEBUG glance.api.middleware.version_negotiation [None req-8b45f04e-8d1e-439e-a407-9cbff65e359e admin admin] Using url versioning {{(pid=73288) process_request /opt/stack/glance/glance/api/middleware/version_negotiation.py:57}}
Nov 25 17:23:53 devstack devstack@g-api.service[73288]: DEBUG glance.api.middleware.version_negotiation [None req-8b45f04e-8d1e-439e-a407-9cbff65e359e admin admin] Matched version: v2 {{(pid=73288) process_request /opt/stack/glance/glance/api/middleware/version_negotiation.py:69}}
Nov 25 17:23:53 devstack devstack@g-api.service[73288]: DEBUG glance.api.middleware.version_negotiation [None req-8b45f04e-8d1e-439e-a407-9cbff65e359e admin admin] new path /v2/images/8dcd1b87-6226-40ef-9614-d25bbed8f814/file {{(pid=73288) process_request /opt/stack/glance/glance/api/middleware/version_negotiation.py:70}}
Nov 25 17:23:53 devstack devstack@g-api.service[73288]: DEBUG glance_store._drivers.filesystem [None req-6cf7d3e4-5623-47b2-b9d1-a949d0983d37 tempest-AttachSCSIVolumeTestJSON-2095200415 tempest-AttachSCSIVolumeTestJSON-2095200415-project-admin] Found image at /opt/stack/data/glance/images/8dcd1b87-6226-40ef-9614-d25bbed8f814. Returning in ChunkedFile. {{(pid=73288) get /opt/stack/data/venv/lib/python3.10/site-packages/glance_store/_drivers/filesystem.py:618}}
Nov 25 17:23:53 devstack devstack@g-api.service[73288]: DEBUG glance.image_cache [None req-6cf7d3e4-5623-47b2-b9d1-a949d0983d37 tempest-AttachSCSIVolumeTestJSON-2095200415 tempest-AttachSCSIVolumeTestJSON-2095200415-project-admin] Tee'ing image '8dcd1b87-6226-40ef-9614-d25bbed8f814' into cache {{(pid=73288) get_caching_iter /opt/stack/glance/glance/image_cache/__init__.py:350}}
Nov 25 17:23:53 devstack devstack@g-api.service[73287]: DEBUG glance.api.middleware.version_negotiation [None req-d7ec5096-2ead-462d-8171-73b64bc5c5ae tempest-AttachSCSIVolumeTestJSON-2095200415 tempest-AttachSCSIVolumeTestJSON-2095200415-project-admin] Determining version of request: POST /v2/images Accept: application/json {{(pid=73287) process_request /opt/stack/glance/glance/api/middleware/version_negotiation.py:44}}
Nov 25 17:23:53 devstack devstack@g-api.service[73287]: DEBUG glance.api.middleware.version_negotiation [None req-d7ec5096-2ead-462d-8171-73b64bc5c5ae tempest-AttachSCSIVolumeTestJSON-2095200415 tempest-AttachSCSIVolumeTestJSON-2095200415-project-admin] Using url versioning {{(pid=73287) process_request /opt/stack/glance/glance/api/middleware/version_negotiation.py:57}}
Nov 25 17:23:53 devstack devstack@g-api.service[73287]: DEBUG glance.api.middleware.version_negotiation [None req-d7ec5096-2ead-462d-8171-73b64bc5c5ae tempest-AttachSCSIVolumeTestJSON-2095200415 tempest-AttachSCSIVolumeTestJSON-2095200415-project-admin] Matched version: v2 {{(pid=73287) process_request /opt/stack/glance/glance/api/middleware/version_negotiation.py:69}}
Nov 25 17:23:53 devstack devstack@g-api.service[73287]: DEBUG glance.api.middleware.version_negotiation [None req-d7ec5096-2ead-462d-8171-73b64bc5c5ae tempest-AttachSCSIVolumeTestJSON-2095200415 tempest-AttachSCSIVolumeTestJSON-2095200415-project-admin] new path /v2/images {{(pid=73287) process_request /opt/stack/glance/glance/api/middleware/version_negotiation.py:70}}
Nov 25 17:23:54 devstack devstack@g-api.service[73287]: [pid: 73287|app: 0|req: 7/14] 127.0.0.1 () {40 vars in 730 bytes} [Tue Nov 25 17:23:53 2025] POST /v2/images => generated 690 bytes in 610 msecs (HTTP/1.1 201) 6 headers in 314 bytes (1 switches on core 0)
Nov 25 17:23:54 devstack devstack@g-api.service[73287]: DEBUG glance.api.middleware.version_negotiation [None req-1663a501-3661-41d7-8398-32e21fcec762 tempest-AttachSCSIVolumeTestJSON-2095200415 tempest-AttachSCSIVolumeTestJSON-2095200415-project-admin] Determining version of request: PUT /v2/images/9174443a-23f8-4544-b861-2f689533a8a2/file Accept: {{(pid=73287) process_request /opt/stack/glance/glance/api/middleware/version_negotiation.py:44}}
Nov 25 17:23:54 devstack devstack@g-api.service[73287]: DEBUG glance.api.middleware.version_negotiation [None req-1663a501-3661-41d7-8398-32e21fcec762 tempest-AttachSCSIVolumeTestJSON-2095200415 tempest-AttachSCSIVolumeTestJSON-2095200415-project-admin] Using url versioning {{(pid=73287) process_request /opt/stack/glance/glance/api/middleware/version_negotiation.py:57}}
Nov 25 17:23:54 devstack devstack@g-api.service[73287]: DEBUG glance.api.middleware.version_negotiation [None req-1663a501-3661-41d7-8398-32e21fcec762 tempest-AttachSCSIVolumeTestJSON-2095200415 tempest-AttachSCSIVolumeTestJSON-2095200415-project-admin] Matched version: v2 {{(pid=73287) process_request /opt/stack/glance/glance/api/middleware/version_negotiation.py:69}}
Nov 25 17:23:54 devstack devstack@g-api.service[73287]: DEBUG glance.api.middleware.version_negotiation [None req-1663a501-3661-41d7-8398-32e21fcec762 tempest-AttachSCSIVolumeTestJSON-2095200415 tempest-AttachSCSIVolumeTestJSON-2095200415-project-admin] new path /v2/images/9174443a-23f8-4544-b861-2f689533a8a2/file {{(pid=73287) process_request /opt/stack/glance/glance/api/middleware/version_negotiation.py:70}}
Nov 25 17:23:54 devstack devstack@g-api.service[73288]: DEBUG glance.image_cache.drivers.centralized_db [None req-6cf7d3e4-5623-47b2-b9d1-a949d0983d37 tempest-AttachSCSIVolumeTestJSON-2095200415 tempest-AttachSCSIVolumeTestJSON-2095200415-project-admin] Fetch finished, moving '/opt/stack/data/glance/cache/incomplete/8dcd1b87-6226-40ef-9614-d25bbed8f814' to '/opt/stack/data/glance/cache/8dcd1b87-6226-40ef-9614-d25bbed8f814' {{(pid=73288) commit /opt/stack/glance/glance/image_cache/drivers/centralized_db.py:235}}
Nov 25 17:23:54 devstack devstack@g-api.service[73288]: DEBUG glance.image_cache.drivers.centralized_db [None req-6cf7d3e4-5623-47b2-b9d1-a949d0983d37 tempest-AttachSCSIVolumeTestJSON-2095200415 tempest-AttachSCSIVolumeTestJSON-2095200415-project-admin] Image cached successfully. {{(pid=73288) commit /opt/stack/glance/glance/image_cache/drivers/centralized_db.py:250}}
Nov 25 17:23:54 devstack devstack@g-api.service[73288]: [pid: 73288|app: 0|req: 8/15] 127.0.0.1 () {38 vars in 792 bytes} [Tue Nov 25 17:23:53 2025] GET /v2/images/8dcd1b87-6226-40ef-9614-d25bbed8f814/file => generated 21692416 bytes in 830 msecs (HTTP/1.1 200) 4 headers in 191 bytes (336 switches on core 0)
Nov 25 17:23:55 devstack devstack@g-api.service[73287]: INFO glance.api.v2.image_data [None req-acc766ad-d28f-47bb-9558-4488cd2e4507 tempest-AttachSCSIVolumeTestJSON-2095200415 tempest-AttachSCSIVolumeTestJSON-2095200415-project-admin] Unable to create trust: no such option collect_timing in group [keystone_authtoken] Use the existing user token.
Nov 25 17:23:55 devstack devstack@g-api.service[73287]: DEBUG glance.location [None req-acc766ad-d28f-47bb-9558-4488cd2e4507 tempest-AttachSCSIVolumeTestJSON-2095200415 tempest-AttachSCSIVolumeTestJSON-2095200415-project-admin] Enabling in-flight format inspection for qcow2 {{(pid=73287) set_data /opt/stack/glance/glance/location.py:616}}
Nov 25 17:23:55 devstack devstack@g-api.service[73287]: DEBUG oslo_utils.imageutils.format_inspector [None req-acc766ad-d28f-47bb-9558-4488cd2e4507 tempest-AttachSCSIVolumeTestJSON-2095200415 tempest-AttachSCSIVolumeTestJSON-2095200415-project-admin] Format inspector for vmdk does not match, excluding from consideration (Signature KDMV not found: b'QFI\xfb') {{(pid=73287) _process_chunk /opt/stack/data/venv/lib/python3.10/site-packages/oslo_utils/imageutils/format_inspector.py:1537}}
Nov 25 17:23:55 devstack devstack@g-api.service[73287]: DEBUG oslo_utils.imageutils.format_inspector [None req-acc766ad-d28f-47bb-9558-4488cd2e4507 tempest-AttachSCSIVolumeTestJSON-2095200415 tempest-AttachSCSIVolumeTestJSON-2095200415-project-admin] Format inspector for vhdx does not match, excluding from consideration (Region signature not found at 30000) {{(pid=73287) _process_chunk /opt/stack/data/venv/lib/python3.10/site-packages/oslo_utils/imageutils/format_inspector.py:1537}}
Nov 25 17:23:55 devstack devstack@g-api.service[73287]: DEBUG glance_store._drivers.filesystem [None req-acc766ad-d28f-47bb-9558-4488cd2e4507 tempest-AttachSCSIVolumeTestJSON-2095200415 tempest-AttachSCSIVolumeTestJSON-2095200415-project-admin] Wrote 21692416 bytes to /opt/stack/data/glance/images/9174443a-23f8-4544-b861-2f689533a8a2 with checksum 87617e24a5e30cb3b87fda8c0764838f and multihash 9a9bce0083a00939ec17c11febbfc767aa211aaa54f51e75c5a8b271a9b5637c77205a518b7a2007cb391d23cceb01e0e4e8d64832317151bc85b734b92a7be0 {{(pid=73287) add /opt/stack/data/venv/lib/python3.10/site-packages/glance_store/_drivers/filesystem.py:794}}
Nov 25 17:23:55 devstack devstack@g-api.service[73287]: INFO glance.location [None req-acc766ad-d28f-47bb-9558-4488cd2e4507 tempest-AttachSCSIVolumeTestJSON-2095200415 tempest-AttachSCSIVolumeTestJSON-2095200415-project-admin] Image format matched and virtual size computed: 117440512
Nov 25 17:23:55 devstack devstack@g-api.service[73287]: DEBUG glance_store.backend [None req-acc766ad-d28f-47bb-9558-4488cd2e4507 tempest-AttachSCSIVolumeTestJSON-2095200415 tempest-AttachSCSIVolumeTestJSON-2095200415-project-admin] Skipping store.set_acls... not implemented. {{(pid=73287) set_acls /opt/stack/data/venv/lib/python3.10/site-packages/glance_store/backend.py:507}}
Nov 25 17:23:55 devstack devstack@g-api.service[73287]: [pid: 73287|app: 0|req: 8/16] 127.0.0.1 () {38 vars in 802 bytes} [Tue Nov 25 17:23:54 2025] PUT /v2/images/9174443a-23f8-4544-b861-2f689533a8a2/file => generated 0 bytes in 1409 msecs (HTTP/1.1 204) 4 headers in 171 bytes (1 switches on core 0)
Nov 25 17:24:04 devstack devstack@g-api.service[73288]: DEBUG dbcounter [-] [73288] Writing DB stats glance:SELECT=5,glance:INSERT=1 {{(pid=73288) stat_writer /opt/stack/data/venv/lib/python3.10/site-packages/dbcounter.py:115}}
Nov 25 17:24:05 devstack devstack@g-api.service[73287]: DEBUG dbcounter [-] [73287] Writing DB stats glance:SELECT=22,glance:INSERT=5,glance:UPDATE=2 {{(pid=73287) stat_writer /opt/stack/data/venv/lib/python3.10/site-packages/dbcounter.py:115}}
Nov 25 17:24:08 devstack devstack@g-api.service[73288]: DEBUG glance.api.middleware.version_negotiation [None req-6cf7d3e4-5623-47b2-b9d1-a949d0983d37 tempest-AttachSCSIVolumeTestJSON-2095200415 tempest-AttachSCSIVolumeTestJSON-2095200415-project-admin] Determining version of request: GET / Accept: application/json {{(pid=73288) process_request /opt/stack/glance/glance/api/middleware/version_negotiation.py:44}}
Nov 25 17:24:08 devstack devstack@g-api.service[73288]: DEBUG glance.api.middleware.version_negotiation [None req-6cf7d3e4-5623-47b2-b9d1-a949d0983d37 tempest-AttachSCSIVolumeTestJSON-2095200415 tempest-AttachSCSIVolumeTestJSON-2095200415-project-admin] Using url versioning {{(pid=73288) process_request /opt/stack/glance/glance/api/middleware/version_negotiation.py:57}}
Nov 25 17:24:08 devstack devstack@g-api.service[73288]: DEBUG glance.api.middleware.version_negotiation [None req-6cf7d3e4-5623-47b2-b9d1-a949d0983d37 tempest-AttachSCSIVolumeTestJSON-2095200415 tempest-AttachSCSIVolumeTestJSON-2095200415-project-admin] Unknown version. Returning version choices. {{(pid=73288) process_request /opt/stack/glance/glance/api/middleware/version_negotiation.py:64}}
Nov 25 17:24:08 devstack devstack@g-api.service[73288]: [pid: 73288|app: 0|req: 9/17] 127.0.0.1 () {34 vars in 502 bytes} [Tue Nov 25 17:24:08 2025] GET / => generated 1459 bytes in 2 msecs (HTTP/1.1 300) 3 headers in 106 bytes (1 switches on core 0)
Nov 25 17:24:08 devstack devstack@g-api.service[73287]: DEBUG glance.api.middleware.version_negotiation [None req-acc766ad-d28f-47bb-9558-4488cd2e4507 tempest-AttachSCSIVolumeTestJSON-2095200415 tempest-AttachSCSIVolumeTestJSON-2095200415-project-admin] Determining version of request: GET /v2/images/9174443a-23f8-4544-b861-2f689533a8a2 Accept: */* {{(pid=73287) process_request /opt/stack/glance/glance/api/middleware/version_negotiation.py:44}}
Nov 25 17:24:08 devstack devstack@g-api.service[73287]: DEBUG glance.api.middleware.version_negotiation [None req-acc766ad-d28f-47bb-9558-4488cd2e4507 tempest-AttachSCSIVolumeTestJSON-2095200415 tempest-AttachSCSIVolumeTestJSON-2095200415-project-admin] Using url versioning {{(pid=73287) process_request /opt/stack/glance/glance/api/middleware/version_negotiation.py:57}}
Nov 25 17:24:08 devstack devstack@g-api.service[73287]: DEBUG glance.api.middleware.version_negotiation [None req-acc766ad-d28f-47bb-9558-4488cd2e4507 tempest-AttachSCSIVolumeTestJSON-2095200415 tempest-AttachSCSIVolumeTestJSON-2095200415-project-admin] Matched version: v2 {{(pid=73287) process_request /opt/stack/glance/glance/api/middleware/version_negotiation.py:69}}
Nov 25 17:24:08 devstack devstack@g-api.service[73287]: DEBUG glance.api.middleware.version_negotiation [None req-acc766ad-d28f-47bb-9558-4488cd2e4507 tempest-AttachSCSIVolumeTestJSON-2095200415 tempest-AttachSCSIVolumeTestJSON-2095200415-project-admin] new path /v2/images/9174443a-23f8-4544-b861-2f689533a8a2 {{(pid=73287) process_request /opt/stack/glance/glance/api/middleware/version_negotiation.py:70}}
Nov 25 17:24:08 devstack devstack@g-api.service[73287]: WARNING keystonemiddleware.auth_token [None req-acc766ad-d28f-47bb-9558-4488cd2e4507 tempest-AttachSCSIVolumeTestJSON-2095200415 tempest-AttachSCSIVolumeTestJSON-2095200415-project-admin] A valid token was submitted as a service token, but it was not a valid service token. This is incorrect but backwards compatible behaviour. This will be removed in future releases.
Nov 25 17:24:08 devstack devstack@g-api.service[73287]: [pid: 73287|app: 0|req: 9/18] 127.0.0.1 () {42 vars in 1057 bytes} [Tue Nov 25 17:24:08 2025] GET /v2/images/9174443a-23f8-4544-b861-2f689533a8a2 => generated 859 bytes in 158 msecs (HTTP/1.1 200) 4 headers in 157 bytes (1 switches on core 0)
Nov 25 17:24:08 devstack devstack@g-api.service[73288]: DEBUG glance.api.middleware.version_negotiation [None req-6cf7d3e4-5623-47b2-b9d1-a949d0983d37 tempest-AttachSCSIVolumeTestJSON-2095200415 tempest-AttachSCSIVolumeTestJSON-2095200415-project-admin] Determining version of request: GET /v2/schemas/image Accept: */* {{(pid=73288) process_request /opt/stack/glance/glance/api/middleware/version_negotiation.py:44}}
Nov 25 17:24:08 devstack devstack@g-api.service[73288]: DEBUG glance.api.middleware.version_negotiation [None req-6cf7d3e4-5623-47b2-b9d1-a949d0983d37 tempest-AttachSCSIVolumeTestJSON-2095200415 tempest-AttachSCSIVolumeTestJSON-2095200415-project-admin] Using url versioning {{(pid=73288) process_request /opt/stack/glance/glance/api/middleware/version_negotiation.py:57}}
Nov 25 17:24:08 devstack devstack@g-api.service[73288]: DEBUG glance.api.middleware.version_negotiation [None req-6cf7d3e4-5623-47b2-b9d1-a949d0983d37 tempest-AttachSCSIVolumeTestJSON-2095200415 tempest-AttachSCSIVolumeTestJSON-2095200415-project-admin] Matched version: v2 {{(pid=73288) process_request /opt/stack/glance/glance/api/middleware/version_negotiation.py:69}}
Nov 25 17:24:08 devstack devstack@g-api.service[73288]: DEBUG glance.api.middleware.version_negotiation [None req-6cf7d3e4-5623-47b2-b9d1-a949d0983d37 tempest-AttachSCSIVolumeTestJSON-2095200415 tempest-AttachSCSIVolumeTestJSON-2095200415-project-admin] new path /v2/schemas/image {{(pid=73288) process_request /opt/stack/glance/glance/api/middleware/version_negotiation.py:70}}
Nov 25 17:24:08 devstack devstack@g-api.service[73288]: WARNING keystonemiddleware.auth_token [None req-6cf7d3e4-5623-47b2-b9d1-a949d0983d37 tempest-AttachSCSIVolumeTestJSON-2095200415 tempest-AttachSCSIVolumeTestJSON-2095200415-project-admin] A valid token was submitted as a service token, but it was not a valid service token. This is incorrect but backwards compatible behaviour. This will be removed in future releases.
Nov 25 17:24:08 devstack devstack@g-api.service[73288]: [pid: 73288|app: 0|req: 10/19] 127.0.0.1 () {42 vars in 997 bytes} [Tue Nov 25 17:24:08 2025] GET /v2/schemas/image => generated 6083 bytes in 5 msecs (HTTP/1.1 200) 4 headers in 158 bytes (1 switches on core 0)
Nov 25 17:24:11 devstack devstack@g-api.service[73287]: DEBUG glance.api.middleware.version_negotiation [None req-4015464f-2624-42bb-bb4e-b069d97fe112 tempest-AttachSCSIVolumeTestJSON-1890781709 tempest-AttachSCSIVolumeTestJSON-1890781709-project-member] Determining version of request: GET / Accept: application/json {{(pid=73287) process_request /opt/stack/glance/glance/api/middleware/version_negotiation.py:44}}
Nov 25 17:24:11 devstack devstack@g-api.service[73287]: DEBUG glance.api.middleware.version_negotiation [None req-4015464f-2624-42bb-bb4e-b069d97fe112 tempest-AttachSCSIVolumeTestJSON-1890781709 tempest-AttachSCSIVolumeTestJSON-1890781709-project-member] Using url versioning {{(pid=73287) process_request /opt/stack/glance/glance/api/middleware/version_negotiation.py:57}}
Nov 25 17:24:11 devstack devstack@g-api.service[73287]: DEBUG glance.api.middleware.version_negotiation [None req-4015464f-2624-42bb-bb4e-b069d97fe112 tempest-AttachSCSIVolumeTestJSON-1890781709 tempest-AttachSCSIVolumeTestJSON-1890781709-project-member] Unknown version. Returning version choices. {{(pid=73287) process_request /opt/stack/glance/glance/api/middleware/version_negotiation.py:64}}
Nov 25 17:24:11 devstack devstack@g-api.service[73287]: [pid: 73287|app: 0|req: 10/20] 127.0.0.1 () {34 vars in 502 bytes} [Tue Nov 25 17:24:11 2025] GET / => generated 1459 bytes in 2 msecs (HTTP/1.1 300) 3 headers in 106 bytes (1 switches on core 0)
Nov 25 17:24:11 devstack devstack@g-api.service[73288]: DEBUG glance.api.middleware.version_negotiation [None req-4015464f-2624-42bb-bb4e-b069d97fe112 tempest-AttachSCSIVolumeTestJSON-1890781709 tempest-AttachSCSIVolumeTestJSON-1890781709-project-member] Determining version of request: GET /v2/images/8dcd1b87-6226-40ef-9614-d25bbed8f814 Accept: */* {{(pid=73288) process_request /opt/stack/glance/glance/api/middleware/version_negotiation.py:44}}
Nov 25 17:24:11 devstack devstack@g-api.service[73288]: DEBUG glance.api.middleware.version_negotiation [None req-4015464f-2624-42bb-bb4e-b069d97fe112 tempest-AttachSCSIVolumeTestJSON-1890781709 tempest-AttachSCSIVolumeTestJSON-1890781709-project-member] Using url versioning {{(pid=73288) process_request /opt/stack/glance/glance/api/middleware/version_negotiation.py:57}}
Nov 25 17:24:11 devstack devstack@g-api.service[73288]: DEBUG glance.api.middleware.version_negotiation [None req-4015464f-2624-42bb-bb4e-b069d97fe112 tempest-AttachSCSIVolumeTestJSON-1890781709 tempest-AttachSCSIVolumeTestJSON-1890781709-project-member] Matched version: v2 {{(pid=73288) process_request /opt/stack/glance/glance/api/middleware/version_negotiation.py:69}}
