Nov 21 16:41:04 devstack cinder-volume[81810]: DEBUG cinder.volume.manager [None req-4ccbe4ef-23dd-4da0-8282-3d9a0a3d2731 tempest-AttachVolumeTestJSON-712008378 None] Task 'cinder.volume.flows.manager.create_volume.ExtractVolumeRefTask;volume:create' (fe40f344-a144-4120-a202-7cc6f2f3c190) transitioned into state 'SUCCESS' from state 'RUNNING' with result 'Volume(_name_id=None,admin_metadata=,attach_status='detached',availability_zone='nova',bootable=False,cluster=,cluster_name=None,consistencygroup=,consistencygroup_id=None,created_at=2025-11-21T15:41:05Z,deleted=False,deleted_at=None,display_description=None,display_name='tempest-AttachVolumeTestJSON-volume-739632849',ec2_id=None,encryption_key_id=None,glance_metadata=,group=,group_id=None,host='devstack@QuobyteHD#QuobyteHD',id=da93a80c-6b35-4580-9d5f-b8f10a2cf1ba,launched_at=None,metadata={},migration_status=None,multiattach=False,previous_status=None,project_id='674eb57ca5474a8a944d675159caa611',provider_auth=None,provider_geometry=None,provider_id=None,provider_location=None,replication_driver_data=None,replication_extended_status=None,replication_status=None,scheduled_at=2025-11-21T15:41:05Z,service_uuid=None,shared_targets=True,size=1,snapshot_id=None,snapshots=,source_volid=None,status='creating',terminated_at=None,updated_at=2025-11-21T15:41:05Z,use_quota=True,user_id='439a588a12494f73b697f8fbf4529238',volume_attachment=VolumeAttachmentList,volume_type=VolumeType(68ec5374-1ea7-4322-b34c-be82a837c1a3),volume_type_id=68ec5374-1ea7-4322-b34c-be82a837c1a3)' {{(pid=81810) _task_receiver /opt/stack/data/venv/lib/python3.10/site-packages/taskflow/listeners/logging.py:182}}
Nov 21 16:41:04 devstack cinder-volume[81810]: DEBUG cinder.volume.manager [None req-4ccbe4ef-23dd-4da0-8282-3d9a0a3d2731 tempest-AttachVolumeTestJSON-712008378 None] Task 'cinder.volume.flows.manager.create_volume.OnFailureRescheduleTask;volume:create' (e462ee94-2a3c-4910-9e73-602e619b9590) transitioned into state 'RUNNING' from state 'PENDING' {{(pid=81810) _task_receiver /opt/stack/data/venv/lib/python3.10/site-packages/taskflow/listeners/logging.py:194}}
Nov 21 16:41:04 devstack cinder-volume[81810]: DEBUG cinder.volume.manager [None req-4ccbe4ef-23dd-4da0-8282-3d9a0a3d2731 tempest-AttachVolumeTestJSON-712008378 None] Task 'cinder.volume.flows.manager.create_volume.OnFailureRescheduleTask;volume:create' (e462ee94-2a3c-4910-9e73-602e619b9590) transitioned into state 'SUCCESS' from state 'RUNNING' with result 'None' {{(pid=81810) _task_receiver /opt/stack/data/venv/lib/python3.10/site-packages/taskflow/listeners/logging.py:182}}
Nov 21 16:41:04 devstack cinder-volume[81810]: DEBUG cinder.volume.manager [None req-4ccbe4ef-23dd-4da0-8282-3d9a0a3d2731 tempest-AttachVolumeTestJSON-712008378 None] Task 'cinder.volume.flows.manager.create_volume.ExtractVolumeSpecTask;volume:create' (6bbe664f-df20-4340-937b-08839742b7fa) transitioned into state 'RUNNING' from state 'PENDING' {{(pid=81810) _task_receiver /opt/stack/data/venv/lib/python3.10/site-packages/taskflow/listeners/logging.py:194}}
Nov 21 16:41:04 devstack cinder-volume[81810]: DEBUG cinder.volume.manager [None req-4ccbe4ef-23dd-4da0-8282-3d9a0a3d2731 tempest-AttachVolumeTestJSON-712008378 None] Task 'cinder.volume.flows.manager.create_volume.ExtractVolumeSpecTask;volume:create' (6bbe664f-df20-4340-937b-08839742b7fa) transitioned into state 'SUCCESS' from state 'RUNNING' with result '{'status': 'creating', 'type': 'raw', 'volume_id': 'da93a80c-6b35-4580-9d5f-b8f10a2cf1ba', 'volume_name': 'volume-da93a80c-6b35-4580-9d5f-b8f10a2cf1ba', 'volume_size': 1}' {{(pid=81810) _task_receiver /opt/stack/data/venv/lib/python3.10/site-packages/taskflow/listeners/logging.py:182}}
Nov 21 16:41:04 devstack cinder-volume[81810]: DEBUG cinder.volume.manager [None req-4ccbe4ef-23dd-4da0-8282-3d9a0a3d2731 tempest-AttachVolumeTestJSON-712008378 None] Task 'cinder.volume.flows.manager.create_volume.NotifyVolumeActionTask;volume:create, create.start' (bba36d86-ea19-4553-ae93-c6a38ed82a24) transitioned into state 'RUNNING' from state 'PENDING' {{(pid=81810) _task_receiver /opt/stack/data/venv/lib/python3.10/site-packages/taskflow/listeners/logging.py:194}}
Nov 21 16:41:04 devstack cinder-volume[81810]: DEBUG cinder.volume.manager [None req-4ccbe4ef-23dd-4da0-8282-3d9a0a3d2731 tempest-AttachVolumeTestJSON-712008378 None] Task 'cinder.volume.flows.manager.create_volume.NotifyVolumeActionTask;volume:create, create.start' (bba36d86-ea19-4553-ae93-c6a38ed82a24) transitioned into state 'SUCCESS' from state 'RUNNING' with result 'None' {{(pid=81810) _task_receiver /opt/stack/data/venv/lib/python3.10/site-packages/taskflow/listeners/logging.py:182}}
Nov 21 16:41:04 devstack cinder-volume[81810]: DEBUG cinder.volume.manager [None req-4ccbe4ef-23dd-4da0-8282-3d9a0a3d2731 tempest-AttachVolumeTestJSON-712008378 None] Task 'cinder.volume.flows.manager.create_volume.CreateVolumeFromSpecTask;volume:create' (3f5daba0-8f36-4576-8961-c3ae09df8fa9) transitioned into state 'RUNNING' from state 'PENDING' {{(pid=81810) _task_receiver /opt/stack/data/venv/lib/python3.10/site-packages/taskflow/listeners/logging.py:194}}
Nov 21 16:41:04 devstack cinder-volume[81810]: INFO cinder.volume.flows.manager.create_volume [None req-4ccbe4ef-23dd-4da0-8282-3d9a0a3d2731 tempest-AttachVolumeTestJSON-712008378 None] Volume da93a80c-6b35-4580-9d5f-b8f10a2cf1ba: being created as raw with specification: {'status': 'creating', 'volume_name': 'volume-da93a80c-6b35-4580-9d5f-b8f10a2cf1ba', 'volume_size': 1}
Nov 21 16:41:04 devstack cinder-volume[81810]: DEBUG oslo_concurrency.lockutils [None req-4ccbe4ef-23dd-4da0-8282-3d9a0a3d2731 tempest-AttachVolumeTestJSON-712008378 None] Acquiring lock "quobyte" by "cinder.volume.drivers.quobyte.QuobyteDriver.create_volume" {{(pid=81810) inner /opt/stack/data/venv/lib/python3.10/site-packages/oslo_concurrency/lockutils.py:405}}
Nov 21 16:41:04 devstack cinder-volume[81810]: DEBUG oslo_concurrency.lockutils [None req-4ccbe4ef-23dd-4da0-8282-3d9a0a3d2731 tempest-AttachVolumeTestJSON-712008378 None] Lock "quobyte" acquired by "cinder.volume.drivers.quobyte.QuobyteDriver.create_volume" :: waited 0.000s {{(pid=81810) inner /opt/stack/data/venv/lib/python3.10/site-packages/oslo_concurrency/lockutils.py:410}}
Nov 21 16:41:04 devstack cinder-volume[81810]: DEBUG cinder.volume.drivers.quobyte [None req-4ccbe4ef-23dd-4da0-8282-3d9a0a3d2731 tempest-AttachVolumeTestJSON-712008378 None] ==> create_volume: call "{'self': , 'volume': Volume(_name_id=None,admin_metadata=,attach_status='detached',availability_zone='nova',bootable=False,cluster=,cluster_name=None,consistencygroup=,consistencygroup_id=None,created_at=2025-11-21T15:41:05Z,deleted=False,deleted_at=None,display_description=None,display_name='tempest-AttachVolumeTestJSON-volume-739632849',ec2_id=None,encryption_key_id=None,glance_metadata=,group=,group_id=None,host='devstack@QuobyteHD#QuobyteHD',id=da93a80c-6b35-4580-9d5f-b8f10a2cf1ba,launched_at=None,metadata={},migration_status=None,multiattach=False,previous_status=None,project_id='674eb57ca5474a8a944d675159caa611',provider_auth=None,provider_geometry=None,provider_id=None,provider_location=None,replication_driver_data=None,replication_extended_status=None,replication_status=None,scheduled_at=2025-11-21T15:41:05Z,service_uuid=None,shared_targets=True,size=1,snapshot_id=None,snapshots=,source_volid=None,status='creating',terminated_at=None,updated_at=2025-11-21T15:41:05Z,use_quota=True,user_id='439a588a12494f73b697f8fbf4529238',volume_attachment=VolumeAttachmentList,volume_type=VolumeType(68ec5374-1ea7-4322-b34c-be82a837c1a3),volume_type_id=68ec5374-1ea7-4322-b34c-be82a837c1a3)}" {{(pid=81810) trace_logging_wrapper /opt/stack/cinder/cinder/volume/volume_utils.py:1498}}
Nov 21 16:41:04 devstack cinder-volume[81810]: DEBUG cinder.volume.drivers.remotefs [None req-4ccbe4ef-23dd-4da0-8282-3d9a0a3d2731 tempest-AttachVolumeTestJSON-712008378 None] Creating volume da93a80c-6b35-4580-9d5f-b8f10a2cf1ba {{(pid=81810) create_volume /opt/stack/cinder/cinder/volume/drivers/remotefs.py:290}}
Nov 21 16:41:04 devstack cinder-volume[81810]: DEBUG oslo_concurrency.lockutils [None req-4ccbe4ef-23dd-4da0-8282-3d9a0a3d2731 tempest-AttachVolumeTestJSON-712008378 None] Acquiring lock "quobyte_ensure" by "cinder.volume.drivers.quobyte.QuobyteDriver._ensure_shares_mounted" {{(pid=81810) inner /opt/stack/data/venv/lib/python3.10/site-packages/oslo_concurrency/lockutils.py:405}}
Nov 21 16:41:04 devstack cinder-volume[81810]: DEBUG oslo_concurrency.lockutils [None req-4ccbe4ef-23dd-4da0-8282-3d9a0a3d2731 tempest-AttachVolumeTestJSON-712008378 None] Lock "quobyte_ensure" acquired by "cinder.volume.drivers.quobyte.QuobyteDriver._ensure_shares_mounted" :: waited 0.000s {{(pid=81810) inner /opt/stack/data/venv/lib/python3.10/site-packages/oslo_concurrency/lockutils.py:410}}
Nov 21 16:41:04 devstack cinder-volume[81810]: DEBUG cinder.volume.drivers.quobyte [None req-4ccbe4ef-23dd-4da0-8282-3d9a0a3d2731 tempest-AttachVolumeTestJSON-712008378 None] Quobyte Volume URL set to: {'osci02.corp.quobyte.com/cinder-vol-b05da659-f6c2-4ba1-aae1-ca4e67561f74': None} {{(pid=81810) _load_shares_config /opt/stack/cinder/cinder/volume/drivers/quobyte.py:604}}
Nov 21 16:41:04 devstack cinder-volume[81810]: DEBUG cinder.volume.drivers.quobyte [None req-4ccbe4ef-23dd-4da0-8282-3d9a0a3d2731 tempest-AttachVolumeTestJSON-712008378 None] Available shares ['osci02.corp.quobyte.com/cinder-vol-b05da659-f6c2-4ba1-aae1-ca4e67561f74'] {{(pid=81810) _ensure_shares_mounted /opt/stack/cinder/cinder/volume/drivers/quobyte.py:634}}
Nov 21 16:41:04 devstack cinder-volume[81810]: DEBUG oslo_concurrency.lockutils [None req-4ccbe4ef-23dd-4da0-8282-3d9a0a3d2731 tempest-AttachVolumeTestJSON-712008378 None] Lock "quobyte_ensure" "released" by "cinder.volume.drivers.quobyte.QuobyteDriver._ensure_shares_mounted" :: held 0.006s {{(pid=81810) inner /opt/stack/data/venv/lib/python3.10/site-packages/oslo_concurrency/lockutils.py:424}}
Nov 21 16:41:04 devstack cinder-volume[81810]: DEBUG cinder.volume.drivers.quobyte [None req-4ccbe4ef-23dd-4da0-8282-3d9a0a3d2731 tempest-AttachVolumeTestJSON-712008378 None] Selected osci02.corp.quobyte.com/cinder-vol-b05da659-f6c2-4ba1-aae1-ca4e67561f74 as target Quobyte volume. {{(pid=81810) _find_share /opt/stack/cinder/cinder/volume/drivers/quobyte.py:655}}
Nov 21 16:41:04 devstack cinder-volume[81810]: INFO cinder.volume.drivers.remotefs [None req-4ccbe4ef-23dd-4da0-8282-3d9a0a3d2731 tempest-AttachVolumeTestJSON-712008378 None] casted to osci02.corp.quobyte.com/cinder-vol-b05da659-f6c2-4ba1-aae1-ca4e67561f74
Nov 21 16:41:04 devstack cinder-volume[81810]: DEBUG oslo_concurrency.processutils [None req-4ccbe4ef-23dd-4da0-8282-3d9a0a3d2731 tempest-AttachVolumeTestJSON-712008378 None] Running cmd (subprocess): sudo cinder-rootwrap /etc/cinder/rootwrap.conf qemu-img create -f qcow2 -o preallocation=metadata /opt/stack/data/cinder/mnt/d83ba6d512c77398c1a4b0126bb02108/volume-da93a80c-6b35-4580-9d5f-b8f10a2cf1ba 1073741824 {{(pid=81810) execute /opt/stack/data/venv/lib/python3.10/site-packages/oslo_concurrency/processutils.py:349}}
Nov 21 16:41:04 devstack sudo[86535]: quobyte : PWD=/ ; USER=root ; COMMAND=/opt/stack/data/venv/bin/cinder-rootwrap /etc/cinder/rootwrap.conf qemu-img create -f qcow2 -o preallocation=metadata /opt/stack/data/cinder/mnt/d83ba6d512c77398c1a4b0126bb02108/volume-da93a80c-6b35-4580-9d5f-b8f10a2cf1ba 1073741824
Nov 21 16:41:04 devstack sudo[86535]: pam_unix(sudo:session): session opened for user root(uid=0) by (uid=1000)
Nov 21 16:41:05 devstack cinder-volume[81810]: WARNING cinder.volume.volume_utils [None req-dd1ae4e2-63d5-4d72-a928-524124246c65 tempest-GroupSnapshotsTest-1456920737 None] Volume driver (QuobyteDriver 1.1.13) is currently unsupported and may be removed in the next release of OpenStack. Use at your own risk.
Nov 21 16:41:05 devstack cinder-volume[81810]: INFO cinder.volume.manager [None req-dd1ae4e2-63d5-4d72-a928-524124246c65 tempest-GroupSnapshotsTest-1456920737 None] Update group completed successfully.
Nov 21 16:41:05 devstack sudo[86535]: pam_unix(sudo:session): session closed for user root
Nov 21 16:41:05 devstack cinder-volume[81810]: DEBUG oslo_concurrency.processutils [None req-4ccbe4ef-23dd-4da0-8282-3d9a0a3d2731 tempest-AttachVolumeTestJSON-712008378 None] CMD "sudo cinder-rootwrap /etc/cinder/rootwrap.conf qemu-img create -f qcow2 -o preallocation=metadata /opt/stack/data/cinder/mnt/d83ba6d512c77398c1a4b0126bb02108/volume-da93a80c-6b35-4580-9d5f-b8f10a2cf1ba 1073741824" returned: 0 in 0.905s {{(pid=81810) execute /opt/stack/data/venv/lib/python3.10/site-packages/oslo_concurrency/processutils.py:372}}
Nov 21 16:41:05 devstack cinder-volume[81810]: DEBUG oslo_concurrency.processutils [None req-4ccbe4ef-23dd-4da0-8282-3d9a0a3d2731 tempest-AttachVolumeTestJSON-712008378 None] Running cmd (subprocess): sudo cinder-rootwrap /etc/cinder/rootwrap.conf chmod ugo+rw /opt/stack/data/cinder/mnt/d83ba6d512c77398c1a4b0126bb02108/volume-da93a80c-6b35-4580-9d5f-b8f10a2cf1ba {{(pid=81810) execute /opt/stack/data/venv/lib/python3.10/site-packages/oslo_concurrency/processutils.py:349}}
Nov 21 16:41:05 devstack sudo[86541]: quobyte : PWD=/ ; USER=root ; COMMAND=/opt/stack/data/venv/bin/cinder-rootwrap /etc/cinder/rootwrap.conf chmod ugo+rw /opt/stack/data/cinder/mnt/d83ba6d512c77398c1a4b0126bb02108/volume-da93a80c-6b35-4580-9d5f-b8f10a2cf1ba
Nov 21 16:41:05 devstack sudo[86541]: pam_unix(sudo:session): session opened for user root(uid=0) by (uid=1000)
Nov 21 16:41:06 devstack sudo[86541]: pam_unix(sudo:session): session closed for user root
Nov 21 16:41:06 devstack cinder-volume[81810]: DEBUG oslo_concurrency.processutils [None req-4ccbe4ef-23dd-4da0-8282-3d9a0a3d2731 tempest-AttachVolumeTestJSON-712008378 None] CMD "sudo cinder-rootwrap /etc/cinder/rootwrap.conf chmod ugo+rw /opt/stack/data/cinder/mnt/d83ba6d512c77398c1a4b0126bb02108/volume-da93a80c-6b35-4580-9d5f-b8f10a2cf1ba" returned: 0 in 0.662s {{(pid=81810) execute /opt/stack/data/venv/lib/python3.10/site-packages/oslo_concurrency/processutils.py:372}}
Nov 21 16:41:06 devstack cinder-volume[81810]: DEBUG cinder.volume.drivers.quobyte [None req-4ccbe4ef-23dd-4da0-8282-3d9a0a3d2731 tempest-AttachVolumeTestJSON-712008378 None] <== create_volume: return (1577ms) {'provider_location': 'osci02.corp.quobyte.com/cinder-vol-b05da659-f6c2-4ba1-aae1-ca4e67561f74'} {{(pid=81810) trace_logging_wrapper /opt/stack/cinder/cinder/volume/volume_utils.py:1523}}
Nov 21 16:41:06 devstack cinder-volume[81810]: DEBUG oslo_concurrency.lockutils [None req-4ccbe4ef-23dd-4da0-8282-3d9a0a3d2731 tempest-AttachVolumeTestJSON-712008378 None] Lock "quobyte" "released" by "cinder.volume.drivers.quobyte.QuobyteDriver.create_volume" :: held 1.579s {{(pid=81810) inner /opt/stack/data/venv/lib/python3.10/site-packages/oslo_concurrency/lockutils.py:424}}
Nov 21 16:41:06 devstack cinder-volume[81810]: DEBUG cinder.volume.manager [None req-4ccbe4ef-23dd-4da0-8282-3d9a0a3d2731 tempest-AttachVolumeTestJSON-712008378 None] Task 'cinder.volume.flows.manager.create_volume.CreateVolumeFromSpecTask;volume:create' (3f5daba0-8f36-4576-8961-c3ae09df8fa9) transitioned into state 'SUCCESS' from state 'RUNNING' with result '{'status': 'creating', 'volume_name': 'volume-da93a80c-6b35-4580-9d5f-b8f10a2cf1ba', 'volume_size': 1}' {{(pid=81810) _task_receiver /opt/stack/data/venv/lib/python3.10/site-packages/taskflow/listeners/logging.py:182}}
Nov 21 16:41:06 devstack cinder-volume[81810]: DEBUG cinder.volume.manager [None req-4ccbe4ef-23dd-4da0-8282-3d9a0a3d2731 tempest-AttachVolumeTestJSON-712008378 None] Task 'cinder.volume.flows.manager.create_volume.CreateVolumeOnFinishTask;volume:create, create.end' (eb41190e-9d6a-4c04-b6fd-1514eb43448e) transitioned into state 'RUNNING' from state 'PENDING' {{(pid=81810) _task_receiver /opt/stack/data/venv/lib/python3.10/site-packages/taskflow/listeners/logging.py:194}}
Nov 21 16:41:06 devstack cinder-volume[81810]: INFO cinder.volume.flows.manager.create_volume [None req-4ccbe4ef-23dd-4da0-8282-3d9a0a3d2731 tempest-AttachVolumeTestJSON-712008378 None] Volume volume-da93a80c-6b35-4580-9d5f-b8f10a2cf1ba (da93a80c-6b35-4580-9d5f-b8f10a2cf1ba): created successfully
Nov 21 16:41:06 devstack cinder-volume[81810]: DEBUG cinder.volume.manager [None req-4ccbe4ef-23dd-4da0-8282-3d9a0a3d2731 tempest-AttachVolumeTestJSON-712008378 None] Task 'cinder.volume.flows.manager.create_volume.CreateVolumeOnFinishTask;volume:create, create.end' (eb41190e-9d6a-4c04-b6fd-1514eb43448e) transitioned into state 'SUCCESS' from state 'RUNNING' with result 'None' {{(pid=81810) _task_receiver /opt/stack/data/venv/lib/python3.10/site-packages/taskflow/listeners/logging.py:182}}
Nov 21 16:41:06 devstack cinder-volume[81810]: DEBUG cinder.volume.manager [None req-4ccbe4ef-23dd-4da0-8282-3d9a0a3d2731 tempest-AttachVolumeTestJSON-712008378 None] Flow 'volume_create_manager' (1f199f84-4b53-4166-b14a-a9495f970b16) transitioned into state 'SUCCESS' from state 'RUNNING' {{(pid=81810) _flow_receiver /opt/stack/data/venv/lib/python3.10/site-packages/taskflow/listeners/logging.py:145}}
Nov 21 16:41:06 devstack cinder-volume[81810]: INFO cinder.volume.manager [None req-4ccbe4ef-23dd-4da0-8282-3d9a0a3d2731 tempest-AttachVolumeTestJSON-712008378 None] Created volume successfully.
Nov 21 16:41:07 devstack cinder-volume[81810]: INFO cinder.volume.manager [None req-8beba052-125c-4b3a-b0b7-04446d2e31ec tempest-GroupSnapshotsTest-1456920737 None] GroupSnapshot 4abf309a-b4be-4467-adf5-dd8da594dc4b: creating.
Nov 21 16:41:07 devstack cinder-volume[81810]: WARNING cinder.volume.volume_utils [None req-8beba052-125c-4b3a-b0b7-04446d2e31ec tempest-GroupSnapshotsTest-1456920737 None] Volume driver (QuobyteDriver 1.1.13) is currently unsupported and may be removed in the next release of OpenStack. Use at your own risk.
Nov 21 16:41:07 devstack cinder-volume[81810]: DEBUG cinder.volume.manager [None req-8beba052-125c-4b3a-b0b7-04446d2e31ec tempest-GroupSnapshotsTest-1456920737 None] Group snapshot 4abf309a-b4be-4467-adf5-dd8da594dc4b: creating. {{(pid=81810) create_group_snapshot /opt/stack/cinder/cinder/volume/manager.py:4143}}
Nov 21 16:41:07 devstack cinder-volume[81810]: DEBUG oslo_concurrency.lockutils [None req-8beba052-125c-4b3a-b0b7-04446d2e31ec tempest-GroupSnapshotsTest-1456920737 None] Acquiring lock "quobyte" by "cinder.volume.drivers.quobyte.QuobyteDriver.create_snapshot" {{(pid=81810) inner /opt/stack/data/venv/lib/python3.10/site-packages/oslo_concurrency/lockutils.py:405}}
Nov 21 16:41:07 devstack cinder-volume[81810]: DEBUG oslo_concurrency.lockutils [None req-8beba052-125c-4b3a-b0b7-04446d2e31ec tempest-GroupSnapshotsTest-1456920737 None] Lock "quobyte" acquired by "cinder.volume.drivers.quobyte.QuobyteDriver.create_snapshot" :: waited 0.001s {{(pid=81810) inner /opt/stack/data/venv/lib/python3.10/site-packages/oslo_concurrency/lockutils.py:410}}
Nov 21 16:41:07 devstack cinder-volume[81810]: DEBUG cinder.volume.drivers.remotefs [None req-8beba052-125c-4b3a-b0b7-04446d2e31ec tempest-GroupSnapshotsTest-1456920737 None] Creating offline snapshot d6ba598d-3803-4371-9402-e8870ca78cb9 of volume b1697ff2-fe99-4ba0-b131-c1ed8aef03a8 {{(pid=81810) _create_snapshot /opt/stack/cinder/cinder/volume/drivers/remotefs.py:1694}}
Nov 21 16:41:07 devstack cinder-volume[81810]: DEBUG oslo.privsep.daemon [-] privsep: reply[fcabaa97-a2db-4863-893e-3e6553e8113a]: (4, 'qcow2') {{(pid=82011) _call_back /opt/stack/data/venv/lib/python3.10/site-packages/oslo_privsep/daemon.py:515}}
Nov 21 16:41:07 devstack cinder-volume[81810]: DEBUG oslo_concurrency.processutils [None req-8beba052-125c-4b3a-b0b7-04446d2e31ec tempest-GroupSnapshotsTest-1456920737 None] Running cmd (subprocess): /opt/stack/data/venv/bin/python3.10 -m oslo_concurrency.prlimit --as=1073741824 --cpu=60 -- sudo cinder-rootwrap /etc/cinder/rootwrap.conf env LC_ALL=C qemu-img info -f qcow2 --output=json --force-share /opt/stack/data/cinder/mnt/d83ba6d512c77398c1a4b0126bb02108/volume-b1697ff2-fe99-4ba0-b131-c1ed8aef03a8 {{(pid=81810) execute /opt/stack/data/venv/lib/python3.10/site-packages/oslo_concurrency/processutils.py:349}}
Nov 21 16:41:07 devstack sudo[86545]: quobyte : PWD=/ ; USER=root ; COMMAND=/opt/stack/data/venv/bin/cinder-rootwrap /etc/cinder/rootwrap.conf env LC_ALL=C qemu-img info -f qcow2 --output=json --force-share /opt/stack/data/cinder/mnt/d83ba6d512c77398c1a4b0126bb02108/volume-b1697ff2-fe99-4ba0-b131-c1ed8aef03a8
Nov 21 16:41:07 devstack sudo[86545]: pam_unix(sudo:session): session opened for user root(uid=0) by (uid=1000)
Nov 21 16:41:08 devstack sudo[86545]: pam_unix(sudo:session): session closed for user root
Nov 21 16:41:08 devstack cinder-volume[81810]: DEBUG oslo_concurrency.processutils [None req-8beba052-125c-4b3a-b0b7-04446d2e31ec tempest-GroupSnapshotsTest-1456920737 None] CMD "/opt/stack/data/venv/bin/python3.10 -m oslo_concurrency.prlimit --as=1073741824 --cpu=60 -- sudo cinder-rootwrap /etc/cinder/rootwrap.conf env LC_ALL=C qemu-img info -f qcow2 --output=json --force-share /opt/stack/data/cinder/mnt/d83ba6d512c77398c1a4b0126bb02108/volume-b1697ff2-fe99-4ba0-b131-c1ed8aef03a8" returned: 0 in 0.889s {{(pid=81810) execute /opt/stack/data/venv/lib/python3.10/site-packages/oslo_concurrency/processutils.py:372}}
Nov 21 16:41:08 devstack cinder-volume[81810]: DEBUG oslo_concurrency.processutils [None req-8beba052-125c-4b3a-b0b7-04446d2e31ec tempest-GroupSnapshotsTest-1456920737 None] Running cmd (subprocess): sudo cinder-rootwrap /etc/cinder/rootwrap.conf qemu-img create -f qcow2 -o backing_file=/opt/stack/data/cinder/mnt/d83ba6d512c77398c1a4b0126bb02108/volume-b1697ff2-fe99-4ba0-b131-c1ed8aef03a8,backing_fmt=qcow2 /opt/stack/data/cinder/mnt/d83ba6d512c77398c1a4b0126bb02108/volume-b1697ff2-fe99-4ba0-b131-c1ed8aef03a8.d6ba598d-3803-4371-9402-e8870ca78cb9 1G {{(pid=81810) execute /opt/stack/data/venv/lib/python3.10/site-packages/oslo_concurrency/processutils.py:349}}
Nov 21 16:41:08 devstack sudo[86585]: quobyte : PWD=/ ; USER=root ; COMMAND=/opt/stack/data/venv/bin/cinder-rootwrap /etc/cinder/rootwrap.conf qemu-img create -f qcow2 -o backing_file=/opt/stack/data/cinder/mnt/d83ba6d512c77398c1a4b0126bb02108/volume-b1697ff2-fe99-4ba0-b131-c1ed8aef03a8,backing_fmt=qcow2 /opt/stack/data/cinder/mnt/d83ba6d512c77398c1a4b0126bb02108/volume-b1697ff2-fe99-4ba0-b131-c1ed8aef03a8.d6ba598d-3803-4371-9402-e8870ca78cb9 1G
Nov 21 16:41:08 devstack sudo[86585]: pam_unix(sudo:session): session opened for user root(uid=0) by (uid=1000)
Nov 21 16:41:08 devstack sudo[86585]: pam_unix(sudo:session): session closed for user root
Nov 21 16:41:08 devstack cinder-volume[81810]: DEBUG oslo_concurrency.processutils [None req-8beba052-125c-4b3a-b0b7-04446d2e31ec tempest-GroupSnapshotsTest-1456920737 None] CMD "sudo cinder-rootwrap /etc/cinder/rootwrap.conf qemu-img create -f qcow2 -o backing_file=/opt/stack/data/cinder/mnt/d83ba6d512c77398c1a4b0126bb02108/volume-b1697ff2-fe99-4ba0-b131-c1ed8aef03a8,backing_fmt=qcow2 /opt/stack/data/cinder/mnt/d83ba6d512c77398c1a4b0126bb02108/volume-b1697ff2-fe99-4ba0-b131-c1ed8aef03a8.d6ba598d-3803-4371-9402-e8870ca78cb9 1G" returned: 0 in 0.837s {{(pid=81810) execute /opt/stack/data/venv/lib/python3.10/site-packages/oslo_concurrency/processutils.py:372}}
Nov 21 16:41:08 devstack cinder-volume[81810]: DEBUG oslo_concurrency.processutils [None req-8beba052-125c-4b3a-b0b7-04446d2e31ec tempest-GroupSnapshotsTest-1456920737 None] Running cmd (subprocess): sudo cinder-rootwrap /etc/cinder/rootwrap.conf qemu-img rebase -u -b volume-b1697ff2-fe99-4ba0-b131-c1ed8aef03a8 -F qcow2 /opt/stack/data/cinder/mnt/d83ba6d512c77398c1a4b0126bb02108/volume-b1697ff2-fe99-4ba0-b131-c1ed8aef03a8.d6ba598d-3803-4371-9402-e8870ca78cb9 {{(pid=81810) execute /opt/stack/data/venv/lib/python3.10/site-packages/oslo_concurrency/processutils.py:349}}
Nov 21 16:41:08 devstack sudo[86592]: quobyte : PWD=/ ; USER=root ; COMMAND=/opt/stack/data/venv/bin/cinder-rootwrap /etc/cinder/rootwrap.conf qemu-img rebase -u -b volume-b1697ff2-fe99-4ba0-b131-c1ed8aef03a8 -F qcow2 /opt/stack/data/cinder/mnt/d83ba6d512c77398c1a4b0126bb02108/volume-b1697ff2-fe99-4ba0-b131-c1ed8aef03a8.d6ba598d-3803-4371-9402-e8870ca78cb9
Nov 21 16:41:08 devstack sudo[86592]: pam_unix(sudo:session): session opened for user root(uid=0) by (uid=1000)
Nov 21 16:41:09 devstack sudo[86592]: pam_unix(sudo:session): session closed for user root
Nov 21 16:41:09 devstack cinder-volume[81810]: DEBUG oslo_concurrency.processutils [None req-8beba052-125c-4b3a-b0b7-04446d2e31ec tempest-GroupSnapshotsTest-1456920737 None] CMD "sudo cinder-rootwrap /etc/cinder/rootwrap.conf qemu-img rebase -u -b volume-b1697ff2-fe99-4ba0-b131-c1ed8aef03a8 -F qcow2 /opt/stack/data/cinder/mnt/d83ba6d512c77398c1a4b0126bb02108/volume-b1697ff2-fe99-4ba0-b131-c1ed8aef03a8.d6ba598d-3803-4371-9402-e8870ca78cb9" returned: 0 in 0.701s {{(pid=81810) execute /opt/stack/data/venv/lib/python3.10/site-packages/oslo_concurrency/processutils.py:372}}
Nov 21 16:41:09 devstack cinder-volume[81810]: WARNING cinder.volume.drivers.remotefs [None req-8beba052-125c-4b3a-b0b7-04446d2e31ec tempest-GroupSnapshotsTest-1456920737 None] /opt/stack/data/cinder/mnt/d83ba6d512c77398c1a4b0126bb02108/volume-b1697ff2-fe99-4ba0-b131-c1ed8aef03a8.d6ba598d-3803-4371-9402-e8870ca78cb9 is being set with open permissions: ugo+rw: NotImplementedError
Nov 21 16:41:09 devstack cinder-volume[81810]: DEBUG oslo_concurrency.processutils [None req-8beba052-125c-4b3a-b0b7-04446d2e31ec tempest-GroupSnapshotsTest-1456920737 None] Running cmd (subprocess): sudo cinder-rootwrap /etc/cinder/rootwrap.conf chmod ugo+rw /opt/stack/data/cinder/mnt/d83ba6d512c77398c1a4b0126bb02108/volume-b1697ff2-fe99-4ba0-b131-c1ed8aef03a8.d6ba598d-3803-4371-9402-e8870ca78cb9 {{(pid=81810) execute /opt/stack/data/venv/lib/python3.10/site-packages/oslo_concurrency/processutils.py:349}}
Nov 21 16:41:09 devstack sudo[86597]: quobyte : PWD=/ ; USER=root ; COMMAND=/opt/stack/data/venv/bin/cinder-rootwrap /etc/cinder/rootwrap.conf chmod ugo+rw /opt/stack/data/cinder/mnt/d83ba6d512c77398c1a4b0126bb02108/volume-b1697ff2-fe99-4ba0-b131-c1ed8aef03a8.d6ba598d-3803-4371-9402-e8870ca78cb9
Nov 21 16:41:09 devstack sudo[86597]: pam_unix(sudo:session): session opened for user root(uid=0) by (uid=1000)
Nov 21 16:41:10 devstack cinder-volume[81810]: DEBUG oslo_concurrency.lockutils [req-cae309d1-dfd9-492f-a79e-58f9e035a68a req-6bbfe5b5-fd77-417d-a8ca-9dc627e23cf9 tempest-AttachVolumeTestJSON-712008378 None] Acquiring lock "quobyte" by "cinder.volume.drivers.quobyte.QuobyteDriver.initialize_connection" {{(pid=81810) inner /opt/stack/data/venv/lib/python3.10/site-packages/oslo_concurrency/lockutils.py:405}}
Nov 21 16:41:10 devstack sudo[86597]: pam_unix(sudo:session): session closed for user root
Nov 21 16:41:10 devstack cinder-volume[81810]: DEBUG oslo_concurrency.processutils [None req-8beba052-125c-4b3a-b0b7-04446d2e31ec tempest-GroupSnapshotsTest-1456920737 None] CMD "sudo cinder-rootwrap /etc/cinder/rootwrap.conf chmod ugo+rw /opt/stack/data/cinder/mnt/d83ba6d512c77398c1a4b0126bb02108/volume-b1697ff2-fe99-4ba0-b131-c1ed8aef03a8.d6ba598d-3803-4371-9402-e8870ca78cb9" returned: 0 in 0.649s {{(pid=81810) execute /opt/stack/data/venv/lib/python3.10/site-packages/oslo_concurrency/processutils.py:372}}
Nov 21 16:41:10 devstack cinder-volume[81810]: DEBUG oslo_concurrency.processutils [None req-8beba052-125c-4b3a-b0b7-04446d2e31ec tempest-GroupSnapshotsTest-1456920737 None] Running cmd (subprocess): sudo cinder-rootwrap /etc/cinder/rootwrap.conf truncate -s0 /opt/stack/data/cinder/mnt/d83ba6d512c77398c1a4b0126bb02108/volume-b1697ff2-fe99-4ba0-b131-c1ed8aef03a8.info {{(pid=81810) execute /opt/stack/data/venv/lib/python3.10/site-packages/oslo_concurrency/processutils.py:349}}
Nov 21 16:41:10 devstack sudo[86608]: quobyte : PWD=/ ; USER=root ; COMMAND=/opt/stack/data/venv/bin/cinder-rootwrap /etc/cinder/rootwrap.conf truncate -s0 /opt/stack/data/cinder/mnt/d83ba6d512c77398c1a4b0126bb02108/volume-b1697ff2-fe99-4ba0-b131-c1ed8aef03a8.info
Nov 21 16:41:10 devstack sudo[86608]: pam_unix(sudo:session): session opened for user root(uid=0) by (uid=1000)
Nov 21 16:41:10 devstack sudo[86608]: pam_unix(sudo:session): session closed for user root
Nov 21 16:41:10 devstack cinder-volume[81810]: DEBUG oslo_concurrency.processutils [None req-8beba052-125c-4b3a-b0b7-04446d2e31ec tempest-GroupSnapshotsTest-1456920737 None] CMD "sudo cinder-rootwrap /etc/cinder/rootwrap.conf truncate -s0 /opt/stack/data/cinder/mnt/d83ba6d512c77398c1a4b0126bb02108/volume-b1697ff2-fe99-4ba0-b131-c1ed8aef03a8.info" returned: 0 in 0.665s {{(pid=81810) execute /opt/stack/data/venv/lib/python3.10/site-packages/oslo_concurrency/processutils.py:372}}
Nov 21 16:41:10 devstack cinder-volume[81810]: WARNING cinder.volume.drivers.remotefs [None req-8beba052-125c-4b3a-b0b7-04446d2e31ec tempest-GroupSnapshotsTest-1456920737 None] /opt/stack/data/cinder/mnt/d83ba6d512c77398c1a4b0126bb02108/volume-b1697ff2-fe99-4ba0-b131-c1ed8aef03a8.info is being set with open permissions: ugo+rw: NotImplementedError
Nov 21 16:41:10 devstack cinder-volume[81810]: DEBUG oslo_concurrency.processutils [None req-8beba052-125c-4b3a-b0b7-04446d2e31ec tempest-GroupSnapshotsTest-1456920737 None] Running cmd (subprocess): sudo cinder-rootwrap /etc/cinder/rootwrap.conf chmod ugo+rw /opt/stack/data/cinder/mnt/d83ba6d512c77398c1a4b0126bb02108/volume-b1697ff2-fe99-4ba0-b131-c1ed8aef03a8.info {{(pid=81810) execute /opt/stack/data/venv/lib/python3.10/site-packages/oslo_concurrency/processutils.py:349}}
Nov 21 16:41:10 devstack sudo[86612]: quobyte : PWD=/ ; USER=root ; COMMAND=/opt/stack/data/venv/bin/cinder-rootwrap /etc/cinder/rootwrap.conf chmod ugo+rw /opt/stack/data/cinder/mnt/d83ba6d512c77398c1a4b0126bb02108/volume-b1697ff2-fe99-4ba0-b131-c1ed8aef03a8.info
Nov 21 16:41:10 devstack sudo[86612]: pam_unix(sudo:session): session opened for user root(uid=0) by (uid=1000)
Nov 21 16:41:11 devstack sudo[86612]: pam_unix(sudo:session): session closed for user root
Nov 21 16:41:11 devstack cinder-volume[81810]: DEBUG oslo_concurrency.processutils [None req-8beba052-125c-4b3a-b0b7-04446d2e31ec tempest-GroupSnapshotsTest-1456920737 None] CMD "sudo cinder-rootwrap /etc/cinder/rootwrap.conf chmod ugo+rw /opt/stack/data/cinder/mnt/d83ba6d512c77398c1a4b0126bb02108/volume-b1697ff2-fe99-4ba0-b131-c1ed8aef03a8.info" returned: 0 in 0.680s {{(pid=81810) execute /opt/stack/data/venv/lib/python3.10/site-packages/oslo_concurrency/processutils.py:372}}
Nov 21 16:41:11 devstack cinder-volume[81810]: DEBUG oslo_concurrency.lockutils [None req-8beba052-125c-4b3a-b0b7-04446d2e31ec tempest-GroupSnapshotsTest-1456920737 None] Lock "quobyte" "released" by "cinder.volume.drivers.quobyte.QuobyteDriver.create_snapshot" :: held 4.510s {{(pid=81810) inner /opt/stack/data/venv/lib/python3.10/site-packages/oslo_concurrency/lockutils.py:424}}
Nov 21 16:41:11 devstack cinder-volume[81810]: DEBUG oslo_concurrency.lockutils [None req-8beba052-125c-4b3a-b0b7-04446d2e31ec tempest-GroupSnapshotsTest-1456920737 None] Acquiring lock "quobyte" by "cinder.volume.drivers.quobyte.QuobyteDriver.create_snapshot" {{(pid=81810) inner /opt/stack/data/venv/lib/python3.10/site-packages/oslo_concurrency/lockutils.py:405}}
Nov 21 16:41:11 devstack cinder-volume[81810]: DEBUG oslo_concurrency.lockutils [None req-8beba052-125c-4b3a-b0b7-04446d2e31ec tempest-GroupSnapshotsTest-1456920737 None] Lock "quobyte" acquired by "cinder.volume.drivers.quobyte.QuobyteDriver.create_snapshot" :: waited 0.000s {{(pid=81810) inner /opt/stack/data/venv/lib/python3.10/site-packages/oslo_concurrency/lockutils.py:410}}
Nov 21 16:41:11 devstack cinder-volume[81810]: DEBUG cinder.volume.drivers.remotefs [None req-8beba052-125c-4b3a-b0b7-04446d2e31ec tempest-GroupSnapshotsTest-1456920737 None] Creating offline snapshot df515ac4-815b-488c-b373-ca9664c6c28b of volume b89d4c10-1c89-4bd0-a7fd-fe32f45954c0 {{(pid=81810) _create_snapshot /opt/stack/cinder/cinder/volume/drivers/remotefs.py:1694}}
Nov 21 16:41:11 devstack cinder-volume[81810]: DEBUG oslo.privsep.daemon [-] privsep: reply[105bb260-9bdb-47e0-8816-1b6e5994ccb0]: (4, 'qcow2') {{(pid=82011) _call_back /opt/stack/data/venv/lib/python3.10/site-packages/oslo_privsep/daemon.py:515}}
Nov 21 16:41:11 devstack cinder-volume[81810]: DEBUG oslo_concurrency.processutils [None req-8beba052-125c-4b3a-b0b7-04446d2e31ec tempest-GroupSnapshotsTest-1456920737 None] Running cmd (subprocess): /opt/stack/data/venv/bin/python3.10 -m oslo_concurrency.prlimit --as=1073741824 --cpu=60 -- sudo cinder-rootwrap /etc/cinder/rootwrap.conf env LC_ALL=C qemu-img info -f qcow2 --output=json --force-share /opt/stack/data/cinder/mnt/d83ba6d512c77398c1a4b0126bb02108/volume-b89d4c10-1c89-4bd0-a7fd-fe32f45954c0 {{(pid=81810) execute /opt/stack/data/venv/lib/python3.10/site-packages/oslo_concurrency/processutils.py:349}}
Nov 21 16:41:11 devstack sudo[86615]: quobyte : PWD=/ ; USER=root ; COMMAND=/opt/stack/data/venv/bin/cinder-rootwrap /etc/cinder/rootwrap.conf env LC_ALL=C qemu-img info -f qcow2 --output=json --force-share /opt/stack/data/cinder/mnt/d83ba6d512c77398c1a4b0126bb02108/volume-b89d4c10-1c89-4bd0-a7fd-fe32f45954c0
Nov 21 16:41:11 devstack sudo[86615]: pam_unix(sudo:session): session opened for user root(uid=0) by (uid=1000)
Nov 21 16:41:12 devstack sudo[86615]: pam_unix(sudo:session): session closed for user root
Nov 21 16:41:12 devstack cinder-volume[81810]: DEBUG oslo_concurrency.processutils [None req-8beba052-125c-4b3a-b0b7-04446d2e31ec tempest-GroupSnapshotsTest-1456920737 None] CMD "/opt/stack/data/venv/bin/python3.10 -m oslo_concurrency.prlimit --as=1073741824 --cpu=60 -- sudo cinder-rootwrap /etc/cinder/rootwrap.conf env LC_ALL=C qemu-img info -f qcow2 --output=json --force-share /opt/stack/data/cinder/mnt/d83ba6d512c77398c1a4b0126bb02108/volume-b89d4c10-1c89-4bd0-a7fd-fe32f45954c0" returned: 0 in 0.891s {{(pid=81810) execute /opt/stack/data/venv/lib/python3.10/site-packages/oslo_concurrency/processutils.py:372}}
Nov 21 16:41:12 devstack cinder-volume[81810]: DEBUG oslo_concurrency.processutils [None req-8beba052-125c-4b3a-b0b7-04446d2e31ec tempest-GroupSnapshotsTest-1456920737 None] Running cmd (subprocess): sudo cinder-rootwrap /etc/cinder/rootwrap.conf qemu-img create -f qcow2 -o backing_file=/opt/stack/data/cinder/mnt/d83ba6d512c77398c1a4b0126bb02108/volume-b89d4c10-1c89-4bd0-a7fd-fe32f45954c0,backing_fmt=qcow2 /opt/stack/data/cinder/mnt/d83ba6d512c77398c1a4b0126bb02108/volume-b89d4c10-1c89-4bd0-a7fd-fe32f45954c0.df515ac4-815b-488c-b373-ca9664c6c28b 1G {{(pid=81810) execute /opt/stack/data/venv/lib/python3.10/site-packages/oslo_concurrency/processutils.py:349}}
Nov 21 16:41:12 devstack sudo[86620]: quobyte : PWD=/ ; USER=root ; COMMAND=/opt/stack/data/venv/bin/cinder-rootwrap /etc/cinder/rootwrap.conf qemu-img create -f qcow2 -o backing_file=/opt/stack/data/cinder/mnt/d83ba6d512c77398c1a4b0126bb02108/volume-b89d4c10-1c89-4bd0-a7fd-fe32f45954c0,backing_fmt=qcow2 /opt/stack/data/cinder/mnt/d83ba6d512c77398c1a4b0126bb02108/volume-b89d4c10-1c89-4bd0-a7fd-fe32f45954c0.df515ac4-815b-488c-b373-ca9664c6c28b 1G
Nov 21 16:41:12 devstack sudo[86620]: pam_unix(sudo:session): session opened for user root(uid=0) by (uid=1000)
Nov 21 16:41:13 devstack sudo[86620]: pam_unix(sudo:session): session closed for user root
Nov 21 16:41:13 devstack cinder-volume[81810]: DEBUG oslo_concurrency.processutils [None req-8beba052-125c-4b3a-b0b7-04446d2e31ec tempest-GroupSnapshotsTest-1456920737 None] CMD "sudo cinder-rootwrap /etc/cinder/rootwrap.conf qemu-img create -f qcow2 -o backing_file=/opt/stack/data/cinder/mnt/d83ba6d512c77398c1a4b0126bb02108/volume-b89d4c10-1c89-4bd0-a7fd-fe32f45954c0,backing_fmt=qcow2 /opt/stack/data/cinder/mnt/d83ba6d512c77398c1a4b0126bb02108/volume-b89d4c10-1c89-4bd0-a7fd-fe32f45954c0.df515ac4-815b-488c-b373-ca9664c6c28b 1G" returned: 0 in 0.822s {{(pid=81810) execute /opt/stack/data/venv/lib/python3.10/site-packages/oslo_concurrency/processutils.py:372}}
Nov 21 16:41:13 devstack cinder-volume[81810]: DEBUG oslo_concurrency.processutils [None req-8beba052-125c-4b3a-b0b7-04446d2e31ec tempest-GroupSnapshotsTest-1456920737 None] Running cmd (subprocess): sudo cinder-rootwrap /etc/cinder/rootwrap.conf qemu-img rebase -u -b volume-b89d4c10-1c89-4bd0-a7fd-fe32f45954c0 -F qcow2 /opt/stack/data/cinder/mnt/d83ba6d512c77398c1a4b0126bb02108/volume-b89d4c10-1c89-4bd0-a7fd-fe32f45954c0.df515ac4-815b-488c-b373-ca9664c6c28b {{(pid=81810) execute /opt/stack/data/venv/lib/python3.10/site-packages/oslo_concurrency/processutils.py:349}}
Nov 21 16:41:13 devstack sudo[86626]: quobyte : PWD=/ ; USER=root ; COMMAND=/opt/stack/data/venv/bin/cinder-rootwrap /etc/cinder/rootwrap.conf qemu-img rebase -u -b volume-b89d4c10-1c89-4bd0-a7fd-fe32f45954c0 -F qcow2 /opt/stack/data/cinder/mnt/d83ba6d512c77398c1a4b0126bb02108/volume-b89d4c10-1c89-4bd0-a7fd-fe32f45954c0.df515ac4-815b-488c-b373-ca9664c6c28b
Nov 21 16:41:13 devstack sudo[86626]: pam_unix(sudo:session): session opened for user root(uid=0) by (uid=1000)
Nov 21 16:41:13 devstack sudo[86626]: pam_unix(sudo:session): session closed for user root
Nov 21 16:41:13 devstack cinder-volume[81810]: DEBUG oslo_concurrency.processutils [None req-8beba052-125c-4b3a-b0b7-04446d2e31ec tempest-GroupSnapshotsTest-1456920737 None] CMD "sudo cinder-rootwrap /etc/cinder/rootwrap.conf qemu-img rebase -u -b volume-b89d4c10-1c89-4bd0-a7fd-fe32f45954c0 -F qcow2 /opt/stack/data/cinder/mnt/d83ba6d512c77398c1a4b0126bb02108/volume-b89d4c10-1c89-4bd0-a7fd-fe32f45954c0.df515ac4-815b-488c-b373-ca9664c6c28b" returned: 0 in 0.611s {{(pid=81810) execute /opt/stack/data/venv/lib/python3.10/site-packages/oslo_concurrency/processutils.py:372}}
Nov 21 16:41:13 devstack cinder-volume[81810]: WARNING cinder.volume.drivers.remotefs [None req-8beba052-125c-4b3a-b0b7-04446d2e31ec tempest-GroupSnapshotsTest-1456920737 None] /opt/stack/data/cinder/mnt/d83ba6d512c77398c1a4b0126bb02108/volume-b89d4c10-1c89-4bd0-a7fd-fe32f45954c0.df515ac4-815b-488c-b373-ca9664c6c28b is being set with open permissions: ugo+rw: NotImplementedError
Nov 21 16:41:13 devstack cinder-volume[81810]: DEBUG oslo_concurrency.processutils [None req-8beba052-125c-4b3a-b0b7-04446d2e31ec tempest-GroupSnapshotsTest-1456920737 None] Running cmd (subprocess): sudo cinder-rootwrap /etc/cinder/rootwrap.conf chmod ugo+rw /opt/stack/data/cinder/mnt/d83ba6d512c77398c1a4b0126bb02108/volume-b89d4c10-1c89-4bd0-a7fd-fe32f45954c0.df515ac4-815b-488c-b373-ca9664c6c28b {{(pid=81810) execute /opt/stack/data/venv/lib/python3.10/site-packages/oslo_concurrency/processutils.py:349}}
Nov 21 16:41:13 devstack sudo[86631]: quobyte : PWD=/ ; USER=root ; COMMAND=/opt/stack/data/venv/bin/cinder-rootwrap /etc/cinder/rootwrap.conf chmod ugo+rw /opt/stack/data/cinder/mnt/d83ba6d512c77398c1a4b0126bb02108/volume-b89d4c10-1c89-4bd0-a7fd-fe32f45954c0.df515ac4-815b-488c-b373-ca9664c6c28b
Nov 21 16:41:13 devstack sudo[86631]: pam_unix(sudo:session): session opened for user root(uid=0) by (uid=1000)
Nov 21 16:41:14 devstack cinder-volume[81810]: DEBUG oslo_service.periodic_task [None req-f6d7dd77-129a-4138-99fe-82b705123fcf None None] Running periodic task VolumeManager.publish_service_capabilities {{(pid=81810) run_periodic_tasks /opt/stack/data/venv/lib/python3.10/site-packages/oslo_service/periodic_task.py:210}}
Nov 21 16:41:14 devstack cinder-volume[81810]: DEBUG oslo_concurrency.lockutils [None req-f6d7dd77-129a-4138-99fe-82b705123fcf None None] Acquiring lock "quobyte_ensure" by "cinder.volume.drivers.quobyte.QuobyteDriver._ensure_shares_mounted" {{(pid=81810) inner /opt/stack/data/venv/lib/python3.10/site-packages/oslo_concurrency/lockutils.py:405}}
Nov 21 16:41:14 devstack cinder-volume[81810]: DEBUG oslo_concurrency.lockutils [None req-f6d7dd77-129a-4138-99fe-82b705123fcf None None] Lock "quobyte_ensure" acquired by "cinder.volume.drivers.quobyte.QuobyteDriver._ensure_shares_mounted" :: waited 0.001s {{(pid=81810) inner /opt/stack/data/venv/lib/python3.10/site-packages/oslo_concurrency/lockutils.py:410}}
Nov 21 16:41:14 devstack cinder-volume[81810]: DEBUG cinder.volume.drivers.quobyte [None req-f6d7dd77-129a-4138-99fe-82b705123fcf None None] Quobyte Volume URL set to: {'osci02.corp.quobyte.com/cinder-vol-b05da659-f6c2-4ba1-aae1-ca4e67561f74': None} {{(pid=81810) _load_shares_config /opt/stack/cinder/cinder/volume/drivers/quobyte.py:604}}
Nov 21 16:41:14 devstack cinder-volume[81810]: DEBUG cinder.volume.drivers.quobyte [None req-f6d7dd77-129a-4138-99fe-82b705123fcf None None] Available shares ['osci02.corp.quobyte.com/cinder-vol-b05da659-f6c2-4ba1-aae1-ca4e67561f74'] {{(pid=81810) _ensure_shares_mounted /opt/stack/cinder/cinder/volume/drivers/quobyte.py:634}}
Nov 21 16:41:14 devstack cinder-volume[81810]: DEBUG oslo_concurrency.lockutils [None req-f6d7dd77-129a-4138-99fe-82b705123fcf None None] Lock "quobyte_ensure" "released" by "cinder.volume.drivers.quobyte.QuobyteDriver._ensure_shares_mounted" :: held 0.006s {{(pid=81810) inner /opt/stack/data/venv/lib/python3.10/site-packages/oslo_concurrency/lockutils.py:424}}
Nov 21 16:41:14 devstack cinder-volume[81810]: DEBUG oslo_concurrency.processutils [None req-f6d7dd77-129a-4138-99fe-82b705123fcf None None] Running cmd (subprocess): sudo cinder-rootwrap /etc/cinder/rootwrap.conf df --portability --block-size 1 /opt/stack/data/cinder/mnt/d83ba6d512c77398c1a4b0126bb02108 {{(pid=81810) execute /opt/stack/data/venv/lib/python3.10/site-packages/oslo_concurrency/processutils.py:349}}
Nov 21 16:41:14 devstack sudo[86631]: pam_unix(sudo:session): session closed for user root
Nov 21 16:41:14 devstack cinder-volume[81810]: DEBUG oslo_concurrency.processutils [None req-8beba052-125c-4b3a-b0b7-04446d2e31ec tempest-GroupSnapshotsTest-1456920737 None] CMD "sudo cinder-rootwrap /etc/cinder/rootwrap.conf chmod ugo+rw /opt/stack/data/cinder/mnt/d83ba6d512c77398c1a4b0126bb02108/volume-b89d4c10-1c89-4bd0-a7fd-fe32f45954c0.df515ac4-815b-488c-b373-ca9664c6c28b" returned: 0 in 0.627s {{(pid=81810) execute /opt/stack/data/venv/lib/python3.10/site-packages/oslo_concurrency/processutils.py:372}}
Nov 21 16:41:14 devstack cinder-volume[81810]: DEBUG oslo_concurrency.processutils [None req-8beba052-125c-4b3a-b0b7-04446d2e31ec tempest-GroupSnapshotsTest-1456920737 None] Running cmd (subprocess): sudo cinder-rootwrap /etc/cinder/rootwrap.conf truncate -s0 /opt/stack/data/cinder/mnt/d83ba6d512c77398c1a4b0126bb02108/volume-b89d4c10-1c89-4bd0-a7fd-fe32f45954c0.info {{(pid=81810) execute /opt/stack/data/venv/lib/python3.10/site-packages/oslo_concurrency/processutils.py:349}}
Nov 21 16:41:14 devstack sudo[86634]: quobyte : PWD=/ ; USER=root ; COMMAND=/opt/stack/data/venv/bin/cinder-rootwrap /etc/cinder/rootwrap.conf df --portability --block-size 1 /opt/stack/data/cinder/mnt/d83ba6d512c77398c1a4b0126bb02108
Nov 21 16:41:14 devstack sudo[86634]: pam_unix(sudo:session): session opened for user root(uid=0) by (uid=1000)
Nov 21 16:41:14 devstack sudo[86635]: quobyte : PWD=/ ; USER=root ; COMMAND=/opt/stack/data/venv/bin/cinder-rootwrap /etc/cinder/rootwrap.conf truncate -s0 /opt/stack/data/cinder/mnt/d83ba6d512c77398c1a4b0126bb02108/volume-b89d4c10-1c89-4bd0-a7fd-fe32f45954c0.info
Nov 21 16:41:14 devstack sudo[86635]: pam_unix(sudo:session): session opened for user root(uid=0) by (uid=1000)
Nov 21 16:41:15 devstack sudo[86635]: pam_unix(sudo:session): session closed for user root
Nov 21 16:41:15 devstack cinder-volume[81810]: DEBUG oslo_concurrency.processutils [None req-8beba052-125c-4b3a-b0b7-04446d2e31ec tempest-GroupSnapshotsTest-1456920737 None] CMD "sudo cinder-rootwrap /etc/cinder/rootwrap.conf truncate -s0 /opt/stack/data/cinder/mnt/d83ba6d512c77398c1a4b0126bb02108/volume-b89d4c10-1c89-4bd0-a7fd-fe32f45954c0.info" returned: 0 in 0.678s {{(pid=81810) execute /opt/stack/data/venv/lib/python3.10/site-packages/oslo_concurrency/processutils.py:372}}
Nov 21 16:41:15 devstack cinder-volume[81810]: WARNING cinder.volume.drivers.remotefs [None req-8beba052-125c-4b3a-b0b7-04446d2e31ec tempest-GroupSnapshotsTest-1456920737 None] /opt/stack/data/cinder/mnt/d83ba6d512c77398c1a4b0126bb02108/volume-b89d4c10-1c89-4bd0-a7fd-fe32f45954c0.info is being set with open permissions: ugo+rw: NotImplementedError
Nov 21 16:41:15 devstack cinder-volume[81810]: DEBUG oslo_concurrency.processutils [None req-8beba052-125c-4b3a-b0b7-04446d2e31ec tempest-GroupSnapshotsTest-1456920737 None] Running cmd (subprocess): sudo cinder-rootwrap /etc/cinder/rootwrap.conf chmod ugo+rw /opt/stack/data/cinder/mnt/d83ba6d512c77398c1a4b0126bb02108/volume-b89d4c10-1c89-4bd0-a7fd-fe32f45954c0.info {{(pid=81810) execute /opt/stack/data/venv/lib/python3.10/site-packages/oslo_concurrency/processutils.py:349}}
Nov 21 16:41:15 devstack sudo[86634]: pam_unix(sudo:session): session closed for user root
Nov 21 16:41:15 devstack cinder-volume[81810]: DEBUG oslo_concurrency.processutils [None req-f6d7dd77-129a-4138-99fe-82b705123fcf None None] CMD "sudo cinder-rootwrap /etc/cinder/rootwrap.conf df --portability --block-size 1 /opt/stack/data/cinder/mnt/d83ba6d512c77398c1a4b0126bb02108" returned: 0 in 0.714s {{(pid=81810) execute /opt/stack/data/venv/lib/python3.10/site-packages/oslo_concurrency/processutils.py:372}}
Nov 21 16:41:15 devstack cinder-volume[81810]: DEBUG cinder.manager [None req-f6d7dd77-129a-4138-99fe-82b705123fcf None None] Notifying Schedulers of capabilities ... {{(pid=81810) _publish_service_capabilities /opt/stack/cinder/cinder/manager.py:202}}
Nov 21 16:41:15 devstack sudo[86640]: quobyte : PWD=/ ; USER=root ; COMMAND=/opt/stack/data/venv/bin/cinder-rootwrap /etc/cinder/rootwrap.conf chmod ugo+rw /opt/stack/data/cinder/mnt/d83ba6d512c77398c1a4b0126bb02108/volume-b89d4c10-1c89-4bd0-a7fd-fe32f45954c0.info
Nov 21 16:41:15 devstack sudo[86640]: pam_unix(sudo:session): session opened for user root(uid=0) by (uid=1000)
Nov 21 16:41:16 devstack sudo[86640]: pam_unix(sudo:session): session closed for user root
Nov 21 16:41:16 devstack cinder-volume[81810]: DEBUG oslo_concurrency.processutils [None req-8beba052-125c-4b3a-b0b7-04446d2e31ec tempest-GroupSnapshotsTest-1456920737 None] CMD "sudo cinder-rootwrap /etc/cinder/rootwrap.conf chmod ugo+rw /opt/stack/data/cinder/mnt/d83ba6d512c77398c1a4b0126bb02108/volume-b89d4c10-1c89-4bd0-a7fd-fe32f45954c0.info" returned: 0 in 0.784s {{(pid=81810) execute /opt/stack/data/venv/lib/python3.10/site-packages/oslo_concurrency/processutils.py:372}}
Nov 21 16:41:16 devstack cinder-volume[81810]: DEBUG oslo_concurrency.lockutils [None req-8beba052-125c-4b3a-b0b7-04446d2e31ec tempest-GroupSnapshotsTest-1456920737 None] Lock "quobyte" "released" by "cinder.volume.drivers.quobyte.QuobyteDriver.create_snapshot" :: held 4.472s {{(pid=81810) inner /opt/stack/data/venv/lib/python3.10/site-packages/oslo_concurrency/lockutils.py:424}}
Nov 21 16:41:16 devstack cinder-volume[81810]: DEBUG oslo_concurrency.lockutils [req-cae309d1-dfd9-492f-a79e-58f9e035a68a req-6bbfe5b5-fd77-417d-a8ca-9dc627e23cf9 tempest-AttachVolumeTestJSON-712008378 None] Lock "quobyte" acquired by "cinder.volume.drivers.quobyte.QuobyteDriver.initialize_connection" :: waited 6.043s {{(pid=81810) inner /opt/stack/data/venv/lib/python3.10/site-packages/oslo_concurrency/lockutils.py:410}}
Nov 21 16:41:16 devstack cinder-volume[81810]: DEBUG oslo.privsep.daemon [-] privsep: reply[87c27fda-d56f-4f50-a849-51f42690ce41]: (4, 'qcow2') {{(pid=82011) _call_back /opt/stack/data/venv/lib/python3.10/site-packages/oslo_privsep/daemon.py:515}}
Nov 21 16:41:16 devstack cinder-volume[81810]: DEBUG oslo_concurrency.processutils [req-cae309d1-dfd9-492f-a79e-58f9e035a68a req-6bbfe5b5-fd77-417d-a8ca-9dc627e23cf9 tempest-AttachVolumeTestJSON-712008378 None] Running cmd (subprocess): /opt/stack/data/venv/bin/python3.10 -m oslo_concurrency.prlimit --as=1073741824 --cpu=60 -- sudo cinder-rootwrap /etc/cinder/rootwrap.conf env LC_ALL=C qemu-img info -f qcow2 --output=json --force-share /opt/stack/data/cinder/mnt/d83ba6d512c77398c1a4b0126bb02108/volume-da93a80c-6b35-4580-9d5f-b8f10a2cf1ba {{(pid=81810) execute /opt/stack/data/venv/lib/python3.10/site-packages/oslo_concurrency/processutils.py:349}}
Nov 21 16:41:16 devstack cinder-volume[81810]: INFO cinder.volume.manager [None req-8beba052-125c-4b3a-b0b7-04446d2e31ec tempest-GroupSnapshotsTest-1456920737 None] group_snapshot 4abf309a-b4be-4467-adf5-dd8da594dc4b: created successfully
Nov 21 16:41:16 devstack sudo[86643]: quobyte : PWD=/ ; USER=root ; COMMAND=/opt/stack/data/venv/bin/cinder-rootwrap /etc/cinder/rootwrap.conf env LC_ALL=C qemu-img info -f qcow2 --output=json --force-share /opt/stack/data/cinder/mnt/d83ba6d512c77398c1a4b0126bb02108/volume-da93a80c-6b35-4580-9d5f-b8f10a2cf1ba
Nov 21 16:41:16 devstack sudo[86643]: pam_unix(sudo:session): session opened for user root(uid=0) by (uid=1000)
Nov 21 16:41:16 devstack cinder-volume[81810]: INFO cinder.volume.manager [None req-03c0c589-f881-46e6-bbc5-425c0dbb6928 tempest-GroupSnapshotsTest-1456920737 None] group_snapshot 4abf309a-b4be-4467-adf5-dd8da594dc4b: deleting
Nov 21 16:41:16 devstack cinder-volume[81810]: WARNING cinder.volume.volume_utils [None req-03c0c589-f881-46e6-bbc5-425c0dbb6928 tempest-GroupSnapshotsTest-1456920737 None] Volume driver (QuobyteDriver 1.1.13) is currently unsupported and may be removed in the next release of OpenStack. Use at your own risk.
Nov 21 16:41:16 devstack cinder-volume[81810]: DEBUG cinder.volume.manager [None req-03c0c589-f881-46e6-bbc5-425c0dbb6928 tempest-GroupSnapshotsTest-1456920737 None] group_snapshot 4abf309a-b4be-4467-adf5-dd8da594dc4b: deleting {{(pid=81810) delete_group_snapshot /opt/stack/cinder/cinder/volume/manager.py:4318}}
Nov 21 16:41:16 devstack cinder-volume[81810]: DEBUG cinder.coordination [None req-03c0c589-f881-46e6-bbc5-425c0dbb6928 tempest-GroupSnapshotsTest-1456920737 None] Acquiring lock "cinder-quobyte-b1697ff2-fe99-4ba0-b131-c1ed8aef03a8" by "delete_snapshot" {{(pid=81810) __acquire /opt/stack/cinder/cinder/coordination.py:143}}
