Nov 21 16:43:00 devstack cinder-volume[81810]: DEBUG cinder.volume.drivers.remotefs [None req-883b32a5-c745-4700-862c-572a04ea0bcd tempest-SnapshotsActionsTest-1515793988 None] Fetching qemu-img info with special backing_file_template: (/opt/stack/data/cinder/mnt/[0-9a-f]+/)?(volume-493b32b8-2136-43a1-ae63-0b0892f71318(.(tmp-snap-)?[0-9a-f-]+)?|volume_from_snapshot_cache/(tmp-snap-)?[0-9a-f-]+(.(child-|parent-)[0-9a-f-]+)?)$ {{(pid=81810) _qemu_img_info_base /opt/stack/cinder/cinder/volume/drivers/remotefs.py:886}}
Nov 21 16:43:00 devstack sudo[88576]: quobyte : PWD=/ ; USER=root ; COMMAND=/opt/stack/data/venv/bin/cinder-rootwrap /etc/cinder/rootwrap.conf qemu-img create -f qcow2 -o preallocation=metadata /opt/stack/data/cinder/mnt/d83ba6d512c77398c1a4b0126bb02108/volume-91f23709-a91d-48e4-9e7d-edbe5e253264 1073741824
Nov 21 16:43:00 devstack sudo[88576]: pam_unix(sudo:session): session opened for user root(uid=0) by (uid=1000)
Nov 21 16:43:00 devstack cinder-volume[81810]: DEBUG oslo_concurrency.processutils [None req-883b32a5-c745-4700-862c-572a04ea0bcd tempest-SnapshotsActionsTest-1515793988 None] Running cmd (subprocess): sudo cinder-rootwrap /etc/cinder/rootwrap.conf qemu-img commit -d /opt/stack/data/cinder/mnt/d83ba6d512c77398c1a4b0126bb02108/volume-493b32b8-2136-43a1-ae63-0b0892f71318.35a2a3e0-f0d9-45ea-b2e3-cc03b00bb7e5 {{(pid=81810) execute /opt/stack/data/venv/lib/python3.10/site-packages/oslo_concurrency/processutils.py:349}}
Nov 21 16:43:00 devstack sudo[88578]: quobyte : PWD=/ ; USER=root ; COMMAND=/opt/stack/data/venv/bin/cinder-rootwrap /etc/cinder/rootwrap.conf qemu-img commit -d /opt/stack/data/cinder/mnt/d83ba6d512c77398c1a4b0126bb02108/volume-493b32b8-2136-43a1-ae63-0b0892f71318.35a2a3e0-f0d9-45ea-b2e3-cc03b00bb7e5
Nov 21 16:43:00 devstack sudo[88578]: pam_unix(sudo:session): session opened for user root(uid=0) by (uid=1000)
Nov 21 16:43:01 devstack sudo[88576]: pam_unix(sudo:session): session closed for user root
Nov 21 16:43:01 devstack cinder-volume[81810]: DEBUG oslo_concurrency.processutils [None req-cabee6f5-c6c0-4285-9d02-91d0d99d3c36 tempest-ServerActionsTestOtherB-1392484491 None] CMD "sudo cinder-rootwrap /etc/cinder/rootwrap.conf qemu-img create -f qcow2 -o preallocation=metadata /opt/stack/data/cinder/mnt/d83ba6d512c77398c1a4b0126bb02108/volume-91f23709-a91d-48e4-9e7d-edbe5e253264 1073741824" returned: 0 in 0.716s {{(pid=81810) execute /opt/stack/data/venv/lib/python3.10/site-packages/oslo_concurrency/processutils.py:372}}
Nov 21 16:43:01 devstack cinder-volume[81810]: DEBUG oslo_concurrency.processutils [None req-cabee6f5-c6c0-4285-9d02-91d0d99d3c36 tempest-ServerActionsTestOtherB-1392484491 None] Running cmd (subprocess): sudo cinder-rootwrap /etc/cinder/rootwrap.conf chmod ugo+rw /opt/stack/data/cinder/mnt/d83ba6d512c77398c1a4b0126bb02108/volume-91f23709-a91d-48e4-9e7d-edbe5e253264 {{(pid=81810) execute /opt/stack/data/venv/lib/python3.10/site-packages/oslo_concurrency/processutils.py:349}}
Nov 21 16:43:01 devstack sudo[88578]: pam_unix(sudo:session): session closed for user root
Nov 21 16:43:01 devstack cinder-volume[81810]: DEBUG oslo_concurrency.processutils [None req-883b32a5-c745-4700-862c-572a04ea0bcd tempest-SnapshotsActionsTest-1515793988 None] CMD "sudo cinder-rootwrap /etc/cinder/rootwrap.conf qemu-img commit -d /opt/stack/data/cinder/mnt/d83ba6d512c77398c1a4b0126bb02108/volume-493b32b8-2136-43a1-ae63-0b0892f71318.35a2a3e0-f0d9-45ea-b2e3-cc03b00bb7e5" returned: 0 in 0.701s {{(pid=81810) execute /opt/stack/data/venv/lib/python3.10/site-packages/oslo_concurrency/processutils.py:372}}
Nov 21 16:43:01 devstack cinder-volume[81810]: DEBUG oslo_concurrency.processutils [None req-883b32a5-c745-4700-862c-572a04ea0bcd tempest-SnapshotsActionsTest-1515793988 None] Running cmd (subprocess): sudo cinder-rootwrap /etc/cinder/rootwrap.conf rm -f /opt/stack/data/cinder/mnt/d83ba6d512c77398c1a4b0126bb02108/volume-493b32b8-2136-43a1-ae63-0b0892f71318.35a2a3e0-f0d9-45ea-b2e3-cc03b00bb7e5 {{(pid=81810) execute /opt/stack/data/venv/lib/python3.10/site-packages/oslo_concurrency/processutils.py:349}}
Nov 21 16:43:01 devstack sudo[88597]: quobyte : PWD=/ ; USER=root ; COMMAND=/opt/stack/data/venv/bin/cinder-rootwrap /etc/cinder/rootwrap.conf chmod ugo+rw /opt/stack/data/cinder/mnt/d83ba6d512c77398c1a4b0126bb02108/volume-91f23709-a91d-48e4-9e7d-edbe5e253264
Nov 21 16:43:01 devstack sudo[88597]: pam_unix(sudo:session): session opened for user root(uid=0) by (uid=1000)
Nov 21 16:43:01 devstack sudo[88599]: quobyte : PWD=/ ; USER=root ; COMMAND=/opt/stack/data/venv/bin/cinder-rootwrap /etc/cinder/rootwrap.conf rm -f /opt/stack/data/cinder/mnt/d83ba6d512c77398c1a4b0126bb02108/volume-493b32b8-2136-43a1-ae63-0b0892f71318.35a2a3e0-f0d9-45ea-b2e3-cc03b00bb7e5
Nov 21 16:43:01 devstack sudo[88599]: pam_unix(sudo:session): session opened for user root(uid=0) by (uid=1000)
Nov 21 16:43:02 devstack sudo[88597]: pam_unix(sudo:session): session closed for user root
Nov 21 16:43:02 devstack cinder-volume[81810]: DEBUG oslo_concurrency.processutils [None req-cabee6f5-c6c0-4285-9d02-91d0d99d3c36 tempest-ServerActionsTestOtherB-1392484491 None] CMD "sudo cinder-rootwrap /etc/cinder/rootwrap.conf chmod ugo+rw /opt/stack/data/cinder/mnt/d83ba6d512c77398c1a4b0126bb02108/volume-91f23709-a91d-48e4-9e7d-edbe5e253264" returned: 0 in 0.519s {{(pid=81810) execute /opt/stack/data/venv/lib/python3.10/site-packages/oslo_concurrency/processutils.py:372}}
Nov 21 16:43:02 devstack cinder-volume[81810]: DEBUG cinder.volume.drivers.quobyte [None req-cabee6f5-c6c0-4285-9d02-91d0d99d3c36 tempest-ServerActionsTestOtherB-1392484491 None] <== create_volume: return (1245ms) {'provider_location': 'osci02.corp.quobyte.com/cinder-vol-b05da659-f6c2-4ba1-aae1-ca4e67561f74'} {{(pid=81810) trace_logging_wrapper /opt/stack/cinder/cinder/volume/volume_utils.py:1523}}
Nov 21 16:43:02 devstack cinder-volume[81810]: DEBUG oslo_concurrency.lockutils [None req-cabee6f5-c6c0-4285-9d02-91d0d99d3c36 tempest-ServerActionsTestOtherB-1392484491 None] Lock "quobyte" "released" by "cinder.volume.drivers.quobyte.QuobyteDriver.create_volume" :: held 1.247s {{(pid=81810) inner /opt/stack/data/venv/lib/python3.10/site-packages/oslo_concurrency/lockutils.py:424}}
Nov 21 16:43:02 devstack cinder-volume[81810]: DEBUG cinder.volume.manager [None req-cabee6f5-c6c0-4285-9d02-91d0d99d3c36 tempest-ServerActionsTestOtherB-1392484491 None] Task 'cinder.volume.flows.manager.create_volume.CreateVolumeFromSpecTask;volume:create' (3df23158-745d-49ae-8f1a-530dc05b5e1f) transitioned into state 'SUCCESS' from state 'RUNNING' with result '{'status': 'creating', 'volume_name': 'volume-91f23709-a91d-48e4-9e7d-edbe5e253264', 'volume_size': 1}' {{(pid=81810) _task_receiver /opt/stack/data/venv/lib/python3.10/site-packages/taskflow/listeners/logging.py:182}}
Nov 21 16:43:02 devstack cinder-volume[81810]: DEBUG cinder.volume.manager [None req-cabee6f5-c6c0-4285-9d02-91d0d99d3c36 tempest-ServerActionsTestOtherB-1392484491 None] Task 'cinder.volume.flows.manager.create_volume.CreateVolumeOnFinishTask;volume:create, create.end' (53d894d1-b980-4946-b90b-ffc749064c3b) transitioned into state 'RUNNING' from state 'PENDING' {{(pid=81810) _task_receiver /opt/stack/data/venv/lib/python3.10/site-packages/taskflow/listeners/logging.py:194}}
Nov 21 16:43:02 devstack cinder-volume[81810]: INFO cinder.volume.flows.manager.create_volume [None req-cabee6f5-c6c0-4285-9d02-91d0d99d3c36 tempest-ServerActionsTestOtherB-1392484491 None] Volume volume-91f23709-a91d-48e4-9e7d-edbe5e253264 (91f23709-a91d-48e4-9e7d-edbe5e253264): created successfully
Nov 21 16:43:02 devstack cinder-volume[81810]: DEBUG cinder.volume.manager [None req-cabee6f5-c6c0-4285-9d02-91d0d99d3c36 tempest-ServerActionsTestOtherB-1392484491 None] Task 'cinder.volume.flows.manager.create_volume.CreateVolumeOnFinishTask;volume:create, create.end' (53d894d1-b980-4946-b90b-ffc749064c3b) transitioned into state 'SUCCESS' from state 'RUNNING' with result 'None' {{(pid=81810) _task_receiver /opt/stack/data/venv/lib/python3.10/site-packages/taskflow/listeners/logging.py:182}}
Nov 21 16:43:02 devstack sudo[88599]: pam_unix(sudo:session): session closed for user root
Nov 21 16:43:02 devstack cinder-volume[81810]: DEBUG cinder.volume.manager [None req-cabee6f5-c6c0-4285-9d02-91d0d99d3c36 tempest-ServerActionsTestOtherB-1392484491 None] Flow 'volume_create_manager' (e076fa04-a93b-4c56-82aa-4ecb76acbfea) transitioned into state 'SUCCESS' from state 'RUNNING' {{(pid=81810) _flow_receiver /opt/stack/data/venv/lib/python3.10/site-packages/taskflow/listeners/logging.py:145}}
Nov 21 16:43:02 devstack cinder-volume[81810]: DEBUG oslo_concurrency.processutils [None req-883b32a5-c745-4700-862c-572a04ea0bcd tempest-SnapshotsActionsTest-1515793988 None] CMD "sudo cinder-rootwrap /etc/cinder/rootwrap.conf rm -f /opt/stack/data/cinder/mnt/d83ba6d512c77398c1a4b0126bb02108/volume-493b32b8-2136-43a1-ae63-0b0892f71318.35a2a3e0-f0d9-45ea-b2e3-cc03b00bb7e5" returned: 0 in 0.548s {{(pid=81810) execute /opt/stack/data/venv/lib/python3.10/site-packages/oslo_concurrency/processutils.py:372}}
Nov 21 16:43:02 devstack cinder-volume[81810]: DEBUG cinder.coordination [None req-883b32a5-c745-4700-862c-572a04ea0bcd tempest-SnapshotsActionsTest-1515793988 None] Lock "cinder-quobyte-35a2a3e0-f0d9-45ea-b2e3-cc03b00bb7e5" released by "_delete_snapshot" :: held 2.892s {{(pid=81810) __release /opt/stack/cinder/cinder/coordination.py:157}}
Nov 21 16:43:02 devstack cinder-volume[81810]: INFO cinder.volume.manager [None req-cabee6f5-c6c0-4285-9d02-91d0d99d3c36 tempest-ServerActionsTestOtherB-1392484491 None] Created volume successfully.
Nov 21 16:43:02 devstack cinder-volume[81810]: DEBUG cinder.coordination [None req-883b32a5-c745-4700-862c-572a04ea0bcd tempest-SnapshotsActionsTest-1515793988 None] Lock "cinder-quobyte-493b32b8-2136-43a1-ae63-0b0892f71318" released by "delete_snapshot" :: held 2.912s {{(pid=81810) __release /opt/stack/cinder/cinder/coordination.py:157}}
Nov 21 16:43:02 devstack cinder-volume[81810]: DEBUG cinder.quota [None req-883b32a5-c745-4700-862c-572a04ea0bcd tempest-SnapshotsActionsTest-1515793988 None] Created reservations ['420db991-3ae3-4202-a70a-44eec381af95', '03ddd0b8-9c4f-45ae-bcb0-9a9c172bc938', 'e0f7a3ce-421b-44ef-83a5-d052031f2a0e', 'c628c6e4-55cb-4656-b679-bfb2900cdffc'] {{(pid=81810) reserve /opt/stack/cinder/cinder/quota.py:752}}
Nov 21 16:43:02 devstack cinder-volume[81810]: INFO cinder.volume.manager [None req-883b32a5-c745-4700-862c-572a04ea0bcd tempest-SnapshotsActionsTest-1515793988 None] Delete snapshot completed successfully.
Nov 21 16:43:02 devstack cinder-volume[81810]: DEBUG cinder.coordination [None req-883b32a5-c745-4700-862c-572a04ea0bcd tempest-SnapshotsActionsTest-1515793988 None] Lock "cinder-35a2a3e0-f0d9-45ea-b2e3-cc03b00bb7e5-delete_snapshot" released by "delete_snapshot" :: held 3.004s {{(pid=81810) __release /opt/stack/cinder/cinder/coordination.py:157}}
Nov 21 16:43:02 devstack cinder-volume[81810]: WARNING cinder.volume.volume_utils [None req-1474843f-ea1c-4a2f-b5c2-a6c0b6e458df tempest-SnapshotsActionsTest-1691329502 None] Volume driver (QuobyteDriver 1.1.13) is currently unsupported and may be removed in the next release of OpenStack. Use at your own risk.
Nov 21 16:43:02 devstack cinder-volume[81810]: DEBUG oslo_concurrency.lockutils [None req-1474843f-ea1c-4a2f-b5c2-a6c0b6e458df tempest-SnapshotsActionsTest-1691329502 None] Acquiring lock "quobyte" by "cinder.volume.drivers.quobyte.QuobyteDriver.create_snapshot" {{(pid=81810) inner /opt/stack/data/venv/lib/python3.10/site-packages/oslo_concurrency/lockutils.py:405}}
Nov 21 16:43:02 devstack cinder-volume[81810]: DEBUG oslo_concurrency.lockutils [None req-1474843f-ea1c-4a2f-b5c2-a6c0b6e458df tempest-SnapshotsActionsTest-1691329502 None] Lock "quobyte" acquired by "cinder.volume.drivers.quobyte.QuobyteDriver.create_snapshot" :: waited 0.001s {{(pid=81810) inner /opt/stack/data/venv/lib/python3.10/site-packages/oslo_concurrency/lockutils.py:410}}
Nov 21 16:43:02 devstack cinder-volume[81810]: DEBUG cinder.volume.drivers.remotefs [None req-1474843f-ea1c-4a2f-b5c2-a6c0b6e458df tempest-SnapshotsActionsTest-1691329502 None] Creating offline snapshot 6ebdad5f-370b-44f6-bdc6-8ed355c04292 of volume 493b32b8-2136-43a1-ae63-0b0892f71318 {{(pid=81810) _create_snapshot /opt/stack/cinder/cinder/volume/drivers/remotefs.py:1694}}
Nov 21 16:43:02 devstack cinder-volume[81810]: DEBUG oslo.privsep.daemon [-] privsep: reply[ab2fa5c8-cabc-4ea3-85be-127bec665939]: (4, 'qcow2') {{(pid=82011) _call_back /opt/stack/data/venv/lib/python3.10/site-packages/oslo_privsep/daemon.py:515}}
Nov 21 16:43:02 devstack cinder-volume[81810]: DEBUG oslo_concurrency.processutils [None req-1474843f-ea1c-4a2f-b5c2-a6c0b6e458df tempest-SnapshotsActionsTest-1691329502 None] Running cmd (subprocess): /opt/stack/data/venv/bin/python3.10 -m oslo_concurrency.prlimit --as=1073741824 --cpu=60 -- sudo cinder-rootwrap /etc/cinder/rootwrap.conf env LC_ALL=C qemu-img info -f qcow2 --output=json --force-share /opt/stack/data/cinder/mnt/d83ba6d512c77398c1a4b0126bb02108/volume-493b32b8-2136-43a1-ae63-0b0892f71318.8000cde0-2cdc-4e47-a826-9b627340b088 {{(pid=81810) execute /opt/stack/data/venv/lib/python3.10/site-packages/oslo_concurrency/processutils.py:349}}
Nov 21 16:43:03 devstack sudo[88610]: quobyte : PWD=/ ; USER=root ; COMMAND=/opt/stack/data/venv/bin/cinder-rootwrap /etc/cinder/rootwrap.conf env LC_ALL=C qemu-img info -f qcow2 --output=json --force-share /opt/stack/data/cinder/mnt/d83ba6d512c77398c1a4b0126bb02108/volume-493b32b8-2136-43a1-ae63-0b0892f71318.8000cde0-2cdc-4e47-a826-9b627340b088
Nov 21 16:43:03 devstack sudo[88610]: pam_unix(sudo:session): session opened for user root(uid=0) by (uid=1000)
Nov 21 16:43:03 devstack sudo[88610]: pam_unix(sudo:session): session closed for user root
Nov 21 16:43:03 devstack cinder-volume[81810]: DEBUG oslo_concurrency.processutils [None req-1474843f-ea1c-4a2f-b5c2-a6c0b6e458df tempest-SnapshotsActionsTest-1691329502 None] CMD "/opt/stack/data/venv/bin/python3.10 -m oslo_concurrency.prlimit --as=1073741824 --cpu=60 -- sudo cinder-rootwrap /etc/cinder/rootwrap.conf env LC_ALL=C qemu-img info -f qcow2 --output=json --force-share /opt/stack/data/cinder/mnt/d83ba6d512c77398c1a4b0126bb02108/volume-493b32b8-2136-43a1-ae63-0b0892f71318.8000cde0-2cdc-4e47-a826-9b627340b088" returned: 0 in 1.283s {{(pid=81810) execute /opt/stack/data/venv/lib/python3.10/site-packages/oslo_concurrency/processutils.py:372}}
Nov 21 16:43:03 devstack cinder-volume[81810]: DEBUG cinder.volume.drivers.remotefs [None req-1474843f-ea1c-4a2f-b5c2-a6c0b6e458df tempest-SnapshotsActionsTest-1691329502 None] Fetching qemu-img info with special backing_file_template: (/opt/stack/data/cinder/mnt/[0-9a-f]+/)?(volume-493b32b8-2136-43a1-ae63-0b0892f71318(.(tmp-snap-)?[0-9a-f-]+)?|volume_from_snapshot_cache/(tmp-snap-)?[0-9a-f-]+(.(child-|parent-)[0-9a-f-]+)?)$ {{(pid=81810) _qemu_img_info_base /opt/stack/cinder/cinder/volume/drivers/remotefs.py:886}}
Nov 21 16:43:03 devstack cinder-volume[81810]: DEBUG oslo_concurrency.processutils [None req-1474843f-ea1c-4a2f-b5c2-a6c0b6e458df tempest-SnapshotsActionsTest-1691329502 None] Running cmd (subprocess): sudo cinder-rootwrap /etc/cinder/rootwrap.conf qemu-img create -f qcow2 -o backing_file=/opt/stack/data/cinder/mnt/d83ba6d512c77398c1a4b0126bb02108/volume-493b32b8-2136-43a1-ae63-0b0892f71318.8000cde0-2cdc-4e47-a826-9b627340b088,backing_fmt=qcow2 /opt/stack/data/cinder/mnt/d83ba6d512c77398c1a4b0126bb02108/volume-493b32b8-2136-43a1-ae63-0b0892f71318.6ebdad5f-370b-44f6-bdc6-8ed355c04292 1G {{(pid=81810) execute /opt/stack/data/venv/lib/python3.10/site-packages/oslo_concurrency/processutils.py:349}}
Nov 21 16:43:04 devstack sudo[88675]: quobyte : PWD=/ ; USER=root ; COMMAND=/opt/stack/data/venv/bin/cinder-rootwrap /etc/cinder/rootwrap.conf qemu-img create -f qcow2 -o backing_file=/opt/stack/data/cinder/mnt/d83ba6d512c77398c1a4b0126bb02108/volume-493b32b8-2136-43a1-ae63-0b0892f71318.8000cde0-2cdc-4e47-a826-9b627340b088,backing_fmt=qcow2 /opt/stack/data/cinder/mnt/d83ba6d512c77398c1a4b0126bb02108/volume-493b32b8-2136-43a1-ae63-0b0892f71318.6ebdad5f-370b-44f6-bdc6-8ed355c04292 1G
Nov 21 16:43:04 devstack sudo[88675]: pam_unix(sudo:session): session opened for user root(uid=0) by (uid=1000)
Nov 21 16:43:04 devstack sudo[88675]: pam_unix(sudo:session): session closed for user root
Nov 21 16:43:04 devstack cinder-volume[81810]: DEBUG oslo_concurrency.processutils [None req-1474843f-ea1c-4a2f-b5c2-a6c0b6e458df tempest-SnapshotsActionsTest-1691329502 None] CMD "sudo cinder-rootwrap /etc/cinder/rootwrap.conf qemu-img create -f qcow2 -o backing_file=/opt/stack/data/cinder/mnt/d83ba6d512c77398c1a4b0126bb02108/volume-493b32b8-2136-43a1-ae63-0b0892f71318.8000cde0-2cdc-4e47-a826-9b627340b088,backing_fmt=qcow2 /opt/stack/data/cinder/mnt/d83ba6d512c77398c1a4b0126bb02108/volume-493b32b8-2136-43a1-ae63-0b0892f71318.6ebdad5f-370b-44f6-bdc6-8ed355c04292 1G" returned: 0 in 0.688s {{(pid=81810) execute /opt/stack/data/venv/lib/python3.10/site-packages/oslo_concurrency/processutils.py:372}}
Nov 21 16:43:04 devstack cinder-volume[81810]: DEBUG oslo_concurrency.processutils [None req-1474843f-ea1c-4a2f-b5c2-a6c0b6e458df tempest-SnapshotsActionsTest-1691329502 None] Running cmd (subprocess): sudo cinder-rootwrap /etc/cinder/rootwrap.conf qemu-img rebase -u -b volume-493b32b8-2136-43a1-ae63-0b0892f71318.8000cde0-2cdc-4e47-a826-9b627340b088 -F qcow2 /opt/stack/data/cinder/mnt/d83ba6d512c77398c1a4b0126bb02108/volume-493b32b8-2136-43a1-ae63-0b0892f71318.6ebdad5f-370b-44f6-bdc6-8ed355c04292 {{(pid=81810) execute /opt/stack/data/venv/lib/python3.10/site-packages/oslo_concurrency/processutils.py:349}}
Nov 21 16:43:04 devstack sudo[88682]: quobyte : PWD=/ ; USER=root ; COMMAND=/opt/stack/data/venv/bin/cinder-rootwrap /etc/cinder/rootwrap.conf qemu-img rebase -u -b volume-493b32b8-2136-43a1-ae63-0b0892f71318.8000cde0-2cdc-4e47-a826-9b627340b088 -F qcow2 /opt/stack/data/cinder/mnt/d83ba6d512c77398c1a4b0126bb02108/volume-493b32b8-2136-43a1-ae63-0b0892f71318.6ebdad5f-370b-44f6-bdc6-8ed355c04292
Nov 21 16:43:04 devstack sudo[88682]: pam_unix(sudo:session): session opened for user root(uid=0) by (uid=1000)
Nov 21 16:43:05 devstack sudo[88682]: pam_unix(sudo:session): session closed for user root
Nov 21 16:43:05 devstack cinder-volume[81810]: DEBUG oslo_concurrency.processutils [None req-1474843f-ea1c-4a2f-b5c2-a6c0b6e458df tempest-SnapshotsActionsTest-1691329502 None] CMD "sudo cinder-rootwrap /etc/cinder/rootwrap.conf qemu-img rebase -u -b volume-493b32b8-2136-43a1-ae63-0b0892f71318.8000cde0-2cdc-4e47-a826-9b627340b088 -F qcow2 /opt/stack/data/cinder/mnt/d83ba6d512c77398c1a4b0126bb02108/volume-493b32b8-2136-43a1-ae63-0b0892f71318.6ebdad5f-370b-44f6-bdc6-8ed355c04292" returned: 0 in 0.594s {{(pid=81810) execute /opt/stack/data/venv/lib/python3.10/site-packages/oslo_concurrency/processutils.py:372}}
Nov 21 16:43:05 devstack cinder-volume[81810]: WARNING cinder.volume.drivers.remotefs [None req-1474843f-ea1c-4a2f-b5c2-a6c0b6e458df tempest-SnapshotsActionsTest-1691329502 None] /opt/stack/data/cinder/mnt/d83ba6d512c77398c1a4b0126bb02108/volume-493b32b8-2136-43a1-ae63-0b0892f71318.6ebdad5f-370b-44f6-bdc6-8ed355c04292 is being set with open permissions: ugo+rw
Nov 21 16:43:05 devstack cinder-volume[81810]: DEBUG oslo_concurrency.processutils [None req-1474843f-ea1c-4a2f-b5c2-a6c0b6e458df tempest-SnapshotsActionsTest-1691329502 None] Running cmd (subprocess): sudo cinder-rootwrap /etc/cinder/rootwrap.conf chmod ugo+rw /opt/stack/data/cinder/mnt/d83ba6d512c77398c1a4b0126bb02108/volume-493b32b8-2136-43a1-ae63-0b0892f71318.6ebdad5f-370b-44f6-bdc6-8ed355c04292 {{(pid=81810) execute /opt/stack/data/venv/lib/python3.10/site-packages/oslo_concurrency/processutils.py:349}}
Nov 21 16:43:05 devstack sudo[88687]: quobyte : PWD=/ ; USER=root ; COMMAND=/opt/stack/data/venv/bin/cinder-rootwrap /etc/cinder/rootwrap.conf chmod ugo+rw /opt/stack/data/cinder/mnt/d83ba6d512c77398c1a4b0126bb02108/volume-493b32b8-2136-43a1-ae63-0b0892f71318.6ebdad5f-370b-44f6-bdc6-8ed355c04292
Nov 21 16:43:05 devstack sudo[88687]: pam_unix(sudo:session): session opened for user root(uid=0) by (uid=1000)
Nov 21 16:43:05 devstack sudo[88687]: pam_unix(sudo:session): session closed for user root
Nov 21 16:43:05 devstack cinder-volume[81810]: DEBUG oslo_concurrency.processutils [None req-1474843f-ea1c-4a2f-b5c2-a6c0b6e458df tempest-SnapshotsActionsTest-1691329502 None] CMD "sudo cinder-rootwrap /etc/cinder/rootwrap.conf chmod ugo+rw /opt/stack/data/cinder/mnt/d83ba6d512c77398c1a4b0126bb02108/volume-493b32b8-2136-43a1-ae63-0b0892f71318.6ebdad5f-370b-44f6-bdc6-8ed355c04292" returned: 0 in 0.558s {{(pid=81810) execute /opt/stack/data/venv/lib/python3.10/site-packages/oslo_concurrency/processutils.py:372}}
Nov 21 16:43:05 devstack cinder-volume[81810]: DEBUG oslo_concurrency.lockutils [None req-1474843f-ea1c-4a2f-b5c2-a6c0b6e458df tempest-SnapshotsActionsTest-1691329502 None] Lock "quobyte" "released" by "cinder.volume.drivers.quobyte.QuobyteDriver.create_snapshot" :: held 3.206s {{(pid=81810) inner /opt/stack/data/venv/lib/python3.10/site-packages/oslo_concurrency/lockutils.py:424}}
Nov 21 16:43:05 devstack cinder-volume[81810]: INFO cinder.volume.manager [None req-1474843f-ea1c-4a2f-b5c2-a6c0b6e458df tempest-SnapshotsActionsTest-1691329502 None] Create snapshot completed successfully
Nov 21 16:43:06 devstack cinder-volume[81810]: DEBUG oslo_concurrency.lockutils [req-f55ca8b6-c4ed-4ca4-9d5c-7d94009ec6fb req-1499cb54-7157-434d-bd48-cb43ed7103d5 tempest-ServerActionsTestOtherB-1392484491 None] Acquiring lock "quobyte" by "cinder.volume.drivers.quobyte.QuobyteDriver.initialize_connection" {{(pid=81810) inner /opt/stack/data/venv/lib/python3.10/site-packages/oslo_concurrency/lockutils.py:405}}
Nov 21 16:43:06 devstack cinder-volume[81810]: DEBUG oslo_concurrency.lockutils [req-f55ca8b6-c4ed-4ca4-9d5c-7d94009ec6fb req-1499cb54-7157-434d-bd48-cb43ed7103d5 tempest-ServerActionsTestOtherB-1392484491 None] Lock "quobyte" acquired by "cinder.volume.drivers.quobyte.QuobyteDriver.initialize_connection" :: waited 0.001s {{(pid=81810) inner /opt/stack/data/venv/lib/python3.10/site-packages/oslo_concurrency/lockutils.py:410}}
Nov 21 16:43:06 devstack cinder-volume[81810]: DEBUG oslo.privsep.daemon [-] privsep: reply[022343e0-3ec8-45ca-ae49-b5277048a061]: (4, 'qcow2') {{(pid=82011) _call_back /opt/stack/data/venv/lib/python3.10/site-packages/oslo_privsep/daemon.py:515}}
Nov 21 16:43:06 devstack cinder-volume[81810]: DEBUG oslo_concurrency.processutils [req-f55ca8b6-c4ed-4ca4-9d5c-7d94009ec6fb req-1499cb54-7157-434d-bd48-cb43ed7103d5 tempest-ServerActionsTestOtherB-1392484491 None] Running cmd (subprocess): /opt/stack/data/venv/bin/python3.10 -m oslo_concurrency.prlimit --as=1073741824 --cpu=60 -- sudo cinder-rootwrap /etc/cinder/rootwrap.conf env LC_ALL=C qemu-img info -f qcow2 --output=json --force-share /opt/stack/data/cinder/mnt/d83ba6d512c77398c1a4b0126bb02108/volume-91f23709-a91d-48e4-9e7d-edbe5e253264 {{(pid=81810) execute /opt/stack/data/venv/lib/python3.10/site-packages/oslo_concurrency/processutils.py:349}}
Nov 21 16:43:06 devstack sudo[88698]: quobyte : PWD=/ ; USER=root ; COMMAND=/opt/stack/data/venv/bin/cinder-rootwrap /etc/cinder/rootwrap.conf env LC_ALL=C qemu-img info -f qcow2 --output=json --force-share /opt/stack/data/cinder/mnt/d83ba6d512c77398c1a4b0126bb02108/volume-91f23709-a91d-48e4-9e7d-edbe5e253264
Nov 21 16:43:06 devstack sudo[88698]: pam_unix(sudo:session): session opened for user root(uid=0) by (uid=1000)
Nov 21 16:43:07 devstack cinder-volume[81810]: DEBUG cinder.coordination [None req-21802232-52c8-4f30-b810-dbec0f839ab9 tempest-SnapshotsActionsTest-1515793988 None] Acquiring lock "cinder-6ebdad5f-370b-44f6-bdc6-8ed355c04292-delete_snapshot" by "delete_snapshot" {{(pid=81810) __acquire /opt/stack/cinder/cinder/coordination.py:143}}
Nov 21 16:43:07 devstack cinder-volume[81810]: DEBUG cinder.coordination [None req-21802232-52c8-4f30-b810-dbec0f839ab9 tempest-SnapshotsActionsTest-1515793988 None] Lock "cinder-6ebdad5f-370b-44f6-bdc6-8ed355c04292-delete_snapshot" acquired by "delete_snapshot" :: waited 0.025s {{(pid=81810) __acquire /opt/stack/cinder/cinder/coordination.py:146}}
Nov 21 16:43:07 devstack cinder-volume[81810]: WARNING cinder.volume.volume_utils [None req-21802232-52c8-4f30-b810-dbec0f839ab9 tempest-SnapshotsActionsTest-1515793988 None] Volume driver (QuobyteDriver 1.1.13) is currently unsupported and may be removed in the next release of OpenStack. Use at your own risk.
Nov 21 16:43:07 devstack cinder-volume[81810]: DEBUG cinder.coordination [None req-21802232-52c8-4f30-b810-dbec0f839ab9 tempest-SnapshotsActionsTest-1515793988 None] Acquiring lock "cinder-quobyte-493b32b8-2136-43a1-ae63-0b0892f71318" by "delete_snapshot" {{(pid=81810) __acquire /opt/stack/cinder/cinder/coordination.py:143}}
Nov 21 16:43:07 devstack cinder-volume[81810]: DEBUG cinder.coordination [None req-21802232-52c8-4f30-b810-dbec0f839ab9 tempest-SnapshotsActionsTest-1515793988 None] Lock "cinder-quobyte-493b32b8-2136-43a1-ae63-0b0892f71318" acquired by "delete_snapshot" :: waited 0.022s {{(pid=81810) __acquire /opt/stack/cinder/cinder/coordination.py:146}}
Nov 21 16:43:07 devstack cinder-volume[81810]: DEBUG cinder.coordination [None req-21802232-52c8-4f30-b810-dbec0f839ab9 tempest-SnapshotsActionsTest-1515793988 None] Acquiring lock "cinder-quobyte-6ebdad5f-370b-44f6-bdc6-8ed355c04292" by "_delete_snapshot" {{(pid=81810) __acquire /opt/stack/cinder/cinder/coordination.py:143}}
Nov 21 16:43:07 devstack cinder-volume[81810]: DEBUG cinder.coordination [None req-21802232-52c8-4f30-b810-dbec0f839ab9 tempest-SnapshotsActionsTest-1515793988 None] Lock "cinder-quobyte-6ebdad5f-370b-44f6-bdc6-8ed355c04292" acquired by "_delete_snapshot" :: waited 0.017s {{(pid=81810) __acquire /opt/stack/cinder/cinder/coordination.py:146}}
Nov 21 16:43:07 devstack cinder-volume[81810]: DEBUG cinder.volume.drivers.remotefs [None req-21802232-52c8-4f30-b810-dbec0f839ab9 tempest-SnapshotsActionsTest-1515793988 None] Deleting offline snapshot 6ebdad5f-370b-44f6-bdc6-8ed355c04292 of volume 493b32b8-2136-43a1-ae63-0b0892f71318 {{(pid=81810) _delete_snapshot /opt/stack/cinder/cinder/volume/drivers/remotefs.py:1278}}
Nov 21 16:43:07 devstack sudo[88698]: pam_unix(sudo:session): session closed for user root
Nov 21 16:43:07 devstack cinder-volume[81810]: DEBUG cinder.volume.drivers.remotefs [None req-21802232-52c8-4f30-b810-dbec0f839ab9 tempest-SnapshotsActionsTest-1515793988 None] snapshot_file for this snap is: volume-493b32b8-2136-43a1-ae63-0b0892f71318.6ebdad5f-370b-44f6-bdc6-8ed355c04292 {{(pid=81810) _delete_snapshot /opt/stack/cinder/cinder/volume/drivers/remotefs.py:1307}}
Nov 21 16:43:07 devstack cinder-volume[81810]: DEBUG oslo_concurrency.processutils [req-f55ca8b6-c4ed-4ca4-9d5c-7d94009ec6fb req-1499cb54-7157-434d-bd48-cb43ed7103d5 tempest-ServerActionsTestOtherB-1392484491 None] CMD "/opt/stack/data/venv/bin/python3.10 -m oslo_concurrency.prlimit --as=1073741824 --cpu=60 -- sudo cinder-rootwrap /etc/cinder/rootwrap.conf env LC_ALL=C qemu-img info -f qcow2 --output=json --force-share /opt/stack/data/cinder/mnt/d83ba6d512c77398c1a4b0126bb02108/volume-91f23709-a91d-48e4-9e7d-edbe5e253264" returned: 0 in 0.733s {{(pid=81810) execute /opt/stack/data/venv/lib/python3.10/site-packages/oslo_concurrency/processutils.py:372}}
Nov 21 16:43:07 devstack cinder-volume[81810]: DEBUG oslo_concurrency.lockutils [req-f55ca8b6-c4ed-4ca4-9d5c-7d94009ec6fb req-1499cb54-7157-434d-bd48-cb43ed7103d5 tempest-ServerActionsTestOtherB-1392484491 None] Lock "quobyte" "released" by "cinder.volume.drivers.quobyte.QuobyteDriver.initialize_connection" :: held 0.747s {{(pid=81810) inner /opt/stack/data/venv/lib/python3.10/site-packages/oslo_concurrency/lockutils.py:424}}
Nov 21 16:43:07 devstack cinder-volume[81810]: DEBUG oslo.privsep.daemon [-] privsep: reply[9fb08474-4625-4c5c-a354-c0dbead61b4f]: (4, 'qcow2') {{(pid=82011) _call_back /opt/stack/data/venv/lib/python3.10/site-packages/oslo_privsep/daemon.py:515}}
Nov 21 16:43:07 devstack cinder-volume[81810]: DEBUG oslo_concurrency.processutils [None req-21802232-52c8-4f30-b810-dbec0f839ab9 tempest-SnapshotsActionsTest-1515793988 None] Running cmd (subprocess): /opt/stack/data/venv/bin/python3.10 -m oslo_concurrency.prlimit --as=1073741824 --cpu=60 -- sudo cinder-rootwrap /etc/cinder/rootwrap.conf env LC_ALL=C qemu-img info -f qcow2 --output=json --force-share /opt/stack/data/cinder/mnt/d83ba6d512c77398c1a4b0126bb02108/volume-493b32b8-2136-43a1-ae63-0b0892f71318.6ebdad5f-370b-44f6-bdc6-8ed355c04292 {{(pid=81810) execute /opt/stack/data/venv/lib/python3.10/site-packages/oslo_concurrency/processutils.py:349}}
Nov 21 16:43:07 devstack cinder-volume[81810]: DEBUG cinder.volume.manager [req-f55ca8b6-c4ed-4ca4-9d5c-7d94009ec6fb req-1499cb54-7157-434d-bd48-cb43ed7103d5 tempest-ServerActionsTestOtherB-1392484491 None] Connection info returned from driver {'export': 'osci02.corp.quobyte.com/cinder-vol-b05da659-f6c2-4ba1-aae1-ca4e67561f74', 'name': 'volume-91f23709-a91d-48e4-9e7d-edbe5e253264', 'options': None, 'format': 'qcow2', 'qos_specs': None, 'access_mode': 'rw', 'encrypted': False, 'cacheable': False, 'driver_volume_type': 'quobyte', 'mount_point_base': '/opt/stack/data/cinder/mnt', 'attachment_id': '545d579f-4a44-434c-8fa2-75a3d7ef1fa4', 'enforce_multipath': True} {{(pid=81810) _connection_create /opt/stack/cinder/cinder/volume/manager.py:4892}}
Nov 21 16:43:07 devstack cinder-volume[81810]: WARNING cinder.volume.volume_utils [req-f55ca8b6-c4ed-4ca4-9d5c-7d94009ec6fb req-1499cb54-7157-434d-bd48-cb43ed7103d5 tempest-ServerActionsTestOtherB-1392484491 None] Volume driver (QuobyteDriver 1.1.13) is currently unsupported and may be removed in the next release of OpenStack. Use at your own risk.
Nov 21 16:43:07 devstack cinder-volume[81810]: INFO cinder.volume.manager [req-f55ca8b6-c4ed-4ca4-9d5c-7d94009ec6fb req-1499cb54-7157-434d-bd48-cb43ed7103d5 tempest-ServerActionsTestOtherB-1392484491 None] attachment_update completed successfully.
Nov 21 16:43:07 devstack sudo[88703]: quobyte : PWD=/ ; USER=root ; COMMAND=/opt/stack/data/venv/bin/cinder-rootwrap /etc/cinder/rootwrap.conf env LC_ALL=C qemu-img info -f qcow2 --output=json --force-share /opt/stack/data/cinder/mnt/d83ba6d512c77398c1a4b0126bb02108/volume-493b32b8-2136-43a1-ae63-0b0892f71318.6ebdad5f-370b-44f6-bdc6-8ed355c04292
Nov 21 16:43:07 devstack sudo[88703]: pam_unix(sudo:session): session opened for user root(uid=0) by (uid=1000)
Nov 21 16:43:08 devstack sudo[88703]: pam_unix(sudo:session): session closed for user root
Nov 21 16:43:08 devstack cinder-volume[81810]: DEBUG oslo_concurrency.processutils [None req-21802232-52c8-4f30-b810-dbec0f839ab9 tempest-SnapshotsActionsTest-1515793988 None] CMD "/opt/stack/data/venv/bin/python3.10 -m oslo_concurrency.prlimit --as=1073741824 --cpu=60 -- sudo cinder-rootwrap /etc/cinder/rootwrap.conf env LC_ALL=C qemu-img info -f qcow2 --output=json --force-share /opt/stack/data/cinder/mnt/d83ba6d512c77398c1a4b0126bb02108/volume-493b32b8-2136-43a1-ae63-0b0892f71318.6ebdad5f-370b-44f6-bdc6-8ed355c04292" returned: 0 in 0.857s {{(pid=81810) execute /opt/stack/data/venv/lib/python3.10/site-packages/oslo_concurrency/processutils.py:372}}
Nov 21 16:43:08 devstack cinder-volume[81810]: DEBUG cinder.volume.drivers.remotefs [None req-21802232-52c8-4f30-b810-dbec0f839ab9 tempest-SnapshotsActionsTest-1515793988 None] Fetching qemu-img info with special backing_file_template: (/opt/stack/data/cinder/mnt/[0-9a-f]+/)?(volume-493b32b8-2136-43a1-ae63-0b0892f71318(.(tmp-snap-)?[0-9a-f-]+)?|volume_from_snapshot_cache/(tmp-snap-)?[0-9a-f-]+(.(child-|parent-)[0-9a-f-]+)?)$ {{(pid=81810) _qemu_img_info_base /opt/stack/cinder/cinder/volume/drivers/remotefs.py:886}}
Nov 21 16:43:08 devstack cinder-volume[81810]: DEBUG oslo.privsep.daemon [-] privsep: reply[4cc80adf-bc25-448a-b7a4-499ffe4da134]: (4, 'qcow2') {{(pid=82011) _call_back /opt/stack/data/venv/lib/python3.10/site-packages/oslo_privsep/daemon.py:515}}
Nov 21 16:43:08 devstack cinder-volume[81810]: DEBUG oslo_concurrency.processutils [None req-21802232-52c8-4f30-b810-dbec0f839ab9 tempest-SnapshotsActionsTest-1515793988 None] Running cmd (subprocess): /opt/stack/data/venv/bin/python3.10 -m oslo_concurrency.prlimit --as=1073741824 --cpu=60 -- sudo cinder-rootwrap /etc/cinder/rootwrap.conf env LC_ALL=C qemu-img info -f qcow2 --output=json --force-share /opt/stack/data/cinder/mnt/d83ba6d512c77398c1a4b0126bb02108/volume-493b32b8-2136-43a1-ae63-0b0892f71318.8000cde0-2cdc-4e47-a826-9b627340b088 {{(pid=81810) execute /opt/stack/data/venv/lib/python3.10/site-packages/oslo_concurrency/processutils.py:349}}
Nov 21 16:43:08 devstack sudo[88711]: quobyte : PWD=/ ; USER=root ; COMMAND=/opt/stack/data/venv/bin/cinder-rootwrap /etc/cinder/rootwrap.conf env LC_ALL=C qemu-img info -f qcow2 --output=json --force-share /opt/stack/data/cinder/mnt/d83ba6d512c77398c1a4b0126bb02108/volume-493b32b8-2136-43a1-ae63-0b0892f71318.8000cde0-2cdc-4e47-a826-9b627340b088
Nov 21 16:43:08 devstack sudo[88711]: pam_unix(sudo:session): session opened for user root(uid=0) by (uid=1000)
Nov 21 16:43:08 devstack sudo[88711]: pam_unix(sudo:session): session closed for user root
Nov 21 16:43:08 devstack cinder-volume[81810]: DEBUG oslo_concurrency.processutils [None req-21802232-52c8-4f30-b810-dbec0f839ab9 tempest-SnapshotsActionsTest-1515793988 None] CMD "/opt/stack/data/venv/bin/python3.10 -m oslo_concurrency.prlimit --as=1073741824 --cpu=60 -- sudo cinder-rootwrap /etc/cinder/rootwrap.conf env LC_ALL=C qemu-img info -f qcow2 --output=json --force-share /opt/stack/data/cinder/mnt/d83ba6d512c77398c1a4b0126bb02108/volume-493b32b8-2136-43a1-ae63-0b0892f71318.8000cde0-2cdc-4e47-a826-9b627340b088" returned: 0 in 0.841s {{(pid=81810) execute /opt/stack/data/venv/lib/python3.10/site-packages/oslo_concurrency/processutils.py:372}}
Nov 21 16:43:08 devstack cinder-volume[81810]: DEBUG cinder.volume.drivers.remotefs [None req-21802232-52c8-4f30-b810-dbec0f839ab9 tempest-SnapshotsActionsTest-1515793988 None] Fetching qemu-img info with special backing_file_template: (/opt/stack/data/cinder/mnt/[0-9a-f]+/)?(volume-493b32b8-2136-43a1-ae63-0b0892f71318(.(tmp-snap-)?[0-9a-f-]+)?|volume_from_snapshot_cache/(tmp-snap-)?[0-9a-f-]+(.(child-|parent-)[0-9a-f-]+)?)$ {{(pid=81810) _qemu_img_info_base /opt/stack/cinder/cinder/volume/drivers/remotefs.py:886}}
Nov 21 16:43:09 devstack cinder-volume[81810]: DEBUG oslo_concurrency.processutils [None req-21802232-52c8-4f30-b810-dbec0f839ab9 tempest-SnapshotsActionsTest-1515793988 None] Running cmd (subprocess): sudo cinder-rootwrap /etc/cinder/rootwrap.conf qemu-img commit -d /opt/stack/data/cinder/mnt/d83ba6d512c77398c1a4b0126bb02108/volume-493b32b8-2136-43a1-ae63-0b0892f71318.6ebdad5f-370b-44f6-bdc6-8ed355c04292 {{(pid=81810) execute /opt/stack/data/venv/lib/python3.10/site-packages/oslo_concurrency/processutils.py:349}}
Nov 21 16:43:09 devstack sudo[88751]: quobyte : PWD=/ ; USER=root ; COMMAND=/opt/stack/data/venv/bin/cinder-rootwrap /etc/cinder/rootwrap.conf qemu-img commit -d /opt/stack/data/cinder/mnt/d83ba6d512c77398c1a4b0126bb02108/volume-493b32b8-2136-43a1-ae63-0b0892f71318.6ebdad5f-370b-44f6-bdc6-8ed355c04292
Nov 21 16:43:09 devstack sudo[88751]: pam_unix(sudo:session): session opened for user root(uid=0) by (uid=1000)
Nov 21 16:43:09 devstack sudo[88751]: pam_unix(sudo:session): session closed for user root
Nov 21 16:43:09 devstack cinder-volume[81810]: DEBUG oslo_concurrency.processutils [None req-21802232-52c8-4f30-b810-dbec0f839ab9 tempest-SnapshotsActionsTest-1515793988 None] CMD "sudo cinder-rootwrap /etc/cinder/rootwrap.conf qemu-img commit -d /opt/stack/data/cinder/mnt/d83ba6d512c77398c1a4b0126bb02108/volume-493b32b8-2136-43a1-ae63-0b0892f71318.6ebdad5f-370b-44f6-bdc6-8ed355c04292" returned: 0 in 0.613s {{(pid=81810) execute /opt/stack/data/venv/lib/python3.10/site-packages/oslo_concurrency/processutils.py:372}}
Nov 21 16:43:09 devstack cinder-volume[81810]: DEBUG oslo_concurrency.processutils [None req-21802232-52c8-4f30-b810-dbec0f839ab9 tempest-SnapshotsActionsTest-1515793988 None] Running cmd (subprocess): sudo cinder-rootwrap /etc/cinder/rootwrap.conf rm -f /opt/stack/data/cinder/mnt/d83ba6d512c77398c1a4b0126bb02108/volume-493b32b8-2136-43a1-ae63-0b0892f71318.6ebdad5f-370b-44f6-bdc6-8ed355c04292 {{(pid=81810) execute /opt/stack/data/venv/lib/python3.10/site-packages/oslo_concurrency/processutils.py:349}}
Nov 21 16:43:09 devstack sudo[88756]: quobyte : PWD=/ ; USER=root ; COMMAND=/opt/stack/data/venv/bin/cinder-rootwrap /etc/cinder/rootwrap.conf rm -f /opt/stack/data/cinder/mnt/d83ba6d512c77398c1a4b0126bb02108/volume-493b32b8-2136-43a1-ae63-0b0892f71318.6ebdad5f-370b-44f6-bdc6-8ed355c04292
Nov 21 16:43:09 devstack sudo[88756]: pam_unix(sudo:session): session opened for user root(uid=0) by (uid=1000)
Nov 21 16:43:10 devstack sudo[88756]: pam_unix(sudo:session): session closed for user root
Nov 21 16:43:10 devstack cinder-volume[81810]: DEBUG oslo_concurrency.processutils [None req-21802232-52c8-4f30-b810-dbec0f839ab9 tempest-SnapshotsActionsTest-1515793988 None] CMD "sudo cinder-rootwrap /etc/cinder/rootwrap.conf rm -f /opt/stack/data/cinder/mnt/d83ba6d512c77398c1a4b0126bb02108/volume-493b32b8-2136-43a1-ae63-0b0892f71318.6ebdad5f-370b-44f6-bdc6-8ed355c04292" returned: 0 in 0.607s {{(pid=81810) execute /opt/stack/data/venv/lib/python3.10/site-packages/oslo_concurrency/processutils.py:372}}
Nov 21 16:43:10 devstack cinder-volume[81810]: DEBUG cinder.coordination [None req-21802232-52c8-4f30-b810-dbec0f839ab9 tempest-SnapshotsActionsTest-1515793988 None] Lock "cinder-quobyte-6ebdad5f-370b-44f6-bdc6-8ed355c04292" released by "_delete_snapshot" :: held 3.074s {{(pid=81810) __release /opt/stack/cinder/cinder/coordination.py:157}}
Nov 21 16:43:10 devstack cinder-volume[81810]: DEBUG cinder.coordination [None req-21802232-52c8-4f30-b810-dbec0f839ab9 tempest-SnapshotsActionsTest-1515793988 None] Lock "cinder-quobyte-493b32b8-2136-43a1-ae63-0b0892f71318" released by "delete_snapshot" :: held 3.099s {{(pid=81810) __release /opt/stack/cinder/cinder/coordination.py:157}}
Nov 21 16:43:10 devstack cinder-volume[81810]: DEBUG cinder.quota [None req-21802232-52c8-4f30-b810-dbec0f839ab9 tempest-SnapshotsActionsTest-1515793988 None] Created reservations ['d9065017-867c-4e89-9434-bb2836be16ba', 'e8ab95c4-8921-4bf3-8023-d7265c6af8c3', 'a19b72dc-4644-443a-9af1-839daab0f103', '73b2ef7b-430a-4f4d-a20a-c98c4f80c8e8'] {{(pid=81810) reserve /opt/stack/cinder/cinder/quota.py:752}}
Nov 21 16:43:10 devstack cinder-volume[81810]: INFO cinder.volume.manager [None req-21802232-52c8-4f30-b810-dbec0f839ab9 tempest-SnapshotsActionsTest-1515793988 None] Delete snapshot completed successfully.
Nov 21 16:43:10 devstack cinder-volume[81810]: DEBUG cinder.coordination [None req-21802232-52c8-4f30-b810-dbec0f839ab9 tempest-SnapshotsActionsTest-1515793988 None] Lock "cinder-6ebdad5f-370b-44f6-bdc6-8ed355c04292-delete_snapshot" released by "delete_snapshot" :: held 3.252s {{(pid=81810) __release /opt/stack/cinder/cinder/coordination.py:157}}
Nov 21 16:43:11 devstack cinder-volume[81810]: DEBUG cinder.coordination [None req-8b65bfd9-5fe0-4d29-8867-5f838d8aa03e tempest-SnapshotsActionsTest-1691329502 None] Acquiring lock "cinder-8000cde0-2cdc-4e47-a826-9b627340b088-delete_snapshot" by "delete_snapshot" {{(pid=81810) __acquire /opt/stack/cinder/cinder/coordination.py:143}}
Nov 21 16:43:11 devstack cinder-volume[81810]: DEBUG cinder.coordination [None req-8b65bfd9-5fe0-4d29-8867-5f838d8aa03e tempest-SnapshotsActionsTest-1691329502 None] Lock "cinder-8000cde0-2cdc-4e47-a826-9b627340b088-delete_snapshot" acquired by "delete_snapshot" :: waited 0.008s {{(pid=81810) __acquire /opt/stack/cinder/cinder/coordination.py:146}}
Nov 21 16:43:11 devstack cinder-volume[81810]: WARNING cinder.volume.volume_utils [None req-8b65bfd9-5fe0-4d29-8867-5f838d8aa03e tempest-SnapshotsActionsTest-1691329502 None] Volume driver (QuobyteDriver 1.1.13) is currently unsupported and may be removed in the next release of OpenStack. Use at your own risk.
Nov 21 16:43:11 devstack cinder-volume[81810]: DEBUG cinder.coordination [None req-8b65bfd9-5fe0-4d29-8867-5f838d8aa03e tempest-SnapshotsActionsTest-1691329502 None] Acquiring lock "cinder-quobyte-493b32b8-2136-43a1-ae63-0b0892f71318" by "delete_snapshot" {{(pid=81810) __acquire /opt/stack/cinder/cinder/coordination.py:143}}
Nov 21 16:43:11 devstack cinder-volume[81810]: DEBUG cinder.coordination [None req-8b65bfd9-5fe0-4d29-8867-5f838d8aa03e tempest-SnapshotsActionsTest-1691329502 None] Lock "cinder-quobyte-493b32b8-2136-43a1-ae63-0b0892f71318" acquired by "delete_snapshot" :: waited 0.009s {{(pid=81810) __acquire /opt/stack/cinder/cinder/coordination.py:146}}
Nov 21 16:43:11 devstack cinder-volume[81810]: DEBUG cinder.coordination [None req-8b65bfd9-5fe0-4d29-8867-5f838d8aa03e tempest-SnapshotsActionsTest-1691329502 None] Acquiring lock "cinder-quobyte-8000cde0-2cdc-4e47-a826-9b627340b088" by "_delete_snapshot" {{(pid=81810) __acquire /opt/stack/cinder/cinder/coordination.py:143}}
Nov 21 16:43:11 devstack cinder-volume[81810]: DEBUG cinder.coordination [None req-8b65bfd9-5fe0-4d29-8867-5f838d8aa03e tempest-SnapshotsActionsTest-1691329502 None] Lock "cinder-quobyte-8000cde0-2cdc-4e47-a826-9b627340b088" acquired by "_delete_snapshot" :: waited 0.024s {{(pid=81810) __acquire /opt/stack/cinder/cinder/coordination.py:146}}
Nov 21 16:43:11 devstack cinder-volume[81810]: DEBUG cinder.volume.drivers.remotefs [None req-8b65bfd9-5fe0-4d29-8867-5f838d8aa03e tempest-SnapshotsActionsTest-1691329502 None] Deleting offline snapshot 8000cde0-2cdc-4e47-a826-9b627340b088 of volume 493b32b8-2136-43a1-ae63-0b0892f71318 {{(pid=81810) _delete_snapshot /opt/stack/cinder/cinder/volume/drivers/remotefs.py:1278}}
Nov 21 16:43:11 devstack cinder-volume[81810]: DEBUG cinder.volume.drivers.remotefs [None req-8b65bfd9-5fe0-4d29-8867-5f838d8aa03e tempest-SnapshotsActionsTest-1691329502 None] snapshot_file for this snap is: volume-493b32b8-2136-43a1-ae63-0b0892f71318.8000cde0-2cdc-4e47-a826-9b627340b088 {{(pid=81810) _delete_snapshot /opt/stack/cinder/cinder/volume/drivers/remotefs.py:1307}}
Nov 21 16:43:11 devstack cinder-volume[81810]: DEBUG oslo.privsep.daemon [-] privsep: reply[7761e8d4-5f94-4bfd-bd0a-a72eb0802b86]: (4, 'qcow2') {{(pid=82011) _call_back /opt/stack/data/venv/lib/python3.10/site-packages/oslo_privsep/daemon.py:515}}
Nov 21 16:43:11 devstack cinder-volume[81810]: DEBUG oslo_concurrency.processutils [None req-8b65bfd9-5fe0-4d29-8867-5f838d8aa03e tempest-SnapshotsActionsTest-1691329502 None] Running cmd (subprocess): /opt/stack/data/venv/bin/python3.10 -m oslo_concurrency.prlimit --as=1073741824 --cpu=60 -- sudo cinder-rootwrap /etc/cinder/rootwrap.conf env LC_ALL=C qemu-img info -f qcow2 --output=json --force-share /opt/stack/data/cinder/mnt/d83ba6d512c77398c1a4b0126bb02108/volume-493b32b8-2136-43a1-ae63-0b0892f71318.8000cde0-2cdc-4e47-a826-9b627340b088 {{(pid=81810) execute /opt/stack/data/venv/lib/python3.10/site-packages/oslo_concurrency/processutils.py:349}}
Nov 21 16:43:11 devstack sudo[88759]: quobyte : PWD=/ ; USER=root ; COMMAND=/opt/stack/data/venv/bin/cinder-rootwrap /etc/cinder/rootwrap.conf env LC_ALL=C qemu-img info -f qcow2 --output=json --force-share /opt/stack/data/cinder/mnt/d83ba6d512c77398c1a4b0126bb02108/volume-493b32b8-2136-43a1-ae63-0b0892f71318.8000cde0-2cdc-4e47-a826-9b627340b088
Nov 21 16:43:11 devstack sudo[88759]: pam_unix(sudo:session): session opened for user root(uid=0) by (uid=1000)
Nov 21 16:43:12 devstack sudo[88759]: pam_unix(sudo:session): session closed for user root
Nov 21 16:43:12 devstack cinder-volume[81810]: DEBUG oslo_concurrency.processutils [None req-8b65bfd9-5fe0-4d29-8867-5f838d8aa03e tempest-SnapshotsActionsTest-1691329502 None] CMD "/opt/stack/data/venv/bin/python3.10 -m oslo_concurrency.prlimit --as=1073741824 --cpu=60 -- sudo cinder-rootwrap /etc/cinder/rootwrap.conf env LC_ALL=C qemu-img info -f qcow2 --output=json --force-share /opt/stack/data/cinder/mnt/d83ba6d512c77398c1a4b0126bb02108/volume-493b32b8-2136-43a1-ae63-0b0892f71318.8000cde0-2cdc-4e47-a826-9b627340b088" returned: 0 in 0.713s {{(pid=81810) execute /opt/stack/data/venv/lib/python3.10/site-packages/oslo_concurrency/processutils.py:372}}
Nov 21 16:43:12 devstack cinder-volume[81810]: DEBUG cinder.volume.drivers.remotefs [None req-8b65bfd9-5fe0-4d29-8867-5f838d8aa03e tempest-SnapshotsActionsTest-1691329502 None] Fetching qemu-img info with special backing_file_template: (/opt/stack/data/cinder/mnt/[0-9a-f]+/)?(volume-493b32b8-2136-43a1-ae63-0b0892f71318(.(tmp-snap-)?[0-9a-f-]+)?|volume_from_snapshot_cache/(tmp-snap-)?[0-9a-f-]+(.(child-|parent-)[0-9a-f-]+)?)$ {{(pid=81810) _qemu_img_info_base /opt/stack/cinder/cinder/volume/drivers/remotefs.py:886}}
Nov 21 16:43:12 devstack cinder-volume[81810]: DEBUG oslo.privsep.daemon [-] privsep: reply[7cb8bdc6-6bff-4f02-b456-7f5858eeb2c6]: (4, 'qcow2') {{(pid=82011) _call_back /opt/stack/data/venv/lib/python3.10/site-packages/oslo_privsep/daemon.py:515}}
Nov 21 16:43:12 devstack cinder-volume[81810]: DEBUG oslo_concurrency.processutils [None req-8b65bfd9-5fe0-4d29-8867-5f838d8aa03e tempest-SnapshotsActionsTest-1691329502 None] Running cmd (subprocess): /opt/stack/data/venv/bin/python3.10 -m oslo_concurrency.prlimit --as=1073741824 --cpu=60 -- sudo cinder-rootwrap /etc/cinder/rootwrap.conf env LC_ALL=C qemu-img info -f qcow2 --output=json --force-share /opt/stack/data/cinder/mnt/d83ba6d512c77398c1a4b0126bb02108/volume-493b32b8-2136-43a1-ae63-0b0892f71318 {{(pid=81810) execute /opt/stack/data/venv/lib/python3.10/site-packages/oslo_concurrency/processutils.py:349}}
Nov 21 16:43:12 devstack sudo[88764]: quobyte : PWD=/ ; USER=root ; COMMAND=/opt/stack/data/venv/bin/cinder-rootwrap /etc/cinder/rootwrap.conf env LC_ALL=C qemu-img info -f qcow2 --output=json --force-share /opt/stack/data/cinder/mnt/d83ba6d512c77398c1a4b0126bb02108/volume-493b32b8-2136-43a1-ae63-0b0892f71318
Nov 21 16:43:12 devstack sudo[88764]: pam_unix(sudo:session): session opened for user root(uid=0) by (uid=1000)
Nov 21 16:43:13 devstack sudo[88764]: pam_unix(sudo:session): session closed for user root
Nov 21 16:43:13 devstack cinder-volume[81810]: DEBUG oslo_concurrency.processutils [None req-8b65bfd9-5fe0-4d29-8867-5f838d8aa03e tempest-SnapshotsActionsTest-1691329502 None] CMD "/opt/stack/data/venv/bin/python3.10 -m oslo_concurrency.prlimit --as=1073741824 --cpu=60 -- sudo cinder-rootwrap /etc/cinder/rootwrap.conf env LC_ALL=C qemu-img info -f qcow2 --output=json --force-share /opt/stack/data/cinder/mnt/d83ba6d512c77398c1a4b0126bb02108/volume-493b32b8-2136-43a1-ae63-0b0892f71318" returned: 0 in 1.106s {{(pid=81810) execute /opt/stack/data/venv/lib/python3.10/site-packages/oslo_concurrency/processutils.py:372}}
Nov 21 16:43:13 devstack cinder-volume[81810]: DEBUG oslo_concurrency.processutils [None req-8b65bfd9-5fe0-4d29-8867-5f838d8aa03e tempest-SnapshotsActionsTest-1691329502 None] Running cmd (subprocess): sudo cinder-rootwrap /etc/cinder/rootwrap.conf qemu-img commit -d /opt/stack/data/cinder/mnt/d83ba6d512c77398c1a4b0126bb02108/volume-493b32b8-2136-43a1-ae63-0b0892f71318.8000cde0-2cdc-4e47-a826-9b627340b088 {{(pid=81810) execute /opt/stack/data/venv/lib/python3.10/site-packages/oslo_concurrency/processutils.py:349}}
Nov 21 16:43:13 devstack sudo[88769]: quobyte : PWD=/ ; USER=root ; COMMAND=/opt/stack/data/venv/bin/cinder-rootwrap /etc/cinder/rootwrap.conf qemu-img commit -d /opt/stack/data/cinder/mnt/d83ba6d512c77398c1a4b0126bb02108/volume-493b32b8-2136-43a1-ae63-0b0892f71318.8000cde0-2cdc-4e47-a826-9b627340b088
Nov 21 16:43:13 devstack sudo[88769]: pam_unix(sudo:session): session opened for user root(uid=0) by (uid=1000)
Nov 21 16:43:14 devstack sudo[88769]: pam_unix(sudo:session): session closed for user root
Nov 21 16:43:14 devstack cinder-volume[81810]: DEBUG oslo_concurrency.processutils [None req-8b65bfd9-5fe0-4d29-8867-5f838d8aa03e tempest-SnapshotsActionsTest-1691329502 None] CMD "sudo cinder-rootwrap /etc/cinder/rootwrap.conf qemu-img commit -d /opt/stack/data/cinder/mnt/d83ba6d512c77398c1a4b0126bb02108/volume-493b32b8-2136-43a1-ae63-0b0892f71318.8000cde0-2cdc-4e47-a826-9b627340b088" returned: 0 in 0.785s {{(pid=81810) execute /opt/stack/data/venv/lib/python3.10/site-packages/oslo_concurrency/processutils.py:372}}
Nov 21 16:43:14 devstack cinder-volume[81810]: DEBUG oslo_concurrency.processutils [None req-8b65bfd9-5fe0-4d29-8867-5f838d8aa03e tempest-SnapshotsActionsTest-1691329502 None] Running cmd (subprocess): sudo cinder-rootwrap /etc/cinder/rootwrap.conf rm -f /opt/stack/data/cinder/mnt/d83ba6d512c77398c1a4b0126bb02108/volume-493b32b8-2136-43a1-ae63-0b0892f71318.8000cde0-2cdc-4e47-a826-9b627340b088 {{(pid=81810) execute /opt/stack/data/venv/lib/python3.10/site-packages/oslo_concurrency/processutils.py:349}}
Nov 21 16:43:14 devstack sudo[88776]: quobyte : PWD=/ ; USER=root ; COMMAND=/opt/stack/data/venv/bin/cinder-rootwrap /etc/cinder/rootwrap.conf rm -f /opt/stack/data/cinder/mnt/d83ba6d512c77398c1a4b0126bb02108/volume-493b32b8-2136-43a1-ae63-0b0892f71318.8000cde0-2cdc-4e47-a826-9b627340b088
Nov 21 16:43:14 devstack sudo[88776]: pam_unix(sudo:session): session opened for user root(uid=0) by (uid=1000)
Nov 21 16:43:14 devstack cinder-volume[81810]: DEBUG oslo_service.periodic_task [None req-f6d7dd77-129a-4138-99fe-82b705123fcf None None] Running periodic task VolumeManager.publish_service_capabilities {{(pid=81810) run_periodic_tasks /opt/stack/data/venv/lib/python3.10/site-packages/oslo_service/periodic_task.py:210}}
