Jan 06 13:56:51 devstack devstack@n-api.service[60080]: INFO nova.api.openstack.requestlog [None req-87a431d5-439f-4215-b5b9-df706b288d4b admin admin] 192.168.122.122 "POST /compute/v2.1/flavors/2/os-extra_specs" status: 200 len: 43 microversion: 2.61 time: 0.272274
Jan 06 13:56:51 devstack devstack@n-api.service[60080]: [pid: 60080|app: 0|req: 14/26] 192.168.122.122 () {68 vars in 1434 bytes} [Tue Jan 6 13:56:51 2026] POST /compute/v2.1/flavors/2/os-extra_specs => generated 43 bytes in 274 msecs (HTTP/1.1 200) 9 headers in 358 bytes (1 switches on core 0)
Jan 06 13:56:53 devstack devstack@n-api.service[60079]: DEBUG nova.api.openstack.wsgi [None req-129cc4fe-9008-463c-94d7-852e6524f567 admin admin] Calling method '>' {{(pid=60079) _process_stack /opt/stack/nova/nova/api/openstack/wsgi.py:552}}
Jan 06 13:56:54 devstack devstack@n-api.service[60079]: INFO nova.api.openstack.requestlog [None req-129cc4fe-9008-463c-94d7-852e6524f567 admin admin] 192.168.122.122 "GET /compute/v2.1" status: 200 len: 393 microversion: 2.1 time: 0.234561
Jan 06 13:56:54 devstack devstack@n-api.service[60079]: [pid: 60079|app: 0|req: 13/27] 192.168.122.122 () {58 vars in 1032 bytes} [Tue Jan 6 13:56:53 2026] GET /compute/v2.1 => generated 393 bytes in 244 msecs (HTTP/1.1 200) 9 headers in 357 bytes (1 switches on core 0)
Jan 06 13:56:54 devstack devstack@n-api.service[60080]: DEBUG nova.api.openstack.wsgi [None req-4f7ca9bb-a9c9-4f24-a37d-c76b2319f82b admin admin] Action: 'create', calling method: >, body: {"flavor": {"swap": 0, "disk": 40, "id": "3", "vcpus": 2, "os-flavor-access:is_public": true, "ram": 4096, "OS-FLV-EXT-DATA:ephemeral": 0, "name": "m1.medium", "rxtx_factor": 1.0}} {{(pid=60080) _process_stack /opt/stack/nova/nova/api/openstack/wsgi.py:550}}
Jan 06 13:56:54 devstack devstack@n-api.service[60080]: INFO nova.api.openstack.requestlog [None req-4f7ca9bb-a9c9-4f24-a37d-c76b2319f82b admin admin] 192.168.122.122 "POST /compute/v2.1/flavors" status: 200 len: 414 microversion: 2.61 time: 0.091610
Jan 06 13:56:54 devstack devstack@n-api.service[60080]: [pid: 60080|app: 0|req: 15/28] 192.168.122.122 () {68 vars in 1384 bytes} [Tue Jan 6 13:56:54 2026] POST /compute/v2.1/flavors => generated 414 bytes in 93 msecs (HTTP/1.1 200) 9 headers in 359 bytes (1 switches on core 0)
Jan 06 13:56:54 devstack devstack@n-api.service[60079]: DEBUG nova.api.openstack.wsgi [None req-283a2695-7feb-420f-8c1e-a56107d18fae admin admin] Action: 'create', calling method: >, body: {"extra_specs": {"hw_rng:allowed": "True"}} {{(pid=60079) _process_stack /opt/stack/nova/nova/api/openstack/wsgi.py:550}}
Jan 06 13:56:54 devstack devstack@n-api.service[60079]: INFO nova.api.openstack.requestlog [None req-283a2695-7feb-420f-8c1e-a56107d18fae admin admin] 192.168.122.122 "POST /compute/v2.1/flavors/3/os-extra_specs" status: 200 len: 43 microversion: 2.61 time: 0.030660
Jan 06 13:56:54 devstack devstack@n-api.service[60079]: [pid: 60079|app: 0|req: 14/29] 192.168.122.122 () {68 vars in 1434 bytes} [Tue Jan 6 13:56:54 2026] POST /compute/v2.1/flavors/3/os-extra_specs => generated 43 bytes in 32 msecs (HTTP/1.1 200) 9 headers in 358 bytes (1 switches on core 0)
Jan 06 13:56:56 devstack devstack@n-api.service[60080]: DEBUG nova.api.openstack.wsgi [None req-4f7ca9bb-a9c9-4f24-a37d-c76b2319f82b admin admin] Calling method '>' {{(pid=60080) _process_stack /opt/stack/nova/nova/api/openstack/wsgi.py:552}}
Jan 06 13:56:56 devstack devstack@n-api.service[60080]: INFO nova.api.openstack.requestlog [None req-4f7ca9bb-a9c9-4f24-a37d-c76b2319f82b admin admin] 192.168.122.122 "GET /compute/v2.1" status: 200 len: 393 microversion: 2.1 time: 0.008005
Jan 06 13:56:56 devstack devstack@n-api.service[60080]: [pid: 60080|app: 0|req: 16/30] 192.168.122.122 () {58 vars in 1032 bytes} [Tue Jan 6 13:56:56 2026] GET /compute/v2.1 => generated 393 bytes in 10 msecs (HTTP/1.1 200) 9 headers in 357 bytes (1 switches on core 0)
Jan 06 13:56:56 devstack devstack@n-api.service[60079]: DEBUG nova.api.openstack.wsgi [None req-7216e233-3fc7-40cb-814c-f67031d771e5 admin admin] Action: 'create', calling method: >, body: {"flavor": {"vcpus": 4, "rxtx_factor": 1.0, "disk": 80, "id": "4", "swap": 0, "os-flavor-access:is_public": true, "name": "m1.large", "OS-FLV-EXT-DATA:ephemeral": 0, "ram": 8192}} {{(pid=60079) _process_stack /opt/stack/nova/nova/api/openstack/wsgi.py:550}}
Jan 06 13:56:56 devstack devstack@n-api.service[60079]: INFO nova.api.openstack.requestlog [None req-7216e233-3fc7-40cb-814c-f67031d771e5 admin admin] 192.168.122.122 "POST /compute/v2.1/flavors" status: 200 len: 413 microversion: 2.61 time: 0.074830
Jan 06 13:56:56 devstack devstack@n-api.service[60079]: [pid: 60079|app: 0|req: 15/31] 192.168.122.122 () {68 vars in 1384 bytes} [Tue Jan 6 13:56:56 2026] POST /compute/v2.1/flavors => generated 413 bytes in 76 msecs (HTTP/1.1 200) 9 headers in 359 bytes (1 switches on core 0)
Jan 06 13:56:56 devstack devstack@n-api.service[60080]: DEBUG nova.api.openstack.wsgi [None req-5b723bdb-96c6-4364-a117-9808f861b647 admin admin] Action: 'create', calling method: >, body: {"extra_specs": {"hw_rng:allowed": "True"}} {{(pid=60080) _process_stack /opt/stack/nova/nova/api/openstack/wsgi.py:550}}
Jan 06 13:56:56 devstack devstack@n-api.service[60080]: INFO nova.api.openstack.requestlog [None req-5b723bdb-96c6-4364-a117-9808f861b647 admin admin] 192.168.122.122 "POST /compute/v2.1/flavors/4/os-extra_specs" status: 200 len: 43 microversion: 2.61 time: 0.034669
Jan 06 13:56:56 devstack devstack@n-api.service[60080]: [pid: 60080|app: 0|req: 17/32] 192.168.122.122 () {68 vars in 1434 bytes} [Tue Jan 6 13:56:56 2026] POST /compute/v2.1/flavors/4/os-extra_specs => generated 43 bytes in 37 msecs (HTTP/1.1 200) 9 headers in 358 bytes (1 switches on core 0)
Jan 06 13:56:58 devstack devstack@n-api.service[60079]: DEBUG nova.api.openstack.wsgi [None req-7216e233-3fc7-40cb-814c-f67031d771e5 admin admin] Calling method '>' {{(pid=60079) _process_stack /opt/stack/nova/nova/api/openstack/wsgi.py:552}}
Jan 06 13:56:58 devstack devstack@n-api.service[60079]: INFO nova.api.openstack.requestlog [None req-7216e233-3fc7-40cb-814c-f67031d771e5 admin admin] 192.168.122.122 "GET /compute/v2.1" status: 200 len: 393 microversion: 2.1 time: 0.005248
Jan 06 13:56:58 devstack devstack@n-api.service[60079]: [pid: 60079|app: 0|req: 16/33] 192.168.122.122 () {58 vars in 1032 bytes} [Tue Jan 6 13:56:58 2026] GET /compute/v2.1 => generated 393 bytes in 6 msecs (HTTP/1.1 200) 9 headers in 357 bytes (1 switches on core 0)
Jan 06 13:56:58 devstack devstack@n-api.service[60080]: DEBUG nova.api.openstack.wsgi [None req-277a561c-b212-421c-bb79-71bcf20f53c8 admin admin] Action: 'create', calling method: >, body: {"flavor": {"OS-FLV-EXT-DATA:ephemeral": 0, "vcpus": 8, "ram": 16384, "disk": 160, "rxtx_factor": 1.0, "os-flavor-access:is_public": true, "id": "5", "swap": 0, "name": "m1.xlarge"}} {{(pid=60080) _process_stack /opt/stack/nova/nova/api/openstack/wsgi.py:550}}
Jan 06 13:56:58 devstack devstack@n-api.service[60080]: INFO nova.api.openstack.requestlog [None req-277a561c-b212-421c-bb79-71bcf20f53c8 admin admin] 192.168.122.122 "POST /compute/v2.1/flavors" status: 200 len: 416 microversion: 2.61 time: 0.060402
Jan 06 13:56:58 devstack devstack@n-api.service[60080]: [pid: 60080|app: 0|req: 18/34] 192.168.122.122 () {68 vars in 1384 bytes} [Tue Jan 6 13:56:58 2026] POST /compute/v2.1/flavors => generated 416 bytes in 62 msecs (HTTP/1.1 200) 9 headers in 359 bytes (1 switches on core 0)
Jan 06 13:56:58 devstack devstack@n-api.service[60079]: DEBUG nova.api.openstack.wsgi [None req-17b8c711-b657-4db9-bd4b-c878d074cc4f admin admin] Action: 'create', calling method: >, body: {"extra_specs": {"hw_rng:allowed": "True"}} {{(pid=60079) _process_stack /opt/stack/nova/nova/api/openstack/wsgi.py:550}}
Jan 06 13:56:58 devstack devstack@n-api.service[60079]: INFO nova.api.openstack.requestlog [None req-17b8c711-b657-4db9-bd4b-c878d074cc4f admin admin] 192.168.122.122 "POST /compute/v2.1/flavors/5/os-extra_specs" status: 200 len: 43 microversion: 2.61 time: 0.030931
Jan 06 13:56:58 devstack devstack@n-api.service[60079]: [pid: 60079|app: 0|req: 17/35] 192.168.122.122 () {68 vars in 1434 bytes} [Tue Jan 6 13:56:58 2026] POST /compute/v2.1/flavors/5/os-extra_specs => generated 43 bytes in 32 msecs (HTTP/1.1 200) 9 headers in 358 bytes (1 switches on core 0)
Jan 06 13:57:08 devstack devstack@n-api.service[60080]: DEBUG dbcounter [-] [60080] Writing DB stats nova_api:SELECT=21,nova_api:SAVEPOINT=5,nova_api:INSERT=10,nova_api:RELEASE=5 {{(pid=60080) stat_writer /opt/stack/data/venv/lib/python3.10/site-packages/dbcounter.py:115}}
Jan 06 13:57:08 devstack devstack@n-api.service[60079]: DEBUG dbcounter [-] [60079] Writing DB stats nova_api:SELECT=21,nova_api:INSERT=10,nova_api:SAVEPOINT=5,nova_api:RELEASE=5 {{(pid=60079) stat_writer /opt/stack/data/venv/lib/python3.10/site-packages/dbcounter.py:115}}
Jan 06 13:57:13 devstack devstack@n-api.service[60080]: DEBUG nova.api.openstack.wsgi [None req-277a561c-b212-421c-bb79-71bcf20f53c8 admin admin] Calling method '>' {{(pid=60080) _process_stack /opt/stack/nova/nova/api/openstack/wsgi.py:552}}
Jan 06 13:57:13 devstack devstack@n-api.service[60080]: INFO nova.api.openstack.requestlog [None req-277a561c-b212-421c-bb79-71bcf20f53c8 admin admin] 192.168.122.122 "GET /compute/v2.1" status: 200 len: 393 microversion: 2.1 time: 0.005465
Jan 06 13:57:13 devstack devstack@n-api.service[60080]: [pid: 60080|app: 0|req: 19/36] 192.168.122.122 () {58 vars in 1032 bytes} [Tue Jan 6 13:57:13 2026] GET /compute/v2.1 => generated 393 bytes in 7 msecs (HTTP/1.1 200) 9 headers in 357 bytes (1 switches on core 0)
Jan 06 13:57:13 devstack devstack@n-api.service[60079]: DEBUG nova.api.openstack.wsgi [None req-030965e0-ff05-4145-91aa-95bd67a3213d admin admin] Calling method '>' {{(pid=60079) _process_stack /opt/stack/nova/nova/api/openstack/wsgi.py:552}}
Jan 06 13:57:13 devstack devstack@n-api.service[60079]: DEBUG oslo_concurrency.lockutils [None req-030965e0-ff05-4145-91aa-95bd67a3213d admin admin] Acquiring lock "00000000-0000-0000-0000-000000000000" by "nova.context.set_target_cell..get_or_set_cached_cell_and_set_connections" {{(pid=60079) inner /opt/stack/data/venv/lib/python3.10/site-packages/oslo_concurrency/lockutils.py:405}}
Jan 06 13:57:13 devstack devstack@n-api.service[60079]: DEBUG oslo_concurrency.lockutils [None req-030965e0-ff05-4145-91aa-95bd67a3213d admin admin] Lock "00000000-0000-0000-0000-000000000000" acquired by "nova.context.set_target_cell..get_or_set_cached_cell_and_set_connections" :: waited 0.001s {{(pid=60079) inner /opt/stack/data/venv/lib/python3.10/site-packages/oslo_concurrency/lockutils.py:410}}
Jan 06 13:57:13 devstack devstack@n-api.service[60079]: DEBUG oslo_concurrency.lockutils [None req-030965e0-ff05-4145-91aa-95bd67a3213d admin admin] Lock "00000000-0000-0000-0000-000000000000" "released" by "nova.context.set_target_cell..get_or_set_cached_cell_and_set_connections" :: held 0.000s {{(pid=60079) inner /opt/stack/data/venv/lib/python3.10/site-packages/oslo_concurrency/lockutils.py:424}}
Jan 06 13:57:13 devstack devstack@n-api.service[60079]: DEBUG oslo_concurrency.lockutils [None req-030965e0-ff05-4145-91aa-95bd67a3213d admin admin] Acquiring lock "98d1abcf-e861-4710-b9e3-aef9672400f0" by "nova.context.set_target_cell..get_or_set_cached_cell_and_set_connections" {{(pid=60079) inner /opt/stack/data/venv/lib/python3.10/site-packages/oslo_concurrency/lockutils.py:405}}
Jan 06 13:57:13 devstack devstack@n-api.service[60079]: DEBUG oslo_concurrency.lockutils [None req-030965e0-ff05-4145-91aa-95bd67a3213d admin admin] Lock "98d1abcf-e861-4710-b9e3-aef9672400f0" acquired by "nova.context.set_target_cell..get_or_set_cached_cell_and_set_connections" :: waited 0.002s {{(pid=60079) inner /opt/stack/data/venv/lib/python3.10/site-packages/oslo_concurrency/lockutils.py:410}}
Jan 06 13:57:13 devstack devstack@n-api.service[60079]: DEBUG oslo_concurrency.lockutils [None req-030965e0-ff05-4145-91aa-95bd67a3213d admin admin] Lock "98d1abcf-e861-4710-b9e3-aef9672400f0" "released" by "nova.context.set_target_cell..get_or_set_cached_cell_and_set_connections" :: held 0.000s {{(pid=60079) inner /opt/stack/data/venv/lib/python3.10/site-packages/oslo_concurrency/lockutils.py:424}}
Jan 06 13:57:13 devstack devstack@n-api.service[60079]: INFO nova.api.openstack.requestlog [None req-030965e0-ff05-4145-91aa-95bd67a3213d admin admin] 192.168.122.122 "GET /compute/v2.1/os-services?binary=nova-compute&host=devstack" status: 200 len: 251 microversion: 2.69 time: 0.091902
Jan 06 13:57:13 devstack devstack@n-api.service[60079]: [pid: 60079|app: 0|req: 18/37] 192.168.122.122 () {64 vars in 1422 bytes} [Tue Jan 6 13:57:13 2026] GET /compute/v2.1/os-services?binary=nova-compute&host=devstack => generated 251 bytes in 93 msecs (HTTP/1.1 200) 9 headers in 359 bytes (1 switches on core 0)
Jan 06 13:57:23 devstack devstack@n-api.service[60079]: DEBUG dbcounter [-] [60079] Writing DB stats nova_cell0:SELECT=1 {{(pid=60079) stat_writer /opt/stack/data/venv/lib/python3.10/site-packages/dbcounter.py:115}}
Jan 06 13:57:23 devstack devstack@n-api.service[60079]: DEBUG dbcounter [-] [60079] Writing DB stats nova_cell1:SELECT=1 {{(pid=60079) stat_writer /opt/stack/data/venv/lib/python3.10/site-packages/dbcounter.py:115}}
Jan 06 13:57:23 devstack devstack@n-api.service[60079]: DEBUG dbcounter [-] [60079] Writing DB stats nova_api:SELECT=2 {{(pid=60079) stat_writer /opt/stack/data/venv/lib/python3.10/site-packages/dbcounter.py:115}}
Jan 06 13:57:43 devstack devstack@n-api.service[60080]: DEBUG nova.api.openstack.wsgi [None req-277a561c-b212-421c-bb79-71bcf20f53c8 admin admin] Calling method '>' {{(pid=60080) _process_stack /opt/stack/nova/nova/api/openstack/wsgi.py:552}}
Jan 06 13:57:43 devstack devstack@n-api.service[60080]: INFO nova.api.openstack.requestlog [None req-277a561c-b212-421c-bb79-71bcf20f53c8 admin admin] 192.168.122.122 "GET /compute/v2.1" status: 200 len: 393 microversion: 2.1 time: 0.005445
Jan 06 13:57:43 devstack devstack@n-api.service[60080]: [pid: 60080|app: 0|req: 20/38] 192.168.122.122 () {58 vars in 1032 bytes} [Tue Jan 6 13:57:43 2026] GET /compute/v2.1 => generated 393 bytes in 7 msecs (HTTP/1.1 200) 9 headers in 357 bytes (1 switches on core 0)
Jan 06 13:57:43 devstack devstack@n-api.service[60079]: DEBUG nova.api.openstack.wsgi [None req-697af466-c37d-4b54-9e0b-d7b6551eb78e admin admin] Calling method '>' {{(pid=60079) _process_stack /opt/stack/nova/nova/api/openstack/wsgi.py:552}}
Jan 06 13:57:43 devstack devstack@n-api.service[60079]: INFO nova.api.openstack.requestlog [None req-697af466-c37d-4b54-9e0b-d7b6551eb78e admin admin] 192.168.122.122 "GET /compute/v2.1/flavors/detail?is_public=True" status: 200 len: 4282 microversion: 2.61 time: 0.071305
Jan 06 13:57:43 devstack devstack@n-api.service[60079]: [pid: 60079|app: 0|req: 19/39] 192.168.122.122 () {64 vars in 1393 bytes} [Tue Jan 6 13:57:43 2026] GET /compute/v2.1/flavors/detail?is_public=True => generated 4282 bytes in 73 msecs (HTTP/1.1 200) 9 headers in 360 bytes (1 switches on core 0)
Jan 06 13:57:47 devstack devstack@n-api.service[60080]: DEBUG nova.api.openstack.wsgi [None req-277a561c-b212-421c-bb79-71bcf20f53c8 admin admin] Calling method '>' {{(pid=60080) _process_stack /opt/stack/nova/nova/api/openstack/wsgi.py:552}}
Jan 06 13:57:47 devstack devstack@n-api.service[60080]: INFO nova.api.openstack.requestlog [None req-277a561c-b212-421c-bb79-71bcf20f53c8 admin admin] 192.168.122.122 "GET /compute/v2.1" status: 200 len: 393 microversion: 2.1 time: 0.004481
Jan 06 13:57:47 devstack devstack@n-api.service[60080]: [pid: 60080|app: 0|req: 21/40] 192.168.122.122 () {58 vars in 1032 bytes} [Tue Jan 6 13:57:47 2026] GET /compute/v2.1 => generated 393 bytes in 5 msecs (HTTP/1.1 200) 9 headers in 357 bytes (1 switches on core 0)
Jan 06 13:57:47 devstack devstack@n-api.service[60079]: DEBUG nova.api.openstack.wsgi [None req-0ff90774-ddbb-4747-9520-9e6bd28bd571 admin admin] Action: 'create', calling method: >, body: {"flavor": {"id": "42", "swap": 0, "ram": 192, "os-flavor-access:is_public": true, "OS-FLV-EXT-DATA:ephemeral": 0, "disk": 1, "rxtx_factor": 1.0, "name": "m1.nano", "vcpus": 1}} {{(pid=60079) _process_stack /opt/stack/nova/nova/api/openstack/wsgi.py:550}}
Jan 06 13:57:47 devstack devstack@n-api.service[60079]: INFO nova.api.openstack.requestlog [None req-0ff90774-ddbb-4747-9520-9e6bd28bd571 admin admin] 192.168.122.122 "POST /compute/v2.1/flavors" status: 200 len: 413 microversion: 2.61 time: 0.055504
Jan 06 13:57:47 devstack devstack@n-api.service[60079]: [pid: 60079|app: 0|req: 20/41] 192.168.122.122 () {68 vars in 1384 bytes} [Tue Jan 6 13:57:47 2026] POST /compute/v2.1/flavors => generated 413 bytes in 57 msecs (HTTP/1.1 200) 9 headers in 359 bytes (1 switches on core 0)
Jan 06 13:57:47 devstack devstack@n-api.service[60080]: DEBUG nova.api.openstack.wsgi [None req-20a64555-e017-423c-ab8d-0c3e837d289f admin admin] Action: 'create', calling method: >, body: {"extra_specs": {"hw_rng:allowed": "True"}} {{(pid=60080) _process_stack /opt/stack/nova/nova/api/openstack/wsgi.py:550}}
Jan 06 13:57:47 devstack devstack@n-api.service[60080]: INFO nova.api.openstack.requestlog [None req-20a64555-e017-423c-ab8d-0c3e837d289f admin admin] 192.168.122.122 "POST /compute/v2.1/flavors/42/os-extra_specs" status: 200 len: 43 microversion: 2.61 time: 0.026707
Jan 06 13:57:47 devstack devstack@n-api.service[60080]: [pid: 60080|app: 0|req: 22/42] 192.168.122.122 () {68 vars in 1437 bytes} [Tue Jan 6 13:57:47 2026] POST /compute/v2.1/flavors/42/os-extra_specs => generated 43 bytes in 28 msecs (HTTP/1.1 200) 9 headers in 358 bytes (1 switches on core 0)
Jan 06 13:57:51 devstack devstack@n-api.service[60079]: DEBUG nova.api.openstack.wsgi [None req-0ff90774-ddbb-4747-9520-9e6bd28bd571 admin admin] Calling method '>' {{(pid=60079) _process_stack /opt/stack/nova/nova/api/openstack/wsgi.py:552}}
Jan 06 13:57:51 devstack devstack@n-api.service[60079]: INFO nova.api.openstack.requestlog [None req-0ff90774-ddbb-4747-9520-9e6bd28bd571 admin admin] 192.168.122.122 "GET /compute/v2.1" status: 200 len: 393 microversion: 2.1 time: 0.005508
Jan 06 13:57:51 devstack devstack@n-api.service[60079]: [pid: 60079|app: 0|req: 21/43] 192.168.122.122 () {58 vars in 1032 bytes} [Tue Jan 6 13:57:51 2026] GET /compute/v2.1 => generated 393 bytes in 7 msecs (HTTP/1.1 200) 9 headers in 357 bytes (1 switches on core 0)
Jan 06 13:57:51 devstack devstack@n-api.service[60080]: DEBUG nova.api.openstack.wsgi [None req-2a98ae44-0ff8-47e7-bdef-d07d56b813ea admin admin] Action: 'create', calling method: >, body: {"flavor": {"swap": 0, "os-flavor-access:is_public": true, "name": "m1.micro", "disk": 1, "vcpus": 1, "id": "84", "ram": 256, "rxtx_factor": 1.0, "OS-FLV-EXT-DATA:ephemeral": 0}} {{(pid=60080) _process_stack /opt/stack/nova/nova/api/openstack/wsgi.py:550}}
Jan 06 13:57:51 devstack devstack@n-api.service[60080]: INFO nova.api.openstack.requestlog [None req-2a98ae44-0ff8-47e7-bdef-d07d56b813ea admin admin] 192.168.122.122 "POST /compute/v2.1/flavors" status: 200 len: 414 microversion: 2.61 time: 0.060561
Jan 06 13:57:51 devstack devstack@n-api.service[60080]: [pid: 60080|app: 0|req: 23/44] 192.168.122.122 () {68 vars in 1384 bytes} [Tue Jan 6 13:57:51 2026] POST /compute/v2.1/flavors => generated 414 bytes in 62 msecs (HTTP/1.1 200) 9 headers in 359 bytes (1 switches on core 0)
Jan 06 13:57:51 devstack devstack@n-api.service[60079]: DEBUG nova.api.openstack.wsgi [None req-7964273f-a62c-4510-b184-e8bc06a6946d admin admin] Action: 'create', calling method: >, body: {"extra_specs": {"hw_rng:allowed": "True"}} {{(pid=60079) _process_stack /opt/stack/nova/nova/api/openstack/wsgi.py:550}}
Jan 06 13:57:51 devstack devstack@n-api.service[60079]: INFO nova.api.openstack.requestlog [None req-7964273f-a62c-4510-b184-e8bc06a6946d admin admin] 192.168.122.122 "POST /compute/v2.1/flavors/84/os-extra_specs" status: 200 len: 43 microversion: 2.61 time: 0.028288
Jan 06 13:57:51 devstack devstack@n-api.service[60079]: [pid: 60079|app: 0|req: 22/45] 192.168.122.122 () {68 vars in 1437 bytes} [Tue Jan 6 13:57:51 2026] POST /compute/v2.1/flavors/84/os-extra_specs => generated 43 bytes in 30 msecs (HTTP/1.1 200) 9 headers in 358 bytes (1 switches on core 0)
Jan 06 13:58:01 devstack devstack@n-api.service[60080]: DEBUG dbcounter [-] [60080] Writing DB stats nova_api:SELECT=4,nova_api:SAVEPOINT=1,nova_api:INSERT=2,nova_api:RELEASE=1 {{(pid=60080) stat_writer /opt/stack/data/venv/lib/python3.10/site-packages/dbcounter.py:115}}
Jan 06 13:58:01 devstack devstack@n-api.service[60079]: DEBUG dbcounter [-] [60079] Writing DB stats nova_api:SELECT=5,nova_api:INSERT=2,nova_api:SAVEPOINT=1,nova_api:RELEASE=1 {{(pid=60079) stat_writer /opt/stack/data/venv/lib/python3.10/site-packages/dbcounter.py:115}}
Jan 06 14:00:45 devstack devstack@n-api.service[60080]: DEBUG nova.api.openstack.wsgi [None req-19675acc-45eb-4eb9-b759-c7a76f1c9f55 tempest-TaggedAttachmentsTest-1647371291 tempest-TaggedAttachmentsTest-1647371291-project-member] Action: 'create', calling method: >, body: {"keypair": {"name": "tempest-keypair-124081810", "public_key": "ecdsa-sha2-nistp384 AAAAE2VjZHNhLXNoYTItbmlzdHAzODQAAAAIbmlzdHAzODQAAABhBLm8CtV4oEXSLhemab2uq4jykaT4uTa8ZmsFRdPG6/rLlX1M/vL4GP69PsoisPI/wYrvs4XH8RSe4RWZemxIWZVg4F3ItzWXw2sGYTq3GDsluUUdQmr0KWFviond/8aSmw=="}} {{(pid=60080) _process_stack /opt/stack/nova/nova/api/openstack/wsgi.py:550}}
Jan 06 14:00:45 devstack devstack@n-api.service[60080]: DEBUG nova.quota [None req-19675acc-45eb-4eb9-b759-c7a76f1c9f55 tempest-TaggedAttachmentsTest-1647371291 tempest-TaggedAttachmentsTest-1647371291-project-member] Getting quotas for project c0235c971d334c19a4f642ea96e9b350. Resources: {'key_pairs'} {{(pid=60080) _get_quotas /opt/stack/nova/nova/quota.py:392}}
Jan 06 14:00:45 devstack devstack@n-api.service[60080]: DEBUG nova.quota [None req-19675acc-45eb-4eb9-b759-c7a76f1c9f55 tempest-TaggedAttachmentsTest-1647371291 tempest-TaggedAttachmentsTest-1647371291-project-member] Getting quotas for user 8b26fbdecf16446f8937cd48d0dab938 and project c0235c971d334c19a4f642ea96e9b350. Resources: {'key_pairs'} {{(pid=60080) _get_quotas /opt/stack/nova/nova/quota.py:382}}
Jan 06 14:00:45 devstack devstack@n-api.service[60080]: INFO nova.api.openstack.requestlog [None req-19675acc-45eb-4eb9-b759-c7a76f1c9f55 tempest-TaggedAttachmentsTest-1647371291 tempest-TaggedAttachmentsTest-1647371291-project-member] 192.168.122.122 "POST /compute/v2.1/os-keypairs" status: 201 len: 400 microversion: 2.49 time: 0.115032
Jan 06 14:00:45 devstack devstack@n-api.service[60080]: [pid: 60080|app: 0|req: 24/46] 192.168.122.122 () {66 vars in 1301 bytes} [Tue Jan 6 14:00:45 2026] POST /compute/v2.1/os-keypairs => generated 400 bytes in 117 msecs (HTTP/1.1 201) 9 headers in 364 bytes (1 switches on core 0)
Jan 06 14:00:47 devstack devstack@n-api.service[60079]: DEBUG nova.api.openstack.wsgi [None req-b5b48c06-c797-4e30-96be-c2fa8a35ab9f tempest-TaggedAttachmentsTest-1647371291 tempest-TaggedAttachmentsTest-1647371291-project-member] Action: 'create', calling method: >, body: {"server": {"name": "tempest-device-tagging-server-1232766883", "imageRef": "8ba1803f-2318-41c1-a7f1-040a1366671a", "flavorRef": "42", "config_drive": true, "networks": [{"uuid": "decb03b8-d9f5-4194-958b-5bc0410c6641"}], "security_groups": [{"name": "tempest-securitygroup--1793605137"}], "key_name": "tempest-keypair-124081810", "user_data": "IyEvYmluL3NoCmVjaG8gIlByaW50aW5nIGNpcnJvcyB1c2VyIGF1dGhvcml6ZWQga2V5cyIKY2F0IH5jaXJyb3MvLnNzaC9hdXRob3JpemVkX2tleXMgfHwgdHJ1ZQo="}} {{(pid=60079) _process_stack /opt/stack/nova/nova/api/openstack/wsgi.py:550}}
Jan 06 14:00:47 devstack devstack@n-api.service[60079]: DEBUG oslo_concurrency.lockutils [None req-b5b48c06-c797-4e30-96be-c2fa8a35ab9f tempest-TaggedAttachmentsTest-1647371291 tempest-TaggedAttachmentsTest-1647371291-project-member] Acquiring lock "00000000-0000-0000-0000-000000000000" by "nova.context.set_target_cell..get_or_set_cached_cell_and_set_connections" {{(pid=60079) inner /opt/stack/data/venv/lib/python3.10/site-packages/oslo_concurrency/lockutils.py:405}}
Jan 06 14:00:47 devstack devstack@n-api.service[60079]: DEBUG oslo_concurrency.lockutils [None req-b5b48c06-c797-4e30-96be-c2fa8a35ab9f tempest-TaggedAttachmentsTest-1647371291 tempest-TaggedAttachmentsTest-1647371291-project-member] Lock "00000000-0000-0000-0000-000000000000" acquired by "nova.context.set_target_cell..get_or_set_cached_cell_and_set_connections" :: waited 0.001s {{(pid=60079) inner /opt/stack/data/venv/lib/python3.10/site-packages/oslo_concurrency/lockutils.py:410}}
Jan 06 14:00:47 devstack devstack@n-api.service[60079]: DEBUG oslo_concurrency.lockutils [None req-b5b48c06-c797-4e30-96be-c2fa8a35ab9f tempest-TaggedAttachmentsTest-1647371291 tempest-TaggedAttachmentsTest-1647371291-project-member] Lock "00000000-0000-0000-0000-000000000000" "released" by "nova.context.set_target_cell..get_or_set_cached_cell_and_set_connections" :: held 0.000s {{(pid=60079) inner /opt/stack/data/venv/lib/python3.10/site-packages/oslo_concurrency/lockutils.py:424}}
Jan 06 14:00:47 devstack devstack@n-api.service[60079]: DEBUG oslo_concurrency.lockutils [None req-b5b48c06-c797-4e30-96be-c2fa8a35ab9f tempest-TaggedAttachmentsTest-1647371291 tempest-TaggedAttachmentsTest-1647371291-project-member] Acquiring lock "98d1abcf-e861-4710-b9e3-aef9672400f0" by "nova.context.set_target_cell..get_or_set_cached_cell_and_set_connections" {{(pid=60079) inner /opt/stack/data/venv/lib/python3.10/site-packages/oslo_concurrency/lockutils.py:405}}
Jan 06 14:00:47 devstack devstack@n-api.service[60079]: DEBUG oslo_concurrency.lockutils [None req-b5b48c06-c797-4e30-96be-c2fa8a35ab9f tempest-TaggedAttachmentsTest-1647371291 tempest-TaggedAttachmentsTest-1647371291-project-member] Lock "98d1abcf-e861-4710-b9e3-aef9672400f0" acquired by "nova.context.set_target_cell..get_or_set_cached_cell_and_set_connections" :: waited 0.000s {{(pid=60079) inner /opt/stack/data/venv/lib/python3.10/site-packages/oslo_concurrency/lockutils.py:410}}
Jan 06 14:00:47 devstack devstack@n-api.service[60079]: DEBUG oslo_concurrency.lockutils [None req-b5b48c06-c797-4e30-96be-c2fa8a35ab9f tempest-TaggedAttachmentsTest-1647371291 tempest-TaggedAttachmentsTest-1647371291-project-member] Lock "98d1abcf-e861-4710-b9e3-aef9672400f0" "released" by "nova.context.set_target_cell..get_or_set_cached_cell_and_set_connections" :: held 0.000s {{(pid=60079) inner /opt/stack/data/venv/lib/python3.10/site-packages/oslo_concurrency/lockutils.py:424}}
Jan 06 14:00:47 devstack devstack@n-api.service[60079]: WARNING neutronclient.v2_0.client [None req-b5b48c06-c797-4e30-96be-c2fa8a35ab9f tempest-TaggedAttachmentsTest-1647371291 tempest-TaggedAttachmentsTest-1647371291-project-member] The python binding code in neutronclient is deprecated in favor of OpenstackSDK, please use that as this will be removed in a future release.
Jan 06 14:00:47 devstack devstack@n-api.service[60079]: DEBUG nova.network.neutron [None req-b5b48c06-c797-4e30-96be-c2fa8a35ab9f tempest-TaggedAttachmentsTest-1647371291 tempest-TaggedAttachmentsTest-1647371291-project-member] validate_networks() for [('decb03b8-d9f5-4194-958b-5bc0410c6641', None, None, None, None, None)] {{(pid=60079) validate_networks /opt/stack/nova/nova/network/neutron.py:2706}}
Jan 06 14:00:47 devstack devstack@n-api.service[60079]: WARNING neutronclient.v2_0.client [None req-b5b48c06-c797-4e30-96be-c2fa8a35ab9f tempest-TaggedAttachmentsTest-1647371291 tempest-TaggedAttachmentsTest-1647371291-project-member] The python binding code in neutronclient is deprecated in favor of OpenstackSDK, please use that as this will be removed in a future release.
Jan 06 14:00:47 devstack devstack@n-api.service[60080]: DEBUG nova.api.openstack.wsgi [None req-9f106c13-40fb-42c9-88b4-96e3c0827c91 tempest-VolumesAssistedSnapshotsTest-165938084 tempest-VolumesAssistedSnapshotsTest-165938084-project-member] Action: 'create', calling method: >, body: {"keypair": {"name": "tempest-keypair-408000926", "public_key": "ecdsa-sha2-nistp384 AAAAE2VjZHNhLXNoYTItbmlzdHAzODQAAAAIbmlzdHAzODQAAABhBHItv5XU7iS4+agzhfoCYMAPx0MBEcHwYX0JdNY2xBn6F/8umphqMkxNl3cc4+JQ4JhEMyaOkRWo0MLY5ysa0EeNOilIkOYMOKkMumDc557tGmV37Li1xWxxbwHHpPzXlg=="}} {{(pid=60080) _process_stack /opt/stack/nova/nova/api/openstack/wsgi.py:550}}
Jan 06 14:00:47 devstack devstack@n-api.service[60080]: DEBUG nova.quota [None req-9f106c13-40fb-42c9-88b4-96e3c0827c91 tempest-VolumesAssistedSnapshotsTest-165938084 tempest-VolumesAssistedSnapshotsTest-165938084-project-member] Getting quotas for project 60ecf015d9b940a6bc3c68321e595517. Resources: {'key_pairs'} {{(pid=60080) _get_quotas /opt/stack/nova/nova/quota.py:392}}
Jan 06 14:00:47 devstack devstack@n-api.service[60080]: DEBUG nova.quota [None req-9f106c13-40fb-42c9-88b4-96e3c0827c91 tempest-VolumesAssistedSnapshotsTest-165938084 tempest-VolumesAssistedSnapshotsTest-165938084-project-member] Getting quotas for user bf30fdf03c2b4c99bd82fd0ac0e3d057 and project 60ecf015d9b940a6bc3c68321e595517. Resources: {'key_pairs'} {{(pid=60080) _get_quotas /opt/stack/nova/nova/quota.py:382}}
Jan 06 14:00:47 devstack devstack@n-api.service[60080]: INFO nova.api.openstack.requestlog [None req-9f106c13-40fb-42c9-88b4-96e3c0827c91 tempest-VolumesAssistedSnapshotsTest-165938084 tempest-VolumesAssistedSnapshotsTest-165938084-project-member] 192.168.122.122 "POST /compute/v2.1/os-keypairs" status: 200 len: 385 microversion: 2.1 time: 0.170021
Jan 06 14:00:47 devstack devstack@n-api.service[60080]: [pid: 60080|app: 0|req: 25/47] 192.168.122.122 () {64 vars in 1260 bytes} [Tue Jan 6 14:00:47 2026] POST /compute/v2.1/os-keypairs => generated 385 bytes in 171 msecs (HTTP/1.1 200) 9 headers in 357 bytes (1 switches on core 0)
Jan 06 14:00:49 devstack devstack@n-api.service[60079]: WARNING neutronclient.v2_0.client [None req-b5b48c06-c797-4e30-96be-c2fa8a35ab9f tempest-TaggedAttachmentsTest-1647371291 tempest-TaggedAttachmentsTest-1647371291-project-member] The python binding code in neutronclient is deprecated in favor of OpenstackSDK, please use that as this will be removed in a future release.
Jan 06 14:00:51 devstack devstack@n-api.service[60080]: DEBUG nova.api.openstack.wsgi [None req-de846205-c340-4e09-ba30-596ee418f4aa tempest-VolumesAssistedSnapshotsTest-165938084 tempest-VolumesAssistedSnapshotsTest-165938084-project-member] Action: 'create', calling method: >, body: {"server": {"name": "tempest-VolumesAssistedSnapshotsTest-server-1104712023", "imageRef": "8ba1803f-2318-41c1-a7f1-040a1366671a", "flavorRef": "42", "networks": [{"uuid": "e7821b7c-55e2-45a3-89d4-ac8d4d3665de"}], "security_groups": [{"name": "tempest-securitygroup--1997966608"}], "key_name": "tempest-keypair-408000926", "user_data": "IyEvYmluL3NoCmVjaG8gIlByaW50aW5nIGNpcnJvcyB1c2VyIGF1dGhvcml6ZWQga2V5cyIKY2F0IH5jaXJyb3MvLnNzaC9hdXRob3JpemVkX2tleXMgfHwgdHJ1ZQo="}} {{(pid=60080) _process_stack /opt/stack/nova/nova/api/openstack/wsgi.py:550}}
Jan 06 14:00:52 devstack devstack@n-api.service[60079]: DEBUG nova.virt.hardware [None req-b5b48c06-c797-4e30-96be-c2fa8a35ab9f tempest-TaggedAttachmentsTest-1647371291 tempest-TaggedAttachmentsTest-1647371291-project-member] Flavor limits 0:0:0 {{(pid=60079) get_cpu_topology_constraints /opt/stack/nova/nova/virt/hardware.py:356}}
Jan 06 14:00:52 devstack devstack@n-api.service[60079]: DEBUG nova.virt.hardware [None req-b5b48c06-c797-4e30-96be-c2fa8a35ab9f tempest-TaggedAttachmentsTest-1647371291 tempest-TaggedAttachmentsTest-1647371291-project-member] Image limits 0:0:0 {{(pid=60079) get_cpu_topology_constraints /opt/stack/nova/nova/virt/hardware.py:360}}
Jan 06 14:00:52 devstack devstack@n-api.service[60079]: DEBUG nova.virt.hardware [None req-b5b48c06-c797-4e30-96be-c2fa8a35ab9f tempest-TaggedAttachmentsTest-1647371291 tempest-TaggedAttachmentsTest-1647371291-project-member] Flavor pref 0:0:0 {{(pid=60079) get_cpu_topology_constraints /opt/stack/nova/nova/virt/hardware.py:396}}
Jan 06 14:00:52 devstack devstack@n-api.service[60079]: DEBUG nova.virt.hardware [None req-b5b48c06-c797-4e30-96be-c2fa8a35ab9f tempest-TaggedAttachmentsTest-1647371291 tempest-TaggedAttachmentsTest-1647371291-project-member] Image pref 0:0:0 {{(pid=60079) get_cpu_topology_constraints /opt/stack/nova/nova/virt/hardware.py:400}}
Jan 06 14:00:52 devstack devstack@n-api.service[60079]: DEBUG nova.virt.hardware [None req-b5b48c06-c797-4e30-96be-c2fa8a35ab9f tempest-TaggedAttachmentsTest-1647371291 tempest-TaggedAttachmentsTest-1647371291-project-member] Chose sockets=0, cores=0, threads=0; limits were sockets=65536, cores=65536, threads=65536 {{(pid=60079) get_cpu_topology_constraints /opt/stack/nova/nova/virt/hardware.py:438}}
Jan 06 14:00:52 devstack devstack@n-api.service[60079]: DEBUG oslo_concurrency.lockutils [None req-b5b48c06-c797-4e30-96be-c2fa8a35ab9f tempest-TaggedAttachmentsTest-1647371291 tempest-TaggedAttachmentsTest-1647371291-project-member] Acquiring lock "00000000-0000-0000-0000-000000000000" by "nova.context.set_target_cell..get_or_set_cached_cell_and_set_connections" {{(pid=60079) inner /opt/stack/data/venv/lib/python3.10/site-packages/oslo_concurrency/lockutils.py:405}}
Jan 06 14:00:52 devstack devstack@n-api.service[60079]: DEBUG oslo_concurrency.lockutils [None req-b5b48c06-c797-4e30-96be-c2fa8a35ab9f tempest-TaggedAttachmentsTest-1647371291 tempest-TaggedAttachmentsTest-1647371291-project-member] Lock "00000000-0000-0000-0000-000000000000" acquired by "nova.context.set_target_cell..get_or_set_cached_cell_and_set_connections" :: waited 0.001s {{(pid=60079) inner /opt/stack/data/venv/lib/python3.10/site-packages/oslo_concurrency/lockutils.py:410}}
Jan 06 14:00:52 devstack devstack@n-api.service[60079]: DEBUG oslo_concurrency.lockutils [None req-b5b48c06-c797-4e30-96be-c2fa8a35ab9f tempest-TaggedAttachmentsTest-1647371291 tempest-TaggedAttachmentsTest-1647371291-project-member] Lock "00000000-0000-0000-0000-000000000000" "released" by "nova.context.set_target_cell..get_or_set_cached_cell_and_set_connections" :: held 0.001s {{(pid=60079) inner /opt/stack/data/venv/lib/python3.10/site-packages/oslo_concurrency/lockutils.py:424}}
Jan 06 14:00:52 devstack devstack@n-api.service[60079]: DEBUG oslo_concurrency.lockutils [None req-b5b48c06-c797-4e30-96be-c2fa8a35ab9f tempest-TaggedAttachmentsTest-1647371291 tempest-TaggedAttachmentsTest-1647371291-project-member] Acquiring lock "98d1abcf-e861-4710-b9e3-aef9672400f0" by "nova.context.set_target_cell..get_or_set_cached_cell_and_set_connections" {{(pid=60079) inner /opt/stack/data/venv/lib/python3.10/site-packages/oslo_concurrency/lockutils.py:405}}
Jan 06 14:00:52 devstack devstack@n-api.service[60079]: DEBUG oslo_concurrency.lockutils [None req-b5b48c06-c797-4e30-96be-c2fa8a35ab9f tempest-TaggedAttachmentsTest-1647371291 tempest-TaggedAttachmentsTest-1647371291-project-member] Lock "98d1abcf-e861-4710-b9e3-aef9672400f0" acquired by "nova.context.set_target_cell..get_or_set_cached_cell_and_set_connections" :: waited 0.010s {{(pid=60079) inner /opt/stack/data/venv/lib/python3.10/site-packages/oslo_concurrency/lockutils.py:410}}
Jan 06 14:00:52 devstack devstack@n-api.service[60079]: DEBUG oslo_concurrency.lockutils [None req-b5b48c06-c797-4e30-96be-c2fa8a35ab9f tempest-TaggedAttachmentsTest-1647371291 tempest-TaggedAttachmentsTest-1647371291-project-member] Lock "98d1abcf-e861-4710-b9e3-aef9672400f0" "released" by "nova.context.set_target_cell..get_or_set_cached_cell_and_set_connections" :: held 0.002s {{(pid=60079) inner /opt/stack/data/venv/lib/python3.10/site-packages/oslo_concurrency/lockutils.py:424}}
Jan 06 14:00:52 devstack devstack@n-api.service[60079]: DEBUG nova.quota [None req-b5b48c06-c797-4e30-96be-c2fa8a35ab9f tempest-TaggedAttachmentsTest-1647371291 tempest-TaggedAttachmentsTest-1647371291-project-member] Getting quotas for project c0235c971d334c19a4f642ea96e9b350. Resources: {'instances', 'cores', 'ram'} {{(pid=60079) _get_quotas /opt/stack/nova/nova/quota.py:392}}
Jan 06 14:00:52 devstack devstack@n-api.service[60079]: DEBUG nova.quota [None req-b5b48c06-c797-4e30-96be-c2fa8a35ab9f tempest-TaggedAttachmentsTest-1647371291 tempest-TaggedAttachmentsTest-1647371291-project-member] Getting quotas for user 8b26fbdecf16446f8937cd48d0dab938 and project c0235c971d334c19a4f642ea96e9b350. Resources: {'instances', 'cores', 'ram'} {{(pid=60079) _get_quotas /opt/stack/nova/nova/quota.py:382}}
Jan 06 14:00:52 devstack devstack@n-api.service[60079]: DEBUG nova.compute.api [None req-b5b48c06-c797-4e30-96be-c2fa8a35ab9f tempest-TaggedAttachmentsTest-1647371291 tempest-TaggedAttachmentsTest-1647371291-project-member] Going to run 1 instances... {{(pid=60079) _provision_instances /opt/stack/nova/nova/compute/api.py:1436}}
Jan 06 14:00:52 devstack devstack@n-api.service[60079]: DEBUG nova.compute.api [None req-b5b48c06-c797-4e30-96be-c2fa8a35ab9f tempest-TaggedAttachmentsTest-1647371291 tempest-TaggedAttachmentsTest-1647371291-project-member] [instance: 94741a9e-20ba-4423-9f7f-3942dc6a0cbc] block_device_mapping [BlockDeviceMapping(attachment_id=,boot_index=0,connection_info=None,created_at=,delete_on_termination=True,deleted=,deleted_at=,destination_type='local',device_name=None,device_type='disk',disk_bus=None,encrypted=False,encryption_format=None,encryption_options=None,encryption_secret_uuid=None,guest_format=None,id=,image_id='8ba1803f-2318-41c1-a7f1-040a1366671a',instance=,instance_uuid=,no_device=False,snapshot_id=None,source_type='image',tag=None,updated_at=,uuid=,volume_id=None,volume_size=None,volume_type=None)] {{(pid=60079) _bdm_validate_set_size_and_instance /opt/stack/nova/nova/compute/api.py:1904}}
Jan 06 14:00:52 devstack devstack@n-api.service[60080]: DEBUG oslo_concurrency.lockutils [None req-de846205-c340-4e09-ba30-596ee418f4aa tempest-VolumesAssistedSnapshotsTest-165938084 tempest-VolumesAssistedSnapshotsTest-165938084-project-member] Acquiring lock "00000000-0000-0000-0000-000000000000" by "nova.context.set_target_cell..get_or_set_cached_cell_and_set_connections" {{(pid=60080) inner /opt/stack/data/venv/lib/python3.10/site-packages/oslo_concurrency/lockutils.py:405}}
Jan 06 14:00:52 devstack devstack@n-api.service[60080]: DEBUG oslo_concurrency.lockutils [None req-de846205-c340-4e09-ba30-596ee418f4aa tempest-VolumesAssistedSnapshotsTest-165938084 tempest-VolumesAssistedSnapshotsTest-165938084-project-member] Lock "00000000-0000-0000-0000-000000000000" acquired by "nova.context.set_target_cell..get_or_set_cached_cell_and_set_connections" :: waited 0.001s {{(pid=60080) inner /opt/stack/data/venv/lib/python3.10/site-packages/oslo_concurrency/lockutils.py:410}}
Jan 06 14:00:52 devstack devstack@n-api.service[60080]: DEBUG oslo_concurrency.lockutils [None req-de846205-c340-4e09-ba30-596ee418f4aa tempest-VolumesAssistedSnapshotsTest-165938084 tempest-VolumesAssistedSnapshotsTest-165938084-project-member] Lock "00000000-0000-0000-0000-000000000000" "released" by "nova.context.set_target_cell..get_or_set_cached_cell_and_set_connections" :: held 0.000s {{(pid=60080) inner /opt/stack/data/venv/lib/python3.10/site-packages/oslo_concurrency/lockutils.py:424}}
Jan 06 14:00:52 devstack devstack@n-api.service[60080]: DEBUG oslo_concurrency.lockutils [None req-de846205-c340-4e09-ba30-596ee418f4aa tempest-VolumesAssistedSnapshotsTest-165938084 tempest-VolumesAssistedSnapshotsTest-165938084-project-member] Acquiring lock "98d1abcf-e861-4710-b9e3-aef9672400f0" by "nova.context.set_target_cell..get_or_set_cached_cell_and_set_connections" {{(pid=60080) inner /opt/stack/data/venv/lib/python3.10/site-packages/oslo_concurrency/lockutils.py:405}}
Jan 06 14:00:52 devstack devstack@n-api.service[60080]: DEBUG oslo_concurrency.lockutils [None req-de846205-c340-4e09-ba30-596ee418f4aa tempest-VolumesAssistedSnapshotsTest-165938084 tempest-VolumesAssistedSnapshotsTest-165938084-project-member] Lock "98d1abcf-e861-4710-b9e3-aef9672400f0" acquired by "nova.context.set_target_cell..get_or_set_cached_cell_and_set_connections" :: waited 0.002s {{(pid=60080) inner /opt/stack/data/venv/lib/python3.10/site-packages/oslo_concurrency/lockutils.py:410}}
Jan 06 14:00:52 devstack devstack@n-api.service[60080]: DEBUG oslo_concurrency.lockutils [None req-de846205-c340-4e09-ba30-596ee418f4aa tempest-VolumesAssistedSnapshotsTest-165938084 tempest-VolumesAssistedSnapshotsTest-165938084-project-member] Lock "98d1abcf-e861-4710-b9e3-aef9672400f0" "released" by "nova.context.set_target_cell..get_or_set_cached_cell_and_set_connections" :: held 0.000s {{(pid=60080) inner /opt/stack/data/venv/lib/python3.10/site-packages/oslo_concurrency/lockutils.py:424}}
Jan 06 14:00:52 devstack devstack@n-api.service[60080]: WARNING neutronclient.v2_0.client [None req-de846205-c340-4e09-ba30-596ee418f4aa tempest-VolumesAssistedSnapshotsTest-165938084 tempest-VolumesAssistedSnapshotsTest-165938084-project-member] The python binding code in neutronclient is deprecated in favor of OpenstackSDK, please use that as this will be removed in a future release.
Jan 06 14:00:52 devstack devstack@n-api.service[60079]: INFO nova.api.openstack.requestlog [None req-b5b48c06-c797-4e30-96be-c2fa8a35ab9f tempest-TaggedAttachmentsTest-1647371291 tempest-TaggedAttachmentsTest-1647371291-project-member] 192.168.122.122 "POST /compute/v2.1/servers" status: 202 len: 414 microversion: 2.49 time: 4.986082
Jan 06 14:00:52 devstack devstack@n-api.service[60079]: [pid: 60079|app: 0|req: 23/48] 192.168.122.122 () {66 vars in 1289 bytes} [Tue Jan 6 14:00:47 2026] POST /compute/v2.1/servers => generated 414 bytes in 4990 msecs (HTTP/1.1 202) 10 headers in 457 bytes (1 switches on core 0)
Jan 06 14:00:52 devstack devstack@n-api.service[60079]: DEBUG nova.api.openstack.wsgi [None req-331839c3-3c73-4855-a1a3-03b8ad05692f tempest-TaggedAttachmentsTest-1647371291 tempest-TaggedAttachmentsTest-1647371291-project-member] Calling method '>' {{(pid=60079) _process_stack /opt/stack/nova/nova/api/openstack/wsgi.py:552}}
Jan 06 14:00:52 devstack devstack@n-api.service[60079]: DEBUG nova.compute.api [None req-331839c3-3c73-4855-a1a3-03b8ad05692f tempest-TaggedAttachmentsTest-1647371291 tempest-TaggedAttachmentsTest-1647371291-project-member] [instance: 94741a9e-20ba-4423-9f7f-3942dc6a0cbc] Fetching instance by UUID {{(pid=60079) get /opt/stack/nova/nova/compute/api.py:3017}}
Jan 06 14:00:52 devstack devstack@n-api.service[60079]: WARNING neutronclient.v2_0.client [None req-331839c3-3c73-4855-a1a3-03b8ad05692f tempest-TaggedAttachmentsTest-1647371291 tempest-TaggedAttachmentsTest-1647371291-project-member] The python binding code in neutronclient is deprecated in favor of OpenstackSDK, please use that as this will be removed in a future release.
Jan 06 14:00:52 devstack devstack@n-api.service[60080]: DEBUG nova.network.neutron [None req-de846205-c340-4e09-ba30-596ee418f4aa tempest-VolumesAssistedSnapshotsTest-165938084 tempest-VolumesAssistedSnapshotsTest-165938084-project-member] validate_networks() for [('e7821b7c-55e2-45a3-89d4-ac8d4d3665de', None, None, None, None, None)] {{(pid=60080) validate_networks /opt/stack/nova/nova/network/neutron.py:2706}}
Jan 06 14:00:52 devstack devstack@n-api.service[60080]: WARNING neutronclient.v2_0.client [None req-de846205-c340-4e09-ba30-596ee418f4aa tempest-VolumesAssistedSnapshotsTest-165938084 tempest-VolumesAssistedSnapshotsTest-165938084-project-member] The python binding code in neutronclient is deprecated in favor of OpenstackSDK, please use that as this will be removed in a future release.
Jan 06 14:00:52 devstack devstack@n-api.service[60079]: DEBUG nova.policy [None req-331839c3-3c73-4855-a1a3-03b8ad05692f tempest-TaggedAttachmentsTest-1647371291 tempest-TaggedAttachmentsTest-1647371291-project-member] Policy check for os_compute_api:os-extended-server-attributes failed with credentials {'is_admin': False, 'user_id': '8b26fbdecf16446f8937cd48d0dab938', 'user_domain_id': 'default', 'system_scope': None, 'domain_id': None, 'project_id': 'c0235c971d334c19a4f642ea96e9b350', 'project_domain_id': 'default', 'roles': ['reader', 'member'], 'is_admin_project': True, 'service_user_id': None, 'service_user_domain_id': None, 'service_project_id': None, 'service_project_domain_id': None, 'service_roles': []} {{(pid=60079) authorize /opt/stack/nova/nova/policy.py:192}}
Jan 06 14:00:52 devstack devstack@n-api.service[60079]: DEBUG nova.policy [None req-331839c3-3c73-4855-a1a3-03b8ad05692f tempest-TaggedAttachmentsTest-1647371291 tempest-TaggedAttachmentsTest-1647371291-project-member] Policy check for os_compute_api:servers:show:host_status failed with credentials {'is_admin': False, 'user_id': '8b26fbdecf16446f8937cd48d0dab938', 'user_domain_id': 'default', 'system_scope': None, 'domain_id': None, 'project_id': 'c0235c971d334c19a4f642ea96e9b350', 'project_domain_id': 'default', 'roles': ['reader', 'member'], 'is_admin_project': True, 'service_user_id': None, 'service_user_domain_id': None, 'service_project_id': None, 'service_project_domain_id': None, 'service_roles': []} {{(pid=60079) authorize /opt/stack/nova/nova/policy.py:192}}
Jan 06 14:00:52 devstack devstack@n-api.service[60079]: DEBUG nova.policy [None req-331839c3-3c73-4855-a1a3-03b8ad05692f tempest-TaggedAttachmentsTest-1647371291 tempest-TaggedAttachmentsTest-1647371291-project-member] Policy check for os_compute_api:servers:show:host_status:unknown-only failed with credentials {'is_admin': False, 'user_id': '8b26fbdecf16446f8937cd48d0dab938', 'user_domain_id': 'default', 'system_scope': None, 'domain_id': None, 'project_id': 'c0235c971d334c19a4f642ea96e9b350', 'project_domain_id': 'default', 'roles': ['reader', 'member'], 'is_admin_project': True, 'service_user_id': None, 'service_user_domain_id': None, 'service_project_id': None, 'service_project_domain_id': None, 'service_roles': []} {{(pid=60079) authorize /opt/stack/nova/nova/policy.py:192}}
Jan 06 14:00:52 devstack devstack@n-api.service[60079]: INFO nova.api.openstack.requestlog [None req-331839c3-3c73-4855-a1a3-03b8ad05692f tempest-TaggedAttachmentsTest-1647371291 tempest-TaggedAttachmentsTest-1647371291-project-member] 192.168.122.122 "GET /compute/v2.1/servers/94741a9e-20ba-4423-9f7f-3942dc6a0cbc" status: 200 len: 1335 microversion: 2.49 time: 0.185875
Jan 06 14:00:52 devstack devstack@n-api.service[60079]: [pid: 60079|app: 0|req: 24/49] 192.168.122.122 () {64 vars in 1378 bytes} [Tue Jan 6 14:00:52 2026] GET /compute/v2.1/servers/94741a9e-20ba-4423-9f7f-3942dc6a0cbc => generated 1335 bytes in 192 msecs (HTTP/1.1 200) 9 headers in 360 bytes (1 switches on core 0)
Jan 06 14:00:52 devstack devstack@n-api.service[60080]: WARNING neutronclient.v2_0.client [None req-de846205-c340-4e09-ba30-596ee418f4aa tempest-VolumesAssistedSnapshotsTest-165938084 tempest-VolumesAssistedSnapshotsTest-165938084-project-member] The python binding code in neutronclient is deprecated in favor of OpenstackSDK, please use that as this will be removed in a future release.
Jan 06 14:00:52 devstack devstack@n-api.service[60080]: DEBUG nova.virt.hardware [None req-de846205-c340-4e09-ba30-596ee418f4aa tempest-VolumesAssistedSnapshotsTest-165938084 tempest-VolumesAssistedSnapshotsTest-165938084-project-member] Flavor limits 0:0:0 {{(pid=60080) get_cpu_topology_constraints /opt/stack/nova/nova/virt/hardware.py:356}}
Jan 06 14:00:52 devstack devstack@n-api.service[60080]: DEBUG nova.virt.hardware [None req-de846205-c340-4e09-ba30-596ee418f4aa tempest-VolumesAssistedSnapshotsTest-165938084 tempest-VolumesAssistedSnapshotsTest-165938084-project-member] Image limits 0:0:0 {{(pid=60080) get_cpu_topology_constraints /opt/stack/nova/nova/virt/hardware.py:360}}
Jan 06 14:00:52 devstack devstack@n-api.service[60080]: DEBUG nova.virt.hardware [None req-de846205-c340-4e09-ba30-596ee418f4aa tempest-VolumesAssistedSnapshotsTest-165938084 tempest-VolumesAssistedSnapshotsTest-165938084-project-member] Flavor pref 0:0:0 {{(pid=60080) get_cpu_topology_constraints /opt/stack/nova/nova/virt/hardware.py:396}}
Jan 06 14:00:52 devstack devstack@n-api.service[60080]: DEBUG nova.virt.hardware [None req-de846205-c340-4e09-ba30-596ee418f4aa tempest-VolumesAssistedSnapshotsTest-165938084 tempest-VolumesAssistedSnapshotsTest-165938084-project-member] Image pref 0:0:0 {{(pid=60080) get_cpu_topology_constraints /opt/stack/nova/nova/virt/hardware.py:400}}
Jan 06 14:00:52 devstack devstack@n-api.service[60080]: DEBUG nova.virt.hardware [None req-de846205-c340-4e09-ba30-596ee418f4aa tempest-VolumesAssistedSnapshotsTest-165938084 tempest-VolumesAssistedSnapshotsTest-165938084-project-member] Chose sockets=0, cores=0, threads=0; limits were sockets=65536, cores=65536, threads=65536 {{(pid=60080) get_cpu_topology_constraints /opt/stack/nova/nova/virt/hardware.py:438}}
Jan 06 14:00:53 devstack devstack@n-api.service[60080]: DEBUG oslo_concurrency.lockutils [None req-de846205-c340-4e09-ba30-596ee418f4aa tempest-VolumesAssistedSnapshotsTest-165938084 tempest-VolumesAssistedSnapshotsTest-165938084-project-member] Acquiring lock "00000000-0000-0000-0000-000000000000" by "nova.context.set_target_cell..get_or_set_cached_cell_and_set_connections" {{(pid=60080) inner /opt/stack/data/venv/lib/python3.10/site-packages/oslo_concurrency/lockutils.py:405}}
Jan 06 14:00:53 devstack devstack@n-api.service[60080]: DEBUG oslo_concurrency.lockutils [None req-de846205-c340-4e09-ba30-596ee418f4aa tempest-VolumesAssistedSnapshotsTest-165938084 tempest-VolumesAssistedSnapshotsTest-165938084-project-member] Lock "00000000-0000-0000-0000-000000000000" acquired by "nova.context.set_target_cell..get_or_set_cached_cell_and_set_connections" :: waited 0.000s {{(pid=60080) inner /opt/stack/data/venv/lib/python3.10/site-packages/oslo_concurrency/lockutils.py:410}}
