Jun 29 03:25:57 devstack devstack@c-api.service[93806]: DEBUG cinder.api.v3.volumes [None req-c39cb9b2-36e8-4125-9ce3-fdf5bfd20cb2 tempest-VolumesServicesTestJSON-282051472 tempest-VolumesServicesTestJSON-282051472-project-member] Create volume request body: {'volume': {'size': 1, 'name': 'tempest-VolumesServicesTestJSON-Volume-1812028027'}} {{(pid=93806) create /opt/stack/cinder/cinder/api/v3/volumes.py:368}}
Jun 29 03:25:57 devstack devstack@c-api.service[93806]: INFO cinder.api.v3.volumes [None req-c39cb9b2-36e8-4125-9ce3-fdf5bfd20cb2 tempest-VolumesServicesTestJSON-282051472 tempest-VolumesServicesTestJSON-282051472-project-member] Create volume of 1 GB
Jun 29 03:25:57 devstack devstack@c-api.service[93806]: INFO cinder.volume.api [None req-c39cb9b2-36e8-4125-9ce3-fdf5bfd20cb2 tempest-VolumesServicesTestJSON-282051472 tempest-VolumesServicesTestJSON-282051472-project-member] Availability Zones retrieved successfully.
Jun 29 03:25:57 devstack devstack@c-api.service[93806]: DEBUG cinder.volume.api [None req-c39cb9b2-36e8-4125-9ce3-fdf5bfd20cb2 tempest-VolumesServicesTestJSON-282051472 tempest-VolumesServicesTestJSON-282051472-project-member] Flow 'volume_create_api' (31d8e51b-bf4f-4d36-94bb-6aba2f3d5bd8) transitioned into state 'RUNNING' from state 'PENDING' {{(pid=93806) _flow_receiver /opt/stack/data/venv/lib/python3.12/site-packages/taskflow/listeners/logging.py:160}}
Jun 29 03:25:57 devstack devstack@c-api.service[93806]: DEBUG cinder.volume.api [None req-c39cb9b2-36e8-4125-9ce3-fdf5bfd20cb2 tempest-VolumesServicesTestJSON-282051472 tempest-VolumesServicesTestJSON-282051472-project-member] Task 'cinder.volume.flows.api.create_volume.ExtractVolumeRequestTask;volume:create' (e24b0d5e-b61b-48b0-b71a-2c92a05ed16d) transitioned into state 'RUNNING' from state 'PENDING' {{(pid=93806) _task_receiver /opt/stack/data/venv/lib/python3.12/site-packages/taskflow/listeners/logging.py:242}}
Jun 29 03:25:57 devstack devstack@c-api.service[93806]: DEBUG cinder.volume.flows.api.create_volume [None req-c39cb9b2-36e8-4125-9ce3-fdf5bfd20cb2 tempest-VolumesServicesTestJSON-282051472 tempest-VolumesServicesTestJSON-282051472-project-member] Validating volume size '1' using validate_int {{(pid=93806) _extract_size /opt/stack/cinder/cinder/volume/flows/api/create_volume.py:226}}
Jun 29 03:25:57 devstack devstack@c-api.service[93806]: DEBUG cinder.volume.api [None req-c39cb9b2-36e8-4125-9ce3-fdf5bfd20cb2 tempest-VolumesServicesTestJSON-282051472 tempest-VolumesServicesTestJSON-282051472-project-member] Task 'cinder.volume.flows.api.create_volume.ExtractVolumeRequestTask;volume:create' (e24b0d5e-b61b-48b0-b71a-2c92a05ed16d) transitioned into state 'SUCCESS' from state 'RUNNING' with result '{'size': 1, 'snapshot_id': None, 'source_volid': None, 'volume_type': VolumeType(created_at=2026-06-29T01:16:51Z,deleted=False,deleted_at=None,description=None,extra_specs={},id=8ad1ee72-7980-4cf8-8e97-05e95f9b9891,is_public=True,name='QuobyteHD',projects=[],qos_specs=,qos_specs_id=None,updated_at=None), 'volume_type_id': '8ad1ee72-7980-4cf8-8e97-05e95f9b9891', 'encryption_key_id': None, 'qos_specs': None, 'consistencygroup_id': None, 'cgsnapshot_id': None, 'group_id': None, 'replication_status': 'disabled', 'refresh_az': False, 'backup_id': None, 'multiattach': False, 'availability_zones': ['nova']}' {{(pid=93806) _task_receiver /opt/stack/data/venv/lib/python3.12/site-packages/taskflow/listeners/logging.py:218}}
Jun 29 03:25:57 devstack devstack@c-api.service[93806]: DEBUG cinder.volume.api [None req-c39cb9b2-36e8-4125-9ce3-fdf5bfd20cb2 tempest-VolumesServicesTestJSON-282051472 tempest-VolumesServicesTestJSON-282051472-project-member] Task 'cinder.volume.flows.api.create_volume.QuotaReserveTask;volume:create' (f8f88f7d-ba21-4047-ae71-a708cee8e413) transitioned into state 'RUNNING' from state 'PENDING' {{(pid=93806) _task_receiver /opt/stack/data/venv/lib/python3.12/site-packages/taskflow/listeners/logging.py:242}}
Jun 29 03:25:57 devstack devstack@c-api.service[93805]: DEBUG cinder.api.middleware.request_id [None req-8e43b73e-ba2e-4600-b734-8c40ad59555a None None] RequestId filter calling following filter/app {{(pid=93805) _context_setter /opt/stack/cinder/cinder/api/middleware/request_id.py:62}}
Jun 29 03:25:57 devstack devstack@c-api.service[93806]: DEBUG cinder.quota [None req-c39cb9b2-36e8-4125-9ce3-fdf5bfd20cb2 tempest-VolumesServicesTestJSON-282051472 tempest-VolumesServicesTestJSON-282051472-project-member] Created reservations ['44e3428d-84cb-4db1-878e-b92a4081b481', '9f223b38-7a53-4d8d-99ad-1438919d8451', '795b2461-22da-4559-b700-d9ff7bf08dad', '195e3a06-eab8-42f5-9578-8a10ca9ae90f'] {{(pid=93806) reserve /opt/stack/cinder/cinder/quota.py:752}}
Jun 29 03:25:57 devstack devstack@c-api.service[93806]: DEBUG cinder.volume.api [None req-c39cb9b2-36e8-4125-9ce3-fdf5bfd20cb2 tempest-VolumesServicesTestJSON-282051472 tempest-VolumesServicesTestJSON-282051472-project-member] Task 'cinder.volume.flows.api.create_volume.QuotaReserveTask;volume:create' (f8f88f7d-ba21-4047-ae71-a708cee8e413) transitioned into state 'SUCCESS' from state 'RUNNING' with result '{'reservations': ['44e3428d-84cb-4db1-878e-b92a4081b481', '9f223b38-7a53-4d8d-99ad-1438919d8451', '795b2461-22da-4559-b700-d9ff7bf08dad', '195e3a06-eab8-42f5-9578-8a10ca9ae90f']}' {{(pid=93806) _task_receiver /opt/stack/data/venv/lib/python3.12/site-packages/taskflow/listeners/logging.py:218}}
Jun 29 03:25:57 devstack devstack@c-api.service[93806]: DEBUG cinder.volume.api [None req-c39cb9b2-36e8-4125-9ce3-fdf5bfd20cb2 tempest-VolumesServicesTestJSON-282051472 tempest-VolumesServicesTestJSON-282051472-project-member] Task 'cinder.volume.flows.api.create_volume.EntryCreateTask;volume:create' (e500478b-1fd4-4b70-bc72-e2cccb8c017d) transitioned into state 'RUNNING' from state 'PENDING' {{(pid=93806) _task_receiver /opt/stack/data/venv/lib/python3.12/site-packages/taskflow/listeners/logging.py:242}}
Jun 29 03:25:57 devstack devstack@c-api.service[93805]: INFO cinder.api.openstack.wsgi [None req-8e43b73e-ba2e-4600-b734-8c40ad59555a tempest-GroupSnapshotsTest-1743029113 tempest-GroupSnapshotsTest-1743029113-project-admin] POST http://192.168.122.201/volume/v3/types
Jun 29 03:25:57 devstack devstack@c-api.service[93805]: DEBUG cinder.api.openstack.wsgi [None req-8e43b73e-ba2e-4600-b734-8c40ad59555a tempest-GroupSnapshotsTest-1743029113 tempest-GroupSnapshotsTest-1743029113-project-admin] Action: 'create', calling method: _create, body: {"volume_type": {"name": "tempest-GroupSnapshotsTest-volume-type-343397741"}} {{(pid=93805) _process_stack /opt/stack/cinder/cinder/api/openstack/wsgi.py:876}}
Jun 29 03:25:57 devstack devstack@c-api.service[93806]: DEBUG cinder.volume.api [None req-c39cb9b2-36e8-4125-9ce3-fdf5bfd20cb2 tempest-VolumesServicesTestJSON-282051472 tempest-VolumesServicesTestJSON-282051472-project-member] Task 'cinder.volume.flows.api.create_volume.EntryCreateTask;volume:create' (e500478b-1fd4-4b70-bc72-e2cccb8c017d) transitioned into state 'SUCCESS' from state 'RUNNING' with result '{'volume_id': '0b42502a-615d-43f4-8a0c-3253c6986231', 'volume_properties': VolumeProperties(attach_status='detached',availability_zone='nova',cgsnapshot_id=None,consistencygroup_id=None,display_description=None,display_name='tempest-VolumesServicesTestJSON-Volume-1812028027',encryption_key_id=None,group_id=None,group_type_id=,metadata={},multiattach=False,project_id='3cd04322d7f6430fbfb2d55987e2ffee',qos_specs=None,replication_status=,reservations=['44e3428d-84cb-4db1-878e-b92a4081b481','9f223b38-7a53-4d8d-99ad-1438919d8451','795b2461-22da-4559-b700-d9ff7bf08dad','195e3a06-eab8-42f5-9578-8a10ca9ae90f'],size=1,snapshot_id=None,source_replicaid=,source_volid=None,status='creating',user_id='8e0f7d7f4fbb47e8b6a6f72f8b6cf29e',volume_type_id=8ad1ee72-7980-4cf8-8e97-05e95f9b9891), 'volume': Volume(_name_id=None,admin_metadata=,attach_status='detached',availability_zone='nova',bootable=False,cluster=,cluster_name=None,consistencygroup=,consistencygroup_id=None,created_at=2026-06-29T01:25:57Z,deleted=False,deleted_at=None,display_description=None,display_name='tempest-VolumesServicesTestJSON-Volume-1812028027',ec2_id=None,encryption_key_id=None,glance_metadata=,group=,group_id=None,host=None,id=0b42502a-615d-43f4-8a0c-3253c6986231,launched_at=None,metadata={},migration_status=None,multiattach=False,previous_status=None,project_id='3cd04322d7f6430fbfb2d55987e2ffee',provider_auth=None,provider_geometry=None,provider_id=None,provider_location=None,replication_driver_data=None,replication_extended_status=None,replication_status=None,scheduled_at=None,service_uuid=None,shared_targets=True,size=1,snapshot_id=None,snapshots=,source_volid=None,status='creating',terminated_at=None,updated_at=None,use_quota=True,user_id='8e0f7d7f4fbb47e8b6a6f72f8b6cf29e',volume_attachment=VolumeAttachmentList,volume_type=VolumeType(8ad1ee72-7980-4cf8-8e97-05e95f9b9891),volume_type_id=8ad1ee72-7980-4cf8-8e97-05e95f9b9891)}' {{(pid=93806) _task_receiver /opt/stack/data/venv/lib/python3.12/site-packages/taskflow/listeners/logging.py:218}}
Jun 29 03:25:57 devstack devstack@c-api.service[93806]: DEBUG cinder.volume.api [None req-c39cb9b2-36e8-4125-9ce3-fdf5bfd20cb2 tempest-VolumesServicesTestJSON-282051472 tempest-VolumesServicesTestJSON-282051472-project-member] Task 'cinder.volume.flows.api.create_volume.QuotaCommitTask;volume:create' (91ccfd7a-1e0f-4718-9d72-0c096e4a07c6) transitioned into state 'RUNNING' from state 'PENDING' {{(pid=93806) _task_receiver /opt/stack/data/venv/lib/python3.12/site-packages/taskflow/listeners/logging.py:242}}
Jun 29 03:25:57 devstack devstack@c-api.service[93805]: INFO cinder.api.openstack.wsgi [None req-8e43b73e-ba2e-4600-b734-8c40ad59555a tempest-GroupSnapshotsTest-1743029113 tempest-GroupSnapshotsTest-1743029113-project-admin] http://192.168.122.201/volume/v3/types returned with HTTP 200
Jun 29 03:25:57 devstack devstack@c-api.service[93805]: [pid: 93805|app: 0|req: 143/286] 192.168.122.201 () {60 vars in 1136 bytes} [Mon Jun 29 03:25:57 2026] POST /volume/v3/types => generated 223 bytes in 374 msecs (HTTP/1.1 200) 7 headers in 285 bytes (1 switches on core 0)
Jun 29 03:25:57 devstack devstack@c-api.service[93805]: DEBUG cinder.api.middleware.request_id [None req-6b9688ed-ad03-4d34-92d0-84e20a208877 None None] RequestId filter calling following filter/app {{(pid=93805) _context_setter /opt/stack/cinder/cinder/api/middleware/request_id.py:62}}
Jun 29 03:25:57 devstack devstack@c-api.service[93805]: INFO cinder.api.openstack.wsgi [None req-6b9688ed-ad03-4d34-92d0-84e20a208877 tempest-ServerRescueNegativeTestJSON-1378316394 tempest-ServerRescueNegativeTestJSON-1378316394-project-member] GET http://192.168.122.201/volume/v3/volumes/d9ede627-7d1a-42f4-9cf6-8aea03280bb5
Jun 29 03:25:57 devstack devstack@c-api.service[93805]: DEBUG cinder.api.openstack.wsgi [None req-6b9688ed-ad03-4d34-92d0-84e20a208877 tempest-ServerRescueNegativeTestJSON-1378316394 tempest-ServerRescueNegativeTestJSON-1378316394-project-member] Empty body provided in request {{(pid=93805) get_body /opt/stack/cinder/cinder/api/openstack/wsgi.py:725}}
Jun 29 03:25:57 devstack devstack@c-api.service[93805]: DEBUG cinder.api.openstack.wsgi [None req-6b9688ed-ad03-4d34-92d0-84e20a208877 tempest-ServerRescueNegativeTestJSON-1378316394 tempest-ServerRescueNegativeTestJSON-1378316394-project-member] Calling method 'show' {{(pid=93805) _process_stack /opt/stack/cinder/cinder/api/openstack/wsgi.py:878}}
Jun 29 03:25:57 devstack devstack@c-api.service[93805]: /opt/stack/data/venv/lib/python3.12/site-packages/oslo_context/context.py:102: DeprecationWarning: Policy enforcement is depending on the value of is_admin. This key is deprecated. Please update your policy file to use the standard policy values.
Jun 29 03:25:57 devstack devstack@c-api.service[93805]: warnings.warn(
Jun 29 03:25:57 devstack devstack@c-api.service[93806]: DEBUG cinder.volume.api [None req-c39cb9b2-36e8-4125-9ce3-fdf5bfd20cb2 tempest-VolumesServicesTestJSON-282051472 tempest-VolumesServicesTestJSON-282051472-project-member] Task 'cinder.volume.flows.api.create_volume.QuotaCommitTask;volume:create' (91ccfd7a-1e0f-4718-9d72-0c096e4a07c6) transitioned into state 'SUCCESS' from state 'RUNNING' with result '{'volume_properties': VolumeProperties(attach_status='detached',availability_zone='nova',cgsnapshot_id=None,consistencygroup_id=None,display_description=None,display_name='tempest-VolumesServicesTestJSON-Volume-1812028027',encryption_key_id=None,group_id=None,group_type_id=,metadata={},multiattach=False,project_id='3cd04322d7f6430fbfb2d55987e2ffee',qos_specs=None,replication_status=,reservations=['44e3428d-84cb-4db1-878e-b92a4081b481','9f223b38-7a53-4d8d-99ad-1438919d8451','795b2461-22da-4559-b700-d9ff7bf08dad','195e3a06-eab8-42f5-9578-8a10ca9ae90f'],size=1,snapshot_id=None,source_replicaid=,source_volid=None,status='creating',user_id='8e0f7d7f4fbb47e8b6a6f72f8b6cf29e',volume_type_id=8ad1ee72-7980-4cf8-8e97-05e95f9b9891)}' {{(pid=93806) _task_receiver /opt/stack/data/venv/lib/python3.12/site-packages/taskflow/listeners/logging.py:218}}
Jun 29 03:25:57 devstack devstack@c-api.service[93805]: INFO cinder.volume.api [None req-6b9688ed-ad03-4d34-92d0-84e20a208877 tempest-ServerRescueNegativeTestJSON-1378316394 tempest-ServerRescueNegativeTestJSON-1378316394-project-member] Volume info retrieved successfully.
Jun 29 03:25:57 devstack devstack@c-api.service[93806]: DEBUG cinder.volume.api [None req-c39cb9b2-36e8-4125-9ce3-fdf5bfd20cb2 tempest-VolumesServicesTestJSON-282051472 tempest-VolumesServicesTestJSON-282051472-project-member] Task 'cinder.volume.flows.api.create_volume.VolumeCastTask;volume:create' (db6dffc9-c117-4cc1-8dce-998c1508b15f) transitioned into state 'RUNNING' from state 'PENDING' {{(pid=93806) _task_receiver /opt/stack/data/venv/lib/python3.12/site-packages/taskflow/listeners/logging.py:242}}
Jun 29 03:25:57 devstack devstack@c-api.service[93805]: INFO cinder.api.openstack.wsgi [None req-6b9688ed-ad03-4d34-92d0-84e20a208877 tempest-ServerRescueNegativeTestJSON-1378316394 tempest-ServerRescueNegativeTestJSON-1378316394-project-member] http://192.168.122.201/volume/v3/volumes/d9ede627-7d1a-42f4-9cf6-8aea03280bb5 returned with HTTP 200
Jun 29 03:25:57 devstack devstack@c-api.service[93805]: [pid: 93805|app: 0|req: 144/287] 192.168.122.201 () {58 vars in 1232 bytes} [Mon Jun 29 03:25:57 2026] GET /volume/v3/volumes/d9ede627-7d1a-42f4-9cf6-8aea03280bb5 => generated 860 bytes in 84 msecs (HTTP/1.1 200) 7 headers in 285 bytes (1 switches on core 0)
Jun 29 03:25:57 devstack devstack@c-api.service[93805]: DEBUG cinder.api.middleware.request_id [None req-033e4b85-ffcb-4355-afd9-9801a6cca6dc None None] RequestId filter calling following filter/app {{(pid=93805) _context_setter /opt/stack/cinder/cinder/api/middleware/request_id.py:62}}
Jun 29 03:25:57 devstack devstack@c-api.service[93805]: INFO cinder.api.openstack.wsgi [None req-033e4b85-ffcb-4355-afd9-9801a6cca6dc tempest-GroupSnapshotsTest-1743029113 tempest-GroupSnapshotsTest-1743029113-project-admin] POST http://192.168.122.201/volume/v3/group_types
Jun 29 03:25:57 devstack devstack@c-api.service[93805]: DEBUG cinder.api.openstack.wsgi [None req-033e4b85-ffcb-4355-afd9-9801a6cca6dc tempest-GroupSnapshotsTest-1743029113 tempest-GroupSnapshotsTest-1743029113-project-admin] Action: 'create', calling method: version_select, body: {"group_type": {"name": "tempest-GroupSnapshotsTest-group-type-207668086"}} {{(pid=93805) _process_stack /opt/stack/cinder/cinder/api/openstack/wsgi.py:876}}
Jun 29 03:25:57 devstack devstack@c-api.service[93806]: DEBUG cinder.volume.api [None req-c39cb9b2-36e8-4125-9ce3-fdf5bfd20cb2 tempest-VolumesServicesTestJSON-282051472 tempest-VolumesServicesTestJSON-282051472-project-member] Task 'cinder.volume.flows.api.create_volume.VolumeCastTask;volume:create' (db6dffc9-c117-4cc1-8dce-998c1508b15f) transitioned into state 'SUCCESS' from state 'RUNNING' with result 'None' {{(pid=93806) _task_receiver /opt/stack/data/venv/lib/python3.12/site-packages/taskflow/listeners/logging.py:218}}
Jun 29 03:25:57 devstack devstack@c-api.service[93805]: INFO cinder.api.openstack.wsgi [None req-033e4b85-ffcb-4355-afd9-9801a6cca6dc tempest-GroupSnapshotsTest-1743029113 tempest-GroupSnapshotsTest-1743029113-project-admin] http://192.168.122.201/volume/v3/group_types returned with HTTP 202
Jun 29 03:25:57 devstack devstack@c-api.service[93805]: [pid: 93805|app: 0|req: 145/288] 192.168.122.201 () {62 vars in 1195 bytes} [Mon Jun 29 03:25:57 2026] POST /volume/v3/group_types => generated 180 bytes in 51 msecs (HTTP/1.1 202) 7 headers in 292 bytes (1 switches on core 0)
Jun 29 03:25:57 devstack devstack@c-api.service[93806]: DEBUG cinder.volume.api [None req-c39cb9b2-36e8-4125-9ce3-fdf5bfd20cb2 tempest-VolumesServicesTestJSON-282051472 tempest-VolumesServicesTestJSON-282051472-project-member] Flow 'volume_create_api' (31d8e51b-bf4f-4d36-94bb-6aba2f3d5bd8) transitioned into state 'SUCCESS' from state 'RUNNING' {{(pid=93806) _flow_receiver /opt/stack/data/venv/lib/python3.12/site-packages/taskflow/listeners/logging.py:160}}
Jun 29 03:25:58 devstack devstack@c-api.service[93806]: INFO cinder.volume.api [None req-c39cb9b2-36e8-4125-9ce3-fdf5bfd20cb2 tempest-VolumesServicesTestJSON-282051472 tempest-VolumesServicesTestJSON-282051472-project-member] Create volume request issued successfully.
Jun 29 03:25:58 devstack devstack@c-api.service[93806]: INFO cinder.api.openstack.wsgi [None req-c39cb9b2-36e8-4125-9ce3-fdf5bfd20cb2 tempest-VolumesServicesTestJSON-282051472 tempest-VolumesServicesTestJSON-282051472-project-member] http://192.168.122.201/volume/v3/volumes returned with HTTP 202
Jun 29 03:25:58 devstack devstack@c-api.service[93806]: [pid: 93806|app: 0|req: 144/289] 192.168.122.201 () {60 vars in 1142 bytes} [Mon Jun 29 03:25:56 2026] POST /volume/v3/volumes => generated 763 bytes in 1187 msecs (HTTP/1.1 202) 7 headers in 291 bytes (1 switches on core 0)
Jun 29 03:25:58 devstack devstack@c-api.service[93805]: DEBUG cinder.api.middleware.request_id [None req-0804f0ad-04ff-41e7-9017-b333d789f1be None None] RequestId filter calling following filter/app {{(pid=93805) _context_setter /opt/stack/cinder/cinder/api/middleware/request_id.py:62}}
Jun 29 03:25:58 devstack devstack@c-api.service[93806]: DEBUG cinder.api.middleware.request_id [None req-74f11288-2b4b-47ee-9de4-35e6fee8ca1c None None] RequestId filter calling following filter/app {{(pid=93806) _context_setter /opt/stack/cinder/cinder/api/middleware/request_id.py:62}}
Jun 29 03:25:58 devstack devstack@c-api.service[93806]: INFO cinder.api.openstack.wsgi [None req-74f11288-2b4b-47ee-9de4-35e6fee8ca1c tempest-VolumesServicesTestJSON-282051472 tempest-VolumesServicesTestJSON-282051472-project-member] GET http://192.168.122.201/volume/v3/volumes/0b42502a-615d-43f4-8a0c-3253c6986231
Jun 29 03:25:58 devstack devstack@c-api.service[93806]: DEBUG cinder.api.openstack.wsgi [None req-74f11288-2b4b-47ee-9de4-35e6fee8ca1c tempest-VolumesServicesTestJSON-282051472 tempest-VolumesServicesTestJSON-282051472-project-member] Empty body provided in request {{(pid=93806) get_body /opt/stack/cinder/cinder/api/openstack/wsgi.py:725}}
Jun 29 03:25:58 devstack devstack@c-api.service[93806]: DEBUG cinder.api.openstack.wsgi [None req-74f11288-2b4b-47ee-9de4-35e6fee8ca1c tempest-VolumesServicesTestJSON-282051472 tempest-VolumesServicesTestJSON-282051472-project-member] Calling method 'show' {{(pid=93806) _process_stack /opt/stack/cinder/cinder/api/openstack/wsgi.py:878}}
Jun 29 03:25:58 devstack devstack@c-api.service[93806]: /opt/stack/data/venv/lib/python3.12/site-packages/oslo_context/context.py:102: DeprecationWarning: Policy enforcement is depending on the value of is_admin. This key is deprecated. Please update your policy file to use the standard policy values.
Jun 29 03:25:58 devstack devstack@c-api.service[93806]: warnings.warn(
Jun 29 03:25:58 devstack devstack@c-api.service[93806]: INFO cinder.volume.api [None req-74f11288-2b4b-47ee-9de4-35e6fee8ca1c tempest-VolumesServicesTestJSON-282051472 tempest-VolumesServicesTestJSON-282051472-project-member] Volume info retrieved successfully.
Jun 29 03:25:58 devstack devstack@c-api.service[93806]: INFO cinder.api.openstack.wsgi [None req-74f11288-2b4b-47ee-9de4-35e6fee8ca1c tempest-VolumesServicesTestJSON-282051472 tempest-VolumesServicesTestJSON-282051472-project-member] http://192.168.122.201/volume/v3/volumes/0b42502a-615d-43f4-8a0c-3253c6986231 returned with HTTP 200
Jun 29 03:25:58 devstack devstack@c-api.service[93806]: [pid: 93806|app: 0|req: 145/290] 192.168.122.201 () {58 vars in 1232 bytes} [Mon Jun 29 03:25:58 2026] GET /volume/v3/volumes/0b42502a-615d-43f4-8a0c-3253c6986231 => generated 831 bytes in 73 msecs (HTTP/1.1 200) 7 headers in 285 bytes (1 switches on core 0)
Jun 29 03:25:58 devstack devstack@c-api.service[93805]: INFO cinder.api.openstack.wsgi [None req-0804f0ad-04ff-41e7-9017-b333d789f1be tempest-GroupSnapshotsTest-1771286532 tempest-GroupSnapshotsTest-1771286532-project-member] POST http://192.168.122.201/volume/v3/groups
Jun 29 03:25:58 devstack devstack@c-api.service[93805]: DEBUG cinder.api.openstack.wsgi [None req-0804f0ad-04ff-41e7-9017-b333d789f1be tempest-GroupSnapshotsTest-1771286532 tempest-GroupSnapshotsTest-1771286532-project-member] Action: 'create', calling method: version_select, body: {"group": {"group_type": "4de13837-6d21-4609-b389-6d2ade344bdb", "volume_types": ["cd38795f-067a-4014-ba1c-31144f497eac"], "name": "tempest-GroupSnapshotsTest-Group-1400060805"}} {{(pid=93805) _process_stack /opt/stack/cinder/cinder/api/openstack/wsgi.py:876}}
Jun 29 03:25:58 devstack devstack@c-api.service[93805]: DEBUG cinder.api.v3.groups [None req-0804f0ad-04ff-41e7-9017-b333d789f1be tempest-GroupSnapshotsTest-1771286532 tempest-GroupSnapshotsTest-1771286532-project-member] Creating new group {'group': {'group_type': '4de13837-6d21-4609-b389-6d2ade344bdb', 'volume_types': ['cd38795f-067a-4014-ba1c-31144f497eac'], 'name': 'tempest-GroupSnapshotsTest-Group-1400060805'}} {{(pid=93805) create /opt/stack/cinder/cinder/api/v3/groups.py:190}}
Jun 29 03:25:58 devstack devstack@c-api.service[93805]: INFO cinder.api.v3.groups [None req-0804f0ad-04ff-41e7-9017-b333d789f1be tempest-GroupSnapshotsTest-1771286532 tempest-GroupSnapshotsTest-1771286532-project-member] Creating group tempest-GroupSnapshotsTest-Group-1400060805.
Jun 29 03:25:58 devstack devstack@c-api.service[93805]: DEBUG cinder.volume.api [None req-0804f0ad-04ff-41e7-9017-b333d789f1be tempest-GroupSnapshotsTest-1771286532 tempest-GroupSnapshotsTest-1771286532-project-member] Availability zone cache updated, next update will occur around 2026-06-29 02:25:58.234482. {{(pid=93805) list_availability_zones /opt/stack/cinder/cinder/volume/api.py:155}}
Jun 29 03:25:58 devstack devstack@c-api.service[93805]: INFO cinder.volume.api [None req-0804f0ad-04ff-41e7-9017-b333d789f1be tempest-GroupSnapshotsTest-1771286532 tempest-GroupSnapshotsTest-1771286532-project-member] Availability Zones retrieved successfully.
Jun 29 03:25:58 devstack devstack@c-api.service[93805]: DEBUG cinder.quota [None req-0804f0ad-04ff-41e7-9017-b333d789f1be tempest-GroupSnapshotsTest-1771286532 tempest-GroupSnapshotsTest-1771286532-project-member] Created reservations ['f85d21b3-48c1-4d6b-8dc0-91b0dcc3b00c'] {{(pid=93805) reserve /opt/stack/cinder/cinder/quota.py:752}}
Jun 29 03:25:58 devstack devstack@c-api.service[93805]: INFO cinder.api.openstack.wsgi [None req-0804f0ad-04ff-41e7-9017-b333d789f1be tempest-GroupSnapshotsTest-1771286532 tempest-GroupSnapshotsTest-1771286532-project-member] http://192.168.122.201/volume/v3/groups returned with HTTP 202
Jun 29 03:25:58 devstack devstack@c-api.service[93805]: [pid: 93805|app: 0|req: 146/291] 192.168.122.201 () {62 vars in 1181 bytes} [Mon Jun 29 03:25:58 2026] POST /volume/v3/groups => generated 112 bytes in 383 msecs (HTTP/1.1 202) 7 headers in 292 bytes (1 switches on core 0)
Jun 29 03:25:58 devstack devstack@c-api.service[93806]: DEBUG cinder.api.middleware.request_id [None req-474cbeb1-504c-4611-8da1-d9845f48ab49 None None] RequestId filter calling following filter/app {{(pid=93806) _context_setter /opt/stack/cinder/cinder/api/middleware/request_id.py:62}}
Jun 29 03:25:58 devstack devstack@c-api.service[93806]: INFO cinder.api.openstack.wsgi [None req-474cbeb1-504c-4611-8da1-d9845f48ab49 tempest-GroupSnapshotsTest-1771286532 tempest-GroupSnapshotsTest-1771286532-project-member] GET http://192.168.122.201/volume/v3/groups/e66dd1eb-8666-44e1-9d1d-705a56d306c7
Jun 29 03:25:58 devstack devstack@c-api.service[93806]: DEBUG cinder.api.openstack.wsgi [None req-474cbeb1-504c-4611-8da1-d9845f48ab49 tempest-GroupSnapshotsTest-1771286532 tempest-GroupSnapshotsTest-1771286532-project-member] Empty body provided in request {{(pid=93806) get_body /opt/stack/cinder/cinder/api/openstack/wsgi.py:725}}
Jun 29 03:25:58 devstack devstack@c-api.service[93806]: DEBUG cinder.api.openstack.wsgi [None req-474cbeb1-504c-4611-8da1-d9845f48ab49 tempest-GroupSnapshotsTest-1771286532 tempest-GroupSnapshotsTest-1771286532-project-member] Calling method 'version_select' {{(pid=93806) _process_stack /opt/stack/cinder/cinder/api/openstack/wsgi.py:878}}
Jun 29 03:25:58 devstack devstack@c-api.service[93806]: DEBUG cinder.api.v3.groups [None req-474cbeb1-504c-4611-8da1-d9845f48ab49 tempest-GroupSnapshotsTest-1771286532 tempest-GroupSnapshotsTest-1771286532-project-member] show called for member e66dd1eb-8666-44e1-9d1d-705a56d306c7 {{(pid=93806) show /opt/stack/cinder/cinder/api/v3/groups.py:58}}
Jun 29 03:25:58 devstack devstack@c-api.service[93806]: /opt/stack/data/venv/lib/python3.12/site-packages/oslo_context/context.py:102: DeprecationWarning: Policy enforcement is depending on the value of is_admin. This key is deprecated. Please update your policy file to use the standard policy values.
Jun 29 03:25:58 devstack devstack@c-api.service[93806]: warnings.warn(
Jun 29 03:25:58 devstack devstack@c-api.service[93806]: INFO cinder.api.openstack.wsgi [None req-474cbeb1-504c-4611-8da1-d9845f48ab49 tempest-GroupSnapshotsTest-1771286532 tempest-GroupSnapshotsTest-1771286532-project-member] http://192.168.122.201/volume/v3/groups/e66dd1eb-8666-44e1-9d1d-705a56d306c7 returned with HTTP 200
Jun 29 03:25:58 devstack devstack@c-api.service[93806]: [pid: 93806|app: 0|req: 146/292] 192.168.122.201 () {60 vars in 1270 bytes} [Mon Jun 29 03:25:58 2026] GET /volume/v3/groups/e66dd1eb-8666-44e1-9d1d-705a56d306c7 => generated 392 bytes in 142 msecs (HTTP/1.1 200) 7 headers in 286 bytes (1 switches on core 0)
Jun 29 03:25:58 devstack devstack@c-api.service[93805]: DEBUG cinder.api.middleware.request_id [None req-86d1a1cb-d47a-4e41-b4dd-ee422c1b2e87 None None] RequestId filter calling following filter/app {{(pid=93805) _context_setter /opt/stack/cinder/cinder/api/middleware/request_id.py:62}}
Jun 29 03:25:58 devstack devstack@c-api.service[93805]: INFO cinder.api.openstack.wsgi [None req-86d1a1cb-d47a-4e41-b4dd-ee422c1b2e87 tempest-ServerRescueNegativeTestJSON-1378316394 tempest-ServerRescueNegativeTestJSON-1378316394-project-member] GET http://192.168.122.201/volume/v3/volumes/d9ede627-7d1a-42f4-9cf6-8aea03280bb5
Jun 29 03:25:58 devstack devstack@c-api.service[93805]: DEBUG cinder.api.openstack.wsgi [None req-86d1a1cb-d47a-4e41-b4dd-ee422c1b2e87 tempest-ServerRescueNegativeTestJSON-1378316394 tempest-ServerRescueNegativeTestJSON-1378316394-project-member] Empty body provided in request {{(pid=93805) get_body /opt/stack/cinder/cinder/api/openstack/wsgi.py:725}}
Jun 29 03:25:58 devstack devstack@c-api.service[93805]: DEBUG cinder.api.openstack.wsgi [None req-86d1a1cb-d47a-4e41-b4dd-ee422c1b2e87 tempest-ServerRescueNegativeTestJSON-1378316394 tempest-ServerRescueNegativeTestJSON-1378316394-project-member] Calling method 'show' {{(pid=93805) _process_stack /opt/stack/cinder/cinder/api/openstack/wsgi.py:878}}
Jun 29 03:25:59 devstack devstack@c-api.service[93805]: /opt/stack/data/venv/lib/python3.12/site-packages/oslo_context/context.py:102: DeprecationWarning: Policy enforcement is depending on the value of is_admin. This key is deprecated. Please update your policy file to use the standard policy values.
Jun 29 03:25:59 devstack devstack@c-api.service[93805]: warnings.warn(
Jun 29 03:25:59 devstack devstack@c-api.service[93805]: INFO cinder.volume.api [None req-86d1a1cb-d47a-4e41-b4dd-ee422c1b2e87 tempest-ServerRescueNegativeTestJSON-1378316394 tempest-ServerRescueNegativeTestJSON-1378316394-project-member] Volume info retrieved successfully.
Jun 29 03:25:59 devstack devstack@c-api.service[93805]: INFO cinder.api.openstack.wsgi [None req-86d1a1cb-d47a-4e41-b4dd-ee422c1b2e87 tempest-ServerRescueNegativeTestJSON-1378316394 tempest-ServerRescueNegativeTestJSON-1378316394-project-member] http://192.168.122.201/volume/v3/volumes/d9ede627-7d1a-42f4-9cf6-8aea03280bb5 returned with HTTP 200
Jun 29 03:25:59 devstack devstack@c-api.service[93805]: [pid: 93805|app: 0|req: 147/293] 192.168.122.201 () {58 vars in 1232 bytes} [Mon Jun 29 03:25:58 2026] GET /volume/v3/volumes/d9ede627-7d1a-42f4-9cf6-8aea03280bb5 => generated 860 bytes in 103 msecs (HTTP/1.1 200) 7 headers in 285 bytes (1 switches on core 0)
Jun 29 03:25:59 devstack devstack@c-api.service[93806]: DEBUG cinder.api.middleware.request_id [None req-901ed223-6f14-4230-89a1-6d0826cece84 None None] RequestId filter calling following filter/app {{(pid=93806) _context_setter /opt/stack/cinder/cinder/api/middleware/request_id.py:62}}
Jun 29 03:25:59 devstack devstack@c-api.service[93806]: INFO cinder.api.openstack.wsgi [None req-901ed223-6f14-4230-89a1-6d0826cece84 tempest-VolumesServicesTestJSON-282051472 tempest-VolumesServicesTestJSON-282051472-project-member] GET http://192.168.122.201/volume/v3/volumes/0b42502a-615d-43f4-8a0c-3253c6986231
Jun 29 03:25:59 devstack devstack@c-api.service[93806]: DEBUG cinder.api.openstack.wsgi [None req-901ed223-6f14-4230-89a1-6d0826cece84 tempest-VolumesServicesTestJSON-282051472 tempest-VolumesServicesTestJSON-282051472-project-member] Empty body provided in request {{(pid=93806) get_body /opt/stack/cinder/cinder/api/openstack/wsgi.py:725}}
Jun 29 03:25:59 devstack devstack@c-api.service[93806]: DEBUG cinder.api.openstack.wsgi [None req-901ed223-6f14-4230-89a1-6d0826cece84 tempest-VolumesServicesTestJSON-282051472 tempest-VolumesServicesTestJSON-282051472-project-member] Calling method 'show' {{(pid=93806) _process_stack /opt/stack/cinder/cinder/api/openstack/wsgi.py:878}}
Jun 29 03:25:59 devstack devstack@c-api.service[93806]: /opt/stack/data/venv/lib/python3.12/site-packages/oslo_context/context.py:102: DeprecationWarning: Policy enforcement is depending on the value of is_admin. This key is deprecated. Please update your policy file to use the standard policy values.
Jun 29 03:25:59 devstack devstack@c-api.service[93806]: warnings.warn(
Jun 29 03:25:59 devstack devstack@c-api.service[93806]: INFO cinder.volume.api [None req-901ed223-6f14-4230-89a1-6d0826cece84 tempest-VolumesServicesTestJSON-282051472 tempest-VolumesServicesTestJSON-282051472-project-member] Volume info retrieved successfully.
Jun 29 03:25:59 devstack devstack@c-api.service[93806]: INFO cinder.api.openstack.wsgi [None req-901ed223-6f14-4230-89a1-6d0826cece84 tempest-VolumesServicesTestJSON-282051472 tempest-VolumesServicesTestJSON-282051472-project-member] http://192.168.122.201/volume/v3/volumes/0b42502a-615d-43f4-8a0c-3253c6986231 returned with HTTP 200
Jun 29 03:25:59 devstack devstack@c-api.service[93806]: [pid: 93806|app: 0|req: 147/294] 192.168.122.201 () {58 vars in 1232 bytes} [Mon Jun 29 03:25:59 2026] GET /volume/v3/volumes/0b42502a-615d-43f4-8a0c-3253c6986231 => generated 855 bytes in 58 msecs (HTTP/1.1 200) 7 headers in 285 bytes (1 switches on core 0)
Jun 29 03:25:59 devstack devstack@c-api.service[93805]: DEBUG cinder.api.middleware.request_id [None req-23901a5e-6176-4bd9-9a2f-bac823e55bc9 None None] RequestId filter calling following filter/app {{(pid=93805) _context_setter /opt/stack/cinder/cinder/api/middleware/request_id.py:62}}
Jun 29 03:25:59 devstack devstack@c-api.service[93805]: INFO cinder.api.openstack.wsgi [None req-23901a5e-6176-4bd9-9a2f-bac823e55bc9 tempest-GroupSnapshotsTest-1771286532 tempest-GroupSnapshotsTest-1771286532-project-member] GET http://192.168.122.201/volume/v3/groups/e66dd1eb-8666-44e1-9d1d-705a56d306c7
Jun 29 03:25:59 devstack devstack@c-api.service[93805]: DEBUG cinder.api.openstack.wsgi [None req-23901a5e-6176-4bd9-9a2f-bac823e55bc9 tempest-GroupSnapshotsTest-1771286532 tempest-GroupSnapshotsTest-1771286532-project-member] Empty body provided in request {{(pid=93805) get_body /opt/stack/cinder/cinder/api/openstack/wsgi.py:725}}
Jun 29 03:25:59 devstack devstack@c-api.service[93805]: DEBUG cinder.api.openstack.wsgi [None req-23901a5e-6176-4bd9-9a2f-bac823e55bc9 tempest-GroupSnapshotsTest-1771286532 tempest-GroupSnapshotsTest-1771286532-project-member] Calling method 'version_select' {{(pid=93805) _process_stack /opt/stack/cinder/cinder/api/openstack/wsgi.py:878}}
Jun 29 03:25:59 devstack devstack@c-api.service[93805]: DEBUG cinder.api.v3.groups [None req-23901a5e-6176-4bd9-9a2f-bac823e55bc9 tempest-GroupSnapshotsTest-1771286532 tempest-GroupSnapshotsTest-1771286532-project-member] show called for member e66dd1eb-8666-44e1-9d1d-705a56d306c7 {{(pid=93805) show /opt/stack/cinder/cinder/api/v3/groups.py:58}}
Jun 29 03:25:59 devstack devstack@c-api.service[93805]: /opt/stack/data/venv/lib/python3.12/site-packages/oslo_context/context.py:102: DeprecationWarning: Policy enforcement is depending on the value of is_admin. This key is deprecated. Please update your policy file to use the standard policy values.
Jun 29 03:25:59 devstack devstack@c-api.service[93805]: warnings.warn(
Jun 29 03:25:59 devstack devstack@c-api.service[93805]: INFO cinder.api.openstack.wsgi [None req-23901a5e-6176-4bd9-9a2f-bac823e55bc9 tempest-GroupSnapshotsTest-1771286532 tempest-GroupSnapshotsTest-1771286532-project-member] http://192.168.122.201/volume/v3/groups/e66dd1eb-8666-44e1-9d1d-705a56d306c7 returned with HTTP 200
Jun 29 03:25:59 devstack devstack@c-api.service[93805]: [pid: 93805|app: 0|req: 148/295] 192.168.122.201 () {60 vars in 1270 bytes} [Mon Jun 29 03:25:59 2026] GET /volume/v3/groups/e66dd1eb-8666-44e1-9d1d-705a56d306c7 => generated 393 bytes in 101 msecs (HTTP/1.1 200) 7 headers in 286 bytes (1 switches on core 0)
Jun 29 03:25:59 devstack devstack@c-api.service[93806]: DEBUG cinder.api.middleware.request_id [None req-78abc96a-7873-4583-b5e5-410954b52a72 None None] RequestId filter calling following filter/app {{(pid=93806) _context_setter /opt/stack/cinder/cinder/api/middleware/request_id.py:62}}
Jun 29 03:25:59 devstack devstack@c-api.service[93806]: INFO cinder.api.openstack.wsgi [None req-78abc96a-7873-4583-b5e5-410954b52a72 tempest-GroupSnapshotsTest-1771286532 tempest-GroupSnapshotsTest-1771286532-project-member] POST http://192.168.122.201/volume/v3/volumes
Jun 29 03:25:59 devstack devstack@c-api.service[93806]: DEBUG cinder.api.openstack.wsgi [None req-78abc96a-7873-4583-b5e5-410954b52a72 tempest-GroupSnapshotsTest-1771286532 tempest-GroupSnapshotsTest-1771286532-project-member] Action: 'create', calling method: create, body: {"volume": {"name": "tempest-volume-209889470", "volume_type": "cd38795f-067a-4014-ba1c-31144f497eac", "group_id": "e66dd1eb-8666-44e1-9d1d-705a56d306c7", "size": 1}} {{(pid=93806) _process_stack /opt/stack/cinder/cinder/api/openstack/wsgi.py:876}}
Jun 29 03:25:59 devstack devstack@c-api.service[93806]: DEBUG cinder.api.v3.volumes [None req-78abc96a-7873-4583-b5e5-410954b52a72 tempest-GroupSnapshotsTest-1771286532 tempest-GroupSnapshotsTest-1771286532-project-member] Create volume request body: {'volume': {'name': 'tempest-volume-209889470', 'volume_type': 'cd38795f-067a-4014-ba1c-31144f497eac', 'group_id': 'e66dd1eb-8666-44e1-9d1d-705a56d306c7', 'size': 1}} {{(pid=93806) create /opt/stack/cinder/cinder/api/v3/volumes.py:368}}
Jun 29 03:25:59 devstack devstack@c-api.service[93806]: /opt/stack/data/venv/lib/python3.12/site-packages/oslo_context/context.py:102: DeprecationWarning: Policy enforcement is depending on the value of is_admin. This key is deprecated. Please update your policy file to use the standard policy values.
Jun 29 03:25:59 devstack devstack@c-api.service[93806]: warnings.warn(
Jun 29 03:25:59 devstack devstack@c-api.service[93806]: INFO cinder.api.v3.volumes [None req-78abc96a-7873-4583-b5e5-410954b52a72 tempest-GroupSnapshotsTest-1771286532 tempest-GroupSnapshotsTest-1771286532-project-member] Create volume of 1 GB
Jun 29 03:25:59 devstack devstack@c-api.service[93806]: INFO cinder.volume.api [None req-78abc96a-7873-4583-b5e5-410954b52a72 tempest-GroupSnapshotsTest-1771286532 tempest-GroupSnapshotsTest-1771286532-project-member] Availability Zones retrieved successfully.
Jun 29 03:25:59 devstack devstack@c-api.service[93806]: DEBUG cinder.volume.api [None req-78abc96a-7873-4583-b5e5-410954b52a72 tempest-GroupSnapshotsTest-1771286532 tempest-GroupSnapshotsTest-1771286532-project-member] Flow 'volume_create_api' (ea6a0c92-acd9-4def-b0e5-e7147777e117) transitioned into state 'RUNNING' from state 'PENDING' {{(pid=93806) _flow_receiver /opt/stack/data/venv/lib/python3.12/site-packages/taskflow/listeners/logging.py:160}}
Jun 29 03:25:59 devstack devstack@c-api.service[93806]: DEBUG cinder.volume.api [None req-78abc96a-7873-4583-b5e5-410954b52a72 tempest-GroupSnapshotsTest-1771286532 tempest-GroupSnapshotsTest-1771286532-project-member] Task 'cinder.volume.flows.api.create_volume.ExtractVolumeRequestTask;volume:create' (9274ffdc-5522-4b91-b2de-1e3c09b23dff) transitioned into state 'RUNNING' from state 'PENDING' {{(pid=93806) _task_receiver /opt/stack/data/venv/lib/python3.12/site-packages/taskflow/listeners/logging.py:242}}
Jun 29 03:25:59 devstack devstack@c-api.service[93806]: /opt/stack/data/venv/lib/python3.12/site-packages/oslo_context/context.py:102: DeprecationWarning: Policy enforcement is depending on the value of is_admin. This key is deprecated. Please update your policy file to use the standard policy values.
Jun 29 03:25:59 devstack devstack@c-api.service[93806]: warnings.warn(
Jun 29 03:25:59 devstack devstack@c-api.service[93806]: DEBUG cinder.volume.flows.api.create_volume [None req-78abc96a-7873-4583-b5e5-410954b52a72 tempest-GroupSnapshotsTest-1771286532 tempest-GroupSnapshotsTest-1771286532-project-member] Validating volume size '1' using validate_int {{(pid=93806) _extract_size /opt/stack/cinder/cinder/volume/flows/api/create_volume.py:226}}
Jun 29 03:25:59 devstack devstack@c-api.service[93806]: DEBUG cinder.volume.api [None req-78abc96a-7873-4583-b5e5-410954b52a72 tempest-GroupSnapshotsTest-1771286532 tempest-GroupSnapshotsTest-1771286532-project-member] Task 'cinder.volume.flows.api.create_volume.ExtractVolumeRequestTask;volume:create' (9274ffdc-5522-4b91-b2de-1e3c09b23dff) transitioned into state 'SUCCESS' from state 'RUNNING' with result '{'size': 1, 'snapshot_id': None, 'source_volid': None, 'volume_type': VolumeType(created_at=2026-06-29T01:25:58Z,deleted=False,deleted_at=None,description=None,extra_specs={},id=cd38795f-067a-4014-ba1c-31144f497eac,is_public=True,name='tempest-GroupSnapshotsTest-volume-type-343397741',projects=[],qos_specs=,qos_specs_id=None,updated_at=None), 'volume_type_id': 'cd38795f-067a-4014-ba1c-31144f497eac', 'encryption_key_id': None, 'qos_specs': None, 'consistencygroup_id': None, 'cgsnapshot_id': None, 'group_id': 'e66dd1eb-8666-44e1-9d1d-705a56d306c7', 'replication_status': 'disabled', 'refresh_az': False, 'backup_id': None, 'multiattach': False, 'availability_zones': ['nova']}' {{(pid=93806) _task_receiver /opt/stack/data/venv/lib/python3.12/site-packages/taskflow/listeners/logging.py:218}}
Jun 29 03:25:59 devstack devstack@c-api.service[93806]: DEBUG cinder.volume.api [None req-78abc96a-7873-4583-b5e5-410954b52a72 tempest-GroupSnapshotsTest-1771286532 tempest-GroupSnapshotsTest-1771286532-project-member] Task 'cinder.volume.flows.api.create_volume.QuotaReserveTask;volume:create' (dd203052-a106-436f-826d-b57a304d4719) transitioned into state 'RUNNING' from state 'PENDING' {{(pid=93806) _task_receiver /opt/stack/data/venv/lib/python3.12/site-packages/taskflow/listeners/logging.py:242}}
Jun 29 03:25:59 devstack devstack@c-api.service[93806]: WARNING cinder.quota [None req-78abc96a-7873-4583-b5e5-410954b52a72 tempest-GroupSnapshotsTest-1771286532 tempest-GroupSnapshotsTest-1771286532-project-member] Deprecated: Default quota for resource: volumes_tempest-GroupSnapshotsTest-volume-type-343397741 is set by the default quota flag: quota_volumes_tempest-GroupSnapshotsTest-volume-type-343397741, it is now deprecated. Please use the default quota class for default quota.
Jun 29 03:25:59 devstack devstack@c-api.service[93806]: WARNING cinder.quota [None req-78abc96a-7873-4583-b5e5-410954b52a72 tempest-GroupSnapshotsTest-1771286532 tempest-GroupSnapshotsTest-1771286532-project-member] Deprecated: Default quota for resource: gigabytes_tempest-GroupSnapshotsTest-volume-type-343397741 is set by the default quota flag: quota_gigabytes_tempest-GroupSnapshotsTest-volume-type-343397741, it is now deprecated. Please use the default quota class for default quota.
Jun 29 03:26:00 devstack devstack@c-api.service[93805]: DEBUG cinder.api.middleware.request_id [None req-86bc3740-46d6-48b6-88d5-1af91fc925d0 None None] RequestId filter calling following filter/app {{(pid=93805) _context_setter /opt/stack/cinder/cinder/api/middleware/request_id.py:62}}
Jun 29 03:26:00 devstack devstack@c-api.service[93806]: DEBUG cinder.quota [None req-78abc96a-7873-4583-b5e5-410954b52a72 tempest-GroupSnapshotsTest-1771286532 tempest-GroupSnapshotsTest-1771286532-project-member] Created reservations ['caa0e210-677e-40cb-b8e5-a18efca80ddf', 'e75ffa2c-51ec-4064-afc5-568db7bbfc96', '0f19cc37-5dca-407c-9a94-665275986909', 'b7a0a15f-42b1-43c0-9ea9-2a51acc11c0a'] {{(pid=93806) reserve /opt/stack/cinder/cinder/quota.py:752}}
Jun 29 03:26:00 devstack devstack@c-api.service[93805]: INFO cinder.api.openstack.wsgi [None req-86bc3740-46d6-48b6-88d5-1af91fc925d0 tempest-ServerRescueNegativeTestJSON-1378316394 tempest-ServerRescueNegativeTestJSON-1378316394-project-member] GET http://192.168.122.201/volume/v3/volumes/d9ede627-7d1a-42f4-9cf6-8aea03280bb5
Jun 29 03:26:00 devstack devstack@c-api.service[93805]: DEBUG cinder.api.openstack.wsgi [None req-86bc3740-46d6-48b6-88d5-1af91fc925d0 tempest-ServerRescueNegativeTestJSON-1378316394 tempest-ServerRescueNegativeTestJSON-1378316394-project-member] Empty body provided in request {{(pid=93805) get_body /opt/stack/cinder/cinder/api/openstack/wsgi.py:725}}
Jun 29 03:26:00 devstack devstack@c-api.service[93805]: DEBUG cinder.api.openstack.wsgi [None req-86bc3740-46d6-48b6-88d5-1af91fc925d0 tempest-ServerRescueNegativeTestJSON-1378316394 tempest-ServerRescueNegativeTestJSON-1378316394-project-member] Calling method 'show' {{(pid=93805) _process_stack /opt/stack/cinder/cinder/api/openstack/wsgi.py:878}}
Jun 29 03:26:00 devstack devstack@c-api.service[93806]: DEBUG cinder.volume.api [None req-78abc96a-7873-4583-b5e5-410954b52a72 tempest-GroupSnapshotsTest-1771286532 tempest-GroupSnapshotsTest-1771286532-project-member] Task 'cinder.volume.flows.api.create_volume.QuotaReserveTask;volume:create' (dd203052-a106-436f-826d-b57a304d4719) transitioned into state 'SUCCESS' from state 'RUNNING' with result '{'reservations': ['caa0e210-677e-40cb-b8e5-a18efca80ddf', 'e75ffa2c-51ec-4064-afc5-568db7bbfc96', '0f19cc37-5dca-407c-9a94-665275986909', 'b7a0a15f-42b1-43c0-9ea9-2a51acc11c0a']}' {{(pid=93806) _task_receiver /opt/stack/data/venv/lib/python3.12/site-packages/taskflow/listeners/logging.py:218}}
Jun 29 03:26:00 devstack devstack@c-api.service[93806]: DEBUG cinder.volume.api [None req-78abc96a-7873-4583-b5e5-410954b52a72 tempest-GroupSnapshotsTest-1771286532 tempest-GroupSnapshotsTest-1771286532-project-member] Task 'cinder.volume.flows.api.create_volume.EntryCreateTask;volume:create' (75932be6-24fa-4dd2-80b3-f08c15f700b7) transitioned into state 'RUNNING' from state 'PENDING' {{(pid=93806) _task_receiver /opt/stack/data/venv/lib/python3.12/site-packages/taskflow/listeners/logging.py:242}}
Jun 29 03:26:00 devstack devstack@c-api.service[93805]: INFO cinder.api.openstack.wsgi [None req-86bc3740-46d6-48b6-88d5-1af91fc925d0 tempest-ServerRescueNegativeTestJSON-1378316394 tempest-ServerRescueNegativeTestJSON-1378316394-project-member] http://192.168.122.201/volume/v3/volumes/d9ede627-7d1a-42f4-9cf6-8aea03280bb5 returned with HTTP 404
Jun 29 03:26:00 devstack devstack@c-api.service[93805]: [pid: 93805|app: 0|req: 149/296] 192.168.122.201 () {58 vars in 1232 bytes} [Mon Jun 29 03:26:00 2026] GET /volume/v3/volumes/d9ede627-7d1a-42f4-9cf6-8aea03280bb5 => generated 109 bytes in 58 msecs (HTTP/1.1 404) 7 headers in 292 bytes (2 switches on core 0)
Jun 29 03:26:00 devstack devstack@c-api.service[93805]: DEBUG cinder.api.middleware.request_id [None req-c09e5409-61a5-40b3-a397-266150be7d95 None None] RequestId filter calling following filter/app {{(pid=93805) _context_setter /opt/stack/cinder/cinder/api/middleware/request_id.py:62}}
Jun 29 03:26:00 devstack devstack@c-api.service[93806]: DEBUG cinder.volume.api [None req-78abc96a-7873-4583-b5e5-410954b52a72 tempest-GroupSnapshotsTest-1771286532 tempest-GroupSnapshotsTest-1771286532-project-member] Task 'cinder.volume.flows.api.create_volume.EntryCreateTask;volume:create' (75932be6-24fa-4dd2-80b3-f08c15f700b7) transitioned into state 'SUCCESS' from state 'RUNNING' with result '{'volume_id': '58a0ab99-bb2e-4388-8115-29a477a313f9', 'volume_properties': VolumeProperties(attach_status='detached',availability_zone='nova',cgsnapshot_id=None,consistencygroup_id=None,display_description=None,display_name='tempest-volume-209889470',encryption_key_id=None,group_id=e66dd1eb-8666-44e1-9d1d-705a56d306c7,group_type_id=,metadata={},multiattach=False,project_id='c152379270c34f8cbfcc68d9bff1896d',qos_specs=None,replication_status=,reservations=['caa0e210-677e-40cb-b8e5-a18efca80ddf','e75ffa2c-51ec-4064-afc5-568db7bbfc96','0f19cc37-5dca-407c-9a94-665275986909','b7a0a15f-42b1-43c0-9ea9-2a51acc11c0a'],size=1,snapshot_id=None,source_replicaid=,source_volid=None,status='creating',user_id='07b5122bd8a84b24bfe42d705a4f0cd2',volume_type_id=cd38795f-067a-4014-ba1c-31144f497eac), 'volume': Volume(_name_id=None,admin_metadata=,attach_status='detached',availability_zone='nova',bootable=False,cluster=,cluster_name=None,consistencygroup=,consistencygroup_id=None,created_at=2026-06-29T01:26:00Z,deleted=False,deleted_at=None,display_description=None,display_name='tempest-volume-209889470',ec2_id=None,encryption_key_id=None,glance_metadata=,group=,group_id=e66dd1eb-8666-44e1-9d1d-705a56d306c7,host=None,id=58a0ab99-bb2e-4388-8115-29a477a313f9,launched_at=None,metadata={},migration_status=None,multiattach=False,previous_status=None,project_id='c152379270c34f8cbfcc68d9bff1896d',provider_auth=None,provider_geometry=None,provider_id=None,provider_location=None,replication_driver_data=None,replication_extended_status=None,replication_status=None,scheduled_at=None,service_uuid=None,shared_targets=True,size=1,snapshot_id=None,snapshots=,source_volid=None,status='creating',terminated_at=None,updated_at=None,use_quota=True,user_id='07b5122bd8a84b24bfe42d705a4f0cd2',volume_attachment=VolumeAttachmentList,volume_type=VolumeType(cd38795f-067a-4014-ba1c-31144f497eac),volume_type_id=cd38795f-067a-4014-ba1c-31144f497eac)}' {{(pid=93806) _task_receiver /opt/stack/data/venv/lib/python3.12/site-packages/taskflow/listeners/logging.py:218}}
Jun 29 03:26:00 devstack devstack@c-api.service[93805]: INFO cinder.api.openstack.wsgi [None req-c09e5409-61a5-40b3-a397-266150be7d95 tempest-VolumesServicesTestJSON-282051472 tempest-VolumesServicesTestJSON-282051472-project-member] GET http://192.168.122.201/volume/v3/volumes/0b42502a-615d-43f4-8a0c-3253c6986231
Jun 29 03:26:00 devstack devstack@c-api.service[93806]: DEBUG cinder.volume.api [None req-78abc96a-7873-4583-b5e5-410954b52a72 tempest-GroupSnapshotsTest-1771286532 tempest-GroupSnapshotsTest-1771286532-project-member] Task 'cinder.volume.flows.api.create_volume.QuotaCommitTask;volume:create' (b794a115-f66f-4073-8c9a-233aeef323b0) transitioned into state 'RUNNING' from state 'PENDING' {{(pid=93806) _task_receiver /opt/stack/data/venv/lib/python3.12/site-packages/taskflow/listeners/logging.py:242}}
Jun 29 03:26:00 devstack devstack@c-api.service[93805]: DEBUG cinder.api.openstack.wsgi [None req-c09e5409-61a5-40b3-a397-266150be7d95 tempest-VolumesServicesTestJSON-282051472 tempest-VolumesServicesTestJSON-282051472-project-member] Empty body provided in request {{(pid=93805) get_body /opt/stack/cinder/cinder/api/openstack/wsgi.py:725}}
Jun 29 03:26:00 devstack devstack@c-api.service[93805]: DEBUG cinder.api.openstack.wsgi [None req-c09e5409-61a5-40b3-a397-266150be7d95 tempest-VolumesServicesTestJSON-282051472 tempest-VolumesServicesTestJSON-282051472-project-member] Calling method 'show' {{(pid=93805) _process_stack /opt/stack/cinder/cinder/api/openstack/wsgi.py:878}}
Jun 29 03:26:00 devstack devstack@c-api.service[93805]: /opt/stack/data/venv/lib/python3.12/site-packages/oslo_context/context.py:102: DeprecationWarning: Policy enforcement is depending on the value of is_admin. This key is deprecated. Please update your policy file to use the standard policy values.
Jun 29 03:26:00 devstack devstack@c-api.service[93805]: warnings.warn(
Jun 29 03:26:00 devstack devstack@c-api.service[93805]: INFO cinder.volume.api [None req-c09e5409-61a5-40b3-a397-266150be7d95 tempest-VolumesServicesTestJSON-282051472 tempest-VolumesServicesTestJSON-282051472-project-member] Volume info retrieved successfully.
