Jun 02 03:23:26 devstack cinder-volume[86431]: DEBUG oslo_concurrency.processutils [None req-a3829d39-1eaf-47be-b65c-346208660d85 tempest-GroupSnapshotsTest-408043841 None] CMD "/opt/stack/data/venv/bin/python3.12 -m oslo_concurrency.prlimit --as=1073741824 --cpu=60 -- sudo cinder-rootwrap /etc/cinder/rootwrap.conf env LC_ALL=C qemu-img info -f qcow2 --output=json --force-share /opt/stack/data/cinder/mnt/25ec2d6f131e287f8d3aa27a6495131f/volume-400389b3-f586-4a4f-85fa-a27d075dc427" returned: 0 in 0.861s {{(pid=86431) execute /opt/stack/data/venv/lib/python3.12/site-packages/oslo_concurrency/processutils.py:468}}
Jun 02 03:23:26 devstack cinder-volume[86431]: DEBUG oslo_concurrency.processutils [None req-a3829d39-1eaf-47be-b65c-346208660d85 tempest-GroupSnapshotsTest-408043841 None] Running cmd (subprocess): sudo cinder-rootwrap /etc/cinder/rootwrap.conf qemu-img create -f qcow2 -o backing_file=/opt/stack/data/cinder/mnt/25ec2d6f131e287f8d3aa27a6495131f/volume-400389b3-f586-4a4f-85fa-a27d075dc427,backing_fmt=qcow2 /opt/stack/data/cinder/mnt/25ec2d6f131e287f8d3aa27a6495131f/volume-400389b3-f586-4a4f-85fa-a27d075dc427.88a1555c-fb4d-496b-83b1-02cdbd3b7e2c 1G {{(pid=86431) execute /opt/stack/data/venv/lib/python3.12/site-packages/oslo_concurrency/processutils.py:440}}
Jun 02 03:23:26 devstack sudo[95185]: quobyte : PWD=/ ; USER=root ; COMMAND=/opt/stack/data/venv/bin/cinder-rootwrap /etc/cinder/rootwrap.conf qemu-img create -f qcow2 -o backing_file=/opt/stack/data/cinder/mnt/25ec2d6f131e287f8d3aa27a6495131f/volume-400389b3-f586-4a4f-85fa-a27d075dc427,backing_fmt=qcow2 /opt/stack/data/cinder/mnt/25ec2d6f131e287f8d3aa27a6495131f/volume-400389b3-f586-4a4f-85fa-a27d075dc427.88a1555c-fb4d-496b-83b1-02cdbd3b7e2c 1G
Jun 02 03:23:26 devstack sudo[95185]: pam_unix(sudo:session): session opened for user root(uid=0) by (uid=1000)
Jun 02 03:23:27 devstack sudo[95177]: pam_unix(sudo:session): session closed for user root
Jun 02 03:23:27 devstack cinder-volume[86431]: DEBUG oslo_concurrency.processutils [None req-7dc3c259-cc4b-481e-90fb-298cdbc416c0 tempest-VolumesActionsTest-389113780 None] CMD "sudo cinder-rootwrap /etc/cinder/rootwrap.conf df --portability --block-size 1 /opt/stack/data/cinder/mnt/25ec2d6f131e287f8d3aa27a6495131f" returned: 0 in 0.718s {{(pid=86431) execute /opt/stack/data/venv/lib/python3.12/site-packages/oslo_concurrency/processutils.py:468}}
Jun 02 03:23:27 devstack cinder-volume[86431]: DEBUG cinder.manager [None req-7dc3c259-cc4b-481e-90fb-298cdbc416c0 tempest-VolumesActionsTest-389113780 None] Notifying Schedulers of capabilities ... {{(pid=86431) _publish_service_capabilities /opt/stack/cinder/cinder/manager.py:219}}
Jun 02 03:23:27 devstack cinder-volume[86431]: INFO cinder.volume.manager [None req-7dc3c259-cc4b-481e-90fb-298cdbc416c0 tempest-VolumesActionsTest-389113780 None] Deleted volume successfully.
Jun 02 03:23:27 devstack cinder-volume[86431]: DEBUG cinder.coordination [None req-7dc3c259-cc4b-481e-90fb-298cdbc416c0 tempest-VolumesActionsTest-389113780 None] Lock "cinder-2f1db6ad-b0a4-44d9-80d8-fba1fcbf477a-delete_volume" released by "delete_volume" :: held 2.496s {{(pid=86431) __release /opt/stack/cinder/cinder/coordination.py:152}}
Jun 02 03:23:27 devstack sudo[95185]: pam_unix(sudo:session): session closed for user root
Jun 02 03:23:27 devstack cinder-volume[86431]: DEBUG oslo_concurrency.processutils [None req-a3829d39-1eaf-47be-b65c-346208660d85 tempest-GroupSnapshotsTest-408043841 None] CMD "sudo cinder-rootwrap /etc/cinder/rootwrap.conf qemu-img create -f qcow2 -o backing_file=/opt/stack/data/cinder/mnt/25ec2d6f131e287f8d3aa27a6495131f/volume-400389b3-f586-4a4f-85fa-a27d075dc427,backing_fmt=qcow2 /opt/stack/data/cinder/mnt/25ec2d6f131e287f8d3aa27a6495131f/volume-400389b3-f586-4a4f-85fa-a27d075dc427.88a1555c-fb4d-496b-83b1-02cdbd3b7e2c 1G" returned: 0 in 1.032s {{(pid=86431) execute /opt/stack/data/venv/lib/python3.12/site-packages/oslo_concurrency/processutils.py:468}}
Jun 02 03:23:27 devstack cinder-volume[86431]: DEBUG oslo_concurrency.processutils [None req-a3829d39-1eaf-47be-b65c-346208660d85 tempest-GroupSnapshotsTest-408043841 None] Running cmd (subprocess): sudo cinder-rootwrap /etc/cinder/rootwrap.conf qemu-img rebase -u -b volume-400389b3-f586-4a4f-85fa-a27d075dc427 -F qcow2 /opt/stack/data/cinder/mnt/25ec2d6f131e287f8d3aa27a6495131f/volume-400389b3-f586-4a4f-85fa-a27d075dc427.88a1555c-fb4d-496b-83b1-02cdbd3b7e2c {{(pid=86431) execute /opt/stack/data/venv/lib/python3.12/site-packages/oslo_concurrency/processutils.py:440}}
Jun 02 03:23:27 devstack sudo[95191]: quobyte : PWD=/ ; USER=root ; COMMAND=/opt/stack/data/venv/bin/cinder-rootwrap /etc/cinder/rootwrap.conf qemu-img rebase -u -b volume-400389b3-f586-4a4f-85fa-a27d075dc427 -F qcow2 /opt/stack/data/cinder/mnt/25ec2d6f131e287f8d3aa27a6495131f/volume-400389b3-f586-4a4f-85fa-a27d075dc427.88a1555c-fb4d-496b-83b1-02cdbd3b7e2c
Jun 02 03:23:27 devstack sudo[95191]: pam_unix(sudo:session): session opened for user root(uid=0) by (uid=1000)
Jun 02 03:23:28 devstack sudo[95191]: pam_unix(sudo:session): session closed for user root
Jun 02 03:23:28 devstack cinder-volume[86431]: DEBUG oslo_concurrency.processutils [None req-a3829d39-1eaf-47be-b65c-346208660d85 tempest-GroupSnapshotsTest-408043841 None] CMD "sudo cinder-rootwrap /etc/cinder/rootwrap.conf qemu-img rebase -u -b volume-400389b3-f586-4a4f-85fa-a27d075dc427 -F qcow2 /opt/stack/data/cinder/mnt/25ec2d6f131e287f8d3aa27a6495131f/volume-400389b3-f586-4a4f-85fa-a27d075dc427.88a1555c-fb4d-496b-83b1-02cdbd3b7e2c" returned: 0 in 0.922s {{(pid=86431) execute /opt/stack/data/venv/lib/python3.12/site-packages/oslo_concurrency/processutils.py:468}}
Jun 02 03:23:28 devstack cinder-volume[86431]: WARNING cinder.volume.drivers.remotefs [None req-a3829d39-1eaf-47be-b65c-346208660d85 tempest-GroupSnapshotsTest-408043841 None] /opt/stack/data/cinder/mnt/25ec2d6f131e287f8d3aa27a6495131f/volume-400389b3-f586-4a4f-85fa-a27d075dc427.88a1555c-fb4d-496b-83b1-02cdbd3b7e2c is being set with open permissions: ugo+rw: NotImplementedError
Jun 02 03:23:28 devstack cinder-volume[86431]: DEBUG oslo_concurrency.processutils [None req-a3829d39-1eaf-47be-b65c-346208660d85 tempest-GroupSnapshotsTest-408043841 None] Running cmd (subprocess): sudo cinder-rootwrap /etc/cinder/rootwrap.conf chmod ugo+rw /opt/stack/data/cinder/mnt/25ec2d6f131e287f8d3aa27a6495131f/volume-400389b3-f586-4a4f-85fa-a27d075dc427.88a1555c-fb4d-496b-83b1-02cdbd3b7e2c {{(pid=86431) execute /opt/stack/data/venv/lib/python3.12/site-packages/oslo_concurrency/processutils.py:440}}
Jun 02 03:23:28 devstack sudo[95204]: quobyte : PWD=/ ; USER=root ; COMMAND=/opt/stack/data/venv/bin/cinder-rootwrap /etc/cinder/rootwrap.conf chmod ugo+rw /opt/stack/data/cinder/mnt/25ec2d6f131e287f8d3aa27a6495131f/volume-400389b3-f586-4a4f-85fa-a27d075dc427.88a1555c-fb4d-496b-83b1-02cdbd3b7e2c
Jun 02 03:23:28 devstack sudo[95204]: pam_unix(sudo:session): session opened for user root(uid=0) by (uid=1000)
Jun 02 03:23:29 devstack sudo[95204]: pam_unix(sudo:session): session closed for user root
Jun 02 03:23:29 devstack cinder-volume[86431]: DEBUG oslo_concurrency.processutils [None req-a3829d39-1eaf-47be-b65c-346208660d85 tempest-GroupSnapshotsTest-408043841 None] CMD "sudo cinder-rootwrap /etc/cinder/rootwrap.conf chmod ugo+rw /opt/stack/data/cinder/mnt/25ec2d6f131e287f8d3aa27a6495131f/volume-400389b3-f586-4a4f-85fa-a27d075dc427.88a1555c-fb4d-496b-83b1-02cdbd3b7e2c" returned: 0 in 0.757s {{(pid=86431) execute /opt/stack/data/venv/lib/python3.12/site-packages/oslo_concurrency/processutils.py:468}}
Jun 02 03:23:29 devstack cinder-volume[86431]: DEBUG dbcounter [-] [86431] Writing DB stats cinder:UPDATE=153,cinder:SELECT=128,cinder:INSERT=44,cinder:DELETE=11 {{(pid=86431) stat_writer /opt/stack/data/venv/lib/python3.12/site-packages/dbcounter.py:115}}
Jun 02 03:23:29 devstack cinder-volume[86431]: DEBUG oslo_concurrency.processutils [None req-a3829d39-1eaf-47be-b65c-346208660d85 tempest-GroupSnapshotsTest-408043841 None] Running cmd (subprocess): sudo cinder-rootwrap /etc/cinder/rootwrap.conf truncate -s0 /opt/stack/data/cinder/mnt/25ec2d6f131e287f8d3aa27a6495131f/volume-400389b3-f586-4a4f-85fa-a27d075dc427.info {{(pid=86431) execute /opt/stack/data/venv/lib/python3.12/site-packages/oslo_concurrency/processutils.py:440}}
Jun 02 03:23:29 devstack sudo[95249]: quobyte : PWD=/ ; USER=root ; COMMAND=/opt/stack/data/venv/bin/cinder-rootwrap /etc/cinder/rootwrap.conf truncate -s0 /opt/stack/data/cinder/mnt/25ec2d6f131e287f8d3aa27a6495131f/volume-400389b3-f586-4a4f-85fa-a27d075dc427.info
Jun 02 03:23:29 devstack sudo[95249]: pam_unix(sudo:session): session opened for user root(uid=0) by (uid=1000)
Jun 02 03:23:30 devstack sudo[95249]: pam_unix(sudo:session): session closed for user root
Jun 02 03:23:30 devstack cinder-volume[86431]: DEBUG oslo_concurrency.processutils [None req-a3829d39-1eaf-47be-b65c-346208660d85 tempest-GroupSnapshotsTest-408043841 None] CMD "sudo cinder-rootwrap /etc/cinder/rootwrap.conf truncate -s0 /opt/stack/data/cinder/mnt/25ec2d6f131e287f8d3aa27a6495131f/volume-400389b3-f586-4a4f-85fa-a27d075dc427.info" returned: 0 in 0.751s {{(pid=86431) execute /opt/stack/data/venv/lib/python3.12/site-packages/oslo_concurrency/processutils.py:468}}
Jun 02 03:23:30 devstack cinder-volume[86431]: WARNING cinder.volume.drivers.remotefs [None req-a3829d39-1eaf-47be-b65c-346208660d85 tempest-GroupSnapshotsTest-408043841 None] /opt/stack/data/cinder/mnt/25ec2d6f131e287f8d3aa27a6495131f/volume-400389b3-f586-4a4f-85fa-a27d075dc427.info is being set with open permissions: ugo+rw: NotImplementedError
Jun 02 03:23:30 devstack cinder-volume[86431]: DEBUG oslo_concurrency.processutils [None req-a3829d39-1eaf-47be-b65c-346208660d85 tempest-GroupSnapshotsTest-408043841 None] Running cmd (subprocess): sudo cinder-rootwrap /etc/cinder/rootwrap.conf chmod ugo+rw /opt/stack/data/cinder/mnt/25ec2d6f131e287f8d3aa27a6495131f/volume-400389b3-f586-4a4f-85fa-a27d075dc427.info {{(pid=86431) execute /opt/stack/data/venv/lib/python3.12/site-packages/oslo_concurrency/processutils.py:440}}
Jun 02 03:23:30 devstack sudo[95263]: quobyte : PWD=/ ; USER=root ; COMMAND=/opt/stack/data/venv/bin/cinder-rootwrap /etc/cinder/rootwrap.conf chmod ugo+rw /opt/stack/data/cinder/mnt/25ec2d6f131e287f8d3aa27a6495131f/volume-400389b3-f586-4a4f-85fa-a27d075dc427.info
Jun 02 03:23:30 devstack sudo[95263]: pam_unix(sudo:session): session opened for user root(uid=0) by (uid=1000)
Jun 02 03:23:31 devstack sudo[95263]: pam_unix(sudo:session): session closed for user root
Jun 02 03:23:31 devstack cinder-volume[86431]: DEBUG oslo_concurrency.processutils [None req-a3829d39-1eaf-47be-b65c-346208660d85 tempest-GroupSnapshotsTest-408043841 None] CMD "sudo cinder-rootwrap /etc/cinder/rootwrap.conf chmod ugo+rw /opt/stack/data/cinder/mnt/25ec2d6f131e287f8d3aa27a6495131f/volume-400389b3-f586-4a4f-85fa-a27d075dc427.info" returned: 0 in 0.631s {{(pid=86431) execute /opt/stack/data/venv/lib/python3.12/site-packages/oslo_concurrency/processutils.py:468}}
Jun 02 03:23:31 devstack cinder-volume[86431]: DEBUG oslo_concurrency.lockutils [None req-a3829d39-1eaf-47be-b65c-346208660d85 tempest-GroupSnapshotsTest-408043841 None] Lock "quobyte" "released" by "cinder.volume.drivers.quobyte.QuobyteDriver.create_snapshot" :: held 5.068s {{(pid=86431) inner /opt/stack/data/venv/lib/python3.12/site-packages/oslo_concurrency/lockutils.py:538}}
Jun 02 03:23:31 devstack cinder-volume[86431]: INFO cinder.volume.manager [None req-a3829d39-1eaf-47be-b65c-346208660d85 tempest-GroupSnapshotsTest-408043841 None] group_snapshot 1f39c02a-de7c-49df-8bb9-d6368c063dc2: created successfully
Jun 02 03:23:31 devstack cinder-volume[86431]: INFO cinder.volume.manager [None req-9fbbd2f6-5e81-4fb0-8c09-5e4c3f6aa905 tempest-GroupSnapshotsTest-408043841 None] group_snapshot 1f39c02a-de7c-49df-8bb9-d6368c063dc2: deleting
Jun 02 03:23:31 devstack cinder-volume[86431]: DEBUG cinder.volume.manager [None req-9fbbd2f6-5e81-4fb0-8c09-5e4c3f6aa905 tempest-GroupSnapshotsTest-408043841 None] group_snapshot 1f39c02a-de7c-49df-8bb9-d6368c063dc2: deleting {{(pid=86431) delete_group_snapshot /opt/stack/cinder/cinder/volume/manager.py:4351}}
Jun 02 03:23:31 devstack cinder-volume[86431]: DEBUG cinder.coordination [None req-9fbbd2f6-5e81-4fb0-8c09-5e4c3f6aa905 tempest-GroupSnapshotsTest-408043841 None] Acquiring lock "cinder-quobyte-400389b3-f586-4a4f-85fa-a27d075dc427" by "delete_snapshot" {{(pid=86431) __acquire /opt/stack/cinder/cinder/coordination.py:138}}
Jun 02 03:23:31 devstack cinder-volume[86431]: DEBUG cinder.coordination [None req-9fbbd2f6-5e81-4fb0-8c09-5e4c3f6aa905 tempest-GroupSnapshotsTest-408043841 None] Lock "cinder-quobyte-400389b3-f586-4a4f-85fa-a27d075dc427" acquired by "delete_snapshot" :: waited 0.028s {{(pid=86431) __acquire /opt/stack/cinder/cinder/coordination.py:141}}
Jun 02 03:23:31 devstack cinder-volume[86431]: DEBUG cinder.coordination [None req-9fbbd2f6-5e81-4fb0-8c09-5e4c3f6aa905 tempest-GroupSnapshotsTest-408043841 None] Acquiring lock "cinder-quobyte-88a1555c-fb4d-496b-83b1-02cdbd3b7e2c" by "_delete_snapshot" {{(pid=86431) __acquire /opt/stack/cinder/cinder/coordination.py:138}}
Jun 02 03:23:31 devstack cinder-volume[86431]: DEBUG cinder.coordination [None req-9fbbd2f6-5e81-4fb0-8c09-5e4c3f6aa905 tempest-GroupSnapshotsTest-408043841 None] Lock "cinder-quobyte-88a1555c-fb4d-496b-83b1-02cdbd3b7e2c" acquired by "_delete_snapshot" :: waited 0.038s {{(pid=86431) __acquire /opt/stack/cinder/cinder/coordination.py:141}}
Jun 02 03:23:31 devstack cinder-volume[86431]: DEBUG cinder.volume.drivers.remotefs [None req-9fbbd2f6-5e81-4fb0-8c09-5e4c3f6aa905 tempest-GroupSnapshotsTest-408043841 None] Deleting offline snapshot 88a1555c-fb4d-496b-83b1-02cdbd3b7e2c of volume 400389b3-f586-4a4f-85fa-a27d075dc427 {{(pid=86431) _delete_snapshot /opt/stack/cinder/cinder/volume/drivers/remotefs.py:1288}}
Jun 02 03:23:31 devstack cinder-volume[86431]: DEBUG cinder.volume.drivers.remotefs [None req-9fbbd2f6-5e81-4fb0-8c09-5e4c3f6aa905 tempest-GroupSnapshotsTest-408043841 None] snapshot_file for this snap is: volume-400389b3-f586-4a4f-85fa-a27d075dc427.88a1555c-fb4d-496b-83b1-02cdbd3b7e2c {{(pid=86431) _delete_snapshot /opt/stack/cinder/cinder/volume/drivers/remotefs.py:1317}}
Jun 02 03:23:32 devstack cinder-volume[86431]: DEBUG oslo.privsep.daemon [-] privsep: reply[34a83600-d2c8-4847-bd1f-79a95bbf2546]: (4, 'qcow2') {{(pid=87444) _call_back /opt/stack/data/venv/lib/python3.12/site-packages/oslo_privsep/daemon.py:573}}
Jun 02 03:23:32 devstack cinder-volume[86431]: DEBUG oslo_concurrency.processutils [None req-9fbbd2f6-5e81-4fb0-8c09-5e4c3f6aa905 tempest-GroupSnapshotsTest-408043841 None] Running cmd (subprocess): /opt/stack/data/venv/bin/python3.12 -m oslo_concurrency.prlimit --as=1073741824 --cpu=60 -- sudo cinder-rootwrap /etc/cinder/rootwrap.conf env LC_ALL=C qemu-img info -f qcow2 --output=json --force-share /opt/stack/data/cinder/mnt/25ec2d6f131e287f8d3aa27a6495131f/volume-400389b3-f586-4a4f-85fa-a27d075dc427.88a1555c-fb4d-496b-83b1-02cdbd3b7e2c {{(pid=86431) execute /opt/stack/data/venv/lib/python3.12/site-packages/oslo_concurrency/processutils.py:440}}
Jun 02 03:23:32 devstack sudo[95315]: quobyte : PWD=/ ; USER=root ; COMMAND=/opt/stack/data/venv/bin/cinder-rootwrap /etc/cinder/rootwrap.conf env LC_ALL=C qemu-img info -f qcow2 --output=json --force-share /opt/stack/data/cinder/mnt/25ec2d6f131e287f8d3aa27a6495131f/volume-400389b3-f586-4a4f-85fa-a27d075dc427.88a1555c-fb4d-496b-83b1-02cdbd3b7e2c
Jun 02 03:23:32 devstack sudo[95315]: pam_unix(sudo:session): session opened for user root(uid=0) by (uid=1000)
Jun 02 03:23:32 devstack sudo[95315]: pam_unix(sudo:session): session closed for user root
Jun 02 03:23:32 devstack cinder-volume[86431]: DEBUG oslo_concurrency.processutils [None req-9fbbd2f6-5e81-4fb0-8c09-5e4c3f6aa905 tempest-GroupSnapshotsTest-408043841 None] CMD "/opt/stack/data/venv/bin/python3.12 -m oslo_concurrency.prlimit --as=1073741824 --cpu=60 -- sudo cinder-rootwrap /etc/cinder/rootwrap.conf env LC_ALL=C qemu-img info -f qcow2 --output=json --force-share /opt/stack/data/cinder/mnt/25ec2d6f131e287f8d3aa27a6495131f/volume-400389b3-f586-4a4f-85fa-a27d075dc427.88a1555c-fb4d-496b-83b1-02cdbd3b7e2c" returned: 0 in 0.951s {{(pid=86431) execute /opt/stack/data/venv/lib/python3.12/site-packages/oslo_concurrency/processutils.py:468}}
Jun 02 03:23:32 devstack cinder-volume[86431]: DEBUG cinder.volume.drivers.remotefs [None req-9fbbd2f6-5e81-4fb0-8c09-5e4c3f6aa905 tempest-GroupSnapshotsTest-408043841 None] Fetching qemu-img info with special backing_file_template: (/opt/stack/data/cinder/mnt/[0-9a-f]+/)?(volume-400389b3-f586-4a4f-85fa-a27d075dc427(.(tmp-snap-)?[0-9a-f-]+)?|volume_from_snapshot_cache/(tmp-snap-)?[0-9a-f-]+(.(child-|parent-)[0-9a-f-]+)?)$ {{(pid=86431) _qemu_img_info_base /opt/stack/cinder/cinder/volume/drivers/remotefs.py:896}}
Jun 02 03:23:33 devstack cinder-volume[86431]: DEBUG oslo.privsep.daemon [-] privsep: reply[9a205dd1-7b85-4236-b218-81d9980eac3d]: (4, 'qcow2') {{(pid=87444) _call_back /opt/stack/data/venv/lib/python3.12/site-packages/oslo_privsep/daemon.py:573}}
Jun 02 03:23:33 devstack cinder-volume[86431]: DEBUG oslo_concurrency.processutils [None req-9fbbd2f6-5e81-4fb0-8c09-5e4c3f6aa905 tempest-GroupSnapshotsTest-408043841 None] Running cmd (subprocess): /opt/stack/data/venv/bin/python3.12 -m oslo_concurrency.prlimit --as=1073741824 --cpu=60 -- sudo cinder-rootwrap /etc/cinder/rootwrap.conf env LC_ALL=C qemu-img info -f qcow2 --output=json --force-share /opt/stack/data/cinder/mnt/25ec2d6f131e287f8d3aa27a6495131f/volume-400389b3-f586-4a4f-85fa-a27d075dc427 {{(pid=86431) execute /opt/stack/data/venv/lib/python3.12/site-packages/oslo_concurrency/processutils.py:440}}
Jun 02 03:23:33 devstack sudo[95336]: quobyte : PWD=/ ; USER=root ; COMMAND=/opt/stack/data/venv/bin/cinder-rootwrap /etc/cinder/rootwrap.conf env LC_ALL=C qemu-img info -f qcow2 --output=json --force-share /opt/stack/data/cinder/mnt/25ec2d6f131e287f8d3aa27a6495131f/volume-400389b3-f586-4a4f-85fa-a27d075dc427
Jun 02 03:23:33 devstack sudo[95336]: pam_unix(sudo:session): session opened for user root(uid=0) by (uid=1000)
Jun 02 03:23:33 devstack sudo[95336]: pam_unix(sudo:session): session closed for user root
Jun 02 03:23:33 devstack cinder-volume[86431]: DEBUG oslo_concurrency.processutils [None req-9fbbd2f6-5e81-4fb0-8c09-5e4c3f6aa905 tempest-GroupSnapshotsTest-408043841 None] CMD "/opt/stack/data/venv/bin/python3.12 -m oslo_concurrency.prlimit --as=1073741824 --cpu=60 -- sudo cinder-rootwrap /etc/cinder/rootwrap.conf env LC_ALL=C qemu-img info -f qcow2 --output=json --force-share /opt/stack/data/cinder/mnt/25ec2d6f131e287f8d3aa27a6495131f/volume-400389b3-f586-4a4f-85fa-a27d075dc427" returned: 0 in 0.866s {{(pid=86431) execute /opt/stack/data/venv/lib/python3.12/site-packages/oslo_concurrency/processutils.py:468}}
Jun 02 03:23:33 devstack cinder-volume[86431]: DEBUG oslo_concurrency.processutils [None req-9fbbd2f6-5e81-4fb0-8c09-5e4c3f6aa905 tempest-GroupSnapshotsTest-408043841 None] Running cmd (subprocess): sudo cinder-rootwrap /etc/cinder/rootwrap.conf qemu-img commit -d /opt/stack/data/cinder/mnt/25ec2d6f131e287f8d3aa27a6495131f/volume-400389b3-f586-4a4f-85fa-a27d075dc427.88a1555c-fb4d-496b-83b1-02cdbd3b7e2c {{(pid=86431) execute /opt/stack/data/venv/lib/python3.12/site-packages/oslo_concurrency/processutils.py:440}}
Jun 02 03:23:33 devstack sudo[95341]: quobyte : PWD=/ ; USER=root ; COMMAND=/opt/stack/data/venv/bin/cinder-rootwrap /etc/cinder/rootwrap.conf qemu-img commit -d /opt/stack/data/cinder/mnt/25ec2d6f131e287f8d3aa27a6495131f/volume-400389b3-f586-4a4f-85fa-a27d075dc427.88a1555c-fb4d-496b-83b1-02cdbd3b7e2c
Jun 02 03:23:33 devstack sudo[95341]: pam_unix(sudo:session): session opened for user root(uid=0) by (uid=1000)
Jun 02 03:23:35 devstack sudo[95341]: pam_unix(sudo:session): session closed for user root
Jun 02 03:23:35 devstack cinder-volume[86431]: DEBUG oslo_concurrency.processutils [None req-9fbbd2f6-5e81-4fb0-8c09-5e4c3f6aa905 tempest-GroupSnapshotsTest-408043841 None] CMD "sudo cinder-rootwrap /etc/cinder/rootwrap.conf qemu-img commit -d /opt/stack/data/cinder/mnt/25ec2d6f131e287f8d3aa27a6495131f/volume-400389b3-f586-4a4f-85fa-a27d075dc427.88a1555c-fb4d-496b-83b1-02cdbd3b7e2c" returned: 0 in 1.131s {{(pid=86431) execute /opt/stack/data/venv/lib/python3.12/site-packages/oslo_concurrency/processutils.py:468}}
Jun 02 03:23:35 devstack cinder-volume[86431]: DEBUG oslo_concurrency.processutils [None req-9fbbd2f6-5e81-4fb0-8c09-5e4c3f6aa905 tempest-GroupSnapshotsTest-408043841 None] Running cmd (subprocess): sudo cinder-rootwrap /etc/cinder/rootwrap.conf rm -f /opt/stack/data/cinder/mnt/25ec2d6f131e287f8d3aa27a6495131f/volume-400389b3-f586-4a4f-85fa-a27d075dc427.88a1555c-fb4d-496b-83b1-02cdbd3b7e2c {{(pid=86431) execute /opt/stack/data/venv/lib/python3.12/site-packages/oslo_concurrency/processutils.py:440}}
Jun 02 03:23:35 devstack sudo[95347]: quobyte : PWD=/ ; USER=root ; COMMAND=/opt/stack/data/venv/bin/cinder-rootwrap /etc/cinder/rootwrap.conf rm -f /opt/stack/data/cinder/mnt/25ec2d6f131e287f8d3aa27a6495131f/volume-400389b3-f586-4a4f-85fa-a27d075dc427.88a1555c-fb4d-496b-83b1-02cdbd3b7e2c
Jun 02 03:23:35 devstack sudo[95347]: pam_unix(sudo:session): session opened for user root(uid=0) by (uid=1000)
Jun 02 03:23:35 devstack sudo[95347]: pam_unix(sudo:session): session closed for user root
Jun 02 03:23:35 devstack cinder-volume[86431]: DEBUG oslo_concurrency.processutils [None req-9fbbd2f6-5e81-4fb0-8c09-5e4c3f6aa905 tempest-GroupSnapshotsTest-408043841 None] CMD "sudo cinder-rootwrap /etc/cinder/rootwrap.conf rm -f /opt/stack/data/cinder/mnt/25ec2d6f131e287f8d3aa27a6495131f/volume-400389b3-f586-4a4f-85fa-a27d075dc427.88a1555c-fb4d-496b-83b1-02cdbd3b7e2c" returned: 0 in 0.800s {{(pid=86431) execute /opt/stack/data/venv/lib/python3.12/site-packages/oslo_concurrency/processutils.py:468}}
Jun 02 03:23:35 devstack cinder-volume[86431]: DEBUG cinder.coordination [None req-9fbbd2f6-5e81-4fb0-8c09-5e4c3f6aa905 tempest-GroupSnapshotsTest-408043841 None] Lock "cinder-quobyte-88a1555c-fb4d-496b-83b1-02cdbd3b7e2c" released by "_delete_snapshot" :: held 3.983s {{(pid=86431) __release /opt/stack/cinder/cinder/coordination.py:152}}
Jun 02 03:23:35 devstack cinder-volume[86431]: DEBUG cinder.coordination [None req-9fbbd2f6-5e81-4fb0-8c09-5e4c3f6aa905 tempest-GroupSnapshotsTest-408043841 None] Lock "cinder-quobyte-400389b3-f586-4a4f-85fa-a27d075dc427" released by "delete_snapshot" :: held 4.038s {{(pid=86431) __release /opt/stack/cinder/cinder/coordination.py:152}}
Jun 02 03:23:36 devstack cinder-volume[86431]: WARNING cinder.quota [None req-9fbbd2f6-5e81-4fb0-8c09-5e4c3f6aa905 tempest-GroupSnapshotsTest-408043841 None] Deprecated: Default quota for resource: gigabytes_tempest-GroupSnapshotsTest-volume-type-231852689 is set by the default quota flag: quota_gigabytes_tempest-GroupSnapshotsTest-volume-type-231852689, it is now deprecated. Please use the default quota class for default quota.
Jun 02 03:23:36 devstack cinder-volume[86431]: WARNING cinder.quota [None req-9fbbd2f6-5e81-4fb0-8c09-5e4c3f6aa905 tempest-GroupSnapshotsTest-408043841 None] Deprecated: Default quota for resource: snapshots_tempest-GroupSnapshotsTest-volume-type-231852689 is set by the default quota flag: quota_snapshots_tempest-GroupSnapshotsTest-volume-type-231852689, it is now deprecated. Please use the default quota class for default quota.
Jun 02 03:23:36 devstack cinder-volume[86431]: DEBUG cinder.quota [None req-9fbbd2f6-5e81-4fb0-8c09-5e4c3f6aa905 tempest-GroupSnapshotsTest-408043841 None] Created reservations ['41b69329-1c75-4e55-a6a6-d09597133909', 'b1537fa2-4893-4847-b2b6-f762d0d18161', 'fb7c48dd-1f00-4f21-abc8-75b53b07d2a1', 'ddc2c713-1371-4064-9af3-f67183a28cbc'] {{(pid=86431) reserve /opt/stack/cinder/cinder/quota.py:752}}
Jun 02 03:23:36 devstack cinder-volume[86431]: INFO cinder.volume.manager [None req-9fbbd2f6-5e81-4fb0-8c09-5e4c3f6aa905 tempest-GroupSnapshotsTest-408043841 None] group_snapshot 1f39c02a-de7c-49df-8bb9-d6368c063dc2: deleted successfully
Jun 02 03:23:36 devstack cinder-volume[86431]: DEBUG cinder.coordination [None req-62568c5a-ce12-4129-bb95-ac6ff652ca17 tempest-GroupSnapshotsTest-408043841 None] Acquiring lock "cinder-quobyte-400389b3-f586-4a4f-85fa-a27d075dc427" by "delete_volume" {{(pid=86431) __acquire /opt/stack/cinder/cinder/coordination.py:138}}
Jun 02 03:23:36 devstack cinder-volume[86431]: DEBUG cinder.coordination [None req-62568c5a-ce12-4129-bb95-ac6ff652ca17 tempest-GroupSnapshotsTest-408043841 None] Lock "cinder-quobyte-400389b3-f586-4a4f-85fa-a27d075dc427" acquired by "delete_volume" :: waited 0.033s {{(pid=86431) __acquire /opt/stack/cinder/cinder/coordination.py:141}}
Jun 02 03:23:36 devstack cinder-volume[86431]: DEBUG oslo.privsep.daemon [-] privsep: reply[b4bd8ffa-ee21-40dd-9bc7-cdb9a44cabc7]: (4, 'qcow2') {{(pid=87444) _call_back /opt/stack/data/venv/lib/python3.12/site-packages/oslo_privsep/daemon.py:573}}
Jun 02 03:23:36 devstack cinder-volume[86431]: DEBUG oslo_concurrency.processutils [None req-62568c5a-ce12-4129-bb95-ac6ff652ca17 tempest-GroupSnapshotsTest-408043841 None] Running cmd (subprocess): /opt/stack/data/venv/bin/python3.12 -m oslo_concurrency.prlimit --as=1073741824 --cpu=60 -- sudo cinder-rootwrap /etc/cinder/rootwrap.conf env LC_ALL=C qemu-img info -f qcow2 --output=json --force-share /opt/stack/data/cinder/mnt/25ec2d6f131e287f8d3aa27a6495131f/volume-400389b3-f586-4a4f-85fa-a27d075dc427 {{(pid=86431) execute /opt/stack/data/venv/lib/python3.12/site-packages/oslo_concurrency/processutils.py:440}}
Jun 02 03:23:36 devstack cinder-volume[86431]: DEBUG cinder.coordination [None req-1385f323-676f-4690-aea1-7bfe505781fc tempest-AttachVolumeNegativeTest-1165991087 None] Acquiring lock "cinder-2c87359e-b916-4c7d-9d37-76e9e7a68b47-delete_volume" by "delete_volume" {{(pid=86431) __acquire /opt/stack/cinder/cinder/coordination.py:138}}
Jun 02 03:23:36 devstack cinder-volume[86431]: DEBUG cinder.coordination [None req-1385f323-676f-4690-aea1-7bfe505781fc tempest-AttachVolumeNegativeTest-1165991087 None] Lock "cinder-2c87359e-b916-4c7d-9d37-76e9e7a68b47-delete_volume" acquired by "delete_volume" :: waited 0.042s {{(pid=86431) __acquire /opt/stack/cinder/cinder/coordination.py:141}}
Jun 02 03:23:36 devstack cinder-volume[86431]: DEBUG cinder.coordination [None req-1385f323-676f-4690-aea1-7bfe505781fc tempest-AttachVolumeNegativeTest-1165991087 None] Acquiring lock "cinder-quobyte-2c87359e-b916-4c7d-9d37-76e9e7a68b47" by "delete_volume" {{(pid=86431) __acquire /opt/stack/cinder/cinder/coordination.py:138}}
Jun 02 03:23:36 devstack cinder-volume[86431]: DEBUG cinder.coordination [None req-1385f323-676f-4690-aea1-7bfe505781fc tempest-AttachVolumeNegativeTest-1165991087 None] Lock "cinder-quobyte-2c87359e-b916-4c7d-9d37-76e9e7a68b47" acquired by "delete_volume" :: waited 0.023s {{(pid=86431) __acquire /opt/stack/cinder/cinder/coordination.py:141}}
Jun 02 03:23:36 devstack sudo[95351]: quobyte : PWD=/ ; USER=root ; COMMAND=/opt/stack/data/venv/bin/cinder-rootwrap /etc/cinder/rootwrap.conf env LC_ALL=C qemu-img info -f qcow2 --output=json --force-share /opt/stack/data/cinder/mnt/25ec2d6f131e287f8d3aa27a6495131f/volume-400389b3-f586-4a4f-85fa-a27d075dc427
Jun 02 03:23:36 devstack sudo[95351]: pam_unix(sudo:session): session opened for user root(uid=0) by (uid=1000)
Jun 02 03:23:36 devstack cinder-volume[86431]: DEBUG oslo.privsep.daemon [-] privsep: reply[db5372a5-66a4-4564-8946-96cd0c38472a]: (4, 'qcow2') {{(pid=87444) _call_back /opt/stack/data/venv/lib/python3.12/site-packages/oslo_privsep/daemon.py:573}}
Jun 02 03:23:36 devstack cinder-volume[86431]: DEBUG oslo_concurrency.processutils [None req-1385f323-676f-4690-aea1-7bfe505781fc tempest-AttachVolumeNegativeTest-1165991087 None] Running cmd (subprocess): /opt/stack/data/venv/bin/python3.12 -m oslo_concurrency.prlimit --as=1073741824 --cpu=60 -- sudo cinder-rootwrap /etc/cinder/rootwrap.conf env LC_ALL=C qemu-img info -f qcow2 --output=json --force-share /opt/stack/data/cinder/mnt/25ec2d6f131e287f8d3aa27a6495131f/volume-2c87359e-b916-4c7d-9d37-76e9e7a68b47 {{(pid=86431) execute /opt/stack/data/venv/lib/python3.12/site-packages/oslo_concurrency/processutils.py:440}}
Jun 02 03:23:37 devstack sudo[95353]: quobyte : PWD=/ ; USER=root ; COMMAND=/opt/stack/data/venv/bin/cinder-rootwrap /etc/cinder/rootwrap.conf env LC_ALL=C qemu-img info -f qcow2 --output=json --force-share /opt/stack/data/cinder/mnt/25ec2d6f131e287f8d3aa27a6495131f/volume-2c87359e-b916-4c7d-9d37-76e9e7a68b47
Jun 02 03:23:37 devstack sudo[95353]: pam_unix(sudo:session): session opened for user root(uid=0) by (uid=1000)
Jun 02 03:23:37 devstack sudo[95351]: pam_unix(sudo:session): session closed for user root
Jun 02 03:23:37 devstack cinder-volume[86431]: DEBUG oslo_concurrency.processutils [None req-62568c5a-ce12-4129-bb95-ac6ff652ca17 tempest-GroupSnapshotsTest-408043841 None] CMD "/opt/stack/data/venv/bin/python3.12 -m oslo_concurrency.prlimit --as=1073741824 --cpu=60 -- sudo cinder-rootwrap /etc/cinder/rootwrap.conf env LC_ALL=C qemu-img info -f qcow2 --output=json --force-share /opt/stack/data/cinder/mnt/25ec2d6f131e287f8d3aa27a6495131f/volume-400389b3-f586-4a4f-85fa-a27d075dc427" returned: 0 in 1.155s {{(pid=86431) execute /opt/stack/data/venv/lib/python3.12/site-packages/oslo_concurrency/processutils.py:468}}
Jun 02 03:23:37 devstack cinder-volume[86431]: DEBUG oslo_concurrency.processutils [None req-62568c5a-ce12-4129-bb95-ac6ff652ca17 tempest-GroupSnapshotsTest-408043841 None] Running cmd (subprocess): sudo cinder-rootwrap /etc/cinder/rootwrap.conf rm -f /opt/stack/data/cinder/mnt/25ec2d6f131e287f8d3aa27a6495131f/volume-400389b3-f586-4a4f-85fa-a27d075dc427 {{(pid=86431) execute /opt/stack/data/venv/lib/python3.12/site-packages/oslo_concurrency/processutils.py:440}}
Jun 02 03:23:37 devstack sudo[95359]: quobyte : PWD=/ ; USER=root ; COMMAND=/opt/stack/data/venv/bin/cinder-rootwrap /etc/cinder/rootwrap.conf rm -f /opt/stack/data/cinder/mnt/25ec2d6f131e287f8d3aa27a6495131f/volume-400389b3-f586-4a4f-85fa-a27d075dc427
Jun 02 03:23:37 devstack sudo[95359]: pam_unix(sudo:session): session opened for user root(uid=0) by (uid=1000)
Jun 02 03:23:38 devstack sudo[95353]: pam_unix(sudo:session): session closed for user root
Jun 02 03:23:38 devstack cinder-volume[86431]: DEBUG oslo_concurrency.processutils [None req-1385f323-676f-4690-aea1-7bfe505781fc tempest-AttachVolumeNegativeTest-1165991087 None] CMD "/opt/stack/data/venv/bin/python3.12 -m oslo_concurrency.prlimit --as=1073741824 --cpu=60 -- sudo cinder-rootwrap /etc/cinder/rootwrap.conf env LC_ALL=C qemu-img info -f qcow2 --output=json --force-share /opt/stack/data/cinder/mnt/25ec2d6f131e287f8d3aa27a6495131f/volume-2c87359e-b916-4c7d-9d37-76e9e7a68b47" returned: 0 in 1.082s {{(pid=86431) execute /opt/stack/data/venv/lib/python3.12/site-packages/oslo_concurrency/processutils.py:468}}
Jun 02 03:23:38 devstack cinder-volume[86431]: DEBUG oslo_concurrency.processutils [None req-1385f323-676f-4690-aea1-7bfe505781fc tempest-AttachVolumeNegativeTest-1165991087 None] Running cmd (subprocess): sudo cinder-rootwrap /etc/cinder/rootwrap.conf rm -f /opt/stack/data/cinder/mnt/25ec2d6f131e287f8d3aa27a6495131f/volume-2c87359e-b916-4c7d-9d37-76e9e7a68b47 {{(pid=86431) execute /opt/stack/data/venv/lib/python3.12/site-packages/oslo_concurrency/processutils.py:440}}
Jun 02 03:23:38 devstack sudo[95363]: quobyte : PWD=/ ; USER=root ; COMMAND=/opt/stack/data/venv/bin/cinder-rootwrap /etc/cinder/rootwrap.conf rm -f /opt/stack/data/cinder/mnt/25ec2d6f131e287f8d3aa27a6495131f/volume-2c87359e-b916-4c7d-9d37-76e9e7a68b47
Jun 02 03:23:38 devstack sudo[95363]: pam_unix(sudo:session): session opened for user root(uid=0) by (uid=1000)
Jun 02 03:23:38 devstack sudo[95359]: pam_unix(sudo:session): session closed for user root
Jun 02 03:23:38 devstack cinder-volume[86431]: DEBUG oslo_concurrency.processutils [None req-62568c5a-ce12-4129-bb95-ac6ff652ca17 tempest-GroupSnapshotsTest-408043841 None] CMD "sudo cinder-rootwrap /etc/cinder/rootwrap.conf rm -f /opt/stack/data/cinder/mnt/25ec2d6f131e287f8d3aa27a6495131f/volume-400389b3-f586-4a4f-85fa-a27d075dc427" returned: 0 in 0.819s {{(pid=86431) execute /opt/stack/data/venv/lib/python3.12/site-packages/oslo_concurrency/processutils.py:468}}
Jun 02 03:23:38 devstack cinder-volume[86431]: DEBUG cinder.coordination [None req-62568c5a-ce12-4129-bb95-ac6ff652ca17 tempest-GroupSnapshotsTest-408043841 None] Lock "cinder-quobyte-400389b3-f586-4a4f-85fa-a27d075dc427" released by "delete_volume" :: held 2.055s {{(pid=86431) __release /opt/stack/cinder/cinder/coordination.py:152}}
Jun 02 03:23:38 devstack cinder-volume[86431]: DEBUG cinder.quota [None req-62568c5a-ce12-4129-bb95-ac6ff652ca17 tempest-GroupSnapshotsTest-408043841 None] Created reservations ['3f701706-02f6-42b1-9829-ba77dbea3a3d'] {{(pid=86431) reserve /opt/stack/cinder/cinder/quota.py:752}}
Jun 02 03:23:38 devstack cinder-volume[86431]: WARNING cinder.quota [None req-62568c5a-ce12-4129-bb95-ac6ff652ca17 tempest-GroupSnapshotsTest-408043841 None] Deprecated: Default quota for resource: volumes_tempest-GroupSnapshotsTest-volume-type-231852689 is set by the default quota flag: quota_volumes_tempest-GroupSnapshotsTest-volume-type-231852689, it is now deprecated. Please use the default quota class for default quota.
Jun 02 03:23:38 devstack cinder-volume[86431]: DEBUG cinder.quota [None req-62568c5a-ce12-4129-bb95-ac6ff652ca17 tempest-GroupSnapshotsTest-408043841 None] Created reservations ['e4585df6-2c50-4c47-a5dd-a9cb70f2f16a', '989a7106-b2a4-4940-ace0-5648dcefcda3', '0af33782-7b25-4a1b-ae18-a8d29f9dc56b', 'c87d7229-0b47-4056-9288-958a9dc52e16'] {{(pid=86431) reserve /opt/stack/cinder/cinder/quota.py:752}}
Jun 02 03:23:38 devstack sudo[95363]: pam_unix(sudo:session): session closed for user root
Jun 02 03:23:38 devstack cinder-volume[86431]: DEBUG oslo_concurrency.processutils [None req-1385f323-676f-4690-aea1-7bfe505781fc tempest-AttachVolumeNegativeTest-1165991087 None] CMD "sudo cinder-rootwrap /etc/cinder/rootwrap.conf rm -f /opt/stack/data/cinder/mnt/25ec2d6f131e287f8d3aa27a6495131f/volume-2c87359e-b916-4c7d-9d37-76e9e7a68b47" returned: 0 in 0.830s {{(pid=86431) execute /opt/stack/data/venv/lib/python3.12/site-packages/oslo_concurrency/processutils.py:468}}
Jun 02 03:23:38 devstack cinder-volume[86431]: DEBUG cinder.coordination [None req-1385f323-676f-4690-aea1-7bfe505781fc tempest-AttachVolumeNegativeTest-1165991087 None] Lock "cinder-quobyte-2c87359e-b916-4c7d-9d37-76e9e7a68b47" released by "delete_volume" :: held 2.007s {{(pid=86431) __release /opt/stack/cinder/cinder/coordination.py:152}}
Jun 02 03:23:39 devstack cinder-volume[86431]: DEBUG cinder.quota [None req-1385f323-676f-4690-aea1-7bfe505781fc tempest-AttachVolumeNegativeTest-1165991087 None] Created reservations ['fac8ba84-0bba-4524-afe5-4dad57ffb736', 'af8a5006-1875-4152-aa81-41e32884b762', '7d3b88da-0617-4bba-babb-555fb6883e17', '26c302d1-b2c7-4457-bab6-69a1e5f7a587'] {{(pid=86431) reserve /opt/stack/cinder/cinder/quota.py:752}}
Jun 02 03:23:39 devstack cinder-volume[86431]: DEBUG oslo_concurrency.lockutils [None req-62568c5a-ce12-4129-bb95-ac6ff652ca17 tempest-GroupSnapshotsTest-408043841 None] Acquiring lock "quobyte_ensure" by "cinder.volume.drivers.quobyte.QuobyteDriver._ensure_shares_mounted" {{(pid=86431) inner /opt/stack/data/venv/lib/python3.12/site-packages/oslo_concurrency/lockutils.py:506}}
Jun 02 03:23:39 devstack cinder-volume[86431]: DEBUG oslo_concurrency.lockutils [None req-62568c5a-ce12-4129-bb95-ac6ff652ca17 tempest-GroupSnapshotsTest-408043841 None] Lock "quobyte_ensure" acquired by "cinder.volume.drivers.quobyte.QuobyteDriver._ensure_shares_mounted" :: waited 0.001s {{(pid=86431) inner /opt/stack/data/venv/lib/python3.12/site-packages/oslo_concurrency/lockutils.py:519}}
Jun 02 03:23:39 devstack cinder-volume[86431]: DEBUG cinder.volume.drivers.quobyte [None req-62568c5a-ce12-4129-bb95-ac6ff652ca17 tempest-GroupSnapshotsTest-408043841 None] Quobyte Volume URL set to: {'osci02.corp.quobyte.com/cinder-vol-daa37c63-3079-4d03-83f1-05713f3127d1': None} {{(pid=86431) _load_shares_config /opt/stack/cinder/cinder/volume/drivers/quobyte.py:617}}
Jun 02 03:23:39 devstack cinder-volume[86431]: DEBUG cinder.volume.drivers.quobyte [None req-62568c5a-ce12-4129-bb95-ac6ff652ca17 tempest-GroupSnapshotsTest-408043841 None] Available shares ['osci02.corp.quobyte.com/cinder-vol-daa37c63-3079-4d03-83f1-05713f3127d1'] {{(pid=86431) _ensure_shares_mounted /opt/stack/cinder/cinder/volume/drivers/quobyte.py:647}}
Jun 02 03:23:39 devstack cinder-volume[86431]: DEBUG oslo_concurrency.lockutils [None req-62568c5a-ce12-4129-bb95-ac6ff652ca17 tempest-GroupSnapshotsTest-408043841 None] Lock "quobyte_ensure" "released" by "cinder.volume.drivers.quobyte.QuobyteDriver._ensure_shares_mounted" :: held 0.007s {{(pid=86431) inner /opt/stack/data/venv/lib/python3.12/site-packages/oslo_concurrency/lockutils.py:538}}
Jun 02 03:23:39 devstack cinder-volume[86431]: DEBUG oslo_concurrency.processutils [None req-62568c5a-ce12-4129-bb95-ac6ff652ca17 tempest-GroupSnapshotsTest-408043841 None] Running cmd (subprocess): sudo cinder-rootwrap /etc/cinder/rootwrap.conf df --portability --block-size 1 /opt/stack/data/cinder/mnt/25ec2d6f131e287f8d3aa27a6495131f {{(pid=86431) execute /opt/stack/data/venv/lib/python3.12/site-packages/oslo_concurrency/processutils.py:440}}
Jun 02 03:23:39 devstack sudo[95368]: quobyte : PWD=/ ; USER=root ; COMMAND=/opt/stack/data/venv/bin/cinder-rootwrap /etc/cinder/rootwrap.conf df --portability --block-size 1 /opt/stack/data/cinder/mnt/25ec2d6f131e287f8d3aa27a6495131f
Jun 02 03:23:39 devstack sudo[95368]: pam_unix(sudo:session): session opened for user root(uid=0) by (uid=1000)
Jun 02 03:23:39 devstack cinder-volume[86431]: DEBUG oslo_concurrency.lockutils [None req-1385f323-676f-4690-aea1-7bfe505781fc tempest-AttachVolumeNegativeTest-1165991087 None] Acquiring lock "quobyte_ensure" by "cinder.volume.drivers.quobyte.QuobyteDriver._ensure_shares_mounted" {{(pid=86431) inner /opt/stack/data/venv/lib/python3.12/site-packages/oslo_concurrency/lockutils.py:506}}
Jun 02 03:23:39 devstack cinder-volume[86431]: DEBUG oslo_concurrency.lockutils [None req-1385f323-676f-4690-aea1-7bfe505781fc tempest-AttachVolumeNegativeTest-1165991087 None] Lock "quobyte_ensure" acquired by "cinder.volume.drivers.quobyte.QuobyteDriver._ensure_shares_mounted" :: waited 0.001s {{(pid=86431) inner /opt/stack/data/venv/lib/python3.12/site-packages/oslo_concurrency/lockutils.py:519}}
Jun 02 03:23:39 devstack cinder-volume[86431]: DEBUG cinder.volume.drivers.quobyte [None req-1385f323-676f-4690-aea1-7bfe505781fc tempest-AttachVolumeNegativeTest-1165991087 None] Quobyte Volume URL set to: {'osci02.corp.quobyte.com/cinder-vol-daa37c63-3079-4d03-83f1-05713f3127d1': None} {{(pid=86431) _load_shares_config /opt/stack/cinder/cinder/volume/drivers/quobyte.py:617}}
Jun 02 03:23:39 devstack cinder-volume[86431]: DEBUG cinder.volume.drivers.quobyte [None req-1385f323-676f-4690-aea1-7bfe505781fc tempest-AttachVolumeNegativeTest-1165991087 None] Available shares ['osci02.corp.quobyte.com/cinder-vol-daa37c63-3079-4d03-83f1-05713f3127d1'] {{(pid=86431) _ensure_shares_mounted /opt/stack/cinder/cinder/volume/drivers/quobyte.py:647}}
Jun 02 03:23:39 devstack cinder-volume[86431]: DEBUG oslo_concurrency.lockutils [None req-1385f323-676f-4690-aea1-7bfe505781fc tempest-AttachVolumeNegativeTest-1165991087 None] Lock "quobyte_ensure" "released" by "cinder.volume.drivers.quobyte.QuobyteDriver._ensure_shares_mounted" :: held 0.008s {{(pid=86431) inner /opt/stack/data/venv/lib/python3.12/site-packages/oslo_concurrency/lockutils.py:538}}
Jun 02 03:23:39 devstack cinder-volume[86431]: DEBUG oslo_concurrency.processutils [None req-1385f323-676f-4690-aea1-7bfe505781fc tempest-AttachVolumeNegativeTest-1165991087 None] Running cmd (subprocess): sudo cinder-rootwrap /etc/cinder/rootwrap.conf df --portability --block-size 1 /opt/stack/data/cinder/mnt/25ec2d6f131e287f8d3aa27a6495131f {{(pid=86431) execute /opt/stack/data/venv/lib/python3.12/site-packages/oslo_concurrency/processutils.py:440}}
Jun 02 03:23:39 devstack sudo[95370]: quobyte : PWD=/ ; USER=root ; COMMAND=/opt/stack/data/venv/bin/cinder-rootwrap /etc/cinder/rootwrap.conf df --portability --block-size 1 /opt/stack/data/cinder/mnt/25ec2d6f131e287f8d3aa27a6495131f
Jun 02 03:23:39 devstack sudo[95370]: pam_unix(sudo:session): session opened for user root(uid=0) by (uid=1000)
Jun 02 03:23:39 devstack sudo[95370]: pam_unix(sudo:session): session closed for user root
Jun 02 03:23:39 devstack cinder-volume[86431]: DEBUG oslo_concurrency.processutils [None req-1385f323-676f-4690-aea1-7bfe505781fc tempest-AttachVolumeNegativeTest-1165991087 None] CMD "sudo cinder-rootwrap /etc/cinder/rootwrap.conf df --portability --block-size 1 /opt/stack/data/cinder/mnt/25ec2d6f131e287f8d3aa27a6495131f" returned: 0 in 0.671s {{(pid=86431) execute /opt/stack/data/venv/lib/python3.12/site-packages/oslo_concurrency/processutils.py:468}}
Jun 02 03:23:39 devstack cinder-volume[86431]: DEBUG cinder.manager [None req-1385f323-676f-4690-aea1-7bfe505781fc tempest-AttachVolumeNegativeTest-1165991087 None] Notifying Schedulers of capabilities ... {{(pid=86431) _publish_service_capabilities /opt/stack/cinder/cinder/manager.py:219}}
Jun 02 03:23:39 devstack cinder-volume[86431]: INFO cinder.volume.manager [None req-1385f323-676f-4690-aea1-7bfe505781fc tempest-AttachVolumeNegativeTest-1165991087 None] Deleted volume successfully.
Jun 02 03:23:39 devstack cinder-volume[86431]: DEBUG cinder.coordination [None req-1385f323-676f-4690-aea1-7bfe505781fc tempest-AttachVolumeNegativeTest-1165991087 None] Lock "cinder-2c87359e-b916-4c7d-9d37-76e9e7a68b47-delete_volume" released by "delete_volume" :: held 3.036s {{(pid=86431) __release /opt/stack/cinder/cinder/coordination.py:152}}
Jun 02 03:23:40 devstack sudo[95368]: pam_unix(sudo:session): session closed for user root
Jun 02 03:23:40 devstack cinder-volume[86431]: DEBUG oslo_concurrency.processutils [None req-62568c5a-ce12-4129-bb95-ac6ff652ca17 tempest-GroupSnapshotsTest-408043841 None] CMD "sudo cinder-rootwrap /etc/cinder/rootwrap.conf df --portability --block-size 1 /opt/stack/data/cinder/mnt/25ec2d6f131e287f8d3aa27a6495131f" returned: 0 in 0.998s {{(pid=86431) execute /opt/stack/data/venv/lib/python3.12/site-packages/oslo_concurrency/processutils.py:468}}
Jun 02 03:23:40 devstack cinder-volume[86431]: DEBUG cinder.manager [None req-62568c5a-ce12-4129-bb95-ac6ff652ca17 tempest-GroupSnapshotsTest-408043841 None] Notifying Schedulers of capabilities ... {{(pid=86431) _publish_service_capabilities /opt/stack/cinder/cinder/manager.py:219}}
Jun 02 03:23:40 devstack cinder-volume[86431]: INFO cinder.volume.manager [None req-62568c5a-ce12-4129-bb95-ac6ff652ca17 tempest-GroupSnapshotsTest-408043841 None] Delete group completed successfully.
Jun 02 03:23:40 devstack cinder-volume[86431]: DEBUG cinder.coordination [None req-4ca528df-377f-4294-951e-7aa24bf1dbc0 tempest-AttachVolumeNegativeTest-1165991087 None] Acquiring lock "cinder-d68953c0-006f-4ed1-be97-5343f0c3d53e-delete_volume" by "delete_volume" {{(pid=86431) __acquire /opt/stack/cinder/cinder/coordination.py:138}}
Jun 02 03:23:40 devstack cinder-volume[86431]: DEBUG cinder.coordination [None req-4ca528df-377f-4294-951e-7aa24bf1dbc0 tempest-AttachVolumeNegativeTest-1165991087 None] Lock "cinder-d68953c0-006f-4ed1-be97-5343f0c3d53e-delete_volume" acquired by "delete_volume" :: waited 0.034s {{(pid=86431) __acquire /opt/stack/cinder/cinder/coordination.py:141}}
Jun 02 03:23:40 devstack cinder-volume[86431]: DEBUG cinder.coordination [None req-4ca528df-377f-4294-951e-7aa24bf1dbc0 tempest-AttachVolumeNegativeTest-1165991087 None] Acquiring lock "cinder-quobyte-d68953c0-006f-4ed1-be97-5343f0c3d53e" by "delete_volume" {{(pid=86431) __acquire /opt/stack/cinder/cinder/coordination.py:138}}
Jun 02 03:23:40 devstack cinder-volume[86431]: DEBUG cinder.coordination [None req-4ca528df-377f-4294-951e-7aa24bf1dbc0 tempest-AttachVolumeNegativeTest-1165991087 None] Lock "cinder-quobyte-d68953c0-006f-4ed1-be97-5343f0c3d53e" acquired by "delete_volume" :: waited 0.033s {{(pid=86431) __acquire /opt/stack/cinder/cinder/coordination.py:141}}
Jun 02 03:23:40 devstack cinder-volume[86431]: DEBUG oslo.privsep.daemon [-] privsep: reply[56193c83-b850-4d47-849f-06c7132e52ed]: (4, 'qcow2') {{(pid=87444) _call_back /opt/stack/data/venv/lib/python3.12/site-packages/oslo_privsep/daemon.py:573}}
Jun 02 03:23:40 devstack cinder-volume[86431]: DEBUG oslo_concurrency.processutils [None req-4ca528df-377f-4294-951e-7aa24bf1dbc0 tempest-AttachVolumeNegativeTest-1165991087 None] Running cmd (subprocess): /opt/stack/data/venv/bin/python3.12 -m oslo_concurrency.prlimit --as=1073741824 --cpu=60 -- sudo cinder-rootwrap /etc/cinder/rootwrap.conf env LC_ALL=C qemu-img info -f qcow2 --output=json --force-share /opt/stack/data/cinder/mnt/25ec2d6f131e287f8d3aa27a6495131f/volume-d68953c0-006f-4ed1-be97-5343f0c3d53e {{(pid=86431) execute /opt/stack/data/venv/lib/python3.12/site-packages/oslo_concurrency/processutils.py:440}}
Jun 02 03:23:40 devstack sudo[95374]: quobyte : PWD=/ ; USER=root ; COMMAND=/opt/stack/data/venv/bin/cinder-rootwrap /etc/cinder/rootwrap.conf env LC_ALL=C qemu-img info -f qcow2 --output=json --force-share /opt/stack/data/cinder/mnt/25ec2d6f131e287f8d3aa27a6495131f/volume-d68953c0-006f-4ed1-be97-5343f0c3d53e
Jun 02 03:23:40 devstack sudo[95374]: pam_unix(sudo:session): session opened for user root(uid=0) by (uid=1000)
Jun 02 03:23:41 devstack sudo[95374]: pam_unix(sudo:session): session closed for user root
Jun 02 03:23:41 devstack cinder-volume[86431]: DEBUG oslo_concurrency.processutils [None req-4ca528df-377f-4294-951e-7aa24bf1dbc0 tempest-AttachVolumeNegativeTest-1165991087 None] CMD "/opt/stack/data/venv/bin/python3.12 -m oslo_concurrency.prlimit --as=1073741824 --cpu=60 -- sudo cinder-rootwrap /etc/cinder/rootwrap.conf env LC_ALL=C qemu-img info -f qcow2 --output=json --force-share /opt/stack/data/cinder/mnt/25ec2d6f131e287f8d3aa27a6495131f/volume-d68953c0-006f-4ed1-be97-5343f0c3d53e" returned: 0 in 0.775s {{(pid=86431) execute /opt/stack/data/venv/lib/python3.12/site-packages/oslo_concurrency/processutils.py:468}}
Jun 02 03:23:41 devstack cinder-volume[86431]: DEBUG oslo_concurrency.processutils [None req-4ca528df-377f-4294-951e-7aa24bf1dbc0 tempest-AttachVolumeNegativeTest-1165991087 None] Running cmd (subprocess): sudo cinder-rootwrap /etc/cinder/rootwrap.conf rm -f /opt/stack/data/cinder/mnt/25ec2d6f131e287f8d3aa27a6495131f/volume-d68953c0-006f-4ed1-be97-5343f0c3d53e {{(pid=86431) execute /opt/stack/data/venv/lib/python3.12/site-packages/oslo_concurrency/processutils.py:440}}
Jun 02 03:23:41 devstack sudo[95379]: quobyte : PWD=/ ; USER=root ; COMMAND=/opt/stack/data/venv/bin/cinder-rootwrap /etc/cinder/rootwrap.conf rm -f /opt/stack/data/cinder/mnt/25ec2d6f131e287f8d3aa27a6495131f/volume-d68953c0-006f-4ed1-be97-5343f0c3d53e
Jun 02 03:23:41 devstack sudo[95379]: pam_unix(sudo:session): session opened for user root(uid=0) by (uid=1000)
Jun 02 03:23:42 devstack sudo[95379]: pam_unix(sudo:session): session closed for user root
Jun 02 03:23:42 devstack cinder-volume[86431]: DEBUG oslo_concurrency.processutils [None req-4ca528df-377f-4294-951e-7aa24bf1dbc0 tempest-AttachVolumeNegativeTest-1165991087 None] CMD "sudo cinder-rootwrap /etc/cinder/rootwrap.conf rm -f /opt/stack/data/cinder/mnt/25ec2d6f131e287f8d3aa27a6495131f/volume-d68953c0-006f-4ed1-be97-5343f0c3d53e" returned: 0 in 0.840s {{(pid=86431) execute /opt/stack/data/venv/lib/python3.12/site-packages/oslo_concurrency/processutils.py:468}}
Jun 02 03:23:42 devstack cinder-volume[86431]: DEBUG cinder.coordination [None req-4ca528df-377f-4294-951e-7aa24bf1dbc0 tempest-AttachVolumeNegativeTest-1165991087 None] Lock "cinder-quobyte-d68953c0-006f-4ed1-be97-5343f0c3d53e" released by "delete_volume" :: held 1.681s {{(pid=86431) __release /opt/stack/cinder/cinder/coordination.py:152}}
Jun 02 03:23:42 devstack cinder-volume[86431]: DEBUG cinder.quota [None req-4ca528df-377f-4294-951e-7aa24bf1dbc0 tempest-AttachVolumeNegativeTest-1165991087 None] Created reservations ['c39be21f-ae05-49a5-bc24-5bfc1b13a671', '1a26404c-c4d3-4578-ae28-4c36e0155fd8', '6cd60bb2-cc53-41d5-9a08-c9240168f14f', '18ea2d45-141e-4db2-b5c4-5df1ad828ce8'] {{(pid=86431) reserve /opt/stack/cinder/cinder/quota.py:752}}
Jun 02 03:23:42 devstack cinder-volume[86431]: DEBUG oslo_concurrency.lockutils [None req-4ca528df-377f-4294-951e-7aa24bf1dbc0 tempest-AttachVolumeNegativeTest-1165991087 None] Acquiring lock "quobyte_ensure" by "cinder.volume.drivers.quobyte.QuobyteDriver._ensure_shares_mounted" {{(pid=86431) inner /opt/stack/data/venv/lib/python3.12/site-packages/oslo_concurrency/lockutils.py:506}}
Jun 02 03:23:42 devstack cinder-volume[86431]: DEBUG oslo_concurrency.lockutils [None req-4ca528df-377f-4294-951e-7aa24bf1dbc0 tempest-AttachVolumeNegativeTest-1165991087 None] Lock "quobyte_ensure" acquired by "cinder.volume.drivers.quobyte.QuobyteDriver._ensure_shares_mounted" :: waited 0.001s {{(pid=86431) inner /opt/stack/data/venv/lib/python3.12/site-packages/oslo_concurrency/lockutils.py:519}}
Jun 02 03:23:42 devstack cinder-volume[86431]: DEBUG cinder.volume.drivers.quobyte [None req-4ca528df-377f-4294-951e-7aa24bf1dbc0 tempest-AttachVolumeNegativeTest-1165991087 None] Quobyte Volume URL set to: {'osci02.corp.quobyte.com/cinder-vol-daa37c63-3079-4d03-83f1-05713f3127d1': None} {{(pid=86431) _load_shares_config /opt/stack/cinder/cinder/volume/drivers/quobyte.py:617}}
