Aug 26 14:16:43 devstack devstack@g-api.service[84004]: DEBUG glance.common.config [None req-3d7bf64a-7815-413e-84fa-2822f0818cec None None] barbican_service_user.collect_timing = False {{(pid=84004) log_opt_values /opt/stack/data/venv/lib/python3.12/site-packages/oslo_config/cfg.py:3560}}
Aug 26 14:16:43 devstack devstack@g-api.service[84004]: DEBUG glance.common.config [None req-3d7bf64a-7815-413e-84fa-2822f0818cec None None] barbican_service_user.insecure = False {{(pid=84004) log_opt_values /opt/stack/data/venv/lib/python3.12/site-packages/oslo_config/cfg.py:3560}}
Aug 26 14:16:43 devstack devstack@g-api.service[84004]: DEBUG glance.common.config [None req-3d7bf64a-7815-413e-84fa-2822f0818cec None None] barbican_service_user.keyfile = None {{(pid=84004) log_opt_values /opt/stack/data/venv/lib/python3.12/site-packages/oslo_config/cfg.py:3560}}
Aug 26 14:16:43 devstack devstack@g-api.service[84004]: DEBUG glance.common.config [None req-3d7bf64a-7815-413e-84fa-2822f0818cec None None] barbican_service_user.split_loggers = False {{(pid=84004) log_opt_values /opt/stack/data/venv/lib/python3.12/site-packages/oslo_config/cfg.py:3560}}
Aug 26 14:16:43 devstack devstack@g-api.service[84004]: DEBUG glance.common.config [None req-3d7bf64a-7815-413e-84fa-2822f0818cec None None] barbican_service_user.timeout = None {{(pid=84004) log_opt_values /opt/stack/data/venv/lib/python3.12/site-packages/oslo_config/cfg.py:3560}}
Aug 26 14:16:43 devstack devstack@g-api.service[84004]: DEBUG glance.common.config [None req-3d7bf64a-7815-413e-84fa-2822f0818cec None None] database.asyncio_connection = **** {{(pid=84004) log_opt_values /opt/stack/data/venv/lib/python3.12/site-packages/oslo_config/cfg.py:3560}}
Aug 26 14:16:43 devstack devstack@g-api.service[84004]: DEBUG glance.common.config [None req-3d7bf64a-7815-413e-84fa-2822f0818cec None None] database.asyncio_slave_connection = **** {{(pid=84004) log_opt_values /opt/stack/data/venv/lib/python3.12/site-packages/oslo_config/cfg.py:3560}}
Aug 26 14:16:43 devstack devstack@g-api.service[84004]: DEBUG glance.common.config [None req-3d7bf64a-7815-413e-84fa-2822f0818cec None None] database.backend = sqlalchemy {{(pid=84004) log_opt_values /opt/stack/data/venv/lib/python3.12/site-packages/oslo_config/cfg.py:3560}}
Aug 26 14:16:43 devstack devstack@g-api.service[84004]: DEBUG glance.common.config [None req-3d7bf64a-7815-413e-84fa-2822f0818cec None None] database.connection = **** {{(pid=84004) log_opt_values /opt/stack/data/venv/lib/python3.12/site-packages/oslo_config/cfg.py:3560}}
Aug 26 14:16:43 devstack devstack@g-api.service[84004]: DEBUG glance.common.config [None req-3d7bf64a-7815-413e-84fa-2822f0818cec None None] database.connection_debug = 0 {{(pid=84004) log_opt_values /opt/stack/data/venv/lib/python3.12/site-packages/oslo_config/cfg.py:3560}}
Aug 26 14:16:43 devstack devstack@g-api.service[84004]: DEBUG glance.common.config [None req-3d7bf64a-7815-413e-84fa-2822f0818cec None None] database.connection_parameters = {{(pid=84004) log_opt_values /opt/stack/data/venv/lib/python3.12/site-packages/oslo_config/cfg.py:3560}}
Aug 26 14:16:43 devstack devstack@g-api.service[84004]: DEBUG glance.common.config [None req-3d7bf64a-7815-413e-84fa-2822f0818cec None None] database.connection_recycle_time = 3600 {{(pid=84004) log_opt_values /opt/stack/data/venv/lib/python3.12/site-packages/oslo_config/cfg.py:3560}}
Aug 26 14:16:43 devstack devstack@g-api.service[84004]: DEBUG glance.common.config [None req-3d7bf64a-7815-413e-84fa-2822f0818cec None None] database.connection_trace = False {{(pid=84004) log_opt_values /opt/stack/data/venv/lib/python3.12/site-packages/oslo_config/cfg.py:3560}}
Aug 26 14:16:43 devstack devstack@g-api.service[84004]: DEBUG glance.common.config [None req-3d7bf64a-7815-413e-84fa-2822f0818cec None None] database.db_inc_retry_interval = True {{(pid=84004) log_opt_values /opt/stack/data/venv/lib/python3.12/site-packages/oslo_config/cfg.py:3560}}
Aug 26 14:16:43 devstack devstack@g-api.service[84004]: DEBUG glance.common.config [None req-3d7bf64a-7815-413e-84fa-2822f0818cec None None] database.db_max_retries = 20 {{(pid=84004) log_opt_values /opt/stack/data/venv/lib/python3.12/site-packages/oslo_config/cfg.py:3560}}
Aug 26 14:16:43 devstack devstack@g-api.service[84004]: DEBUG glance.common.config [None req-3d7bf64a-7815-413e-84fa-2822f0818cec None None] database.db_max_retry_interval = 10 {{(pid=84004) log_opt_values /opt/stack/data/venv/lib/python3.12/site-packages/oslo_config/cfg.py:3560}}
Aug 26 14:16:43 devstack devstack@g-api.service[84004]: DEBUG glance.common.config [None req-3d7bf64a-7815-413e-84fa-2822f0818cec None None] database.db_retry_interval = 1 {{(pid=84004) log_opt_values /opt/stack/data/venv/lib/python3.12/site-packages/oslo_config/cfg.py:3560}}
Aug 26 14:16:43 devstack devstack@g-api.service[84004]: DEBUG glance.common.config [None req-3d7bf64a-7815-413e-84fa-2822f0818cec None None] database.max_overflow = 50 {{(pid=84004) log_opt_values /opt/stack/data/venv/lib/python3.12/site-packages/oslo_config/cfg.py:3560}}
Aug 26 14:16:43 devstack devstack@g-api.service[84004]: DEBUG glance.common.config [None req-3d7bf64a-7815-413e-84fa-2822f0818cec None None] database.max_pool_size = 5 {{(pid=84004) log_opt_values /opt/stack/data/venv/lib/python3.12/site-packages/oslo_config/cfg.py:3560}}
Aug 26 14:16:43 devstack devstack@g-api.service[84004]: DEBUG glance.common.config [None req-3d7bf64a-7815-413e-84fa-2822f0818cec None None] database.max_retries = 10 {{(pid=84004) log_opt_values /opt/stack/data/venv/lib/python3.12/site-packages/oslo_config/cfg.py:3560}}
Aug 26 14:16:43 devstack devstack@g-api.service[84004]: DEBUG glance.common.config [None req-3d7bf64a-7815-413e-84fa-2822f0818cec None None] database.mysql_sql_mode = TRADITIONAL {{(pid=84004) log_opt_values /opt/stack/data/venv/lib/python3.12/site-packages/oslo_config/cfg.py:3560}}
Aug 26 14:16:43 devstack devstack@g-api.service[84004]: DEBUG glance.common.config [None req-3d7bf64a-7815-413e-84fa-2822f0818cec None None] database.mysql_wsrep_sync_wait = None {{(pid=84004) log_opt_values /opt/stack/data/venv/lib/python3.12/site-packages/oslo_config/cfg.py:3560}}
Aug 26 14:16:43 devstack devstack@g-api.service[84004]: DEBUG glance.common.config [None req-3d7bf64a-7815-413e-84fa-2822f0818cec None None] database.pool_timeout = None {{(pid=84004) log_opt_values /opt/stack/data/venv/lib/python3.12/site-packages/oslo_config/cfg.py:3560}}
Aug 26 14:16:43 devstack devstack@g-api.service[84004]: DEBUG glance.common.config [None req-3d7bf64a-7815-413e-84fa-2822f0818cec None None] database.retry_interval = 10 {{(pid=84004) log_opt_values /opt/stack/data/venv/lib/python3.12/site-packages/oslo_config/cfg.py:3560}}
Aug 26 14:16:43 devstack devstack@g-api.service[84004]: DEBUG glance.common.config [None req-3d7bf64a-7815-413e-84fa-2822f0818cec None None] database.slave_connection = **** {{(pid=84004) log_opt_values /opt/stack/data/venv/lib/python3.12/site-packages/oslo_config/cfg.py:3560}}
Aug 26 14:16:43 devstack devstack@g-api.service[84004]: DEBUG glance.common.config [None req-3d7bf64a-7815-413e-84fa-2822f0818cec None None] database.sqlite_synchronous = True {{(pid=84004) log_opt_values /opt/stack/data/venv/lib/python3.12/site-packages/oslo_config/cfg.py:3560}}
Aug 26 14:16:43 devstack devstack@g-api.service[84004]: DEBUG glance.common.config [None req-3d7bf64a-7815-413e-84fa-2822f0818cec None None] database.synchronous_reader = True {{(pid=84004) log_opt_values /opt/stack/data/venv/lib/python3.12/site-packages/oslo_config/cfg.py:3560}}
Aug 26 14:16:43 devstack devstack@g-api.service[84004]: DEBUG glance.common.config [None req-3d7bf64a-7815-413e-84fa-2822f0818cec None None] database.use_db_reconnect = False {{(pid=84004) log_opt_values /opt/stack/data/venv/lib/python3.12/site-packages/oslo_config/cfg.py:3560}}
Aug 26 14:16:43 devstack devstack@g-api.service[84004]: DEBUG glance.common.config [None req-3d7bf64a-7815-413e-84fa-2822f0818cec None None] healthcheck.allowed_source_ranges = [] {{(pid=84004) log_opt_values /opt/stack/data/venv/lib/python3.12/site-packages/oslo_config/cfg.py:3560}}
Aug 26 14:16:43 devstack devstack@g-api.service[84004]: DEBUG glance.common.config [None req-3d7bf64a-7815-413e-84fa-2822f0818cec None None] healthcheck.backends = ['disable_by_file'] {{(pid=84004) log_opt_values /opt/stack/data/venv/lib/python3.12/site-packages/oslo_config/cfg.py:3560}}
Aug 26 14:16:43 devstack devstack@g-api.service[84004]: DEBUG glance.common.config [None req-3d7bf64a-7815-413e-84fa-2822f0818cec None None] healthcheck.detailed = False {{(pid=84004) log_opt_values /opt/stack/data/venv/lib/python3.12/site-packages/oslo_config/cfg.py:3560}}
Aug 26 14:16:43 devstack devstack@g-api.service[84004]: DEBUG glance.common.config [None req-3d7bf64a-7815-413e-84fa-2822f0818cec None None] healthcheck.disable_by_file_path = None {{(pid=84004) log_opt_values /opt/stack/data/venv/lib/python3.12/site-packages/oslo_config/cfg.py:3560}}
Aug 26 14:16:43 devstack devstack@g-api.service[84004]: DEBUG glance.common.config [None req-3d7bf64a-7815-413e-84fa-2822f0818cec None None] healthcheck.ignore_proxied_requests = False {{(pid=84004) log_opt_values /opt/stack/data/venv/lib/python3.12/site-packages/oslo_config/cfg.py:3560}}
Aug 26 14:16:43 devstack devstack@g-api.service[84004]: DEBUG glance.common.config [None req-3d7bf64a-7815-413e-84fa-2822f0818cec None None] ******************************************************************************** {{(pid=84004) log_opt_values /opt/stack/data/venv/lib/python3.12/site-packages/oslo_config/cfg.py:3567}}
Aug 26 14:16:43 devstack devstack@g-api.service[84004]: WSGI app 0 (mountpoint='') ready in 6 seconds on interpreter 0x7a47ebea4668 pid: 84004 (default app)
Aug 26 14:16:47 devstack devstack@g-api.service[84003]: DEBUG glance.api.middleware.version_negotiation [None req-645955c2-c060-4c51-b35c-0039f1873cca None None] Determining version of request: GET / Accept: application/json {{(pid=84003) process_request /opt/stack/glance/glance/api/middleware/version_negotiation.py:44}}
Aug 26 14:16:47 devstack devstack@g-api.service[84003]: DEBUG glance.api.middleware.version_negotiation [None req-645955c2-c060-4c51-b35c-0039f1873cca None None] Using url versioning {{(pid=84003) process_request /opt/stack/glance/glance/api/middleware/version_negotiation.py:57}}
Aug 26 14:16:47 devstack devstack@g-api.service[84003]: DEBUG glance.api.middleware.version_negotiation [None req-645955c2-c060-4c51-b35c-0039f1873cca None None] Unknown version. Returning version choices. {{(pid=84003) process_request /opt/stack/glance/glance/api/middleware/version_negotiation.py:64}}
Aug 26 14:16:47 devstack devstack@g-api.service[84003]: [pid: 84003|app: 0|req: 2/2] 127.0.0.1 () {34 vars in 519 bytes} [Wed Aug 26 14:16:47 2026] GET / => generated 1571 bytes in 3 msecs (HTTP/1.1 300) 3 headers in 106 bytes (1 switches on core 0)
Aug 26 14:16:47 devstack devstack@g-api.service[84004]: DEBUG glance.api.middleware.version_negotiation [None req-3d7bf64a-7815-413e-84fa-2822f0818cec None None] Determining version of request: POST /v2/images Accept: */* {{(pid=84004) process_request /opt/stack/glance/glance/api/middleware/version_negotiation.py:44}}
Aug 26 14:16:47 devstack devstack@g-api.service[84004]: DEBUG glance.api.middleware.version_negotiation [None req-3d7bf64a-7815-413e-84fa-2822f0818cec None None] Using url versioning {{(pid=84004) process_request /opt/stack/glance/glance/api/middleware/version_negotiation.py:57}}
Aug 26 14:16:47 devstack devstack@g-api.service[84004]: DEBUG glance.api.middleware.version_negotiation [None req-3d7bf64a-7815-413e-84fa-2822f0818cec None None] Matched version: v2 {{(pid=84004) process_request /opt/stack/glance/glance/api/middleware/version_negotiation.py:69}}
Aug 26 14:16:47 devstack devstack@g-api.service[84004]: DEBUG glance.api.middleware.version_negotiation [None req-3d7bf64a-7815-413e-84fa-2822f0818cec None None] new path /v2/images {{(pid=84004) process_request /opt/stack/glance/glance/api/middleware/version_negotiation.py:70}}
Aug 26 14:16:48 devstack devstack@g-api.service[84004]: [pid: 84004|app: 0|req: 1/3] 127.0.0.1 () {40 vars in 782 bytes} [Wed Aug 26 14:16:47 2026] POST /v2/images => generated 807 bytes in 1120 msecs (HTTP/1.1 201) 6 headers in 314 bytes (1 switches on core 0)
Aug 26 14:16:48 devstack devstack@g-api.service[84003]: DEBUG glance.api.middleware.version_negotiation [None req-645955c2-c060-4c51-b35c-0039f1873cca None None] Determining version of request: PUT /v2/images/2681f5d8-1c86-4dfd-86fb-c29aaed49dc6/file Accept: {{(pid=84003) process_request /opt/stack/glance/glance/api/middleware/version_negotiation.py:44}}
Aug 26 14:16:48 devstack devstack@g-api.service[84003]: DEBUG glance.api.middleware.version_negotiation [None req-645955c2-c060-4c51-b35c-0039f1873cca None None] Using url versioning {{(pid=84003) process_request /opt/stack/glance/glance/api/middleware/version_negotiation.py:57}}
Aug 26 14:16:48 devstack devstack@g-api.service[84003]: DEBUG glance.api.middleware.version_negotiation [None req-645955c2-c060-4c51-b35c-0039f1873cca None None] Matched version: v2 {{(pid=84003) process_request /opt/stack/glance/glance/api/middleware/version_negotiation.py:69}}
Aug 26 14:16:48 devstack devstack@g-api.service[84003]: DEBUG glance.api.middleware.version_negotiation [None req-645955c2-c060-4c51-b35c-0039f1873cca None None] new path /v2/images/2681f5d8-1c86-4dfd-86fb-c29aaed49dc6/file {{(pid=84003) process_request /opt/stack/glance/glance/api/middleware/version_negotiation.py:70}}
Aug 26 14:16:49 devstack devstack@g-api.service[84003]: INFO glance.api.v2.image_data [None req-cd2e2684-8cbf-497c-b887-7a832d25a930 admin admin] Unable to create trust: no such option collect_timing in group [keystone_authtoken] Use the existing user token.
Aug 26 14:16:49 devstack devstack@g-api.service[84003]: DEBUG glance.location [None req-cd2e2684-8cbf-497c-b887-7a832d25a930 admin admin] Enabling in-flight format inspection for qcow2 {{(pid=84003) set_data /opt/stack/glance/glance/location.py:596}}
Aug 26 14:16:49 devstack devstack@g-api.service[84003]: DEBUG oslo_utils.imageutils.format_inspector [None req-cd2e2684-8cbf-497c-b887-7a832d25a930 admin admin] Format inspector for vmdk does not match, excluding from consideration (Signature KDMV not found: b'QFI\xfb') {{(pid=84003) _process_chunk /opt/stack/data/venv/lib/python3.12/site-packages/oslo_utils/imageutils/format_inspector.py:1758}}
Aug 26 14:16:49 devstack devstack@g-api.service[84003]: DEBUG oslo_utils.imageutils.format_inspector [None req-cd2e2684-8cbf-497c-b887-7a832d25a930 admin admin] Format inspector for vhdx does not match, excluding from consideration (Region signature not found at 30000) {{(pid=84003) _process_chunk /opt/stack/data/venv/lib/python3.12/site-packages/oslo_utils/imageutils/format_inspector.py:1758}}
Aug 26 14:16:49 devstack devstack@g-api.service[84003]: DEBUG glance_store._drivers.filesystem [None req-cd2e2684-8cbf-497c-b887-7a832d25a930 admin admin] Wrote 21692416 bytes to /opt/stack/data/glance/images/2681f5d8-1c86-4dfd-86fb-c29aaed49dc6 with checksum 87617e24a5e30cb3b87fda8c0764838f and multihash 9a9bce0083a00939ec17c11febbfc767aa211aaa54f51e75c5a8b271a9b5637c77205a518b7a2007cb391d23cceb01e0e4e8d64832317151bc85b734b92a7be0 {{(pid=84003) add /opt/stack/data/venv/lib/python3.12/site-packages/glance_store/_drivers/filesystem.py:899}}
Aug 26 14:16:49 devstack devstack@g-api.service[84003]: INFO glance.location [None req-cd2e2684-8cbf-497c-b887-7a832d25a930 admin admin] Image format matched and virtual size computed: 117440512
Aug 26 14:16:50 devstack devstack@g-api.service[84003]: DEBUG glance_store.backend [None req-cd2e2684-8cbf-497c-b887-7a832d25a930 admin admin] Skipping store.set_acls... not implemented. {{(pid=84003) set_acls /opt/stack/data/venv/lib/python3.12/site-packages/glance_store/backend.py:507}}
Aug 26 14:16:50 devstack devstack@g-api.service[84003]: [pid: 84003|app: 0|req: 3/4] 127.0.0.1 () {42 vars in 914 bytes} [Wed Aug 26 14:16:48 2026] PUT /v2/images/2681f5d8-1c86-4dfd-86fb-c29aaed49dc6/file => generated 0 bytes in 1686 msecs (HTTP/1.1 204) 4 headers in 171 bytes (1 switches on core 0)
Aug 26 14:16:50 devstack devstack@g-api.service[84004]: DEBUG glance.api.middleware.version_negotiation [None req-07461505-66a9-448f-b2ba-2b1c22ee7c68 admin admin] Determining version of request: GET /v2/images/2681f5d8-1c86-4dfd-86fb-c29aaed49dc6 Accept: */* {{(pid=84004) process_request /opt/stack/glance/glance/api/middleware/version_negotiation.py:44}}
Aug 26 14:16:50 devstack devstack@g-api.service[84004]: DEBUG glance.api.middleware.version_negotiation [None req-07461505-66a9-448f-b2ba-2b1c22ee7c68 admin admin] Using url versioning {{(pid=84004) process_request /opt/stack/glance/glance/api/middleware/version_negotiation.py:57}}
Aug 26 14:16:50 devstack devstack@g-api.service[84004]: DEBUG glance.api.middleware.version_negotiation [None req-07461505-66a9-448f-b2ba-2b1c22ee7c68 admin admin] Matched version: v2 {{(pid=84004) process_request /opt/stack/glance/glance/api/middleware/version_negotiation.py:69}}
Aug 26 14:16:50 devstack devstack@g-api.service[84004]: DEBUG glance.api.middleware.version_negotiation [None req-07461505-66a9-448f-b2ba-2b1c22ee7c68 admin admin] new path /v2/images/2681f5d8-1c86-4dfd-86fb-c29aaed49dc6 {{(pid=84004) process_request /opt/stack/glance/glance/api/middleware/version_negotiation.py:70}}
Aug 26 14:16:50 devstack devstack@g-api.service[84004]: [pid: 84004|app: 0|req: 2/5] 127.0.0.1 () {36 vars in 802 bytes} [Wed Aug 26 14:16:50 2026] GET /v2/images/2681f5d8-1c86-4dfd-86fb-c29aaed49dc6 => generated 976 bytes in 21 msecs (HTTP/1.1 200) 4 headers in 157 bytes (1 switches on core 0)
Aug 26 14:17:00 devstack devstack@g-api.service[84003]: DEBUG dbcounter [-] [84003] Writing DB stats glance:INSERT=5,glance:SELECT=16,glance:UPDATE=2 {{(pid=84003) stat_writer /opt/stack/data/venv/lib/python3.12/site-packages/dbcounter.py:115}}
Aug 26 14:17:00 devstack devstack@g-api.service[84004]: DEBUG dbcounter [-] [84004] Writing DB stats glance:INSERT=9,glance:SELECT=6 {{(pid=84004) stat_writer /opt/stack/data/venv/lib/python3.12/site-packages/dbcounter.py:115}}
Aug 26 14:17:31 devstack devstack@g-api.service[84003]: DEBUG glance.api.middleware.version_negotiation [None req-cd2e2684-8cbf-497c-b887-7a832d25a930 admin admin] Determining version of request: GET / Accept: application/json {{(pid=84003) process_request /opt/stack/glance/glance/api/middleware/version_negotiation.py:44}}
Aug 26 14:17:31 devstack devstack@g-api.service[84003]: DEBUG glance.api.middleware.version_negotiation [None req-cd2e2684-8cbf-497c-b887-7a832d25a930 admin admin] Using url versioning {{(pid=84003) process_request /opt/stack/glance/glance/api/middleware/version_negotiation.py:57}}
Aug 26 14:17:31 devstack devstack@g-api.service[84003]: DEBUG glance.api.middleware.version_negotiation [None req-cd2e2684-8cbf-497c-b887-7a832d25a930 admin admin] Unknown version. Returning version choices. {{(pid=84003) process_request /opt/stack/glance/glance/api/middleware/version_negotiation.py:64}}
Aug 26 14:17:31 devstack devstack@g-api.service[84003]: [pid: 84003|app: 0|req: 4/6] 127.0.0.1 () {34 vars in 519 bytes} [Wed Aug 26 14:17:31 2026] GET / => generated 1571 bytes in 2 msecs (HTTP/1.1 300) 3 headers in 106 bytes (1 switches on core 0)
Aug 26 14:17:31 devstack devstack@g-api.service[84004]: DEBUG glance.api.middleware.version_negotiation [None req-3368be1d-5eaa-495a-994e-6a704764a5ad admin admin] Determining version of request: GET /v2/images Accept: application/json {{(pid=84004) process_request /opt/stack/glance/glance/api/middleware/version_negotiation.py:44}}
Aug 26 14:17:31 devstack devstack@g-api.service[84004]: DEBUG glance.api.middleware.version_negotiation [None req-3368be1d-5eaa-495a-994e-6a704764a5ad admin admin] Using url versioning {{(pid=84004) process_request /opt/stack/glance/glance/api/middleware/version_negotiation.py:57}}
Aug 26 14:17:31 devstack devstack@g-api.service[84004]: DEBUG glance.api.middleware.version_negotiation [None req-3368be1d-5eaa-495a-994e-6a704764a5ad admin admin] Matched version: v2 {{(pid=84004) process_request /opt/stack/glance/glance/api/middleware/version_negotiation.py:69}}
Aug 26 14:17:31 devstack devstack@g-api.service[84004]: DEBUG glance.api.middleware.version_negotiation [None req-3368be1d-5eaa-495a-994e-6a704764a5ad admin admin] new path /v2/images {{(pid=84004) process_request /opt/stack/glance/glance/api/middleware/version_negotiation.py:70}}
Aug 26 14:17:31 devstack devstack@g-api.service[84004]: [pid: 84004|app: 0|req: 3/7] 127.0.0.1 () {36 vars in 741 bytes} [Wed Aug 26 14:17:31 2026] GET /v2/images => generated 1045 bytes in 88 msecs (HTTP/1.1 200) 4 headers in 158 bytes (1 switches on core 0)
Aug 26 14:17:40 devstack devstack@g-api.service[84003]: DEBUG glance.api.middleware.version_negotiation [None req-cd2e2684-8cbf-497c-b887-7a832d25a930 admin admin] Determining version of request: GET / Accept: application/json {{(pid=84003) process_request /opt/stack/glance/glance/api/middleware/version_negotiation.py:44}}
Aug 26 14:17:40 devstack devstack@g-api.service[84003]: DEBUG glance.api.middleware.version_negotiation [None req-cd2e2684-8cbf-497c-b887-7a832d25a930 admin admin] Using url versioning {{(pid=84003) process_request /opt/stack/glance/glance/api/middleware/version_negotiation.py:57}}
Aug 26 14:17:40 devstack devstack@g-api.service[84003]: DEBUG glance.api.middleware.version_negotiation [None req-cd2e2684-8cbf-497c-b887-7a832d25a930 admin admin] Unknown version. Returning version choices. {{(pid=84003) process_request /opt/stack/glance/glance/api/middleware/version_negotiation.py:64}}
Aug 26 14:17:40 devstack devstack@g-api.service[84003]: [pid: 84003|app: 0|req: 5/8] 127.0.0.1 () {34 vars in 519 bytes} [Wed Aug 26 14:17:40 2026] GET / => generated 1571 bytes in 2 msecs (HTTP/1.1 300) 3 headers in 106 bytes (1 switches on core 0)
Aug 26 14:17:40 devstack devstack@g-api.service[84004]: DEBUG glance.api.middleware.version_negotiation [None req-e0ad0f6c-641a-4425-9499-0bbcd22a0dfe admin admin] Determining version of request: GET /v2/images/2681f5d8-1c86-4dfd-86fb-c29aaed49dc6 Accept: */* {{(pid=84004) process_request /opt/stack/glance/glance/api/middleware/version_negotiation.py:44}}
Aug 26 14:17:40 devstack devstack@g-api.service[84004]: DEBUG glance.api.middleware.version_negotiation [None req-e0ad0f6c-641a-4425-9499-0bbcd22a0dfe admin admin] Using url versioning {{(pid=84004) process_request /opt/stack/glance/glance/api/middleware/version_negotiation.py:57}}
Aug 26 14:17:40 devstack devstack@g-api.service[84004]: DEBUG glance.api.middleware.version_negotiation [None req-e0ad0f6c-641a-4425-9499-0bbcd22a0dfe admin admin] Matched version: v2 {{(pid=84004) process_request /opt/stack/glance/glance/api/middleware/version_negotiation.py:69}}
Aug 26 14:17:40 devstack devstack@g-api.service[84004]: DEBUG glance.api.middleware.version_negotiation [None req-e0ad0f6c-641a-4425-9499-0bbcd22a0dfe admin admin] new path /v2/images/2681f5d8-1c86-4dfd-86fb-c29aaed49dc6 {{(pid=84004) process_request /opt/stack/glance/glance/api/middleware/version_negotiation.py:70}}
Aug 26 14:17:40 devstack devstack@g-api.service[84004]: [pid: 84004|app: 0|req: 4/9] 127.0.0.1 () {36 vars in 802 bytes} [Wed Aug 26 14:17:40 2026] GET /v2/images/2681f5d8-1c86-4dfd-86fb-c29aaed49dc6 => generated 976 bytes in 68 msecs (HTTP/1.1 200) 4 headers in 157 bytes (1 switches on core 0)
Aug 26 14:17:46 devstack devstack@g-api.service[84003]: DEBUG glance.api.middleware.version_negotiation [None req-cd2e2684-8cbf-497c-b887-7a832d25a930 admin admin] Determining version of request: GET / Accept: application/json {{(pid=84003) process_request /opt/stack/glance/glance/api/middleware/version_negotiation.py:44}}
Aug 26 14:17:46 devstack devstack@g-api.service[84003]: DEBUG glance.api.middleware.version_negotiation [None req-cd2e2684-8cbf-497c-b887-7a832d25a930 admin admin] Using url versioning {{(pid=84003) process_request /opt/stack/glance/glance/api/middleware/version_negotiation.py:57}}
Aug 26 14:17:46 devstack devstack@g-api.service[84003]: DEBUG glance.api.middleware.version_negotiation [None req-cd2e2684-8cbf-497c-b887-7a832d25a930 admin admin] Unknown version. Returning version choices. {{(pid=84003) process_request /opt/stack/glance/glance/api/middleware/version_negotiation.py:64}}
Aug 26 14:17:46 devstack devstack@g-api.service[84003]: [pid: 84003|app: 0|req: 6/10] 127.0.0.1 () {34 vars in 519 bytes} [Wed Aug 26 14:17:46 2026] GET / => generated 1571 bytes in 2 msecs (HTTP/1.1 300) 3 headers in 106 bytes (1 switches on core 0)
Aug 26 14:17:46 devstack devstack@g-api.service[84004]: DEBUG glance.api.middleware.version_negotiation [None req-c11b1a3a-11d3-4ef7-a2b0-0efa1be1c1b7 admin admin] Determining version of request: GET /v2/images/2681f5d8-1c86-4dfd-86fb-c29aaed49dc6 Accept: */* {{(pid=84004) process_request /opt/stack/glance/glance/api/middleware/version_negotiation.py:44}}
Aug 26 14:17:46 devstack devstack@g-api.service[84004]: DEBUG glance.api.middleware.version_negotiation [None req-c11b1a3a-11d3-4ef7-a2b0-0efa1be1c1b7 admin admin] Using url versioning {{(pid=84004) process_request /opt/stack/glance/glance/api/middleware/version_negotiation.py:57}}
Aug 26 14:17:46 devstack devstack@g-api.service[84004]: DEBUG glance.api.middleware.version_negotiation [None req-c11b1a3a-11d3-4ef7-a2b0-0efa1be1c1b7 admin admin] Matched version: v2 {{(pid=84004) process_request /opt/stack/glance/glance/api/middleware/version_negotiation.py:69}}
Aug 26 14:17:46 devstack devstack@g-api.service[84004]: DEBUG glance.api.middleware.version_negotiation [None req-c11b1a3a-11d3-4ef7-a2b0-0efa1be1c1b7 admin admin] new path /v2/images/2681f5d8-1c86-4dfd-86fb-c29aaed49dc6 {{(pid=84004) process_request /opt/stack/glance/glance/api/middleware/version_negotiation.py:70}}
Aug 26 14:17:46 devstack devstack@g-api.service[84004]: [pid: 84004|app: 0|req: 5/11] 127.0.0.1 () {36 vars in 802 bytes} [Wed Aug 26 14:17:46 2026] GET /v2/images/2681f5d8-1c86-4dfd-86fb-c29aaed49dc6 => generated 976 bytes in 68 msecs (HTTP/1.1 200) 4 headers in 157 bytes (1 switches on core 0)
Aug 26 14:17:56 devstack devstack@g-api.service[84004]: DEBUG dbcounter [-] [84004] Writing DB stats glance:SELECT=5 {{(pid=84004) stat_writer /opt/stack/data/venv/lib/python3.12/site-packages/dbcounter.py:115}}
Aug 26 14:19:00 devstack devstack@g-api.service[84003]: DEBUG glance.api.middleware.version_negotiation [None req-cd2e2684-8cbf-497c-b887-7a832d25a930 admin admin] Determining version of request: GET / Accept: application/json {{(pid=84003) process_request /opt/stack/glance/glance/api/middleware/version_negotiation.py:44}}
Aug 26 14:19:00 devstack devstack@g-api.service[84003]: DEBUG glance.api.middleware.version_negotiation [None req-cd2e2684-8cbf-497c-b887-7a832d25a930 admin admin] Using url versioning {{(pid=84003) process_request /opt/stack/glance/glance/api/middleware/version_negotiation.py:57}}
Aug 26 14:19:00 devstack devstack@g-api.service[84003]: DEBUG glance.api.middleware.version_negotiation [None req-cd2e2684-8cbf-497c-b887-7a832d25a930 admin admin] Unknown version. Returning version choices. {{(pid=84003) process_request /opt/stack/glance/glance/api/middleware/version_negotiation.py:64}}
Aug 26 14:19:00 devstack devstack@g-api.service[84003]: [pid: 84003|app: 0|req: 7/12] 127.0.0.1 () {36 vars in 488 bytes} [Wed Aug 26 14:19:00 2026] GET / => generated 1571 bytes in 2 msecs (HTTP/1.1 300) 3 headers in 106 bytes (1 switches on core 0)
Aug 26 14:21:57 devstack devstack@g-api.service[84004]: DEBUG glance.api.middleware.version_negotiation [None req-dad427d0-66e6-48d4-9bf3-c0dc0c7adbea admin admin] Determining version of request: GET / Accept: application/json {{(pid=84004) process_request /opt/stack/glance/glance/api/middleware/version_negotiation.py:44}}
Aug 26 14:21:57 devstack devstack@g-api.service[84004]: DEBUG glance.api.middleware.version_negotiation [None req-dad427d0-66e6-48d4-9bf3-c0dc0c7adbea admin admin] Using url versioning {{(pid=84004) process_request /opt/stack/glance/glance/api/middleware/version_negotiation.py:57}}
Aug 26 14:21:57 devstack devstack@g-api.service[84004]: DEBUG glance.api.middleware.version_negotiation [None req-dad427d0-66e6-48d4-9bf3-c0dc0c7adbea admin admin] Unknown version. Returning version choices. {{(pid=84004) process_request /opt/stack/glance/glance/api/middleware/version_negotiation.py:64}}
Aug 26 14:21:57 devstack devstack@g-api.service[84004]: [pid: 84004|app: 0|req: 6/13] 127.0.0.1 () {34 vars in 505 bytes} [Wed Aug 26 14:21:57 2026] GET / => generated 1571 bytes in 4 msecs (HTTP/1.1 300) 3 headers in 106 bytes (1 switches on core 0)
Aug 26 14:21:57 devstack devstack@g-api.service[84003]: DEBUG glance.api.middleware.version_negotiation [None req-cd2e2684-8cbf-497c-b887-7a832d25a930 admin admin] Determining version of request: GET /v2/images/2681f5d8-1c86-4dfd-86fb-c29aaed49dc6 Accept: */* {{(pid=84003) process_request /opt/stack/glance/glance/api/middleware/version_negotiation.py:44}}
Aug 26 14:21:57 devstack devstack@g-api.service[84003]: DEBUG glance.api.middleware.version_negotiation [None req-cd2e2684-8cbf-497c-b887-7a832d25a930 admin admin] Using url versioning {{(pid=84003) process_request /opt/stack/glance/glance/api/middleware/version_negotiation.py:57}}
Aug 26 14:21:57 devstack devstack@g-api.service[84003]: DEBUG glance.api.middleware.version_negotiation [None req-cd2e2684-8cbf-497c-b887-7a832d25a930 admin admin] Matched version: v2 {{(pid=84003) process_request /opt/stack/glance/glance/api/middleware/version_negotiation.py:69}}
Aug 26 14:21:57 devstack devstack@g-api.service[84003]: DEBUG glance.api.middleware.version_negotiation [None req-cd2e2684-8cbf-497c-b887-7a832d25a930 admin admin] new path /v2/images/2681f5d8-1c86-4dfd-86fb-c29aaed49dc6 {{(pid=84003) process_request /opt/stack/glance/glance/api/middleware/version_negotiation.py:70}}
Aug 26 14:21:57 devstack devstack@g-api.service[84003]: [pid: 84003|app: 0|req: 8/14] 127.0.0.1 () {42 vars in 1061 bytes} [Wed Aug 26 14:21:57 2026] GET /v2/images/2681f5d8-1c86-4dfd-86fb-c29aaed49dc6 => generated 976 bytes in 324 msecs (HTTP/1.1 200) 4 headers in 157 bytes (1 switches on core 0)
Aug 26 14:21:57 devstack devstack@g-api.service[84004]: DEBUG glance.api.middleware.version_negotiation [None req-dad427d0-66e6-48d4-9bf3-c0dc0c7adbea admin admin] Determining version of request: GET /v2/schemas/image Accept: */* {{(pid=84004) process_request /opt/stack/glance/glance/api/middleware/version_negotiation.py:44}}
Aug 26 14:21:57 devstack devstack@g-api.service[84004]: DEBUG glance.api.middleware.version_negotiation [None req-dad427d0-66e6-48d4-9bf3-c0dc0c7adbea admin admin] Using url versioning {{(pid=84004) process_request /opt/stack/glance/glance/api/middleware/version_negotiation.py:57}}
Aug 26 14:21:57 devstack devstack@g-api.service[84004]: DEBUG glance.api.middleware.version_negotiation [None req-dad427d0-66e6-48d4-9bf3-c0dc0c7adbea admin admin] Matched version: v2 {{(pid=84004) process_request /opt/stack/glance/glance/api/middleware/version_negotiation.py:69}}
Aug 26 14:21:57 devstack devstack@g-api.service[84004]: DEBUG glance.api.middleware.version_negotiation [None req-dad427d0-66e6-48d4-9bf3-c0dc0c7adbea admin admin] new path /v2/schemas/image {{(pid=84004) process_request /opt/stack/glance/glance/api/middleware/version_negotiation.py:70}}
Aug 26 14:21:57 devstack devstack@g-api.service[84004]: [pid: 84004|app: 0|req: 7/15] 127.0.0.1 () {42 vars in 1001 bytes} [Wed Aug 26 14:21:57 2026] GET /v2/schemas/image => generated 6083 bytes in 11 msecs (HTTP/1.1 200) 4 headers in 158 bytes (1 switches on core 0)
Aug 26 14:22:07 devstack devstack@g-api.service[84003]: DEBUG dbcounter [-] [84003] Writing DB stats glance:SELECT=2 {{(pid=84003) stat_writer /opt/stack/data/venv/lib/python3.12/site-packages/dbcounter.py:115}}
Aug 26 14:22:08 devstack devstack@g-api.service[84003]: DEBUG glance.api.middleware.version_negotiation [None req-b5a5b44c-10cc-45db-92b5-45776d019429 tempest-ServerRescueNegativeTestJSON-407889640 tempest-ServerRescueNegativeTestJSON-407889640-project-member] Determining version of request: GET / Accept: application/json {{(pid=84003) process_request /opt/stack/glance/glance/api/middleware/version_negotiation.py:44}}
Aug 26 14:22:08 devstack devstack@g-api.service[84003]: DEBUG glance.api.middleware.version_negotiation [None req-b5a5b44c-10cc-45db-92b5-45776d019429 tempest-ServerRescueNegativeTestJSON-407889640 tempest-ServerRescueNegativeTestJSON-407889640-project-member] Using url versioning {{(pid=84003) process_request /opt/stack/glance/glance/api/middleware/version_negotiation.py:57}}
Aug 26 14:22:08 devstack devstack@g-api.service[84003]: DEBUG glance.api.middleware.version_negotiation [None req-b5a5b44c-10cc-45db-92b5-45776d019429 tempest-ServerRescueNegativeTestJSON-407889640 tempest-ServerRescueNegativeTestJSON-407889640-project-member] Unknown version. Returning version choices. {{(pid=84003) process_request /opt/stack/glance/glance/api/middleware/version_negotiation.py:64}}
Aug 26 14:22:08 devstack devstack@g-api.service[84003]: [pid: 84003|app: 0|req: 9/16] 127.0.0.1 () {34 vars in 505 bytes} [Wed Aug 26 14:22:08 2026] GET / => generated 1571 bytes in 6 msecs (HTTP/1.1 300) 3 headers in 106 bytes (1 switches on core 0)
Aug 26 14:22:08 devstack devstack@g-api.service[84004]: DEBUG glance.api.middleware.version_negotiation [None req-b5a5b44c-10cc-45db-92b5-45776d019429 tempest-ServerRescueNegativeTestJSON-407889640 tempest-ServerRescueNegativeTestJSON-407889640-project-member] Determining version of request: GET /v2/images/2681f5d8-1c86-4dfd-86fb-c29aaed49dc6 Accept: */* {{(pid=84004) process_request /opt/stack/glance/glance/api/middleware/version_negotiation.py:44}}
Aug 26 14:22:08 devstack devstack@g-api.service[84004]: DEBUG glance.api.middleware.version_negotiation [None req-b5a5b44c-10cc-45db-92b5-45776d019429 tempest-ServerRescueNegativeTestJSON-407889640 tempest-ServerRescueNegativeTestJSON-407889640-project-member] Using url versioning {{(pid=84004) process_request /opt/stack/glance/glance/api/middleware/version_negotiation.py:57}}
Aug 26 14:22:08 devstack devstack@g-api.service[84004]: DEBUG glance.api.middleware.version_negotiation [None req-b5a5b44c-10cc-45db-92b5-45776d019429 tempest-ServerRescueNegativeTestJSON-407889640 tempest-ServerRescueNegativeTestJSON-407889640-project-member] Matched version: v2 {{(pid=84004) process_request /opt/stack/glance/glance/api/middleware/version_negotiation.py:69}}
Aug 26 14:22:08 devstack devstack@g-api.service[84004]: DEBUG glance.api.middleware.version_negotiation [None req-b5a5b44c-10cc-45db-92b5-45776d019429 tempest-ServerRescueNegativeTestJSON-407889640 tempest-ServerRescueNegativeTestJSON-407889640-project-member] new path /v2/images/2681f5d8-1c86-4dfd-86fb-c29aaed49dc6 {{(pid=84004) process_request /opt/stack/glance/glance/api/middleware/version_negotiation.py:70}}
Aug 26 14:22:08 devstack devstack@g-api.service[84004]: [pid: 84004|app: 0|req: 8/17] 127.0.0.1 () {42 vars in 1061 bytes} [Wed Aug 26 14:22:08 2026] GET /v2/images/2681f5d8-1c86-4dfd-86fb-c29aaed49dc6 => generated 976 bytes in 243 msecs (HTTP/1.1 200) 4 headers in 157 bytes (1 switches on core 0)
Aug 26 14:22:08 devstack devstack@g-api.service[84003]: DEBUG glance.api.middleware.version_negotiation [None req-b5a5b44c-10cc-45db-92b5-45776d019429 tempest-ServerRescueNegativeTestJSON-407889640 tempest-ServerRescueNegativeTestJSON-407889640-project-member] Determining version of request: GET /v2/schemas/image Accept: */* {{(pid=84003) process_request /opt/stack/glance/glance/api/middleware/version_negotiation.py:44}}
Aug 26 14:22:08 devstack devstack@g-api.service[84003]: DEBUG glance.api.middleware.version_negotiation [None req-b5a5b44c-10cc-45db-92b5-45776d019429 tempest-ServerRescueNegativeTestJSON-407889640 tempest-ServerRescueNegativeTestJSON-407889640-project-member] Using url versioning {{(pid=84003) process_request /opt/stack/glance/glance/api/middleware/version_negotiation.py:57}}
Aug 26 14:22:08 devstack devstack@g-api.service[84003]: DEBUG glance.api.middleware.version_negotiation [None req-b5a5b44c-10cc-45db-92b5-45776d019429 tempest-ServerRescueNegativeTestJSON-407889640 tempest-ServerRescueNegativeTestJSON-407889640-project-member] Matched version: v2 {{(pid=84003) process_request /opt/stack/glance/glance/api/middleware/version_negotiation.py:69}}
Aug 26 14:22:08 devstack devstack@g-api.service[84003]: DEBUG glance.api.middleware.version_negotiation [None req-b5a5b44c-10cc-45db-92b5-45776d019429 tempest-ServerRescueNegativeTestJSON-407889640 tempest-ServerRescueNegativeTestJSON-407889640-project-member] new path /v2/schemas/image {{(pid=84003) process_request /opt/stack/glance/glance/api/middleware/version_negotiation.py:70}}
Aug 26 14:22:08 devstack devstack@g-api.service[84003]: [pid: 84003|app: 0|req: 10/18] 127.0.0.1 () {42 vars in 1001 bytes} [Wed Aug 26 14:22:08 2026] GET /v2/schemas/image => generated 6083 bytes in 14 msecs (HTTP/1.1 200) 4 headers in 158 bytes (1 switches on core 0)
Aug 26 14:22:11 devstack devstack@g-api.service[84004]: DEBUG glance.api.middleware.version_negotiation [None req-3646e089-e5f3-44b9-9e6d-e5d8bcb60e82 tempest-ServerActionsTestOtherA-177810280 tempest-ServerActionsTestOtherA-177810280-project-member] Determining version of request: GET /v2/images/2681f5d8-1c86-4dfd-86fb-c29aaed49dc6 Accept: */* {{(pid=84004) process_request /opt/stack/glance/glance/api/middleware/version_negotiation.py:44}}
Aug 26 14:22:11 devstack devstack@g-api.service[84004]: DEBUG glance.api.middleware.version_negotiation [None req-3646e089-e5f3-44b9-9e6d-e5d8bcb60e82 tempest-ServerActionsTestOtherA-177810280 tempest-ServerActionsTestOtherA-177810280-project-member] Using url versioning {{(pid=84004) process_request /opt/stack/glance/glance/api/middleware/version_negotiation.py:57}}
Aug 26 14:22:11 devstack devstack@g-api.service[84004]: DEBUG glance.api.middleware.version_negotiation [None req-3646e089-e5f3-44b9-9e6d-e5d8bcb60e82 tempest-ServerActionsTestOtherA-177810280 tempest-ServerActionsTestOtherA-177810280-project-member] Matched version: v2 {{(pid=84004) process_request /opt/stack/glance/glance/api/middleware/version_negotiation.py:69}}
Aug 26 14:22:11 devstack devstack@g-api.service[84004]: DEBUG glance.api.middleware.version_negotiation [None req-3646e089-e5f3-44b9-9e6d-e5d8bcb60e82 tempest-ServerActionsTestOtherA-177810280 tempest-ServerActionsTestOtherA-177810280-project-member] new path /v2/images/2681f5d8-1c86-4dfd-86fb-c29aaed49dc6 {{(pid=84004) process_request /opt/stack/glance/glance/api/middleware/version_negotiation.py:70}}
Aug 26 14:22:11 devstack devstack@g-api.service[84004]: [pid: 84004|app: 0|req: 9/19] 127.0.0.1 () {42 vars in 1061 bytes} [Wed Aug 26 14:22:11 2026] GET /v2/images/2681f5d8-1c86-4dfd-86fb-c29aaed49dc6 => generated 976 bytes in 52 msecs (HTTP/1.1 200) 4 headers in 157 bytes (1 switches on core 0)
Aug 26 14:22:11 devstack devstack@g-api.service[84003]: DEBUG glance.api.middleware.version_negotiation [None req-3646e089-e5f3-44b9-9e6d-e5d8bcb60e82 tempest-ServerActionsTestOtherA-177810280 tempest-ServerActionsTestOtherA-177810280-project-member] Determining version of request: GET /v2/schemas/image Accept: */* {{(pid=84003) process_request /opt/stack/glance/glance/api/middleware/version_negotiation.py:44}}
Aug 26 14:22:11 devstack devstack@g-api.service[84003]: DEBUG glance.api.middleware.version_negotiation [None req-3646e089-e5f3-44b9-9e6d-e5d8bcb60e82 tempest-ServerActionsTestOtherA-177810280 tempest-ServerActionsTestOtherA-177810280-project-member] Using url versioning {{(pid=84003) process_request /opt/stack/glance/glance/api/middleware/version_negotiation.py:57}}
Aug 26 14:22:11 devstack devstack@g-api.service[84003]: DEBUG glance.api.middleware.version_negotiation [None req-3646e089-e5f3-44b9-9e6d-e5d8bcb60e82 tempest-ServerActionsTestOtherA-177810280 tempest-ServerActionsTestOtherA-177810280-project-member] Matched version: v2 {{(pid=84003) process_request /opt/stack/glance/glance/api/middleware/version_negotiation.py:69}}
Aug 26 14:22:11 devstack devstack@g-api.service[84003]: DEBUG glance.api.middleware.version_negotiation [None req-3646e089-e5f3-44b9-9e6d-e5d8bcb60e82 tempest-ServerActionsTestOtherA-177810280 tempest-ServerActionsTestOtherA-177810280-project-member] new path /v2/schemas/image {{(pid=84003) process_request /opt/stack/glance/glance/api/middleware/version_negotiation.py:70}}
Aug 26 14:22:11 devstack devstack@g-api.service[84003]: [pid: 84003|app: 0|req: 11/20] 127.0.0.1 () {42 vars in 1001 bytes} [Wed Aug 26 14:22:11 2026] GET /v2/schemas/image => generated 6083 bytes in 10 msecs (HTTP/1.1 200) 4 headers in 158 bytes (1 switches on core 0)
Aug 26 14:22:11 devstack devstack@g-api.service[84004]: DEBUG glance.api.middleware.version_negotiation [None req-8ac271c3-77c4-47a7-9d75-244e6b7b3505 tempest-ServerRescueNegativeTestJSON-407889640 tempest-ServerRescueNegativeTestJSON-407889640-project-member] Determining version of request: GET /v2/images/2681f5d8-1c86-4dfd-86fb-c29aaed49dc6 Accept: */* {{(pid=84004) process_request /opt/stack/glance/glance/api/middleware/version_negotiation.py:44}}
Aug 26 14:22:11 devstack devstack@g-api.service[84004]: DEBUG glance.api.middleware.version_negotiation [None req-8ac271c3-77c4-47a7-9d75-244e6b7b3505 tempest-ServerRescueNegativeTestJSON-407889640 tempest-ServerRescueNegativeTestJSON-407889640-project-member] Using url versioning {{(pid=84004) process_request /opt/stack/glance/glance/api/middleware/version_negotiation.py:57}}
Aug 26 14:22:11 devstack devstack@g-api.service[84004]: DEBUG glance.api.middleware.version_negotiation [None req-8ac271c3-77c4-47a7-9d75-244e6b7b3505 tempest-ServerRescueNegativeTestJSON-407889640 tempest-ServerRescueNegativeTestJSON-407889640-project-member] Matched version: v2 {{(pid=84004) process_request /opt/stack/glance/glance/api/middleware/version_negotiation.py:69}}
Aug 26 14:22:11 devstack devstack@g-api.service[84004]: DEBUG glance.api.middleware.version_negotiation [None req-8ac271c3-77c4-47a7-9d75-244e6b7b3505 tempest-ServerRescueNegativeTestJSON-407889640 tempest-ServerRescueNegativeTestJSON-407889640-project-member] new path /v2/images/2681f5d8-1c86-4dfd-86fb-c29aaed49dc6 {{(pid=84004) process_request /opt/stack/glance/glance/api/middleware/version_negotiation.py:70}}
Aug 26 14:22:11 devstack devstack@g-api.service[84004]: [pid: 84004|app: 0|req: 10/21] 127.0.0.1 () {42 vars in 1061 bytes} [Wed Aug 26 14:22:11 2026] GET /v2/images/2681f5d8-1c86-4dfd-86fb-c29aaed49dc6 => generated 976 bytes in 118 msecs (HTTP/1.1 200) 4 headers in 157 bytes (1 switches on core 0)
Aug 26 14:22:11 devstack devstack@g-api.service[84003]: DEBUG glance.api.middleware.version_negotiation [None req-8ac271c3-77c4-47a7-9d75-244e6b7b3505 tempest-ServerRescueNegativeTestJSON-407889640 tempest-ServerRescueNegativeTestJSON-407889640-project-member] Determining version of request: GET /v2/images/2681f5d8-1c86-4dfd-86fb-c29aaed49dc6/file Accept: */* {{(pid=84003) process_request /opt/stack/glance/glance/api/middleware/version_negotiation.py:44}}
Aug 26 14:22:11 devstack devstack@g-api.service[84003]: DEBUG glance.api.middleware.version_negotiation [None req-8ac271c3-77c4-47a7-9d75-244e6b7b3505 tempest-ServerRescueNegativeTestJSON-407889640 tempest-ServerRescueNegativeTestJSON-407889640-project-member] Using url versioning {{(pid=84003) process_request /opt/stack/glance/glance/api/middleware/version_negotiation.py:57}}
Aug 26 14:22:11 devstack devstack@g-api.service[84003]: DEBUG glance.api.middleware.version_negotiation [None req-8ac271c3-77c4-47a7-9d75-244e6b7b3505 tempest-ServerRescueNegativeTestJSON-407889640 tempest-ServerRescueNegativeTestJSON-407889640-project-member] Matched version: v2 {{(pid=84003) process_request /opt/stack/glance/glance/api/middleware/version_negotiation.py:69}}
Aug 26 14:22:11 devstack devstack@g-api.service[84003]: DEBUG glance.api.middleware.version_negotiation [None req-8ac271c3-77c4-47a7-9d75-244e6b7b3505 tempest-ServerRescueNegativeTestJSON-407889640 tempest-ServerRescueNegativeTestJSON-407889640-project-member] new path /v2/images/2681f5d8-1c86-4dfd-86fb-c29aaed49dc6/file {{(pid=84003) process_request /opt/stack/glance/glance/api/middleware/version_negotiation.py:70}}
Aug 26 14:22:11 devstack devstack@g-api.service[84003]: DEBUG glance_store._drivers.filesystem [None req-b5a5b44c-10cc-45db-92b5-45776d019429 tempest-ServerRescueNegativeTestJSON-407889640 tempest-ServerRescueNegativeTestJSON-407889640-project-member] Found image at /opt/stack/data/glance/images/2681f5d8-1c86-4dfd-86fb-c29aaed49dc6. Returning in ChunkedFile. {{(pid=84003) get /opt/stack/data/venv/lib/python3.12/site-packages/glance_store/_drivers/filesystem.py:724}}
Aug 26 14:22:11 devstack devstack@g-api.service[84003]: DEBUG glance.image_cache [None req-b5a5b44c-10cc-45db-92b5-45776d019429 tempest-ServerRescueNegativeTestJSON-407889640 tempest-ServerRescueNegativeTestJSON-407889640-project-member] Tee'ing image '2681f5d8-1c86-4dfd-86fb-c29aaed49dc6' into cache {{(pid=84003) get_caching_iter /opt/stack/glance/glance/image_cache/__init__.py:356}}
Aug 26 14:22:12 devstack devstack@g-api.service[84003]: DEBUG glance.image_cache.drivers.centralized_db [None req-b5a5b44c-10cc-45db-92b5-45776d019429 tempest-ServerRescueNegativeTestJSON-407889640 tempest-ServerRescueNegativeTestJSON-407889640-project-member] Fetch finished, moving '/opt/stack/data/glance/cache/incomplete/2681f5d8-1c86-4dfd-86fb-c29aaed49dc6' to '/opt/stack/data/glance/cache/2681f5d8-1c86-4dfd-86fb-c29aaed49dc6' {{(pid=84003) commit /opt/stack/glance/glance/image_cache/drivers/centralized_db.py:243}}
Aug 26 14:22:12 devstack devstack@g-api.service[84003]: DEBUG glance.image_cache.drivers.centralized_db [None req-b5a5b44c-10cc-45db-92b5-45776d019429 tempest-ServerRescueNegativeTestJSON-407889640 tempest-ServerRescueNegativeTestJSON-407889640-project-member] Image cached successfully. {{(pid=84003) commit /opt/stack/glance/glance/image_cache/drivers/centralized_db.py:258}}
Aug 26 14:22:12 devstack devstack@g-api.service[84003]: [pid: 84003|app: 0|req: 12/22] 127.0.0.1 () {42 vars in 1071 bytes} [Wed Aug 26 14:22:11 2026] GET /v2/images/2681f5d8-1c86-4dfd-86fb-c29aaed49dc6/file => generated 21692416 bytes in 479 msecs (HTTP/1.1 200) 4 headers in 191 bytes (338 switches on core 0)
Aug 26 14:22:12 devstack devstack@g-api.service[84004]: DEBUG glance.api.middleware.version_negotiation [None req-b5a5b44c-10cc-45db-92b5-45776d019429 tempest-ServerRescueNegativeTestJSON-407889640 tempest-ServerRescueNegativeTestJSON-407889640-project-member] Determining version of request: GET /v2/images/2681f5d8-1c86-4dfd-86fb-c29aaed49dc6 Accept: */* {{(pid=84004) process_request /opt/stack/glance/glance/api/middleware/version_negotiation.py:44}}
Aug 26 14:22:12 devstack devstack@g-api.service[84004]: DEBUG glance.api.middleware.version_negotiation [None req-b5a5b44c-10cc-45db-92b5-45776d019429 tempest-ServerRescueNegativeTestJSON-407889640 tempest-ServerRescueNegativeTestJSON-407889640-project-member] Using url versioning {{(pid=84004) process_request /opt/stack/glance/glance/api/middleware/version_negotiation.py:57}}
Aug 26 14:22:12 devstack devstack@g-api.service[84004]: DEBUG glance.api.middleware.version_negotiation [None req-b5a5b44c-10cc-45db-92b5-45776d019429 tempest-ServerRescueNegativeTestJSON-407889640 tempest-ServerRescueNegativeTestJSON-407889640-project-member] Matched version: v2 {{(pid=84004) process_request /opt/stack/glance/glance/api/middleware/version_negotiation.py:69}}
Aug 26 14:22:12 devstack devstack@g-api.service[84004]: DEBUG glance.api.middleware.version_negotiation [None req-b5a5b44c-10cc-45db-92b5-45776d019429 tempest-ServerRescueNegativeTestJSON-407889640 tempest-ServerRescueNegativeTestJSON-407889640-project-member] new path /v2/images/2681f5d8-1c86-4dfd-86fb-c29aaed49dc6 {{(pid=84004) process_request /opt/stack/glance/glance/api/middleware/version_negotiation.py:70}}
Aug 26 14:22:12 devstack devstack@g-api.service[84004]: [pid: 84004|app: 0|req: 11/23] 127.0.0.1 () {42 vars in 1061 bytes} [Wed Aug 26 14:22:12 2026] GET /v2/images/2681f5d8-1c86-4dfd-86fb-c29aaed49dc6 => generated 976 bytes in 34 msecs (HTTP/1.1 200) 4 headers in 157 bytes (1 switches on core 0)
Aug 26 14:22:12 devstack devstack@g-api.service[84003]: DEBUG glance.api.middleware.version_negotiation [None req-b5a5b44c-10cc-45db-92b5-45776d019429 tempest-ServerRescueNegativeTestJSON-407889640 tempest-ServerRescueNegativeTestJSON-407889640-project-member] Determining version of request: GET /v2/schemas/image Accept: */* {{(pid=84003) process_request /opt/stack/glance/glance/api/middleware/version_negotiation.py:44}}
Aug 26 14:22:12 devstack devstack@g-api.service[84003]: DEBUG glance.api.middleware.version_negotiation [None req-b5a5b44c-10cc-45db-92b5-45776d019429 tempest-ServerRescueNegativeTestJSON-407889640 tempest-ServerRescueNegativeTestJSON-407889640-project-member] Using url versioning {{(pid=84003) process_request /opt/stack/glance/glance/api/middleware/version_negotiation.py:57}}
Aug 26 14:22:12 devstack devstack@g-api.service[84003]: DEBUG glance.api.middleware.version_negotiation [None req-b5a5b44c-10cc-45db-92b5-45776d019429 tempest-ServerRescueNegativeTestJSON-407889640 tempest-ServerRescueNegativeTestJSON-407889640-project-member] Matched version: v2 {{(pid=84003) process_request /opt/stack/glance/glance/api/middleware/version_negotiation.py:69}}
