Jun 18 17:13:13 devstack cinder-volume[92174]: DEBUG oslo_concurrency.lockutils [None req-838c10d2-899c-4dbc-aae9-1f68b7bd7195 tempest-SnapshotsActionsTest-777442342 None] Lock "quobyte" acquired by "cinder.volume.drivers.quobyte.QuobyteDriver.create_snapshot" :: waited 0.001s {{(pid=92174) inner /opt/stack/data/venv/lib/python3.12/site-packages/oslo_concurrency/lockutils.py:524}}
Jun 18 17:13:13 devstack cinder-volume[92174]: DEBUG cinder.volume.drivers.remotefs [None req-838c10d2-899c-4dbc-aae9-1f68b7bd7195 tempest-SnapshotsActionsTest-777442342 None] Creating offline snapshot 4a28d618-608f-4bf1-814a-cc801da80d43 of volume 75f56be9-367f-44d7-ac78-d53f9231b967 {{(pid=92174) _create_snapshot /opt/stack/cinder/cinder/volume/drivers/remotefs.py:1816}}
Jun 18 17:13:13 devstack cinder-volume[92174]: DEBUG oslo.privsep.daemon [-] privsep: reply[45e33eaa-6c06-4b99-a5bb-d2529455622e]: (4, 'qcow2') {{(pid=93284) _call_back /opt/stack/data/venv/lib/python3.12/site-packages/oslo_privsep/daemon.py:580}}
Jun 18 17:13:13 devstack cinder-volume[92174]: DEBUG oslo_concurrency.processutils [None req-838c10d2-899c-4dbc-aae9-1f68b7bd7195 tempest-SnapshotsActionsTest-777442342 None] Running cmd (subprocess): /opt/stack/data/venv/bin/python3.12 -m oslo_concurrency.prlimit --as=1073741824 --cpu=60 -- sudo cinder-rootwrap /etc/cinder/rootwrap.conf env LC_ALL=C qemu-img info -f qcow2 --output=json --force-share /opt/stack/data/cinder/mnt/828a53d74ef4ff571d9f9b6fe2c1555f/volume-75f56be9-367f-44d7-ac78-d53f9231b967 {{(pid=92174) execute /opt/stack/data/venv/lib/python3.12/site-packages/oslo_concurrency/processutils.py:440}}
Jun 18 17:13:13 devstack sudo[99671]: pam_unix(sudo:session): session closed for user root
Jun 18 17:13:13 devstack cinder-volume[92174]: DEBUG oslo_concurrency.processutils [None req-0314c200-be45-41a1-b385-a52feb89eeea tempest-GroupSnapshotsV319Test-763526894 None] CMD "/opt/stack/data/venv/bin/python3.12 -m oslo_concurrency.prlimit --as=1073741824 --cpu=60 -- sudo cinder-rootwrap /etc/cinder/rootwrap.conf env LC_ALL=C qemu-img info -f qcow2 --output=json --force-share /opt/stack/data/cinder/mnt/828a53d74ef4ff571d9f9b6fe2c1555f/volume-2fdcb41d-1728-4343-a9ad-1fdfb843128b" returned: 0 in 0.859s {{(pid=92174) execute /opt/stack/data/venv/lib/python3.12/site-packages/oslo_concurrency/processutils.py:468}}
Jun 18 17:13:13 devstack cinder-volume[92174]: DEBUG oslo_concurrency.processutils [None req-0314c200-be45-41a1-b385-a52feb89eeea tempest-GroupSnapshotsV319Test-763526894 None] Running cmd (subprocess): sudo cinder-rootwrap /etc/cinder/rootwrap.conf qemu-img commit -d /opt/stack/data/cinder/mnt/828a53d74ef4ff571d9f9b6fe2c1555f/volume-2fdcb41d-1728-4343-a9ad-1fdfb843128b.7d5a963e-1bac-4ddf-805a-fd8a53d37417 {{(pid=92174) execute /opt/stack/data/venv/lib/python3.12/site-packages/oslo_concurrency/processutils.py:440}}
Jun 18 17:13:13 devstack sudo[99679]: quobyte : PWD=/ ; USER=root ; COMMAND=/opt/stack/data/venv/bin/cinder-rootwrap /etc/cinder/rootwrap.conf qemu-img commit -d /opt/stack/data/cinder/mnt/828a53d74ef4ff571d9f9b6fe2c1555f/volume-2fdcb41d-1728-4343-a9ad-1fdfb843128b.7d5a963e-1bac-4ddf-805a-fd8a53d37417
Jun 18 17:13:13 devstack sudo[99679]: pam_unix(sudo:session): session opened for user root(uid=0) by (uid=1000)
Jun 18 17:13:14 devstack sudo[99678]: quobyte : PWD=/ ; USER=root ; COMMAND=/opt/stack/data/venv/bin/cinder-rootwrap /etc/cinder/rootwrap.conf env LC_ALL=C qemu-img info -f qcow2 --output=json --force-share /opt/stack/data/cinder/mnt/828a53d74ef4ff571d9f9b6fe2c1555f/volume-75f56be9-367f-44d7-ac78-d53f9231b967
Jun 18 17:13:14 devstack sudo[99678]: pam_unix(sudo:session): session opened for user root(uid=0) by (uid=1000)
Jun 18 17:13:14 devstack sudo[99678]: pam_unix(sudo:session): session closed for user root
Jun 18 17:13:14 devstack cinder-volume[92174]: DEBUG oslo_concurrency.processutils [None req-838c10d2-899c-4dbc-aae9-1f68b7bd7195 tempest-SnapshotsActionsTest-777442342 None] CMD "/opt/stack/data/venv/bin/python3.12 -m oslo_concurrency.prlimit --as=1073741824 --cpu=60 -- sudo cinder-rootwrap /etc/cinder/rootwrap.conf env LC_ALL=C qemu-img info -f qcow2 --output=json --force-share /opt/stack/data/cinder/mnt/828a53d74ef4ff571d9f9b6fe2c1555f/volume-75f56be9-367f-44d7-ac78-d53f9231b967" returned: 0 in 1.037s {{(pid=92174) execute /opt/stack/data/venv/lib/python3.12/site-packages/oslo_concurrency/processutils.py:468}}
Jun 18 17:13:14 devstack cinder-volume[92174]: DEBUG oslo_concurrency.processutils [None req-838c10d2-899c-4dbc-aae9-1f68b7bd7195 tempest-SnapshotsActionsTest-777442342 None] Running cmd (subprocess): sudo cinder-rootwrap /etc/cinder/rootwrap.conf qemu-img create -f qcow2 -o backing_file=/opt/stack/data/cinder/mnt/828a53d74ef4ff571d9f9b6fe2c1555f/volume-75f56be9-367f-44d7-ac78-d53f9231b967,backing_fmt=qcow2 /opt/stack/data/cinder/mnt/828a53d74ef4ff571d9f9b6fe2c1555f/volume-75f56be9-367f-44d7-ac78-d53f9231b967.4a28d618-608f-4bf1-814a-cc801da80d43 1G {{(pid=92174) execute /opt/stack/data/venv/lib/python3.12/site-packages/oslo_concurrency/processutils.py:440}}
Jun 18 17:13:14 devstack sudo[99679]: pam_unix(sudo:session): session closed for user root
Jun 18 17:13:14 devstack cinder-volume[92174]: DEBUG oslo_concurrency.processutils [None req-0314c200-be45-41a1-b385-a52feb89eeea tempest-GroupSnapshotsV319Test-763526894 None] CMD "sudo cinder-rootwrap /etc/cinder/rootwrap.conf qemu-img commit -d /opt/stack/data/cinder/mnt/828a53d74ef4ff571d9f9b6fe2c1555f/volume-2fdcb41d-1728-4343-a9ad-1fdfb843128b.7d5a963e-1bac-4ddf-805a-fd8a53d37417" returned: 0 in 0.999s {{(pid=92174) execute /opt/stack/data/venv/lib/python3.12/site-packages/oslo_concurrency/processutils.py:468}}
Jun 18 17:13:14 devstack cinder-volume[92174]: DEBUG oslo_concurrency.processutils [None req-0314c200-be45-41a1-b385-a52feb89eeea tempest-GroupSnapshotsV319Test-763526894 None] Running cmd (subprocess): sudo cinder-rootwrap /etc/cinder/rootwrap.conf rm -f /opt/stack/data/cinder/mnt/828a53d74ef4ff571d9f9b6fe2c1555f/volume-2fdcb41d-1728-4343-a9ad-1fdfb843128b.7d5a963e-1bac-4ddf-805a-fd8a53d37417 {{(pid=92174) execute /opt/stack/data/venv/lib/python3.12/site-packages/oslo_concurrency/processutils.py:440}}
Jun 18 17:13:14 devstack sudo[99692]: quobyte : PWD=/ ; USER=root ; COMMAND=/opt/stack/data/venv/bin/cinder-rootwrap /etc/cinder/rootwrap.conf qemu-img create -f qcow2 -o backing_file=/opt/stack/data/cinder/mnt/828a53d74ef4ff571d9f9b6fe2c1555f/volume-75f56be9-367f-44d7-ac78-d53f9231b967,backing_fmt=qcow2 /opt/stack/data/cinder/mnt/828a53d74ef4ff571d9f9b6fe2c1555f/volume-75f56be9-367f-44d7-ac78-d53f9231b967.4a28d618-608f-4bf1-814a-cc801da80d43 1G
Jun 18 17:13:14 devstack sudo[99692]: pam_unix(sudo:session): session opened for user root(uid=0) by (uid=1000)
Jun 18 17:13:14 devstack sudo[99693]: quobyte : PWD=/ ; USER=root ; COMMAND=/opt/stack/data/venv/bin/cinder-rootwrap /etc/cinder/rootwrap.conf rm -f /opt/stack/data/cinder/mnt/828a53d74ef4ff571d9f9b6fe2c1555f/volume-2fdcb41d-1728-4343-a9ad-1fdfb843128b.7d5a963e-1bac-4ddf-805a-fd8a53d37417
Jun 18 17:13:14 devstack sudo[99693]: pam_unix(sudo:session): session opened for user root(uid=0) by (uid=1000)
Jun 18 17:13:15 devstack sudo[99693]: pam_unix(sudo:session): session closed for user root
Jun 18 17:13:15 devstack cinder-volume[92174]: DEBUG oslo_concurrency.processutils [None req-0314c200-be45-41a1-b385-a52feb89eeea tempest-GroupSnapshotsV319Test-763526894 None] CMD "sudo cinder-rootwrap /etc/cinder/rootwrap.conf rm -f /opt/stack/data/cinder/mnt/828a53d74ef4ff571d9f9b6fe2c1555f/volume-2fdcb41d-1728-4343-a9ad-1fdfb843128b.7d5a963e-1bac-4ddf-805a-fd8a53d37417" returned: 0 in 0.840s {{(pid=92174) execute /opt/stack/data/venv/lib/python3.12/site-packages/oslo_concurrency/processutils.py:468}}
Jun 18 17:13:15 devstack cinder-volume[92174]: DEBUG cinder.coordination [None req-0314c200-be45-41a1-b385-a52feb89eeea tempest-GroupSnapshotsV319Test-763526894 None] Lock "cinder-quobyte-7d5a963e-1bac-4ddf-805a-fd8a53d37417" released by "_delete_snapshot" :: held 3.714s {{(pid=92174) __release /opt/stack/cinder/cinder/coordination.py:152}}
Jun 18 17:13:15 devstack cinder-volume[92174]: DEBUG cinder.coordination [None req-0314c200-be45-41a1-b385-a52feb89eeea tempest-GroupSnapshotsV319Test-763526894 None] Lock "cinder-quobyte-2fdcb41d-1728-4343-a9ad-1fdfb843128b" released by "delete_snapshot" :: held 3.744s {{(pid=92174) __release /opt/stack/cinder/cinder/coordination.py:152}}
Jun 18 17:13:15 devstack cinder-volume[92174]: WARNING cinder.quota [None req-0314c200-be45-41a1-b385-a52feb89eeea tempest-GroupSnapshotsV319Test-763526894 None] Deprecated: Default quota for resource: gigabytes_tempest-GroupSnapshotsV319Test-volume-type-172887679 is set by the default quota flag: quota_gigabytes_tempest-GroupSnapshotsV319Test-volume-type-172887679, it is now deprecated. Please use the default quota class for default quota.
Jun 18 17:13:15 devstack cinder-volume[92174]: WARNING cinder.quota [None req-0314c200-be45-41a1-b385-a52feb89eeea tempest-GroupSnapshotsV319Test-763526894 None] Deprecated: Default quota for resource: snapshots_tempest-GroupSnapshotsV319Test-volume-type-172887679 is set by the default quota flag: quota_snapshots_tempest-GroupSnapshotsV319Test-volume-type-172887679, it is now deprecated. Please use the default quota class for default quota.
Jun 18 17:13:15 devstack cinder-volume[92174]: DEBUG cinder.quota [None req-0314c200-be45-41a1-b385-a52feb89eeea tempest-GroupSnapshotsV319Test-763526894 None] Created reservations ['f00c5aad-61a0-46c9-accc-d93aec8b8f8d', '9bf29311-003f-4150-8291-ed469e844bb0', '7d50702f-ab0f-42bb-ac10-35116b50373c', '42d4412b-d14e-4c26-a682-29928cd0738d'] {{(pid=92174) reserve /opt/stack/cinder/cinder/quota.py:752}}
Jun 18 17:13:15 devstack sudo[99692]: pam_unix(sudo:session): session closed for user root
Jun 18 17:13:15 devstack cinder-volume[92174]: DEBUG oslo_concurrency.processutils [None req-838c10d2-899c-4dbc-aae9-1f68b7bd7195 tempest-SnapshotsActionsTest-777442342 None] CMD "sudo cinder-rootwrap /etc/cinder/rootwrap.conf qemu-img create -f qcow2 -o backing_file=/opt/stack/data/cinder/mnt/828a53d74ef4ff571d9f9b6fe2c1555f/volume-75f56be9-367f-44d7-ac78-d53f9231b967,backing_fmt=qcow2 /opt/stack/data/cinder/mnt/828a53d74ef4ff571d9f9b6fe2c1555f/volume-75f56be9-367f-44d7-ac78-d53f9231b967.4a28d618-608f-4bf1-814a-cc801da80d43 1G" returned: 0 in 1.046s {{(pid=92174) execute /opt/stack/data/venv/lib/python3.12/site-packages/oslo_concurrency/processutils.py:468}}
Jun 18 17:13:15 devstack cinder-volume[92174]: DEBUG oslo_concurrency.processutils [None req-838c10d2-899c-4dbc-aae9-1f68b7bd7195 tempest-SnapshotsActionsTest-777442342 None] Running cmd (subprocess): sudo cinder-rootwrap /etc/cinder/rootwrap.conf qemu-img rebase -u -b volume-75f56be9-367f-44d7-ac78-d53f9231b967 -F qcow2 /opt/stack/data/cinder/mnt/828a53d74ef4ff571d9f9b6fe2c1555f/volume-75f56be9-367f-44d7-ac78-d53f9231b967.4a28d618-608f-4bf1-814a-cc801da80d43 {{(pid=92174) execute /opt/stack/data/venv/lib/python3.12/site-packages/oslo_concurrency/processutils.py:440}}
Jun 18 17:13:16 devstack cinder-volume[92174]: INFO cinder.volume.manager [None req-0314c200-be45-41a1-b385-a52feb89eeea tempest-GroupSnapshotsV319Test-763526894 None] group_snapshot 850a6605-7b18-40b1-9b1d-cb2f5bc82801: deleted successfully
Jun 18 17:13:16 devstack sudo[99711]: quobyte : PWD=/ ; USER=root ; COMMAND=/opt/stack/data/venv/bin/cinder-rootwrap /etc/cinder/rootwrap.conf qemu-img rebase -u -b volume-75f56be9-367f-44d7-ac78-d53f9231b967 -F qcow2 /opt/stack/data/cinder/mnt/828a53d74ef4ff571d9f9b6fe2c1555f/volume-75f56be9-367f-44d7-ac78-d53f9231b967.4a28d618-608f-4bf1-814a-cc801da80d43
Jun 18 17:13:16 devstack sudo[99711]: pam_unix(sudo:session): session opened for user root(uid=0) by (uid=1000)
Jun 18 17:13:16 devstack sudo[99711]: pam_unix(sudo:session): session closed for user root
Jun 18 17:13:16 devstack cinder-volume[92174]: DEBUG oslo_concurrency.processutils [None req-838c10d2-899c-4dbc-aae9-1f68b7bd7195 tempest-SnapshotsActionsTest-777442342 None] CMD "sudo cinder-rootwrap /etc/cinder/rootwrap.conf qemu-img rebase -u -b volume-75f56be9-367f-44d7-ac78-d53f9231b967 -F qcow2 /opt/stack/data/cinder/mnt/828a53d74ef4ff571d9f9b6fe2c1555f/volume-75f56be9-367f-44d7-ac78-d53f9231b967.4a28d618-608f-4bf1-814a-cc801da80d43" returned: 0 in 0.765s {{(pid=92174) execute /opt/stack/data/venv/lib/python3.12/site-packages/oslo_concurrency/processutils.py:468}}
Jun 18 17:13:16 devstack cinder-volume[92174]: WARNING cinder.volume.drivers.remotefs [None req-838c10d2-899c-4dbc-aae9-1f68b7bd7195 tempest-SnapshotsActionsTest-777442342 None] /opt/stack/data/cinder/mnt/828a53d74ef4ff571d9f9b6fe2c1555f/volume-75f56be9-367f-44d7-ac78-d53f9231b967.4a28d618-608f-4bf1-814a-cc801da80d43 is being set with open permissions: ugo+rw
Jun 18 17:13:16 devstack cinder-volume[92174]: DEBUG oslo_concurrency.processutils [None req-838c10d2-899c-4dbc-aae9-1f68b7bd7195 tempest-SnapshotsActionsTest-777442342 None] Running cmd (subprocess): sudo cinder-rootwrap /etc/cinder/rootwrap.conf chmod ugo+rw /opt/stack/data/cinder/mnt/828a53d74ef4ff571d9f9b6fe2c1555f/volume-75f56be9-367f-44d7-ac78-d53f9231b967.4a28d618-608f-4bf1-814a-cc801da80d43 {{(pid=92174) execute /opt/stack/data/venv/lib/python3.12/site-packages/oslo_concurrency/processutils.py:440}}
Jun 18 17:13:16 devstack cinder-volume[92174]: DEBUG cinder.coordination [None req-0ac1ea4f-d17e-4819-b2c0-f940fe8e7106 tempest-GroupSnapshotsV319Test-763526894 None] Acquiring lock "cinder-quobyte-2fdcb41d-1728-4343-a9ad-1fdfb843128b" by "delete_volume" {{(pid=92174) __acquire /opt/stack/cinder/cinder/coordination.py:138}}
Jun 18 17:13:16 devstack sudo[99717]: quobyte : PWD=/ ; USER=root ; COMMAND=/opt/stack/data/venv/bin/cinder-rootwrap /etc/cinder/rootwrap.conf chmod ugo+rw /opt/stack/data/cinder/mnt/828a53d74ef4ff571d9f9b6fe2c1555f/volume-75f56be9-367f-44d7-ac78-d53f9231b967.4a28d618-608f-4bf1-814a-cc801da80d43
Jun 18 17:13:16 devstack sudo[99717]: pam_unix(sudo:session): session opened for user root(uid=0) by (uid=1000)
Jun 18 17:13:16 devstack cinder-volume[92174]: DEBUG cinder.coordination [None req-0ac1ea4f-d17e-4819-b2c0-f940fe8e7106 tempest-GroupSnapshotsV319Test-763526894 None] Lock "cinder-quobyte-2fdcb41d-1728-4343-a9ad-1fdfb843128b" acquired by "delete_volume" :: waited 0.017s {{(pid=92174) __acquire /opt/stack/cinder/cinder/coordination.py:141}}
Jun 18 17:13:16 devstack cinder-volume[92174]: DEBUG oslo.privsep.daemon [-] privsep: reply[1a1a161c-489f-4828-91e6-a8d981a72c50]: (4, 'qcow2') {{(pid=93284) _call_back /opt/stack/data/venv/lib/python3.12/site-packages/oslo_privsep/daemon.py:580}}
Jun 18 17:13:16 devstack cinder-volume[92174]: DEBUG oslo_concurrency.processutils [None req-0ac1ea4f-d17e-4819-b2c0-f940fe8e7106 tempest-GroupSnapshotsV319Test-763526894 None] Running cmd (subprocess): /opt/stack/data/venv/bin/python3.12 -m oslo_concurrency.prlimit --as=1073741824 --cpu=60 -- sudo cinder-rootwrap /etc/cinder/rootwrap.conf env LC_ALL=C qemu-img info -f qcow2 --output=json --force-share /opt/stack/data/cinder/mnt/828a53d74ef4ff571d9f9b6fe2c1555f/volume-2fdcb41d-1728-4343-a9ad-1fdfb843128b {{(pid=92174) execute /opt/stack/data/venv/lib/python3.12/site-packages/oslo_concurrency/processutils.py:440}}
Jun 18 17:13:16 devstack sudo[99719]: quobyte : PWD=/ ; USER=root ; COMMAND=/opt/stack/data/venv/bin/cinder-rootwrap /etc/cinder/rootwrap.conf env LC_ALL=C qemu-img info -f qcow2 --output=json --force-share /opt/stack/data/cinder/mnt/828a53d74ef4ff571d9f9b6fe2c1555f/volume-2fdcb41d-1728-4343-a9ad-1fdfb843128b
Jun 18 17:13:16 devstack sudo[99719]: pam_unix(sudo:session): session opened for user root(uid=0) by (uid=1000)
Jun 18 17:13:17 devstack sudo[99717]: pam_unix(sudo:session): session closed for user root
Jun 18 17:13:17 devstack cinder-volume[92174]: DEBUG oslo_concurrency.processutils [None req-838c10d2-899c-4dbc-aae9-1f68b7bd7195 tempest-SnapshotsActionsTest-777442342 None] CMD "sudo cinder-rootwrap /etc/cinder/rootwrap.conf chmod ugo+rw /opt/stack/data/cinder/mnt/828a53d74ef4ff571d9f9b6fe2c1555f/volume-75f56be9-367f-44d7-ac78-d53f9231b967.4a28d618-608f-4bf1-814a-cc801da80d43" returned: 0 in 0.737s {{(pid=92174) execute /opt/stack/data/venv/lib/python3.12/site-packages/oslo_concurrency/processutils.py:468}}
Jun 18 17:13:17 devstack cinder-volume[92174]: DEBUG oslo_concurrency.processutils [None req-838c10d2-899c-4dbc-aae9-1f68b7bd7195 tempest-SnapshotsActionsTest-777442342 None] Running cmd (subprocess): sudo cinder-rootwrap /etc/cinder/rootwrap.conf truncate -s0 /opt/stack/data/cinder/mnt/828a53d74ef4ff571d9f9b6fe2c1555f/volume-75f56be9-367f-44d7-ac78-d53f9231b967.info {{(pid=92174) execute /opt/stack/data/venv/lib/python3.12/site-packages/oslo_concurrency/processutils.py:440}}
Jun 18 17:13:17 devstack sudo[99725]: quobyte : PWD=/ ; USER=root ; COMMAND=/opt/stack/data/venv/bin/cinder-rootwrap /etc/cinder/rootwrap.conf truncate -s0 /opt/stack/data/cinder/mnt/828a53d74ef4ff571d9f9b6fe2c1555f/volume-75f56be9-367f-44d7-ac78-d53f9231b967.info
Jun 18 17:13:17 devstack sudo[99725]: pam_unix(sudo:session): session opened for user root(uid=0) by (uid=1000)
Jun 18 17:13:17 devstack sudo[99719]: pam_unix(sudo:session): session closed for user root
Jun 18 17:13:17 devstack cinder-volume[92174]: DEBUG oslo_concurrency.processutils [None req-0ac1ea4f-d17e-4819-b2c0-f940fe8e7106 tempest-GroupSnapshotsV319Test-763526894 None] CMD "/opt/stack/data/venv/bin/python3.12 -m oslo_concurrency.prlimit --as=1073741824 --cpu=60 -- sudo cinder-rootwrap /etc/cinder/rootwrap.conf env LC_ALL=C qemu-img info -f qcow2 --output=json --force-share /opt/stack/data/cinder/mnt/828a53d74ef4ff571d9f9b6fe2c1555f/volume-2fdcb41d-1728-4343-a9ad-1fdfb843128b" returned: 0 in 0.780s {{(pid=92174) execute /opt/stack/data/venv/lib/python3.12/site-packages/oslo_concurrency/processutils.py:468}}
Jun 18 17:13:17 devstack cinder-volume[92174]: DEBUG oslo_concurrency.processutils [None req-0ac1ea4f-d17e-4819-b2c0-f940fe8e7106 tempest-GroupSnapshotsV319Test-763526894 None] Running cmd (subprocess): sudo cinder-rootwrap /etc/cinder/rootwrap.conf rm -f /opt/stack/data/cinder/mnt/828a53d74ef4ff571d9f9b6fe2c1555f/volume-2fdcb41d-1728-4343-a9ad-1fdfb843128b {{(pid=92174) execute /opt/stack/data/venv/lib/python3.12/site-packages/oslo_concurrency/processutils.py:440}}
Jun 18 17:13:17 devstack sudo[99727]: quobyte : PWD=/ ; USER=root ; COMMAND=/opt/stack/data/venv/bin/cinder-rootwrap /etc/cinder/rootwrap.conf rm -f /opt/stack/data/cinder/mnt/828a53d74ef4ff571d9f9b6fe2c1555f/volume-2fdcb41d-1728-4343-a9ad-1fdfb843128b
Jun 18 17:13:17 devstack sudo[99727]: pam_unix(sudo:session): session opened for user root(uid=0) by (uid=1000)
Jun 18 17:13:18 devstack sudo[99727]: pam_unix(sudo:session): session closed for user root
Jun 18 17:13:18 devstack cinder-volume[92174]: DEBUG oslo_concurrency.processutils [None req-0ac1ea4f-d17e-4819-b2c0-f940fe8e7106 tempest-GroupSnapshotsV319Test-763526894 None] CMD "sudo cinder-rootwrap /etc/cinder/rootwrap.conf rm -f /opt/stack/data/cinder/mnt/828a53d74ef4ff571d9f9b6fe2c1555f/volume-2fdcb41d-1728-4343-a9ad-1fdfb843128b" returned: 0 in 0.832s {{(pid=92174) execute /opt/stack/data/venv/lib/python3.12/site-packages/oslo_concurrency/processutils.py:468}}
Jun 18 17:13:18 devstack sudo[99725]: pam_unix(sudo:session): session closed for user root
Jun 18 17:13:18 devstack cinder-volume[92174]: DEBUG oslo_concurrency.processutils [None req-838c10d2-899c-4dbc-aae9-1f68b7bd7195 tempest-SnapshotsActionsTest-777442342 None] CMD "sudo cinder-rootwrap /etc/cinder/rootwrap.conf truncate -s0 /opt/stack/data/cinder/mnt/828a53d74ef4ff571d9f9b6fe2c1555f/volume-75f56be9-367f-44d7-ac78-d53f9231b967.info" returned: 0 in 0.968s {{(pid=92174) execute /opt/stack/data/venv/lib/python3.12/site-packages/oslo_concurrency/processutils.py:468}}
Jun 18 17:13:18 devstack cinder-volume[92174]: WARNING cinder.volume.drivers.remotefs [None req-838c10d2-899c-4dbc-aae9-1f68b7bd7195 tempest-SnapshotsActionsTest-777442342 None] /opt/stack/data/cinder/mnt/828a53d74ef4ff571d9f9b6fe2c1555f/volume-75f56be9-367f-44d7-ac78-d53f9231b967.info is being set with open permissions: ugo+rw
Jun 18 17:13:18 devstack cinder-volume[92174]: DEBUG oslo_concurrency.processutils [None req-838c10d2-899c-4dbc-aae9-1f68b7bd7195 tempest-SnapshotsActionsTest-777442342 None] Running cmd (subprocess): sudo cinder-rootwrap /etc/cinder/rootwrap.conf chmod ugo+rw /opt/stack/data/cinder/mnt/828a53d74ef4ff571d9f9b6fe2c1555f/volume-75f56be9-367f-44d7-ac78-d53f9231b967.info {{(pid=92174) execute /opt/stack/data/venv/lib/python3.12/site-packages/oslo_concurrency/processutils.py:440}}
Jun 18 17:13:18 devstack cinder-volume[92174]: DEBUG cinder.coordination [None req-0ac1ea4f-d17e-4819-b2c0-f940fe8e7106 tempest-GroupSnapshotsV319Test-763526894 None] Lock "cinder-quobyte-2fdcb41d-1728-4343-a9ad-1fdfb843128b" released by "delete_volume" :: held 1.713s {{(pid=92174) __release /opt/stack/cinder/cinder/coordination.py:152}}
Jun 18 17:13:18 devstack sudo[99731]: quobyte : PWD=/ ; USER=root ; COMMAND=/opt/stack/data/venv/bin/cinder-rootwrap /etc/cinder/rootwrap.conf chmod ugo+rw /opt/stack/data/cinder/mnt/828a53d74ef4ff571d9f9b6fe2c1555f/volume-75f56be9-367f-44d7-ac78-d53f9231b967.info
Jun 18 17:13:18 devstack sudo[99731]: pam_unix(sudo:session): session opened for user root(uid=0) by (uid=1000)
Jun 18 17:13:18 devstack cinder-volume[92174]: DEBUG cinder.quota [None req-0ac1ea4f-d17e-4819-b2c0-f940fe8e7106 tempest-GroupSnapshotsV319Test-763526894 None] Created reservations ['a713f731-2327-480d-ac02-d4b613b06ab5'] {{(pid=92174) reserve /opt/stack/cinder/cinder/quota.py:752}}
Jun 18 17:13:18 devstack cinder-volume[92174]: WARNING cinder.quota [None req-0ac1ea4f-d17e-4819-b2c0-f940fe8e7106 tempest-GroupSnapshotsV319Test-763526894 None] Deprecated: Default quota for resource: volumes_tempest-GroupSnapshotsV319Test-volume-type-172887679 is set by the default quota flag: quota_volumes_tempest-GroupSnapshotsV319Test-volume-type-172887679, it is now deprecated. Please use the default quota class for default quota.
Jun 18 17:13:18 devstack cinder-volume[92174]: DEBUG cinder.quota [None req-0ac1ea4f-d17e-4819-b2c0-f940fe8e7106 tempest-GroupSnapshotsV319Test-763526894 None] Created reservations ['16145595-5072-4eac-896f-30296d70a98c', '80f6fb84-edcf-41bf-aafc-9ee7720c84a6', 'c4fa55fe-e8b4-45f0-be27-361485f854c3', '30017636-fd48-4af3-8402-e2420d657924'] {{(pid=92174) reserve /opt/stack/cinder/cinder/quota.py:752}}
Jun 18 17:13:18 devstack cinder-volume[92174]: DEBUG oslo_concurrency.lockutils [None req-0ac1ea4f-d17e-4819-b2c0-f940fe8e7106 tempest-GroupSnapshotsV319Test-763526894 None] Acquiring lock "quobyte_ensure" by "cinder.volume.drivers.quobyte.QuobyteDriver._ensure_shares_mounted" {{(pid=92174) inner /opt/stack/data/venv/lib/python3.12/site-packages/oslo_concurrency/lockutils.py:511}}
Jun 18 17:13:18 devstack cinder-volume[92174]: DEBUG oslo_concurrency.lockutils [None req-0ac1ea4f-d17e-4819-b2c0-f940fe8e7106 tempest-GroupSnapshotsV319Test-763526894 None] Lock "quobyte_ensure" acquired by "cinder.volume.drivers.quobyte.QuobyteDriver._ensure_shares_mounted" :: waited 0.001s {{(pid=92174) inner /opt/stack/data/venv/lib/python3.12/site-packages/oslo_concurrency/lockutils.py:524}}
Jun 18 17:13:18 devstack cinder-volume[92174]: DEBUG cinder.volume.drivers.quobyte [None req-0ac1ea4f-d17e-4819-b2c0-f940fe8e7106 tempest-GroupSnapshotsV319Test-763526894 None] Quobyte Volume URL set to: {'osci02.corp.quobyte.com/cinder-vol-98e2a54b-158d-4909-b6d8-b8812f94d5ce': None} {{(pid=92174) _load_shares_config /opt/stack/cinder/cinder/volume/drivers/quobyte.py:617}}
Jun 18 17:13:18 devstack cinder-volume[92174]: DEBUG cinder.volume.drivers.quobyte [None req-0ac1ea4f-d17e-4819-b2c0-f940fe8e7106 tempest-GroupSnapshotsV319Test-763526894 None] Available shares ['osci02.corp.quobyte.com/cinder-vol-98e2a54b-158d-4909-b6d8-b8812f94d5ce'] {{(pid=92174) _ensure_shares_mounted /opt/stack/cinder/cinder/volume/drivers/quobyte.py:647}}
Jun 18 17:13:18 devstack cinder-volume[92174]: DEBUG oslo_concurrency.lockutils [None req-0ac1ea4f-d17e-4819-b2c0-f940fe8e7106 tempest-GroupSnapshotsV319Test-763526894 None] Lock "quobyte_ensure" "released" by "cinder.volume.drivers.quobyte.QuobyteDriver._ensure_shares_mounted" :: held 0.015s {{(pid=92174) inner /opt/stack/data/venv/lib/python3.12/site-packages/oslo_concurrency/lockutils.py:543}}
Jun 18 17:13:18 devstack cinder-volume[92174]: DEBUG oslo_concurrency.processutils [None req-0ac1ea4f-d17e-4819-b2c0-f940fe8e7106 tempest-GroupSnapshotsV319Test-763526894 None] Running cmd (subprocess): sudo cinder-rootwrap /etc/cinder/rootwrap.conf df --portability --block-size 1 /opt/stack/data/cinder/mnt/828a53d74ef4ff571d9f9b6fe2c1555f {{(pid=92174) execute /opt/stack/data/venv/lib/python3.12/site-packages/oslo_concurrency/processutils.py:440}}
Jun 18 17:13:18 devstack sudo[99733]: quobyte : PWD=/ ; USER=root ; COMMAND=/opt/stack/data/venv/bin/cinder-rootwrap /etc/cinder/rootwrap.conf df --portability --block-size 1 /opt/stack/data/cinder/mnt/828a53d74ef4ff571d9f9b6fe2c1555f
Jun 18 17:13:18 devstack sudo[99733]: pam_unix(sudo:session): session opened for user root(uid=0) by (uid=1000)
Jun 18 17:13:19 devstack sudo[99731]: pam_unix(sudo:session): session closed for user root
Jun 18 17:13:19 devstack cinder-volume[92174]: DEBUG oslo_concurrency.processutils [None req-838c10d2-899c-4dbc-aae9-1f68b7bd7195 tempest-SnapshotsActionsTest-777442342 None] CMD "sudo cinder-rootwrap /etc/cinder/rootwrap.conf chmod ugo+rw /opt/stack/data/cinder/mnt/828a53d74ef4ff571d9f9b6fe2c1555f/volume-75f56be9-367f-44d7-ac78-d53f9231b967.info" returned: 0 in 0.780s {{(pid=92174) execute /opt/stack/data/venv/lib/python3.12/site-packages/oslo_concurrency/processutils.py:468}}
Jun 18 17:13:19 devstack cinder-volume[92174]: DEBUG oslo_concurrency.lockutils [None req-838c10d2-899c-4dbc-aae9-1f68b7bd7195 tempest-SnapshotsActionsTest-777442342 None] Lock "quobyte" "released" by "cinder.volume.drivers.quobyte.QuobyteDriver.create_snapshot" :: held 5.434s {{(pid=92174) inner /opt/stack/data/venv/lib/python3.12/site-packages/oslo_concurrency/lockutils.py:543}}
Jun 18 17:13:19 devstack cinder-volume[92174]: INFO cinder.volume.manager [None req-838c10d2-899c-4dbc-aae9-1f68b7bd7195 tempest-SnapshotsActionsTest-777442342 None] Create snapshot completed successfully
Jun 18 17:13:19 devstack sudo[99733]: pam_unix(sudo:session): session closed for user root
Jun 18 17:13:19 devstack cinder-volume[92174]: DEBUG oslo_concurrency.processutils [None req-0ac1ea4f-d17e-4819-b2c0-f940fe8e7106 tempest-GroupSnapshotsV319Test-763526894 None] CMD "sudo cinder-rootwrap /etc/cinder/rootwrap.conf df --portability --block-size 1 /opt/stack/data/cinder/mnt/828a53d74ef4ff571d9f9b6fe2c1555f" returned: 0 in 0.746s {{(pid=92174) execute /opt/stack/data/venv/lib/python3.12/site-packages/oslo_concurrency/processutils.py:468}}
Jun 18 17:13:19 devstack cinder-volume[92174]: DEBUG cinder.manager [None req-0ac1ea4f-d17e-4819-b2c0-f940fe8e7106 tempest-GroupSnapshotsV319Test-763526894 None] Notifying Schedulers of capabilities ... {{(pid=92174) _publish_service_capabilities /opt/stack/cinder/cinder/manager.py:219}}
Jun 18 17:13:19 devstack cinder-volume[92174]: INFO cinder.volume.manager [None req-0ac1ea4f-d17e-4819-b2c0-f940fe8e7106 tempest-GroupSnapshotsV319Test-763526894 None] Delete group completed successfully.
Jun 18 17:13:20 devstack cinder-volume[92174]: DEBUG oslo_concurrency.lockutils [None req-1501d8f4-a8b3-4054-bbf8-3ea1a4d917bf tempest-SnapshotsActionsTest-777442342 None] Acquiring lock "quobyte" by "cinder.volume.drivers.quobyte.QuobyteDriver.create_snapshot" {{(pid=92174) inner /opt/stack/data/venv/lib/python3.12/site-packages/oslo_concurrency/lockutils.py:511}}
Jun 18 17:13:20 devstack cinder-volume[92174]: DEBUG oslo_concurrency.lockutils [None req-1501d8f4-a8b3-4054-bbf8-3ea1a4d917bf tempest-SnapshotsActionsTest-777442342 None] Lock "quobyte" acquired by "cinder.volume.drivers.quobyte.QuobyteDriver.create_snapshot" :: waited 0.001s {{(pid=92174) inner /opt/stack/data/venv/lib/python3.12/site-packages/oslo_concurrency/lockutils.py:524}}
Jun 18 17:13:20 devstack cinder-volume[92174]: DEBUG cinder.volume.drivers.remotefs [None req-1501d8f4-a8b3-4054-bbf8-3ea1a4d917bf tempest-SnapshotsActionsTest-777442342 None] Creating offline snapshot ace1437d-880a-4233-a515-e24f2c692404 of volume 75f56be9-367f-44d7-ac78-d53f9231b967 {{(pid=92174) _create_snapshot /opt/stack/cinder/cinder/volume/drivers/remotefs.py:1816}}
Jun 18 17:13:21 devstack cinder-volume[92174]: DEBUG oslo.privsep.daemon [-] privsep: reply[3e0c7e16-ebfb-4aca-9257-c4d0b52dc649]: (4, 'qcow2') {{(pid=93284) _call_back /opt/stack/data/venv/lib/python3.12/site-packages/oslo_privsep/daemon.py:580}}
Jun 18 17:13:21 devstack cinder-volume[92174]: DEBUG oslo_concurrency.processutils [None req-1501d8f4-a8b3-4054-bbf8-3ea1a4d917bf tempest-SnapshotsActionsTest-777442342 None] Running cmd (subprocess): /opt/stack/data/venv/bin/python3.12 -m oslo_concurrency.prlimit --as=1073741824 --cpu=60 -- sudo cinder-rootwrap /etc/cinder/rootwrap.conf env LC_ALL=C qemu-img info -f qcow2 --output=json --force-share /opt/stack/data/cinder/mnt/828a53d74ef4ff571d9f9b6fe2c1555f/volume-75f56be9-367f-44d7-ac78-d53f9231b967.4a28d618-608f-4bf1-814a-cc801da80d43 {{(pid=92174) execute /opt/stack/data/venv/lib/python3.12/site-packages/oslo_concurrency/processutils.py:440}}
Jun 18 17:13:21 devstack sudo[99763]: quobyte : PWD=/ ; USER=root ; COMMAND=/opt/stack/data/venv/bin/cinder-rootwrap /etc/cinder/rootwrap.conf env LC_ALL=C qemu-img info -f qcow2 --output=json --force-share /opt/stack/data/cinder/mnt/828a53d74ef4ff571d9f9b6fe2c1555f/volume-75f56be9-367f-44d7-ac78-d53f9231b967.4a28d618-608f-4bf1-814a-cc801da80d43
Jun 18 17:13:21 devstack sudo[99763]: pam_unix(sudo:session): session opened for user root(uid=0) by (uid=1000)
Jun 18 17:13:22 devstack sudo[99763]: pam_unix(sudo:session): session closed for user root
Jun 18 17:13:22 devstack cinder-volume[92174]: DEBUG oslo_concurrency.processutils [None req-1501d8f4-a8b3-4054-bbf8-3ea1a4d917bf tempest-SnapshotsActionsTest-777442342 None] CMD "/opt/stack/data/venv/bin/python3.12 -m oslo_concurrency.prlimit --as=1073741824 --cpu=60 -- sudo cinder-rootwrap /etc/cinder/rootwrap.conf env LC_ALL=C qemu-img info -f qcow2 --output=json --force-share /opt/stack/data/cinder/mnt/828a53d74ef4ff571d9f9b6fe2c1555f/volume-75f56be9-367f-44d7-ac78-d53f9231b967.4a28d618-608f-4bf1-814a-cc801da80d43" returned: 0 in 1.090s {{(pid=92174) execute /opt/stack/data/venv/lib/python3.12/site-packages/oslo_concurrency/processutils.py:468}}
Jun 18 17:13:22 devstack cinder-volume[92174]: DEBUG cinder.volume.drivers.remotefs [None req-1501d8f4-a8b3-4054-bbf8-3ea1a4d917bf tempest-SnapshotsActionsTest-777442342 None] Fetching qemu-img info with special backing_file_template: (/opt/stack/data/cinder/mnt/[0-9a-f]+/)?(volume-75f56be9-367f-44d7-ac78-d53f9231b967(.(tmp-snap-)?[0-9a-f-]+)?|volume_from_snapshot_cache/(tmp-snap-)?[0-9a-f-]+(.(child-|parent-)[0-9a-f-]+)?)$ {{(pid=92174) _qemu_img_info_base /opt/stack/cinder/cinder/volume/drivers/remotefs.py:896}}
Jun 18 17:13:22 devstack cinder-volume[92174]: DEBUG oslo_concurrency.processutils [None req-1501d8f4-a8b3-4054-bbf8-3ea1a4d917bf tempest-SnapshotsActionsTest-777442342 None] Running cmd (subprocess): sudo cinder-rootwrap /etc/cinder/rootwrap.conf qemu-img create -f qcow2 -o backing_file=/opt/stack/data/cinder/mnt/828a53d74ef4ff571d9f9b6fe2c1555f/volume-75f56be9-367f-44d7-ac78-d53f9231b967.4a28d618-608f-4bf1-814a-cc801da80d43,backing_fmt=qcow2 /opt/stack/data/cinder/mnt/828a53d74ef4ff571d9f9b6fe2c1555f/volume-75f56be9-367f-44d7-ac78-d53f9231b967.ace1437d-880a-4233-a515-e24f2c692404 1G {{(pid=92174) execute /opt/stack/data/venv/lib/python3.12/site-packages/oslo_concurrency/processutils.py:440}}
Jun 18 17:13:22 devstack sudo[99778]: quobyte : PWD=/ ; USER=root ; COMMAND=/opt/stack/data/venv/bin/cinder-rootwrap /etc/cinder/rootwrap.conf qemu-img create -f qcow2 -o backing_file=/opt/stack/data/cinder/mnt/828a53d74ef4ff571d9f9b6fe2c1555f/volume-75f56be9-367f-44d7-ac78-d53f9231b967.4a28d618-608f-4bf1-814a-cc801da80d43,backing_fmt=qcow2 /opt/stack/data/cinder/mnt/828a53d74ef4ff571d9f9b6fe2c1555f/volume-75f56be9-367f-44d7-ac78-d53f9231b967.ace1437d-880a-4233-a515-e24f2c692404 1G
Jun 18 17:13:22 devstack sudo[99778]: pam_unix(sudo:session): session opened for user root(uid=0) by (uid=1000)
Jun 18 17:13:23 devstack sudo[99778]: pam_unix(sudo:session): session closed for user root
Jun 18 17:13:23 devstack cinder-volume[92174]: DEBUG oslo_concurrency.processutils [None req-1501d8f4-a8b3-4054-bbf8-3ea1a4d917bf tempest-SnapshotsActionsTest-777442342 None] CMD "sudo cinder-rootwrap /etc/cinder/rootwrap.conf qemu-img create -f qcow2 -o backing_file=/opt/stack/data/cinder/mnt/828a53d74ef4ff571d9f9b6fe2c1555f/volume-75f56be9-367f-44d7-ac78-d53f9231b967.4a28d618-608f-4bf1-814a-cc801da80d43,backing_fmt=qcow2 /opt/stack/data/cinder/mnt/828a53d74ef4ff571d9f9b6fe2c1555f/volume-75f56be9-367f-44d7-ac78-d53f9231b967.ace1437d-880a-4233-a515-e24f2c692404 1G" returned: 0 in 1.326s {{(pid=92174) execute /opt/stack/data/venv/lib/python3.12/site-packages/oslo_concurrency/processutils.py:468}}
Jun 18 17:13:23 devstack cinder-volume[92174]: DEBUG oslo_concurrency.processutils [None req-1501d8f4-a8b3-4054-bbf8-3ea1a4d917bf tempest-SnapshotsActionsTest-777442342 None] Running cmd (subprocess): sudo cinder-rootwrap /etc/cinder/rootwrap.conf qemu-img rebase -u -b volume-75f56be9-367f-44d7-ac78-d53f9231b967.4a28d618-608f-4bf1-814a-cc801da80d43 -F qcow2 /opt/stack/data/cinder/mnt/828a53d74ef4ff571d9f9b6fe2c1555f/volume-75f56be9-367f-44d7-ac78-d53f9231b967.ace1437d-880a-4233-a515-e24f2c692404 {{(pid=92174) execute /opt/stack/data/venv/lib/python3.12/site-packages/oslo_concurrency/processutils.py:440}}
Jun 18 17:13:23 devstack sudo[99788]: quobyte : PWD=/ ; USER=root ; COMMAND=/opt/stack/data/venv/bin/cinder-rootwrap /etc/cinder/rootwrap.conf qemu-img rebase -u -b volume-75f56be9-367f-44d7-ac78-d53f9231b967.4a28d618-608f-4bf1-814a-cc801da80d43 -F qcow2 /opt/stack/data/cinder/mnt/828a53d74ef4ff571d9f9b6fe2c1555f/volume-75f56be9-367f-44d7-ac78-d53f9231b967.ace1437d-880a-4233-a515-e24f2c692404
Jun 18 17:13:23 devstack sudo[99788]: pam_unix(sudo:session): session opened for user root(uid=0) by (uid=1000)
Jun 18 17:13:24 devstack sudo[99788]: pam_unix(sudo:session): session closed for user root
Jun 18 17:13:24 devstack cinder-volume[92174]: DEBUG oslo_concurrency.processutils [None req-1501d8f4-a8b3-4054-bbf8-3ea1a4d917bf tempest-SnapshotsActionsTest-777442342 None] CMD "sudo cinder-rootwrap /etc/cinder/rootwrap.conf qemu-img rebase -u -b volume-75f56be9-367f-44d7-ac78-d53f9231b967.4a28d618-608f-4bf1-814a-cc801da80d43 -F qcow2 /opt/stack/data/cinder/mnt/828a53d74ef4ff571d9f9b6fe2c1555f/volume-75f56be9-367f-44d7-ac78-d53f9231b967.ace1437d-880a-4233-a515-e24f2c692404" returned: 0 in 0.830s {{(pid=92174) execute /opt/stack/data/venv/lib/python3.12/site-packages/oslo_concurrency/processutils.py:468}}
Jun 18 17:13:24 devstack cinder-volume[92174]: WARNING cinder.volume.drivers.remotefs [None req-1501d8f4-a8b3-4054-bbf8-3ea1a4d917bf tempest-SnapshotsActionsTest-777442342 None] /opt/stack/data/cinder/mnt/828a53d74ef4ff571d9f9b6fe2c1555f/volume-75f56be9-367f-44d7-ac78-d53f9231b967.ace1437d-880a-4233-a515-e24f2c692404 is being set with open permissions: ugo+rw
Jun 18 17:13:24 devstack cinder-volume[92174]: DEBUG oslo_concurrency.processutils [None req-1501d8f4-a8b3-4054-bbf8-3ea1a4d917bf tempest-SnapshotsActionsTest-777442342 None] Running cmd (subprocess): sudo cinder-rootwrap /etc/cinder/rootwrap.conf chmod ugo+rw /opt/stack/data/cinder/mnt/828a53d74ef4ff571d9f9b6fe2c1555f/volume-75f56be9-367f-44d7-ac78-d53f9231b967.ace1437d-880a-4233-a515-e24f2c692404 {{(pid=92174) execute /opt/stack/data/venv/lib/python3.12/site-packages/oslo_concurrency/processutils.py:440}}
Jun 18 17:13:24 devstack sudo[99809]: quobyte : PWD=/ ; USER=root ; COMMAND=/opt/stack/data/venv/bin/cinder-rootwrap /etc/cinder/rootwrap.conf chmod ugo+rw /opt/stack/data/cinder/mnt/828a53d74ef4ff571d9f9b6fe2c1555f/volume-75f56be9-367f-44d7-ac78-d53f9231b967.ace1437d-880a-4233-a515-e24f2c692404
Jun 18 17:13:24 devstack sudo[99809]: pam_unix(sudo:session): session opened for user root(uid=0) by (uid=1000)
Jun 18 17:13:24 devstack sudo[99809]: pam_unix(sudo:session): session closed for user root
Jun 18 17:13:24 devstack cinder-volume[92174]: DEBUG oslo_concurrency.processutils [None req-1501d8f4-a8b3-4054-bbf8-3ea1a4d917bf tempest-SnapshotsActionsTest-777442342 None] CMD "sudo cinder-rootwrap /etc/cinder/rootwrap.conf chmod ugo+rw /opt/stack/data/cinder/mnt/828a53d74ef4ff571d9f9b6fe2c1555f/volume-75f56be9-367f-44d7-ac78-d53f9231b967.ace1437d-880a-4233-a515-e24f2c692404" returned: 0 in 0.705s {{(pid=92174) execute /opt/stack/data/venv/lib/python3.12/site-packages/oslo_concurrency/processutils.py:468}}
Jun 18 17:13:24 devstack cinder-volume[92174]: DEBUG oslo_concurrency.lockutils [None req-1501d8f4-a8b3-4054-bbf8-3ea1a4d917bf tempest-SnapshotsActionsTest-777442342 None] Lock "quobyte" "released" by "cinder.volume.drivers.quobyte.QuobyteDriver.create_snapshot" :: held 4.052s {{(pid=92174) inner /opt/stack/data/venv/lib/python3.12/site-packages/oslo_concurrency/lockutils.py:543}}
Jun 18 17:13:25 devstack cinder-volume[92174]: INFO cinder.volume.manager [None req-1501d8f4-a8b3-4054-bbf8-3ea1a4d917bf tempest-SnapshotsActionsTest-777442342 None] Create snapshot completed successfully
Jun 18 17:13:25 devstack cinder-volume[92174]: DEBUG cinder.coordination [None req-afeee2cd-fa1f-4d57-b903-65c855215217 tempest-SnapshotsActionsTest-773991359 None] Acquiring lock "cinder-ace1437d-880a-4233-a515-e24f2c692404-delete_snapshot" by "delete_snapshot" {{(pid=92174) __acquire /opt/stack/cinder/cinder/coordination.py:138}}
Jun 18 17:13:25 devstack cinder-volume[92174]: DEBUG cinder.coordination [None req-afeee2cd-fa1f-4d57-b903-65c855215217 tempest-SnapshotsActionsTest-773991359 None] Lock "cinder-ace1437d-880a-4233-a515-e24f2c692404-delete_snapshot" acquired by "delete_snapshot" :: waited 0.021s {{(pid=92174) __acquire /opt/stack/cinder/cinder/coordination.py:141}}
Jun 18 17:13:25 devstack cinder-volume[92174]: DEBUG cinder.coordination [None req-afeee2cd-fa1f-4d57-b903-65c855215217 tempest-SnapshotsActionsTest-773991359 None] Acquiring lock "cinder-quobyte-75f56be9-367f-44d7-ac78-d53f9231b967" by "delete_snapshot" {{(pid=92174) __acquire /opt/stack/cinder/cinder/coordination.py:138}}
Jun 18 17:13:25 devstack cinder-volume[92174]: DEBUG cinder.coordination [None req-afeee2cd-fa1f-4d57-b903-65c855215217 tempest-SnapshotsActionsTest-773991359 None] Lock "cinder-quobyte-75f56be9-367f-44d7-ac78-d53f9231b967" acquired by "delete_snapshot" :: waited 0.015s {{(pid=92174) __acquire /opt/stack/cinder/cinder/coordination.py:141}}
Jun 18 17:13:25 devstack cinder-volume[92174]: DEBUG cinder.coordination [None req-afeee2cd-fa1f-4d57-b903-65c855215217 tempest-SnapshotsActionsTest-773991359 None] Acquiring lock "cinder-quobyte-ace1437d-880a-4233-a515-e24f2c692404" by "_delete_snapshot" {{(pid=92174) __acquire /opt/stack/cinder/cinder/coordination.py:138}}
Jun 18 17:13:25 devstack cinder-volume[92174]: DEBUG cinder.coordination [None req-afeee2cd-fa1f-4d57-b903-65c855215217 tempest-SnapshotsActionsTest-773991359 None] Lock "cinder-quobyte-ace1437d-880a-4233-a515-e24f2c692404" acquired by "_delete_snapshot" :: waited 0.012s {{(pid=92174) __acquire /opt/stack/cinder/cinder/coordination.py:141}}
Jun 18 17:13:25 devstack cinder-volume[92174]: DEBUG cinder.volume.drivers.remotefs [None req-afeee2cd-fa1f-4d57-b903-65c855215217 tempest-SnapshotsActionsTest-773991359 None] Deleting offline snapshot ace1437d-880a-4233-a515-e24f2c692404 of volume 75f56be9-367f-44d7-ac78-d53f9231b967 {{(pid=92174) _delete_snapshot /opt/stack/cinder/cinder/volume/drivers/remotefs.py:1288}}
Jun 18 17:13:25 devstack cinder-volume[92174]: DEBUG cinder.volume.drivers.remotefs [None req-afeee2cd-fa1f-4d57-b903-65c855215217 tempest-SnapshotsActionsTest-773991359 None] snapshot_file for this snap is: volume-75f56be9-367f-44d7-ac78-d53f9231b967.ace1437d-880a-4233-a515-e24f2c692404 {{(pid=92174) _delete_snapshot /opt/stack/cinder/cinder/volume/drivers/remotefs.py:1317}}
Jun 18 17:13:25 devstack cinder-volume[92174]: DEBUG oslo.privsep.daemon [-] privsep: reply[51c0285f-c1e1-4b95-a8b5-5e1c2d70a75e]: (4, 'qcow2') {{(pid=93284) _call_back /opt/stack/data/venv/lib/python3.12/site-packages/oslo_privsep/daemon.py:580}}
Jun 18 17:13:25 devstack cinder-volume[92174]: DEBUG oslo_concurrency.processutils [None req-afeee2cd-fa1f-4d57-b903-65c855215217 tempest-SnapshotsActionsTest-773991359 None] Running cmd (subprocess): /opt/stack/data/venv/bin/python3.12 -m oslo_concurrency.prlimit --as=1073741824 --cpu=60 -- sudo cinder-rootwrap /etc/cinder/rootwrap.conf env LC_ALL=C qemu-img info -f qcow2 --output=json --force-share /opt/stack/data/cinder/mnt/828a53d74ef4ff571d9f9b6fe2c1555f/volume-75f56be9-367f-44d7-ac78-d53f9231b967.ace1437d-880a-4233-a515-e24f2c692404 {{(pid=92174) execute /opt/stack/data/venv/lib/python3.12/site-packages/oslo_concurrency/processutils.py:440}}
Jun 18 17:13:25 devstack sudo[99815]: quobyte : PWD=/ ; USER=root ; COMMAND=/opt/stack/data/venv/bin/cinder-rootwrap /etc/cinder/rootwrap.conf env LC_ALL=C qemu-img info -f qcow2 --output=json --force-share /opt/stack/data/cinder/mnt/828a53d74ef4ff571d9f9b6fe2c1555f/volume-75f56be9-367f-44d7-ac78-d53f9231b967.ace1437d-880a-4233-a515-e24f2c692404
Jun 18 17:13:25 devstack sudo[99815]: pam_unix(sudo:session): session opened for user root(uid=0) by (uid=1000)
Jun 18 17:13:26 devstack sudo[99815]: pam_unix(sudo:session): session closed for user root
Jun 18 17:13:26 devstack cinder-volume[92174]: DEBUG oslo_concurrency.processutils [None req-afeee2cd-fa1f-4d57-b903-65c855215217 tempest-SnapshotsActionsTest-773991359 None] CMD "/opt/stack/data/venv/bin/python3.12 -m oslo_concurrency.prlimit --as=1073741824 --cpu=60 -- sudo cinder-rootwrap /etc/cinder/rootwrap.conf env LC_ALL=C qemu-img info -f qcow2 --output=json --force-share /opt/stack/data/cinder/mnt/828a53d74ef4ff571d9f9b6fe2c1555f/volume-75f56be9-367f-44d7-ac78-d53f9231b967.ace1437d-880a-4233-a515-e24f2c692404" returned: 0 in 1.132s {{(pid=92174) execute /opt/stack/data/venv/lib/python3.12/site-packages/oslo_concurrency/processutils.py:468}}
Jun 18 17:13:26 devstack cinder-volume[92174]: DEBUG cinder.volume.drivers.remotefs [None req-afeee2cd-fa1f-4d57-b903-65c855215217 tempest-SnapshotsActionsTest-773991359 None] Fetching qemu-img info with special backing_file_template: (/opt/stack/data/cinder/mnt/[0-9a-f]+/)?(volume-75f56be9-367f-44d7-ac78-d53f9231b967(.(tmp-snap-)?[0-9a-f-]+)?|volume_from_snapshot_cache/(tmp-snap-)?[0-9a-f-]+(.(child-|parent-)[0-9a-f-]+)?)$ {{(pid=92174) _qemu_img_info_base /opt/stack/cinder/cinder/volume/drivers/remotefs.py:896}}
Jun 18 17:13:26 devstack cinder-volume[92174]: DEBUG oslo.privsep.daemon [-] privsep: reply[fba9b832-ca7d-48c5-8b59-ff132a23a9e0]: (4, 'qcow2') {{(pid=93284) _call_back /opt/stack/data/venv/lib/python3.12/site-packages/oslo_privsep/daemon.py:580}}
Jun 18 17:13:26 devstack cinder-volume[92174]: DEBUG oslo_concurrency.processutils [None req-afeee2cd-fa1f-4d57-b903-65c855215217 tempest-SnapshotsActionsTest-773991359 None] Running cmd (subprocess): /opt/stack/data/venv/bin/python3.12 -m oslo_concurrency.prlimit --as=1073741824 --cpu=60 -- sudo cinder-rootwrap /etc/cinder/rootwrap.conf env LC_ALL=C qemu-img info -f qcow2 --output=json --force-share /opt/stack/data/cinder/mnt/828a53d74ef4ff571d9f9b6fe2c1555f/volume-75f56be9-367f-44d7-ac78-d53f9231b967.4a28d618-608f-4bf1-814a-cc801da80d43 {{(pid=92174) execute /opt/stack/data/venv/lib/python3.12/site-packages/oslo_concurrency/processutils.py:440}}
Jun 18 17:13:26 devstack sudo[99869]: quobyte : PWD=/ ; USER=root ; COMMAND=/opt/stack/data/venv/bin/cinder-rootwrap /etc/cinder/rootwrap.conf env LC_ALL=C qemu-img info -f qcow2 --output=json --force-share /opt/stack/data/cinder/mnt/828a53d74ef4ff571d9f9b6fe2c1555f/volume-75f56be9-367f-44d7-ac78-d53f9231b967.4a28d618-608f-4bf1-814a-cc801da80d43
Jun 18 17:13:26 devstack sudo[99869]: pam_unix(sudo:session): session opened for user root(uid=0) by (uid=1000)
Jun 18 17:13:27 devstack sudo[99869]: pam_unix(sudo:session): session closed for user root
Jun 18 17:13:27 devstack cinder-volume[92174]: DEBUG oslo_concurrency.processutils [None req-afeee2cd-fa1f-4d57-b903-65c855215217 tempest-SnapshotsActionsTest-773991359 None] CMD "/opt/stack/data/venv/bin/python3.12 -m oslo_concurrency.prlimit --as=1073741824 --cpu=60 -- sudo cinder-rootwrap /etc/cinder/rootwrap.conf env LC_ALL=C qemu-img info -f qcow2 --output=json --force-share /opt/stack/data/cinder/mnt/828a53d74ef4ff571d9f9b6fe2c1555f/volume-75f56be9-367f-44d7-ac78-d53f9231b967.4a28d618-608f-4bf1-814a-cc801da80d43" returned: 0 in 1.356s {{(pid=92174) execute /opt/stack/data/venv/lib/python3.12/site-packages/oslo_concurrency/processutils.py:468}}
Jun 18 17:13:27 devstack cinder-volume[92174]: DEBUG cinder.volume.drivers.remotefs [None req-afeee2cd-fa1f-4d57-b903-65c855215217 tempest-SnapshotsActionsTest-773991359 None] Fetching qemu-img info with special backing_file_template: (/opt/stack/data/cinder/mnt/[0-9a-f]+/)?(volume-75f56be9-367f-44d7-ac78-d53f9231b967(.(tmp-snap-)?[0-9a-f-]+)?|volume_from_snapshot_cache/(tmp-snap-)?[0-9a-f-]+(.(child-|parent-)[0-9a-f-]+)?)$ {{(pid=92174) _qemu_img_info_base /opt/stack/cinder/cinder/volume/drivers/remotefs.py:896}}
Jun 18 17:13:27 devstack cinder-volume[92174]: DEBUG oslo_concurrency.processutils [None req-afeee2cd-fa1f-4d57-b903-65c855215217 tempest-SnapshotsActionsTest-773991359 None] Running cmd (subprocess): sudo cinder-rootwrap /etc/cinder/rootwrap.conf qemu-img commit -d /opt/stack/data/cinder/mnt/828a53d74ef4ff571d9f9b6fe2c1555f/volume-75f56be9-367f-44d7-ac78-d53f9231b967.ace1437d-880a-4233-a515-e24f2c692404 {{(pid=92174) execute /opt/stack/data/venv/lib/python3.12/site-packages/oslo_concurrency/processutils.py:440}}
Jun 18 17:13:27 devstack sudo[99916]: quobyte : PWD=/ ; USER=root ; COMMAND=/opt/stack/data/venv/bin/cinder-rootwrap /etc/cinder/rootwrap.conf qemu-img commit -d /opt/stack/data/cinder/mnt/828a53d74ef4ff571d9f9b6fe2c1555f/volume-75f56be9-367f-44d7-ac78-d53f9231b967.ace1437d-880a-4233-a515-e24f2c692404
Jun 18 17:13:27 devstack sudo[99916]: pam_unix(sudo:session): session opened for user root(uid=0) by (uid=1000)
Jun 18 17:13:29 devstack sudo[99916]: pam_unix(sudo:session): session closed for user root
Jun 18 17:13:29 devstack cinder-volume[92174]: DEBUG oslo_concurrency.processutils [None req-afeee2cd-fa1f-4d57-b903-65c855215217 tempest-SnapshotsActionsTest-773991359 None] CMD "sudo cinder-rootwrap /etc/cinder/rootwrap.conf qemu-img commit -d /opt/stack/data/cinder/mnt/828a53d74ef4ff571d9f9b6fe2c1555f/volume-75f56be9-367f-44d7-ac78-d53f9231b967.ace1437d-880a-4233-a515-e24f2c692404" returned: 0 in 1.199s {{(pid=92174) execute /opt/stack/data/venv/lib/python3.12/site-packages/oslo_concurrency/processutils.py:468}}
Jun 18 17:13:29 devstack cinder-volume[92174]: DEBUG oslo_concurrency.processutils [None req-afeee2cd-fa1f-4d57-b903-65c855215217 tempest-SnapshotsActionsTest-773991359 None] Running cmd (subprocess): sudo cinder-rootwrap /etc/cinder/rootwrap.conf rm -f /opt/stack/data/cinder/mnt/828a53d74ef4ff571d9f9b6fe2c1555f/volume-75f56be9-367f-44d7-ac78-d53f9231b967.ace1437d-880a-4233-a515-e24f2c692404 {{(pid=92174) execute /opt/stack/data/venv/lib/python3.12/site-packages/oslo_concurrency/processutils.py:440}}
Jun 18 17:13:29 devstack sudo[99927]: quobyte : PWD=/ ; USER=root ; COMMAND=/opt/stack/data/venv/bin/cinder-rootwrap /etc/cinder/rootwrap.conf rm -f /opt/stack/data/cinder/mnt/828a53d74ef4ff571d9f9b6fe2c1555f/volume-75f56be9-367f-44d7-ac78-d53f9231b967.ace1437d-880a-4233-a515-e24f2c692404
Jun 18 17:13:29 devstack sudo[99927]: pam_unix(sudo:session): session opened for user root(uid=0) by (uid=1000)
Jun 18 17:13:29 devstack sudo[99927]: pam_unix(sudo:session): session closed for user root
Jun 18 17:13:30 devstack cinder-volume[92174]: DEBUG oslo_concurrency.processutils [None req-afeee2cd-fa1f-4d57-b903-65c855215217 tempest-SnapshotsActionsTest-773991359 None] CMD "sudo cinder-rootwrap /etc/cinder/rootwrap.conf rm -f /opt/stack/data/cinder/mnt/828a53d74ef4ff571d9f9b6fe2c1555f/volume-75f56be9-367f-44d7-ac78-d53f9231b967.ace1437d-880a-4233-a515-e24f2c692404" returned: 0 in 0.927s {{(pid=92174) execute /opt/stack/data/venv/lib/python3.12/site-packages/oslo_concurrency/processutils.py:468}}
Jun 18 17:13:30 devstack cinder-volume[92174]: DEBUG cinder.coordination [None req-afeee2cd-fa1f-4d57-b903-65c855215217 tempest-SnapshotsActionsTest-773991359 None] Lock "cinder-quobyte-ace1437d-880a-4233-a515-e24f2c692404" released by "_delete_snapshot" :: held 4.796s {{(pid=92174) __release /opt/stack/cinder/cinder/coordination.py:152}}
Jun 18 17:13:30 devstack cinder-volume[92174]: DEBUG cinder.coordination [None req-afeee2cd-fa1f-4d57-b903-65c855215217 tempest-SnapshotsActionsTest-773991359 None] Lock "cinder-quobyte-75f56be9-367f-44d7-ac78-d53f9231b967" released by "delete_snapshot" :: held 4.826s {{(pid=92174) __release /opt/stack/cinder/cinder/coordination.py:152}}
Jun 18 17:13:30 devstack cinder-volume[92174]: DEBUG dbcounter [-] [92174] Writing DB stats cinder:SELECT=128,cinder:INSERT=29,cinder:UPDATE=116,cinder:DELETE=3 {{(pid=92174) stat_writer /opt/stack/data/venv/lib/python3.12/site-packages/dbcounter.py:115}}
Jun 18 17:13:30 devstack cinder-volume[92174]: DEBUG dbcounter [-] [92174] Writing DB stats cinder:SELECT=103,cinder:INSERT=25,cinder:UPDATE=118,cinder:DELETE=4 {{(pid=92174) stat_writer /opt/stack/data/venv/lib/python3.12/site-packages/dbcounter.py:115}}
