Apr 15 20:08:12 devstack cinder-volume[82989]: DEBUG cinder.quota [None req-611b903d-62a8-4700-b8ae-f3d313738472 tempest-GroupSnapshotsV319Test-1898056699 None] Created reservations ['325ee714-3c33-47b3-9960-d65e21930caa', '569ec807-e1d5-459d-a924-a8572cd6195e', '58d89b89-685f-4ef4-8270-b227e4dc018b', '36dedff4-42f0-4957-9ec1-c514691d3ede'] {{(pid=82989) reserve /opt/stack/cinder/cinder/quota.py:752}}
Apr 15 20:08:12 devstack cinder-volume[82989]: INFO cinder.volume.manager [None req-611b903d-62a8-4700-b8ae-f3d313738472 tempest-GroupSnapshotsV319Test-1898056699 None] group_snapshot e665dac8-a398-4483-b7cd-c7969266b202: deleted successfully
Apr 15 20:08:12 devstack sudo[86338]: pam_unix(sudo:session): session closed for user root
Apr 15 20:08:12 devstack cinder-volume[82989]: DEBUG oslo_concurrency.processutils [None req-d89c56e1-6a5a-42bf-9439-9fe9c6c1d938 tempest-VolumesGetTest-1330055057 None] CMD "sudo cinder-rootwrap /etc/cinder/rootwrap.conf qemu-img create -f qcow2 -o backing_file=/opt/stack/data/cinder/mnt/a0c426b12f632317788e37a1f5d092df/volume-53194dc7-8fe1-41a9-bd88-82e9aaae668d,backing_fmt=qcow2 /opt/stack/data/cinder/mnt/a0c426b12f632317788e37a1f5d092df/volume-53194dc7-8fe1-41a9-bd88-82e9aaae668d.84c2e34c-7e10-4e96-b6e9-abd911b050a2 1G" returned: 0 in 0.576s {{(pid=82989) execute /opt/stack/data/venv/lib/python3.10/site-packages/oslo_concurrency/processutils.py:468}}
Apr 15 20:08:12 devstack cinder-volume[82989]: DEBUG oslo_concurrency.processutils [None req-d89c56e1-6a5a-42bf-9439-9fe9c6c1d938 tempest-VolumesGetTest-1330055057 None] Running cmd (subprocess): sudo cinder-rootwrap /etc/cinder/rootwrap.conf qemu-img rebase -u -b volume-53194dc7-8fe1-41a9-bd88-82e9aaae668d -F qcow2 /opt/stack/data/cinder/mnt/a0c426b12f632317788e37a1f5d092df/volume-53194dc7-8fe1-41a9-bd88-82e9aaae668d.84c2e34c-7e10-4e96-b6e9-abd911b050a2 {{(pid=82989) execute /opt/stack/data/venv/lib/python3.10/site-packages/oslo_concurrency/processutils.py:440}}
Apr 15 20:08:12 devstack sudo[86344]: quobyte : PWD=/ ; USER=root ; COMMAND=/opt/stack/data/venv/bin/cinder-rootwrap /etc/cinder/rootwrap.conf qemu-img rebase -u -b volume-53194dc7-8fe1-41a9-bd88-82e9aaae668d -F qcow2 /opt/stack/data/cinder/mnt/a0c426b12f632317788e37a1f5d092df/volume-53194dc7-8fe1-41a9-bd88-82e9aaae668d.84c2e34c-7e10-4e96-b6e9-abd911b050a2
Apr 15 20:08:12 devstack sudo[86344]: pam_unix(sudo:session): session opened for user root(uid=0) by (uid=1000)
Apr 15 20:08:13 devstack sudo[86344]: pam_unix(sudo:session): session closed for user root
Apr 15 20:08:13 devstack cinder-volume[82989]: DEBUG oslo_concurrency.processutils [None req-d89c56e1-6a5a-42bf-9439-9fe9c6c1d938 tempest-VolumesGetTest-1330055057 None] CMD "sudo cinder-rootwrap /etc/cinder/rootwrap.conf qemu-img rebase -u -b volume-53194dc7-8fe1-41a9-bd88-82e9aaae668d -F qcow2 /opt/stack/data/cinder/mnt/a0c426b12f632317788e37a1f5d092df/volume-53194dc7-8fe1-41a9-bd88-82e9aaae668d.84c2e34c-7e10-4e96-b6e9-abd911b050a2" returned: 0 in 0.495s {{(pid=82989) execute /opt/stack/data/venv/lib/python3.10/site-packages/oslo_concurrency/processutils.py:468}}
Apr 15 20:08:13 devstack cinder-volume[82989]: WARNING cinder.volume.drivers.remotefs [None req-d89c56e1-6a5a-42bf-9439-9fe9c6c1d938 tempest-VolumesGetTest-1330055057 None] /opt/stack/data/cinder/mnt/a0c426b12f632317788e37a1f5d092df/volume-53194dc7-8fe1-41a9-bd88-82e9aaae668d.84c2e34c-7e10-4e96-b6e9-abd911b050a2 is being set with open permissions: ugo+rw
Apr 15 20:08:13 devstack cinder-volume[82989]: DEBUG oslo_concurrency.processutils [None req-d89c56e1-6a5a-42bf-9439-9fe9c6c1d938 tempest-VolumesGetTest-1330055057 None] Running cmd (subprocess): sudo cinder-rootwrap /etc/cinder/rootwrap.conf chmod ugo+rw /opt/stack/data/cinder/mnt/a0c426b12f632317788e37a1f5d092df/volume-53194dc7-8fe1-41a9-bd88-82e9aaae668d.84c2e34c-7e10-4e96-b6e9-abd911b050a2 {{(pid=82989) execute /opt/stack/data/venv/lib/python3.10/site-packages/oslo_concurrency/processutils.py:440}}
Apr 15 20:08:13 devstack sudo[86350]: quobyte : PWD=/ ; USER=root ; COMMAND=/opt/stack/data/venv/bin/cinder-rootwrap /etc/cinder/rootwrap.conf chmod ugo+rw /opt/stack/data/cinder/mnt/a0c426b12f632317788e37a1f5d092df/volume-53194dc7-8fe1-41a9-bd88-82e9aaae668d.84c2e34c-7e10-4e96-b6e9-abd911b050a2
Apr 15 20:08:13 devstack sudo[86350]: pam_unix(sudo:session): session opened for user root(uid=0) by (uid=1000)
Apr 15 20:08:13 devstack cinder-volume[82989]: DEBUG cinder.coordination [None req-5a748757-734a-4925-b199-703bbe5e3479 tempest-GroupSnapshotsV319Test-1898056699 None] Acquiring lock "cinder-quobyte-b3c14270-64b1-46f3-9c79-0b524e436f76" by "delete_volume" {{(pid=82989) __acquire /opt/stack/cinder/cinder/coordination.py:138}}
Apr 15 20:08:13 devstack cinder-volume[82989]: DEBUG cinder.coordination [None req-5a748757-734a-4925-b199-703bbe5e3479 tempest-GroupSnapshotsV319Test-1898056699 None] Lock "cinder-quobyte-b3c14270-64b1-46f3-9c79-0b524e436f76" acquired by "delete_volume" :: waited 0.011s {{(pid=82989) __acquire /opt/stack/cinder/cinder/coordination.py:141}}
Apr 15 20:08:13 devstack cinder-volume[82989]: DEBUG oslo.privsep.daemon [-] privsep: reply[557c5eaf-8855-4a86-b28a-8d55f419e1e3]: (4, 'qcow2') {{(pid=83770) _call_back /opt/stack/data/venv/lib/python3.10/site-packages/oslo_privsep/daemon.py:573}}
Apr 15 20:08:13 devstack cinder-volume[82989]: DEBUG oslo_concurrency.processutils [None req-5a748757-734a-4925-b199-703bbe5e3479 tempest-GroupSnapshotsV319Test-1898056699 None] Running cmd (subprocess): /opt/stack/data/venv/bin/python3.10 -m oslo_concurrency.prlimit --as=1073741824 --cpu=60 -- sudo cinder-rootwrap /etc/cinder/rootwrap.conf env LC_ALL=C qemu-img info -f qcow2 --output=json --force-share /opt/stack/data/cinder/mnt/a0c426b12f632317788e37a1f5d092df/volume-b3c14270-64b1-46f3-9c79-0b524e436f76 {{(pid=82989) execute /opt/stack/data/venv/lib/python3.10/site-packages/oslo_concurrency/processutils.py:440}}
Apr 15 20:08:13 devstack sudo[86350]: pam_unix(sudo:session): session closed for user root
Apr 15 20:08:13 devstack cinder-volume[82989]: DEBUG oslo_concurrency.processutils [None req-d89c56e1-6a5a-42bf-9439-9fe9c6c1d938 tempest-VolumesGetTest-1330055057 None] CMD "sudo cinder-rootwrap /etc/cinder/rootwrap.conf chmod ugo+rw /opt/stack/data/cinder/mnt/a0c426b12f632317788e37a1f5d092df/volume-53194dc7-8fe1-41a9-bd88-82e9aaae668d.84c2e34c-7e10-4e96-b6e9-abd911b050a2" returned: 0 in 0.478s {{(pid=82989) execute /opt/stack/data/venv/lib/python3.10/site-packages/oslo_concurrency/processutils.py:468}}
Apr 15 20:08:13 devstack sudo[86353]: quobyte : PWD=/ ; USER=root ; COMMAND=/opt/stack/data/venv/bin/cinder-rootwrap /etc/cinder/rootwrap.conf env LC_ALL=C qemu-img info -f qcow2 --output=json --force-share /opt/stack/data/cinder/mnt/a0c426b12f632317788e37a1f5d092df/volume-b3c14270-64b1-46f3-9c79-0b524e436f76
Apr 15 20:08:13 devstack sudo[86353]: pam_unix(sudo:session): session opened for user root(uid=0) by (uid=1000)
Apr 15 20:08:13 devstack cinder-volume[82989]: DEBUG oslo_concurrency.processutils [None req-d89c56e1-6a5a-42bf-9439-9fe9c6c1d938 tempest-VolumesGetTest-1330055057 None] Running cmd (subprocess): sudo cinder-rootwrap /etc/cinder/rootwrap.conf truncate -s0 /opt/stack/data/cinder/mnt/a0c426b12f632317788e37a1f5d092df/volume-53194dc7-8fe1-41a9-bd88-82e9aaae668d.info {{(pid=82989) execute /opt/stack/data/venv/lib/python3.10/site-packages/oslo_concurrency/processutils.py:440}}
Apr 15 20:08:13 devstack sudo[86355]: quobyte : PWD=/ ; USER=root ; COMMAND=/opt/stack/data/venv/bin/cinder-rootwrap /etc/cinder/rootwrap.conf truncate -s0 /opt/stack/data/cinder/mnt/a0c426b12f632317788e37a1f5d092df/volume-53194dc7-8fe1-41a9-bd88-82e9aaae668d.info
Apr 15 20:08:13 devstack sudo[86355]: pam_unix(sudo:session): session opened for user root(uid=0) by (uid=1000)
Apr 15 20:08:14 devstack sudo[86353]: pam_unix(sudo:session): session closed for user root
Apr 15 20:08:14 devstack cinder-volume[82989]: DEBUG oslo_concurrency.processutils [None req-5a748757-734a-4925-b199-703bbe5e3479 tempest-GroupSnapshotsV319Test-1898056699 None] CMD "/opt/stack/data/venv/bin/python3.10 -m oslo_concurrency.prlimit --as=1073741824 --cpu=60 -- sudo cinder-rootwrap /etc/cinder/rootwrap.conf env LC_ALL=C qemu-img info -f qcow2 --output=json --force-share /opt/stack/data/cinder/mnt/a0c426b12f632317788e37a1f5d092df/volume-b3c14270-64b1-46f3-9c79-0b524e436f76" returned: 0 in 0.539s {{(pid=82989) execute /opt/stack/data/venv/lib/python3.10/site-packages/oslo_concurrency/processutils.py:468}}
Apr 15 20:08:14 devstack cinder-volume[82989]: DEBUG oslo_concurrency.processutils [None req-5a748757-734a-4925-b199-703bbe5e3479 tempest-GroupSnapshotsV319Test-1898056699 None] Running cmd (subprocess): sudo cinder-rootwrap /etc/cinder/rootwrap.conf rm -f /opt/stack/data/cinder/mnt/a0c426b12f632317788e37a1f5d092df/volume-b3c14270-64b1-46f3-9c79-0b524e436f76 {{(pid=82989) execute /opt/stack/data/venv/lib/python3.10/site-packages/oslo_concurrency/processutils.py:440}}
Apr 15 20:08:14 devstack sudo[86361]: quobyte : PWD=/ ; USER=root ; COMMAND=/opt/stack/data/venv/bin/cinder-rootwrap /etc/cinder/rootwrap.conf rm -f /opt/stack/data/cinder/mnt/a0c426b12f632317788e37a1f5d092df/volume-b3c14270-64b1-46f3-9c79-0b524e436f76
Apr 15 20:08:14 devstack sudo[86361]: pam_unix(sudo:session): session opened for user root(uid=0) by (uid=1000)
Apr 15 20:08:14 devstack sudo[86355]: pam_unix(sudo:session): session closed for user root
Apr 15 20:08:14 devstack cinder-volume[82989]: DEBUG oslo_concurrency.processutils [None req-d89c56e1-6a5a-42bf-9439-9fe9c6c1d938 tempest-VolumesGetTest-1330055057 None] CMD "sudo cinder-rootwrap /etc/cinder/rootwrap.conf truncate -s0 /opt/stack/data/cinder/mnt/a0c426b12f632317788e37a1f5d092df/volume-53194dc7-8fe1-41a9-bd88-82e9aaae668d.info" returned: 0 in 0.484s {{(pid=82989) execute /opt/stack/data/venv/lib/python3.10/site-packages/oslo_concurrency/processutils.py:468}}
Apr 15 20:08:14 devstack cinder-volume[82989]: WARNING cinder.volume.drivers.remotefs [None req-d89c56e1-6a5a-42bf-9439-9fe9c6c1d938 tempest-VolumesGetTest-1330055057 None] /opt/stack/data/cinder/mnt/a0c426b12f632317788e37a1f5d092df/volume-53194dc7-8fe1-41a9-bd88-82e9aaae668d.info is being set with open permissions: ugo+rw
Apr 15 20:08:14 devstack cinder-volume[82989]: DEBUG oslo_concurrency.processutils [None req-d89c56e1-6a5a-42bf-9439-9fe9c6c1d938 tempest-VolumesGetTest-1330055057 None] Running cmd (subprocess): sudo cinder-rootwrap /etc/cinder/rootwrap.conf chmod ugo+rw /opt/stack/data/cinder/mnt/a0c426b12f632317788e37a1f5d092df/volume-53194dc7-8fe1-41a9-bd88-82e9aaae668d.info {{(pid=82989) execute /opt/stack/data/venv/lib/python3.10/site-packages/oslo_concurrency/processutils.py:440}}
Apr 15 20:08:14 devstack sudo[86363]: quobyte : PWD=/ ; USER=root ; COMMAND=/opt/stack/data/venv/bin/cinder-rootwrap /etc/cinder/rootwrap.conf chmod ugo+rw /opt/stack/data/cinder/mnt/a0c426b12f632317788e37a1f5d092df/volume-53194dc7-8fe1-41a9-bd88-82e9aaae668d.info
Apr 15 20:08:14 devstack sudo[86363]: pam_unix(sudo:session): session opened for user root(uid=0) by (uid=1000)
Apr 15 20:08:14 devstack sudo[86363]: pam_unix(sudo:session): session closed for user root
Apr 15 20:08:14 devstack cinder-volume[82989]: DEBUG oslo_concurrency.processutils [None req-d89c56e1-6a5a-42bf-9439-9fe9c6c1d938 tempest-VolumesGetTest-1330055057 None] CMD "sudo cinder-rootwrap /etc/cinder/rootwrap.conf chmod ugo+rw /opt/stack/data/cinder/mnt/a0c426b12f632317788e37a1f5d092df/volume-53194dc7-8fe1-41a9-bd88-82e9aaae668d.info" returned: 0 in 0.497s {{(pid=82989) execute /opt/stack/data/venv/lib/python3.10/site-packages/oslo_concurrency/processutils.py:468}}
Apr 15 20:08:14 devstack sudo[86361]: pam_unix(sudo:session): session closed for user root
Apr 15 20:08:14 devstack cinder-volume[82989]: DEBUG cinder.coordination [None req-d89c56e1-6a5a-42bf-9439-9fe9c6c1d938 tempest-VolumesGetTest-1330055057 None] Acquiring lock "cinder-quobyte-f3adc506-3662-4206-a15d-6f40f315bb3c" by "_copy_volume_from_snapshot" {{(pid=82989) __acquire /opt/stack/cinder/cinder/coordination.py:138}}
Apr 15 20:08:14 devstack cinder-volume[82989]: DEBUG oslo_concurrency.processutils [None req-5a748757-734a-4925-b199-703bbe5e3479 tempest-GroupSnapshotsV319Test-1898056699 None] CMD "sudo cinder-rootwrap /etc/cinder/rootwrap.conf rm -f /opt/stack/data/cinder/mnt/a0c426b12f632317788e37a1f5d092df/volume-b3c14270-64b1-46f3-9c79-0b524e436f76" returned: 0 in 0.558s {{(pid=82989) execute /opt/stack/data/venv/lib/python3.10/site-packages/oslo_concurrency/processutils.py:468}}
Apr 15 20:08:14 devstack cinder-volume[82989]: DEBUG cinder.coordination [None req-5a748757-734a-4925-b199-703bbe5e3479 tempest-GroupSnapshotsV319Test-1898056699 None] Lock "cinder-quobyte-b3c14270-64b1-46f3-9c79-0b524e436f76" released by "delete_volume" :: held 1.125s {{(pid=82989) __release /opt/stack/cinder/cinder/coordination.py:152}}
Apr 15 20:08:14 devstack cinder-volume[82989]: DEBUG dbcounter [-] [82989] Writing DB stats cinder:UPDATE=166,cinder:SELECT=117,cinder:INSERT=37,cinder:DELETE=9 {{(pid=82989) stat_writer /opt/stack/data/venv/lib/python3.10/site-packages/dbcounter.py:115}}
Apr 15 20:08:14 devstack cinder-volume[82989]: DEBUG cinder.coordination [None req-d89c56e1-6a5a-42bf-9439-9fe9c6c1d938 tempest-VolumesGetTest-1330055057 None] Lock "cinder-quobyte-f3adc506-3662-4206-a15d-6f40f315bb3c" acquired by "_copy_volume_from_snapshot" :: waited 0.030s {{(pid=82989) __acquire /opt/stack/cinder/cinder/coordination.py:141}}
Apr 15 20:08:14 devstack cinder-volume[82989]: DEBUG cinder.volume.drivers.quobyte [None req-d89c56e1-6a5a-42bf-9439-9fe9c6c1d938 tempest-VolumesGetTest-1330055057 None] snapshot: 84c2e34c-7e10-4e96-b6e9-abd911b050a2, volume: f3adc506-3662-4206-a15d-6f40f315bb3c, {{(pid=82989) _copy_volume_from_snapshot /opt/stack/cinder/cinder/volume/drivers/quobyte.py:401}}
Apr 15 20:08:14 devstack cinder-volume[82989]: DEBUG oslo_concurrency.lockutils [None req-d89c56e1-6a5a-42bf-9439-9fe9c6c1d938 tempest-VolumesGetTest-1330055057 None] Acquiring lock "quobyte_ensure" by "cinder.volume.drivers.quobyte.QuobyteDriver._ensure_shares_mounted" {{(pid=82989) inner /opt/stack/data/venv/lib/python3.10/site-packages/oslo_concurrency/lockutils.py:506}}
Apr 15 20:08:14 devstack cinder-volume[82989]: DEBUG oslo_concurrency.lockutils [None req-d89c56e1-6a5a-42bf-9439-9fe9c6c1d938 tempest-VolumesGetTest-1330055057 None] Lock "quobyte_ensure" acquired by "cinder.volume.drivers.quobyte.QuobyteDriver._ensure_shares_mounted" :: waited 0.000s {{(pid=82989) inner /opt/stack/data/venv/lib/python3.10/site-packages/oslo_concurrency/lockutils.py:519}}
Apr 15 20:08:14 devstack cinder-volume[82989]: DEBUG cinder.volume.drivers.quobyte [None req-d89c56e1-6a5a-42bf-9439-9fe9c6c1d938 tempest-VolumesGetTest-1330055057 None] Quobyte Volume URL set to: {'osci02.corp.quobyte.com/cinder-vol-9dc442b2-b1d1-436e-8c31-d1b783f010ab': None} {{(pid=82989) _load_shares_config /opt/stack/cinder/cinder/volume/drivers/quobyte.py:617}}
Apr 15 20:08:14 devstack cinder-volume[82989]: DEBUG cinder.volume.drivers.quobyte [None req-d89c56e1-6a5a-42bf-9439-9fe9c6c1d938 tempest-VolumesGetTest-1330055057 None] Available shares ['osci02.corp.quobyte.com/cinder-vol-9dc442b2-b1d1-436e-8c31-d1b783f010ab'] {{(pid=82989) _ensure_shares_mounted /opt/stack/cinder/cinder/volume/drivers/quobyte.py:647}}
Apr 15 20:08:14 devstack cinder-volume[82989]: DEBUG oslo_concurrency.lockutils [None req-d89c56e1-6a5a-42bf-9439-9fe9c6c1d938 tempest-VolumesGetTest-1330055057 None] Lock "quobyte_ensure" "released" by "cinder.volume.drivers.quobyte.QuobyteDriver._ensure_shares_mounted" :: held 0.003s {{(pid=82989) inner /opt/stack/data/venv/lib/python3.10/site-packages/oslo_concurrency/lockutils.py:538}}
Apr 15 20:08:14 devstack cinder-volume[82989]: DEBUG oslo.privsep.daemon [-] privsep: reply[6568db18-6f9f-4698-b456-f6daab417655]: (4, 'qcow2') {{(pid=83770) _call_back /opt/stack/data/venv/lib/python3.10/site-packages/oslo_privsep/daemon.py:573}}
Apr 15 20:08:14 devstack cinder-volume[82989]: DEBUG oslo_concurrency.processutils [None req-d89c56e1-6a5a-42bf-9439-9fe9c6c1d938 tempest-VolumesGetTest-1330055057 None] Running cmd (subprocess): /opt/stack/data/venv/bin/python3.10 -m oslo_concurrency.prlimit --as=1073741824 --cpu=60 -- sudo cinder-rootwrap /etc/cinder/rootwrap.conf env LC_ALL=C qemu-img info -f qcow2 --output=json --force-share /opt/stack/data/cinder/mnt/a0c426b12f632317788e37a1f5d092df/volume-53194dc7-8fe1-41a9-bd88-82e9aaae668d.84c2e34c-7e10-4e96-b6e9-abd911b050a2 {{(pid=82989) execute /opt/stack/data/venv/lib/python3.10/site-packages/oslo_concurrency/processutils.py:440}}
Apr 15 20:08:14 devstack cinder-volume[82989]: DEBUG cinder.quota [None req-5a748757-734a-4925-b199-703bbe5e3479 tempest-GroupSnapshotsV319Test-1898056699 None] Created reservations ['34d6cf38-5f41-46ab-964c-d9dce1950c44'] {{(pid=82989) reserve /opt/stack/cinder/cinder/quota.py:752}}
Apr 15 20:08:14 devstack cinder-volume[82989]: WARNING cinder.quota [None req-5a748757-734a-4925-b199-703bbe5e3479 tempest-GroupSnapshotsV319Test-1898056699 None] Deprecated: Default quota for resource: volumes_tempest-GroupSnapshotsV319Test-volume-type-1621627179 is set by the default quota flag: quota_volumes_tempest-GroupSnapshotsV319Test-volume-type-1621627179, it is now deprecated. Please use the default quota class for default quota.
Apr 15 20:08:14 devstack cinder-volume[82989]: DEBUG cinder.quota [None req-5a748757-734a-4925-b199-703bbe5e3479 tempest-GroupSnapshotsV319Test-1898056699 None] Created reservations ['8f69f3eb-a5f9-46bb-a42e-19f83c3f8624', 'b77c8a18-7d5a-4a78-b557-4619f36b81c9', '7241ccc4-0891-4e6d-bdab-fa90caecd463', 'd71c7c6b-18f0-49a7-8e95-220a0e3ff4ad'] {{(pid=82989) reserve /opt/stack/cinder/cinder/quota.py:752}}
Apr 15 20:08:14 devstack sudo[86367]: quobyte : PWD=/ ; USER=root ; COMMAND=/opt/stack/data/venv/bin/cinder-rootwrap /etc/cinder/rootwrap.conf env LC_ALL=C qemu-img info -f qcow2 --output=json --force-share /opt/stack/data/cinder/mnt/a0c426b12f632317788e37a1f5d092df/volume-53194dc7-8fe1-41a9-bd88-82e9aaae668d.84c2e34c-7e10-4e96-b6e9-abd911b050a2
Apr 15 20:08:14 devstack sudo[86367]: pam_unix(sudo:session): session opened for user root(uid=0) by (uid=1000)
Apr 15 20:08:14 devstack cinder-volume[82989]: DEBUG oslo_concurrency.lockutils [None req-5a748757-734a-4925-b199-703bbe5e3479 tempest-GroupSnapshotsV319Test-1898056699 None] Acquiring lock "quobyte_ensure" by "cinder.volume.drivers.quobyte.QuobyteDriver._ensure_shares_mounted" {{(pid=82989) inner /opt/stack/data/venv/lib/python3.10/site-packages/oslo_concurrency/lockutils.py:506}}
Apr 15 20:08:14 devstack cinder-volume[82989]: DEBUG oslo_concurrency.lockutils [None req-5a748757-734a-4925-b199-703bbe5e3479 tempest-GroupSnapshotsV319Test-1898056699 None] Lock "quobyte_ensure" acquired by "cinder.volume.drivers.quobyte.QuobyteDriver._ensure_shares_mounted" :: waited 0.001s {{(pid=82989) inner /opt/stack/data/venv/lib/python3.10/site-packages/oslo_concurrency/lockutils.py:519}}
Apr 15 20:08:14 devstack cinder-volume[82989]: DEBUG cinder.volume.drivers.quobyte [None req-5a748757-734a-4925-b199-703bbe5e3479 tempest-GroupSnapshotsV319Test-1898056699 None] Quobyte Volume URL set to: {'osci02.corp.quobyte.com/cinder-vol-9dc442b2-b1d1-436e-8c31-d1b783f010ab': None} {{(pid=82989) _load_shares_config /opt/stack/cinder/cinder/volume/drivers/quobyte.py:617}}
Apr 15 20:08:14 devstack cinder-volume[82989]: DEBUG cinder.volume.drivers.quobyte [None req-5a748757-734a-4925-b199-703bbe5e3479 tempest-GroupSnapshotsV319Test-1898056699 None] Available shares ['osci02.corp.quobyte.com/cinder-vol-9dc442b2-b1d1-436e-8c31-d1b783f010ab'] {{(pid=82989) _ensure_shares_mounted /opt/stack/cinder/cinder/volume/drivers/quobyte.py:647}}
Apr 15 20:08:14 devstack cinder-volume[82989]: DEBUG oslo_concurrency.lockutils [None req-5a748757-734a-4925-b199-703bbe5e3479 tempest-GroupSnapshotsV319Test-1898056699 None] Lock "quobyte_ensure" "released" by "cinder.volume.drivers.quobyte.QuobyteDriver._ensure_shares_mounted" :: held 0.003s {{(pid=82989) inner /opt/stack/data/venv/lib/python3.10/site-packages/oslo_concurrency/lockutils.py:538}}
Apr 15 20:08:14 devstack cinder-volume[82989]: DEBUG oslo_concurrency.processutils [None req-5a748757-734a-4925-b199-703bbe5e3479 tempest-GroupSnapshotsV319Test-1898056699 None] Running cmd (subprocess): sudo cinder-rootwrap /etc/cinder/rootwrap.conf df --portability --block-size 1 /opt/stack/data/cinder/mnt/a0c426b12f632317788e37a1f5d092df {{(pid=82989) execute /opt/stack/data/venv/lib/python3.10/site-packages/oslo_concurrency/processutils.py:440}}
Apr 15 20:08:14 devstack sudo[86369]: quobyte : PWD=/ ; USER=root ; COMMAND=/opt/stack/data/venv/bin/cinder-rootwrap /etc/cinder/rootwrap.conf df --portability --block-size 1 /opt/stack/data/cinder/mnt/a0c426b12f632317788e37a1f5d092df
Apr 15 20:08:14 devstack sudo[86369]: pam_unix(sudo:session): session opened for user root(uid=0) by (uid=1000)
Apr 15 20:08:15 devstack sudo[86367]: pam_unix(sudo:session): session closed for user root
Apr 15 20:08:15 devstack cinder-volume[82989]: DEBUG oslo_concurrency.processutils [None req-d89c56e1-6a5a-42bf-9439-9fe9c6c1d938 tempest-VolumesGetTest-1330055057 None] CMD "/opt/stack/data/venv/bin/python3.10 -m oslo_concurrency.prlimit --as=1073741824 --cpu=60 -- sudo cinder-rootwrap /etc/cinder/rootwrap.conf env LC_ALL=C qemu-img info -f qcow2 --output=json --force-share /opt/stack/data/cinder/mnt/a0c426b12f632317788e37a1f5d092df/volume-53194dc7-8fe1-41a9-bd88-82e9aaae668d.84c2e34c-7e10-4e96-b6e9-abd911b050a2" returned: 0 in 0.519s {{(pid=82989) execute /opt/stack/data/venv/lib/python3.10/site-packages/oslo_concurrency/processutils.py:468}}
Apr 15 20:08:15 devstack cinder-volume[82989]: DEBUG cinder.volume.drivers.remotefs [None req-d89c56e1-6a5a-42bf-9439-9fe9c6c1d938 tempest-VolumesGetTest-1330055057 None] Fetching qemu-img info with special backing_file_template: (/opt/stack/data/cinder/mnt/[0-9a-f]+/)?(volume-53194dc7-8fe1-41a9-bd88-82e9aaae668d(.(tmp-snap-)?[0-9a-f-]+)?|volume_from_snapshot_cache/(tmp-snap-)?[0-9a-f-]+(.(child-|parent-)[0-9a-f-]+)?)$ {{(pid=82989) _qemu_img_info_base /opt/stack/cinder/cinder/volume/drivers/remotefs.py:896}}
Apr 15 20:08:15 devstack cinder-volume[82989]: DEBUG cinder.volume.drivers.quobyte [None req-d89c56e1-6a5a-42bf-9439-9fe9c6c1d938 tempest-VolumesGetTest-1330055057 None] will copy from snapshot at /opt/stack/data/cinder/mnt/a0c426b12f632317788e37a1f5d092df/volume-53194dc7-8fe1-41a9-bd88-82e9aaae668d {{(pid=82989) _copy_volume_from_snapshot /opt/stack/cinder/cinder/volume/drivers/quobyte.py:420}}
Apr 15 20:08:15 devstack cinder-volume[82989]: DEBUG cinder.volume.drivers.quobyte [None req-d89c56e1-6a5a-42bf-9439-9fe9c6c1d938 tempest-VolumesGetTest-1330055057 None] Creating direct copy from snapshot {{(pid=82989) _copy_volume_from_snapshot /opt/stack/cinder/cinder/volume/drivers/quobyte.py:428}}
Apr 15 20:08:15 devstack cinder-volume[82989]: DEBUG oslo.privsep.daemon [-] privsep: reply[749a913d-14e3-4895-959e-be20e5e7f27b]: (4, 'qcow2') {{(pid=83770) _call_back /opt/stack/data/venv/lib/python3.10/site-packages/oslo_privsep/daemon.py:573}}
Apr 15 20:08:15 devstack cinder-volume[82989]: DEBUG oslo_concurrency.processutils [None req-d89c56e1-6a5a-42bf-9439-9fe9c6c1d938 tempest-VolumesGetTest-1330055057 None] Running cmd (subprocess): /opt/stack/data/venv/bin/python3.10 -m oslo_concurrency.prlimit --as=1073741824 --cpu=60 -- sudo cinder-rootwrap /etc/cinder/rootwrap.conf env LC_ALL=C qemu-img info -f qcow2 --output=json /opt/stack/data/cinder/mnt/a0c426b12f632317788e37a1f5d092df/volume-53194dc7-8fe1-41a9-bd88-82e9aaae668d {{(pid=82989) execute /opt/stack/data/venv/lib/python3.10/site-packages/oslo_concurrency/processutils.py:440}}
Apr 15 20:08:15 devstack sudo[86376]: quobyte : PWD=/ ; USER=root ; COMMAND=/opt/stack/data/venv/bin/cinder-rootwrap /etc/cinder/rootwrap.conf env LC_ALL=C qemu-img info -f qcow2 --output=json /opt/stack/data/cinder/mnt/a0c426b12f632317788e37a1f5d092df/volume-53194dc7-8fe1-41a9-bd88-82e9aaae668d
Apr 15 20:08:15 devstack sudo[86376]: pam_unix(sudo:session): session opened for user root(uid=0) by (uid=1000)
Apr 15 20:08:15 devstack sudo[86369]: pam_unix(sudo:session): session closed for user root
Apr 15 20:08:15 devstack cinder-volume[82989]: DEBUG oslo_concurrency.processutils [None req-5a748757-734a-4925-b199-703bbe5e3479 tempest-GroupSnapshotsV319Test-1898056699 None] CMD "sudo cinder-rootwrap /etc/cinder/rootwrap.conf df --portability --block-size 1 /opt/stack/data/cinder/mnt/a0c426b12f632317788e37a1f5d092df" returned: 0 in 0.492s {{(pid=82989) execute /opt/stack/data/venv/lib/python3.10/site-packages/oslo_concurrency/processutils.py:468}}
Apr 15 20:08:15 devstack cinder-volume[82989]: DEBUG cinder.manager [None req-5a748757-734a-4925-b199-703bbe5e3479 tempest-GroupSnapshotsV319Test-1898056699 None] Notifying Schedulers of capabilities ... {{(pid=82989) _publish_service_capabilities /opt/stack/cinder/cinder/manager.py:202}}
Apr 15 20:08:15 devstack cinder-volume[82989]: INFO cinder.volume.manager [None req-5a748757-734a-4925-b199-703bbe5e3479 tempest-GroupSnapshotsV319Test-1898056699 None] Delete group completed successfully.
Apr 15 20:08:15 devstack sudo[86376]: pam_unix(sudo:session): session closed for user root
Apr 15 20:08:15 devstack cinder-volume[82989]: DEBUG oslo_concurrency.processutils [None req-d89c56e1-6a5a-42bf-9439-9fe9c6c1d938 tempest-VolumesGetTest-1330055057 None] CMD "/opt/stack/data/venv/bin/python3.10 -m oslo_concurrency.prlimit --as=1073741824 --cpu=60 -- sudo cinder-rootwrap /etc/cinder/rootwrap.conf env LC_ALL=C qemu-img info -f qcow2 --output=json /opt/stack/data/cinder/mnt/a0c426b12f632317788e37a1f5d092df/volume-53194dc7-8fe1-41a9-bd88-82e9aaae668d" returned: 0 in 0.566s {{(pid=82989) execute /opt/stack/data/venv/lib/python3.10/site-packages/oslo_concurrency/processutils.py:468}}
Apr 15 20:08:15 devstack cinder-volume[82989]: DEBUG cinder.utils [None req-d89c56e1-6a5a-42bf-9439-9fe9c6c1d938 tempest-VolumesGetTest-1330055057 None] Path /opt/stack/data/cinder/mnt/a0c426b12f632317788e37a1f5d092df/volume-f3adc506-3662-4206-a15d-6f40f315bb3c not found in is_blk_device check {{(pid=82989) is_blk_device /opt/stack/cinder/cinder/utils.py:602}}
Apr 15 20:08:15 devstack cinder-volume[82989]: DEBUG oslo_concurrency.processutils [None req-d89c56e1-6a5a-42bf-9439-9fe9c6c1d938 tempest-VolumesGetTest-1330055057 None] Running cmd (subprocess): sudo cinder-rootwrap /etc/cinder/rootwrap.conf qemu-img convert -O qcow2 /opt/stack/data/cinder/mnt/a0c426b12f632317788e37a1f5d092df/volume-53194dc7-8fe1-41a9-bd88-82e9aaae668d /opt/stack/data/cinder/mnt/a0c426b12f632317788e37a1f5d092df/volume-f3adc506-3662-4206-a15d-6f40f315bb3c {{(pid=82989) execute /opt/stack/data/venv/lib/python3.10/site-packages/oslo_concurrency/processutils.py:440}}
Apr 15 20:08:15 devstack sudo[86382]: quobyte : PWD=/ ; USER=root ; COMMAND=/opt/stack/data/venv/bin/cinder-rootwrap /etc/cinder/rootwrap.conf qemu-img convert -O qcow2 /opt/stack/data/cinder/mnt/a0c426b12f632317788e37a1f5d092df/volume-53194dc7-8fe1-41a9-bd88-82e9aaae668d /opt/stack/data/cinder/mnt/a0c426b12f632317788e37a1f5d092df/volume-f3adc506-3662-4206-a15d-6f40f315bb3c
Apr 15 20:08:15 devstack sudo[86382]: pam_unix(sudo:session): session opened for user root(uid=0) by (uid=1000)
Apr 15 20:08:18 devstack sudo[86382]: pam_unix(sudo:session): session closed for user root
Apr 15 20:08:18 devstack cinder-volume[82989]: DEBUG oslo_concurrency.processutils [None req-d89c56e1-6a5a-42bf-9439-9fe9c6c1d938 tempest-VolumesGetTest-1330055057 None] CMD "sudo cinder-rootwrap /etc/cinder/rootwrap.conf qemu-img convert -O qcow2 /opt/stack/data/cinder/mnt/a0c426b12f632317788e37a1f5d092df/volume-53194dc7-8fe1-41a9-bd88-82e9aaae668d /opt/stack/data/cinder/mnt/a0c426b12f632317788e37a1f5d092df/volume-f3adc506-3662-4206-a15d-6f40f315bb3c" returned: 0 in 2.258s {{(pid=82989) execute /opt/stack/data/venv/lib/python3.10/site-packages/oslo_concurrency/processutils.py:468}}
Apr 15 20:08:18 devstack cinder-volume[82989]: DEBUG oslo.privsep.daemon [-] privsep: reply[dd0a6ff5-c303-4994-ac1e-49931b1175e8]: (4, 'qcow2') {{(pid=83770) _call_back /opt/stack/data/venv/lib/python3.10/site-packages/oslo_privsep/daemon.py:573}}
Apr 15 20:08:18 devstack cinder-volume[82989]: DEBUG oslo_concurrency.processutils [None req-d89c56e1-6a5a-42bf-9439-9fe9c6c1d938 tempest-VolumesGetTest-1330055057 None] Running cmd (subprocess): /opt/stack/data/venv/bin/python3.10 -m oslo_concurrency.prlimit --as=1073741824 --cpu=60 -- sudo cinder-rootwrap /etc/cinder/rootwrap.conf env LC_ALL=C qemu-img info -f qcow2 --output=json /opt/stack/data/cinder/mnt/a0c426b12f632317788e37a1f5d092df/volume-53194dc7-8fe1-41a9-bd88-82e9aaae668d {{(pid=82989) execute /opt/stack/data/venv/lib/python3.10/site-packages/oslo_concurrency/processutils.py:440}}
Apr 15 20:08:18 devstack sudo[86394]: quobyte : PWD=/ ; USER=root ; COMMAND=/opt/stack/data/venv/bin/cinder-rootwrap /etc/cinder/rootwrap.conf env LC_ALL=C qemu-img info -f qcow2 --output=json /opt/stack/data/cinder/mnt/a0c426b12f632317788e37a1f5d092df/volume-53194dc7-8fe1-41a9-bd88-82e9aaae668d
Apr 15 20:08:18 devstack sudo[86394]: pam_unix(sudo:session): session opened for user root(uid=0) by (uid=1000)
Apr 15 20:08:18 devstack sudo[86394]: pam_unix(sudo:session): session closed for user root
Apr 15 20:08:18 devstack cinder-volume[82989]: DEBUG oslo_concurrency.processutils [None req-d89c56e1-6a5a-42bf-9439-9fe9c6c1d938 tempest-VolumesGetTest-1330055057 None] CMD "/opt/stack/data/venv/bin/python3.10 -m oslo_concurrency.prlimit --as=1073741824 --cpu=60 -- sudo cinder-rootwrap /etc/cinder/rootwrap.conf env LC_ALL=C qemu-img info -f qcow2 --output=json /opt/stack/data/cinder/mnt/a0c426b12f632317788e37a1f5d092df/volume-53194dc7-8fe1-41a9-bd88-82e9aaae668d" returned: 0 in 0.731s {{(pid=82989) execute /opt/stack/data/venv/lib/python3.10/site-packages/oslo_concurrency/processutils.py:468}}
Apr 15 20:08:18 devstack cinder-volume[82989]: DEBUG cinder.image.image_utils [None req-d89c56e1-6a5a-42bf-9439-9fe9c6c1d938 tempest-VolumesGetTest-1330055057 None] Image conversion details: src /opt/stack/data/cinder/mnt/a0c426b12f632317788e37a1f5d092df/volume-53194dc7-8fe1-41a9-bd88-82e9aaae668d, size 1024.00 MB, duration 2.26 sec, destination /opt/stack/data/cinder/mnt/a0c426b12f632317788e37a1f5d092df/volume-f3adc506-3662-4206-a15d-6f40f315bb3c {{(pid=82989) _convert_image /opt/stack/cinder/cinder/image/image_utils.py:533}}
Apr 15 20:08:18 devstack cinder-volume[82989]: INFO cinder.image.image_utils [None req-d89c56e1-6a5a-42bf-9439-9fe9c6c1d938 tempest-VolumesGetTest-1330055057 None] Converted 1024.00 MB image at 453.20 MB/s
Apr 15 20:08:18 devstack cinder-volume[82989]: WARNING cinder.volume.drivers.remotefs [None req-d89c56e1-6a5a-42bf-9439-9fe9c6c1d938 tempest-VolumesGetTest-1330055057 None] /opt/stack/data/cinder/mnt/a0c426b12f632317788e37a1f5d092df/volume-f3adc506-3662-4206-a15d-6f40f315bb3c is being set with open permissions: ugo+rw
Apr 15 20:08:18 devstack cinder-volume[82989]: DEBUG oslo_concurrency.processutils [None req-d89c56e1-6a5a-42bf-9439-9fe9c6c1d938 tempest-VolumesGetTest-1330055057 None] Running cmd (subprocess): sudo cinder-rootwrap /etc/cinder/rootwrap.conf chmod ugo+rw /opt/stack/data/cinder/mnt/a0c426b12f632317788e37a1f5d092df/volume-f3adc506-3662-4206-a15d-6f40f315bb3c {{(pid=82989) execute /opt/stack/data/venv/lib/python3.10/site-packages/oslo_concurrency/processutils.py:440}}
Apr 15 20:08:18 devstack sudo[86399]: quobyte : PWD=/ ; USER=root ; COMMAND=/opt/stack/data/venv/bin/cinder-rootwrap /etc/cinder/rootwrap.conf chmod ugo+rw /opt/stack/data/cinder/mnt/a0c426b12f632317788e37a1f5d092df/volume-f3adc506-3662-4206-a15d-6f40f315bb3c
Apr 15 20:08:18 devstack sudo[86399]: pam_unix(sudo:session): session opened for user root(uid=0) by (uid=1000)
Apr 15 20:08:19 devstack sudo[86399]: pam_unix(sudo:session): session closed for user root
Apr 15 20:08:19 devstack cinder-volume[82989]: DEBUG oslo_concurrency.processutils [None req-d89c56e1-6a5a-42bf-9439-9fe9c6c1d938 tempest-VolumesGetTest-1330055057 None] CMD "sudo cinder-rootwrap /etc/cinder/rootwrap.conf chmod ugo+rw /opt/stack/data/cinder/mnt/a0c426b12f632317788e37a1f5d092df/volume-f3adc506-3662-4206-a15d-6f40f315bb3c" returned: 0 in 0.582s {{(pid=82989) execute /opt/stack/data/venv/lib/python3.10/site-packages/oslo_concurrency/processutils.py:468}}
Apr 15 20:08:19 devstack cinder-volume[82989]: DEBUG cinder.coordination [None req-d89c56e1-6a5a-42bf-9439-9fe9c6c1d938 tempest-VolumesGetTest-1330055057 None] Lock "cinder-quobyte-f3adc506-3662-4206-a15d-6f40f315bb3c" released by "_copy_volume_from_snapshot" :: held 4.704s {{(pid=82989) __release /opt/stack/cinder/cinder/coordination.py:152}}
Apr 15 20:08:19 devstack cinder-volume[82989]: DEBUG cinder.coordination [None req-d89c56e1-6a5a-42bf-9439-9fe9c6c1d938 tempest-VolumesGetTest-1330055057 None] Acquiring lock "cinder-quobyte-84c2e34c-7e10-4e96-b6e9-abd911b050a2" by "_delete_snapshot" {{(pid=82989) __acquire /opt/stack/cinder/cinder/coordination.py:138}}
Apr 15 20:08:19 devstack cinder-volume[82989]: DEBUG cinder.coordination [None req-d89c56e1-6a5a-42bf-9439-9fe9c6c1d938 tempest-VolumesGetTest-1330055057 None] Lock "cinder-quobyte-84c2e34c-7e10-4e96-b6e9-abd911b050a2" acquired by "_delete_snapshot" :: waited 0.013s {{(pid=82989) __acquire /opt/stack/cinder/cinder/coordination.py:141}}
Apr 15 20:08:19 devstack cinder-volume[82989]: DEBUG cinder.volume.drivers.remotefs [None req-d89c56e1-6a5a-42bf-9439-9fe9c6c1d938 tempest-VolumesGetTest-1330055057 None] Deleting offline snapshot 84c2e34c-7e10-4e96-b6e9-abd911b050a2 of volume 53194dc7-8fe1-41a9-bd88-82e9aaae668d {{(pid=82989) _delete_snapshot /opt/stack/cinder/cinder/volume/drivers/remotefs.py:1288}}
Apr 15 20:08:19 devstack cinder-volume[82989]: DEBUG cinder.volume.drivers.remotefs [None req-d89c56e1-6a5a-42bf-9439-9fe9c6c1d938 tempest-VolumesGetTest-1330055057 None] snapshot_file for this snap is: volume-53194dc7-8fe1-41a9-bd88-82e9aaae668d.84c2e34c-7e10-4e96-b6e9-abd911b050a2 {{(pid=82989) _delete_snapshot /opt/stack/cinder/cinder/volume/drivers/remotefs.py:1317}}
Apr 15 20:08:19 devstack cinder-volume[82989]: DEBUG oslo.privsep.daemon [-] privsep: reply[ff273c5f-d6ee-4395-84c2-2c3ac04a2a0a]: (4, 'qcow2') {{(pid=83770) _call_back /opt/stack/data/venv/lib/python3.10/site-packages/oslo_privsep/daemon.py:573}}
Apr 15 20:08:19 devstack cinder-volume[82989]: DEBUG oslo_concurrency.processutils [None req-d89c56e1-6a5a-42bf-9439-9fe9c6c1d938 tempest-VolumesGetTest-1330055057 None] Running cmd (subprocess): /opt/stack/data/venv/bin/python3.10 -m oslo_concurrency.prlimit --as=1073741824 --cpu=60 -- sudo cinder-rootwrap /etc/cinder/rootwrap.conf env LC_ALL=C qemu-img info -f qcow2 --output=json --force-share /opt/stack/data/cinder/mnt/a0c426b12f632317788e37a1f5d092df/volume-53194dc7-8fe1-41a9-bd88-82e9aaae668d.84c2e34c-7e10-4e96-b6e9-abd911b050a2 {{(pid=82989) execute /opt/stack/data/venv/lib/python3.10/site-packages/oslo_concurrency/processutils.py:440}}
Apr 15 20:08:19 devstack sudo[86402]: quobyte : PWD=/ ; USER=root ; COMMAND=/opt/stack/data/venv/bin/cinder-rootwrap /etc/cinder/rootwrap.conf env LC_ALL=C qemu-img info -f qcow2 --output=json --force-share /opt/stack/data/cinder/mnt/a0c426b12f632317788e37a1f5d092df/volume-53194dc7-8fe1-41a9-bd88-82e9aaae668d.84c2e34c-7e10-4e96-b6e9-abd911b050a2
Apr 15 20:08:19 devstack sudo[86402]: pam_unix(sudo:session): session opened for user root(uid=0) by (uid=1000)
Apr 15 20:08:20 devstack sudo[86402]: pam_unix(sudo:session): session closed for user root
Apr 15 20:08:20 devstack cinder-volume[82989]: DEBUG oslo_concurrency.processutils [None req-d89c56e1-6a5a-42bf-9439-9fe9c6c1d938 tempest-VolumesGetTest-1330055057 None] CMD "/opt/stack/data/venv/bin/python3.10 -m oslo_concurrency.prlimit --as=1073741824 --cpu=60 -- sudo cinder-rootwrap /etc/cinder/rootwrap.conf env LC_ALL=C qemu-img info -f qcow2 --output=json --force-share /opt/stack/data/cinder/mnt/a0c426b12f632317788e37a1f5d092df/volume-53194dc7-8fe1-41a9-bd88-82e9aaae668d.84c2e34c-7e10-4e96-b6e9-abd911b050a2" returned: 0 in 0.607s {{(pid=82989) execute /opt/stack/data/venv/lib/python3.10/site-packages/oslo_concurrency/processutils.py:468}}
Apr 15 20:08:20 devstack cinder-volume[82989]: DEBUG cinder.volume.drivers.remotefs [None req-d89c56e1-6a5a-42bf-9439-9fe9c6c1d938 tempest-VolumesGetTest-1330055057 None] Fetching qemu-img info with special backing_file_template: (/opt/stack/data/cinder/mnt/[0-9a-f]+/)?(volume-53194dc7-8fe1-41a9-bd88-82e9aaae668d(.(tmp-snap-)?[0-9a-f-]+)?|volume_from_snapshot_cache/(tmp-snap-)?[0-9a-f-]+(.(child-|parent-)[0-9a-f-]+)?)$ {{(pid=82989) _qemu_img_info_base /opt/stack/cinder/cinder/volume/drivers/remotefs.py:896}}
Apr 15 20:08:20 devstack cinder-volume[82989]: DEBUG oslo.privsep.daemon [-] privsep: reply[8b655066-7c34-415a-b56c-797e1533947f]: (4, 'qcow2') {{(pid=83770) _call_back /opt/stack/data/venv/lib/python3.10/site-packages/oslo_privsep/daemon.py:573}}
Apr 15 20:08:20 devstack cinder-volume[82989]: DEBUG oslo_concurrency.processutils [None req-d89c56e1-6a5a-42bf-9439-9fe9c6c1d938 tempest-VolumesGetTest-1330055057 None] Running cmd (subprocess): /opt/stack/data/venv/bin/python3.10 -m oslo_concurrency.prlimit --as=1073741824 --cpu=60 -- sudo cinder-rootwrap /etc/cinder/rootwrap.conf env LC_ALL=C qemu-img info -f qcow2 --output=json --force-share /opt/stack/data/cinder/mnt/a0c426b12f632317788e37a1f5d092df/volume-53194dc7-8fe1-41a9-bd88-82e9aaae668d {{(pid=82989) execute /opt/stack/data/venv/lib/python3.10/site-packages/oslo_concurrency/processutils.py:440}}
Apr 15 20:08:20 devstack sudo[86407]: quobyte : PWD=/ ; USER=root ; COMMAND=/opt/stack/data/venv/bin/cinder-rootwrap /etc/cinder/rootwrap.conf env LC_ALL=C qemu-img info -f qcow2 --output=json --force-share /opt/stack/data/cinder/mnt/a0c426b12f632317788e37a1f5d092df/volume-53194dc7-8fe1-41a9-bd88-82e9aaae668d
Apr 15 20:08:20 devstack sudo[86407]: pam_unix(sudo:session): session opened for user root(uid=0) by (uid=1000)
Apr 15 20:08:20 devstack sudo[86407]: pam_unix(sudo:session): session closed for user root
Apr 15 20:08:20 devstack cinder-volume[82989]: DEBUG oslo_concurrency.processutils [None req-d89c56e1-6a5a-42bf-9439-9fe9c6c1d938 tempest-VolumesGetTest-1330055057 None] CMD "/opt/stack/data/venv/bin/python3.10 -m oslo_concurrency.prlimit --as=1073741824 --cpu=60 -- sudo cinder-rootwrap /etc/cinder/rootwrap.conf env LC_ALL=C qemu-img info -f qcow2 --output=json --force-share /opt/stack/data/cinder/mnt/a0c426b12f632317788e37a1f5d092df/volume-53194dc7-8fe1-41a9-bd88-82e9aaae668d" returned: 0 in 0.756s {{(pid=82989) execute /opt/stack/data/venv/lib/python3.10/site-packages/oslo_concurrency/processutils.py:468}}
Apr 15 20:08:20 devstack cinder-volume[82989]: DEBUG oslo_concurrency.processutils [None req-d89c56e1-6a5a-42bf-9439-9fe9c6c1d938 tempest-VolumesGetTest-1330055057 None] Running cmd (subprocess): sudo cinder-rootwrap /etc/cinder/rootwrap.conf qemu-img commit -d /opt/stack/data/cinder/mnt/a0c426b12f632317788e37a1f5d092df/volume-53194dc7-8fe1-41a9-bd88-82e9aaae668d.84c2e34c-7e10-4e96-b6e9-abd911b050a2 {{(pid=82989) execute /opt/stack/data/venv/lib/python3.10/site-packages/oslo_concurrency/processutils.py:440}}
Apr 15 20:08:20 devstack sudo[86412]: quobyte : PWD=/ ; USER=root ; COMMAND=/opt/stack/data/venv/bin/cinder-rootwrap /etc/cinder/rootwrap.conf qemu-img commit -d /opt/stack/data/cinder/mnt/a0c426b12f632317788e37a1f5d092df/volume-53194dc7-8fe1-41a9-bd88-82e9aaae668d.84c2e34c-7e10-4e96-b6e9-abd911b050a2
Apr 15 20:08:20 devstack sudo[86412]: pam_unix(sudo:session): session opened for user root(uid=0) by (uid=1000)
Apr 15 20:08:21 devstack sudo[86412]: pam_unix(sudo:session): session closed for user root
Apr 15 20:08:21 devstack cinder-volume[82989]: DEBUG oslo_concurrency.processutils [None req-d89c56e1-6a5a-42bf-9439-9fe9c6c1d938 tempest-VolumesGetTest-1330055057 None] CMD "sudo cinder-rootwrap /etc/cinder/rootwrap.conf qemu-img commit -d /opt/stack/data/cinder/mnt/a0c426b12f632317788e37a1f5d092df/volume-53194dc7-8fe1-41a9-bd88-82e9aaae668d.84c2e34c-7e10-4e96-b6e9-abd911b050a2" returned: 0 in 0.652s {{(pid=82989) execute /opt/stack/data/venv/lib/python3.10/site-packages/oslo_concurrency/processutils.py:468}}
Apr 15 20:08:21 devstack cinder-volume[82989]: DEBUG oslo_concurrency.processutils [None req-d89c56e1-6a5a-42bf-9439-9fe9c6c1d938 tempest-VolumesGetTest-1330055057 None] Running cmd (subprocess): sudo cinder-rootwrap /etc/cinder/rootwrap.conf rm -f /opt/stack/data/cinder/mnt/a0c426b12f632317788e37a1f5d092df/volume-53194dc7-8fe1-41a9-bd88-82e9aaae668d.84c2e34c-7e10-4e96-b6e9-abd911b050a2 {{(pid=82989) execute /opt/stack/data/venv/lib/python3.10/site-packages/oslo_concurrency/processutils.py:440}}
Apr 15 20:08:21 devstack sudo[86417]: quobyte : PWD=/ ; USER=root ; COMMAND=/opt/stack/data/venv/bin/cinder-rootwrap /etc/cinder/rootwrap.conf rm -f /opt/stack/data/cinder/mnt/a0c426b12f632317788e37a1f5d092df/volume-53194dc7-8fe1-41a9-bd88-82e9aaae668d.84c2e34c-7e10-4e96-b6e9-abd911b050a2
Apr 15 20:08:21 devstack sudo[86417]: pam_unix(sudo:session): session opened for user root(uid=0) by (uid=1000)
Apr 15 20:08:22 devstack sudo[86417]: pam_unix(sudo:session): session closed for user root
Apr 15 20:08:22 devstack cinder-volume[82989]: DEBUG oslo_concurrency.processutils [None req-d89c56e1-6a5a-42bf-9439-9fe9c6c1d938 tempest-VolumesGetTest-1330055057 None] CMD "sudo cinder-rootwrap /etc/cinder/rootwrap.conf rm -f /opt/stack/data/cinder/mnt/a0c426b12f632317788e37a1f5d092df/volume-53194dc7-8fe1-41a9-bd88-82e9aaae668d.84c2e34c-7e10-4e96-b6e9-abd911b050a2" returned: 0 in 0.573s {{(pid=82989) execute /opt/stack/data/venv/lib/python3.10/site-packages/oslo_concurrency/processutils.py:468}}
Apr 15 20:08:22 devstack cinder-volume[82989]: DEBUG cinder.coordination [None req-d89c56e1-6a5a-42bf-9439-9fe9c6c1d938 tempest-VolumesGetTest-1330055057 None] Lock "cinder-quobyte-84c2e34c-7e10-4e96-b6e9-abd911b050a2" released by "_delete_snapshot" :: held 2.648s {{(pid=82989) __release /opt/stack/cinder/cinder/coordination.py:152}}
Apr 15 20:08:22 devstack cinder-volume[82989]: DEBUG oslo_concurrency.lockutils [None req-d89c56e1-6a5a-42bf-9439-9fe9c6c1d938 tempest-VolumesGetTest-1330055057 None] Lock "quobyte" "released" by "cinder.volume.drivers.quobyte.QuobyteDriver.create_cloned_volume" :: held 10.596s {{(pid=82989) inner /opt/stack/data/venv/lib/python3.10/site-packages/oslo_concurrency/lockutils.py:538}}
Apr 15 20:08:22 devstack cinder-volume[82989]: DEBUG cinder.volume.manager [None req-d89c56e1-6a5a-42bf-9439-9fe9c6c1d938 tempest-VolumesGetTest-1330055057 None] Task 'cinder.volume.flows.manager.create_volume.CreateVolumeFromSpecTask;volume:create' (0e42254d-b5fb-4c8a-8972-856a04a72767) transitioned into state 'SUCCESS' from state 'RUNNING' with result '{'status': 'creating', 'volume_name': 'volume-f3adc506-3662-4206-a15d-6f40f315bb3c', 'volume_size': 1, 'source_volid': '53194dc7-8fe1-41a9-bd88-82e9aaae668d', 'source_volstatus': 'available'}' {{(pid=82989) _task_receiver /opt/stack/data/venv/lib/python3.10/site-packages/taskflow/listeners/logging.py:182}}
Apr 15 20:08:22 devstack cinder-volume[82989]: DEBUG cinder.volume.manager [None req-d89c56e1-6a5a-42bf-9439-9fe9c6c1d938 tempest-VolumesGetTest-1330055057 None] Task 'cinder.volume.flows.manager.create_volume.CreateVolumeOnFinishTask;volume:create, create.end' (a559d135-6b76-4fd6-8e5c-403ed442c418) transitioned into state 'RUNNING' from state 'PENDING' {{(pid=82989) _task_receiver /opt/stack/data/venv/lib/python3.10/site-packages/taskflow/listeners/logging.py:194}}
Apr 15 20:08:22 devstack cinder-volume[82989]: INFO cinder.volume.flows.manager.create_volume [None req-d89c56e1-6a5a-42bf-9439-9fe9c6c1d938 tempest-VolumesGetTest-1330055057 None] Volume volume-f3adc506-3662-4206-a15d-6f40f315bb3c (f3adc506-3662-4206-a15d-6f40f315bb3c): created successfully
Apr 15 20:08:22 devstack cinder-volume[82989]: DEBUG cinder.volume.manager [None req-d89c56e1-6a5a-42bf-9439-9fe9c6c1d938 tempest-VolumesGetTest-1330055057 None] Task 'cinder.volume.flows.manager.create_volume.CreateVolumeOnFinishTask;volume:create, create.end' (a559d135-6b76-4fd6-8e5c-403ed442c418) transitioned into state 'SUCCESS' from state 'RUNNING' with result 'None' {{(pid=82989) _task_receiver /opt/stack/data/venv/lib/python3.10/site-packages/taskflow/listeners/logging.py:182}}
Apr 15 20:08:22 devstack cinder-volume[82989]: DEBUG cinder.volume.manager [None req-d89c56e1-6a5a-42bf-9439-9fe9c6c1d938 tempest-VolumesGetTest-1330055057 None] Flow 'volume_create_manager' (54933a6b-8da3-4d73-98c4-99c1a5722a7a) transitioned into state 'SUCCESS' from state 'RUNNING' {{(pid=82989) _flow_receiver /opt/stack/data/venv/lib/python3.10/site-packages/taskflow/listeners/logging.py:145}}
Apr 15 20:08:22 devstack cinder-volume[82989]: INFO cinder.volume.manager [None req-d89c56e1-6a5a-42bf-9439-9fe9c6c1d938 tempest-VolumesGetTest-1330055057 None] Created volume successfully.
Apr 15 20:08:23 devstack cinder-volume[82989]: DEBUG dbcounter [-] [82989] Writing DB stats cinder:DELETE=14,cinder:SELECT=102,cinder:UPDATE=120,cinder:INSERT=33 {{(pid=82989) stat_writer /opt/stack/data/venv/lib/python3.10/site-packages/dbcounter.py:115}}
Apr 15 20:08:23 devstack cinder-volume[82989]: DEBUG cinder.volume.flows.manager.create_volume [None req-69086aa2-da90-488f-9407-ef94dc99bb3c tempest-VolumesGetTest-1330055057 None] Volume reschedule parameters: True retry: {'num_attempts': 1, 'backends': ['devstack@QuobyteHD#QuobyteHD'], 'hosts': ['devstack@QuobyteHD#QuobyteHD']} {{(pid=82989) get_flow /opt/stack/cinder/cinder/volume/flows/manager/create_volume.py:1395}}
Apr 15 20:08:23 devstack cinder-volume[82989]: DEBUG cinder.volume.manager [None req-69086aa2-da90-488f-9407-ef94dc99bb3c tempest-VolumesGetTest-1330055057 None] Flow 'volume_create_manager' (7b88bcec-6b27-42fc-8631-4d7edabef370) transitioned into state 'RUNNING' from state 'PENDING' {{(pid=82989) _flow_receiver /opt/stack/data/venv/lib/python3.10/site-packages/taskflow/listeners/logging.py:145}}
Apr 15 20:08:23 devstack cinder-volume[82989]: DEBUG cinder.volume.manager [None req-69086aa2-da90-488f-9407-ef94dc99bb3c tempest-VolumesGetTest-1330055057 None] Task 'cinder.volume.flows.manager.create_volume.ExtractVolumeRefTask;volume:create' (f9e89d82-aeed-4a5f-b30d-474acea17ab3) transitioned into state 'RUNNING' from state 'PENDING' {{(pid=82989) _task_receiver /opt/stack/data/venv/lib/python3.10/site-packages/taskflow/listeners/logging.py:194}}
Apr 15 20:08:23 devstack cinder-volume[82989]: DEBUG cinder.volume.manager [None req-69086aa2-da90-488f-9407-ef94dc99bb3c tempest-VolumesGetTest-1330055057 None] Task 'cinder.volume.flows.manager.create_volume.ExtractVolumeRefTask;volume:create' (f9e89d82-aeed-4a5f-b30d-474acea17ab3) transitioned into state 'SUCCESS' from state 'RUNNING' with result 'Volume(_name_id=None,admin_metadata=,attach_status='detached',availability_zone='nova',bootable=False,cluster=,cluster_name=None,consistencygroup=,consistencygroup_id=None,created_at=2026-04-15T18:08:24Z,deleted=False,deleted_at=None,display_description='tempest-@#$%^* description-567266616',display_name='tempest-VolumesGetTest-Volume-1532130628',ec2_id=None,encryption_key_id=None,glance_metadata=,group=,group_id=None,host='devstack@QuobyteHD#QuobyteHD',id=a9df2065-0b33-4a3f-8598-0f4f769106ab,launched_at=None,metadata={},migration_status=None,multiattach=False,previous_status=None,project_id='e827dca35b45461d958ad9e8cf1ad1ea',provider_auth=None,provider_geometry=None,provider_id=None,provider_location=None,replication_driver_data=None,replication_extended_status=None,replication_status=None,scheduled_at=2026-04-15T18:08:24Z,service_uuid=None,shared_targets=True,size=1,snapshot_id=None,snapshots=,source_volid=None,status='creating',terminated_at=None,updated_at=2026-04-15T18:08:24Z,use_quota=True,user_id='b2cefbbe44fe47418192b0b2d636c965',volume_attachment=VolumeAttachmentList,volume_type=VolumeType(76cdd527-b6e6-4617-9302-6f002aa9d31c),volume_type_id=76cdd527-b6e6-4617-9302-6f002aa9d31c)' {{(pid=82989) _task_receiver /opt/stack/data/venv/lib/python3.10/site-packages/taskflow/listeners/logging.py:182}}
Apr 15 20:08:23 devstack cinder-volume[82989]: DEBUG cinder.volume.manager [None req-69086aa2-da90-488f-9407-ef94dc99bb3c tempest-VolumesGetTest-1330055057 None] Task 'cinder.volume.flows.manager.create_volume.OnFailureRescheduleTask;volume:create' (a8022807-38c6-4f33-94a7-53048655ed4b) transitioned into state 'RUNNING' from state 'PENDING' {{(pid=82989) _task_receiver /opt/stack/data/venv/lib/python3.10/site-packages/taskflow/listeners/logging.py:194}}
Apr 15 20:08:23 devstack cinder-volume[82989]: DEBUG cinder.volume.manager [None req-69086aa2-da90-488f-9407-ef94dc99bb3c tempest-VolumesGetTest-1330055057 None] Task 'cinder.volume.flows.manager.create_volume.OnFailureRescheduleTask;volume:create' (a8022807-38c6-4f33-94a7-53048655ed4b) transitioned into state 'SUCCESS' from state 'RUNNING' with result 'None' {{(pid=82989) _task_receiver /opt/stack/data/venv/lib/python3.10/site-packages/taskflow/listeners/logging.py:182}}
Apr 15 20:08:23 devstack cinder-volume[82989]: DEBUG cinder.volume.manager [None req-69086aa2-da90-488f-9407-ef94dc99bb3c tempest-VolumesGetTest-1330055057 None] Task 'cinder.volume.flows.manager.create_volume.ExtractVolumeSpecTask;volume:create' (af6f5724-a6cb-4a8b-a06c-5dc09b348aca) transitioned into state 'RUNNING' from state 'PENDING' {{(pid=82989) _task_receiver /opt/stack/data/venv/lib/python3.10/site-packages/taskflow/listeners/logging.py:194}}
