Aug 05 15:48:00 devstack devstack@n-api.service[63219]: INFO nova.api.openstack.requestlog [None req-42a509b5-c595-42ce-a71e-c58b706139c7 tempest-VolumesTestJSON-1612618398 tempest-VolumesTestJSON-1612618398-project-member] 192.168.122.154 "GET /compute/v2.1/os-volumes/bf7066f9-9700-48cd-8e13-08ba72156bce" status: 200 len: 349 microversion: 2.1 time: 0.171486
Aug 05 15:48:00 devstack devstack@n-api.service[63219]: [pid: 63219|app: 0|req: 70/139] 192.168.122.154 () {58 vars in 1247 bytes} [Wed Aug 5 15:48:00 2026] GET /compute/v2.1/os-volumes/bf7066f9-9700-48cd-8e13-08ba72156bce => generated 349 bytes in 180 msecs (HTTP/1.1 200) 9 headers in 357 bytes (1 switches on core 0)
Aug 05 15:48:01 devstack devstack@n-api.service[63219]: DEBUG nova.api.openstack.wsgi [None req-67360460-9f2c-4d6a-b2b7-a281bf58555e tempest-ServersNegativeTestJSON-2068673078 tempest-ServersNegativeTestJSON-2068673078-project-member] Action: 'create', calling method: >, body: {"server": {"name": "tempest-ServersNegativeTestJSON-server-1236286584", "imageRef": "566b9ff7-fa4a-4447-b63c-55a0e34fc6ad", "flavorRef": "42", "networks": [{"uuid": "300197c2-6be9-411d-91ad-4cc61332a8f4"}]}} {{(pid=63219) _process_stack /opt/stack/nova/nova/api/openstack/wsgi.py:549}}
Aug 05 15:48:01 devstack devstack@n-api.service[63218]: DEBUG nova.api.openstack.wsgi [None req-3ed0b998-8614-4d7b-9170-80d61ed7db32 tempest-VolumesTestJSON-1612618398 tempest-VolumesTestJSON-1612618398-project-reader] Calling method '>' {{(pid=63218) _process_stack /opt/stack/nova/nova/api/openstack/wsgi.py:551}}
Aug 05 15:48:01 devstack devstack@n-api.service[63219]: DEBUG oslo_concurrency.lockutils [None req-67360460-9f2c-4d6a-b2b7-a281bf58555e tempest-ServersNegativeTestJSON-2068673078 tempest-ServersNegativeTestJSON-2068673078-project-member] Acquiring lock "00000000-0000-0000-0000-000000000000" by "nova.context.set_target_cell..get_or_set_cached_cell_and_set_connections" {{(pid=63219) inner /opt/stack/data/venv/lib/python3.12/site-packages/oslo_concurrency/lockutils.py:512}}
Aug 05 15:48:01 devstack devstack@n-api.service[63219]: DEBUG oslo_concurrency.lockutils [None req-67360460-9f2c-4d6a-b2b7-a281bf58555e tempest-ServersNegativeTestJSON-2068673078 tempest-ServersNegativeTestJSON-2068673078-project-member] Lock "00000000-0000-0000-0000-000000000000" acquired by "nova.context.set_target_cell..get_or_set_cached_cell_and_set_connections" :: waited 0.011s {{(pid=63219) inner /opt/stack/data/venv/lib/python3.12/site-packages/oslo_concurrency/lockutils.py:525}}
Aug 05 15:48:01 devstack devstack@n-api.service[63219]: DEBUG oslo_concurrency.lockutils [None req-67360460-9f2c-4d6a-b2b7-a281bf58555e tempest-ServersNegativeTestJSON-2068673078 tempest-ServersNegativeTestJSON-2068673078-project-member] Lock "00000000-0000-0000-0000-000000000000" "released" by "nova.context.set_target_cell..get_or_set_cached_cell_and_set_connections" :: held 0.001s {{(pid=63219) inner /opt/stack/data/venv/lib/python3.12/site-packages/oslo_concurrency/lockutils.py:544}}
Aug 05 15:48:01 devstack devstack@n-api.service[63219]: DEBUG oslo_concurrency.lockutils [None req-67360460-9f2c-4d6a-b2b7-a281bf58555e tempest-ServersNegativeTestJSON-2068673078 tempest-ServersNegativeTestJSON-2068673078-project-member] Acquiring lock "7d127413-cbac-4754-bd72-a898b95a19ed" by "nova.context.set_target_cell..get_or_set_cached_cell_and_set_connections" {{(pid=63219) inner /opt/stack/data/venv/lib/python3.12/site-packages/oslo_concurrency/lockutils.py:512}}
Aug 05 15:48:01 devstack devstack@n-api.service[63219]: DEBUG oslo_concurrency.lockutils [None req-67360460-9f2c-4d6a-b2b7-a281bf58555e tempest-ServersNegativeTestJSON-2068673078 tempest-ServersNegativeTestJSON-2068673078-project-member] Lock "7d127413-cbac-4754-bd72-a898b95a19ed" acquired by "nova.context.set_target_cell..get_or_set_cached_cell_and_set_connections" :: waited 0.005s {{(pid=63219) inner /opt/stack/data/venv/lib/python3.12/site-packages/oslo_concurrency/lockutils.py:525}}
Aug 05 15:48:01 devstack devstack@n-api.service[63219]: DEBUG oslo_concurrency.lockutils [None req-67360460-9f2c-4d6a-b2b7-a281bf58555e tempest-ServersNegativeTestJSON-2068673078 tempest-ServersNegativeTestJSON-2068673078-project-member] Lock "7d127413-cbac-4754-bd72-a898b95a19ed" "released" by "nova.context.set_target_cell..get_or_set_cached_cell_and_set_connections" :: held 0.001s {{(pid=63219) inner /opt/stack/data/venv/lib/python3.12/site-packages/oslo_concurrency/lockutils.py:544}}
Aug 05 15:48:01 devstack devstack@n-api.service[63219]: DEBUG nova.network.neutron [None req-67360460-9f2c-4d6a-b2b7-a281bf58555e tempest-ServersNegativeTestJSON-2068673078 tempest-ServersNegativeTestJSON-2068673078-project-member] validate_networks() for [('300197c2-6be9-411d-91ad-4cc61332a8f4', None, None, None, None, None)] {{(pid=63219) validate_networks /opt/stack/nova/nova/network/neutron.py:2686}}
Aug 05 15:48:01 devstack devstack@n-api.service[63219]: WARNING neutronclient.v2_0.client [None req-67360460-9f2c-4d6a-b2b7-a281bf58555e tempest-ServersNegativeTestJSON-2068673078 tempest-ServersNegativeTestJSON-2068673078-project-member] The python binding code in neutronclient is deprecated in favor of OpenstackSDK, please use that as this will be removed in a future release.
Aug 05 15:48:02 devstack devstack@n-api.service[63218]: INFO nova.api.openstack.requestlog [None req-3ed0b998-8614-4d7b-9170-80d61ed7db32 tempest-VolumesTestJSON-1612618398 tempest-VolumesTestJSON-1612618398-project-reader] 192.168.122.154 "GET /compute/v2.1/os-volumes" status: 200 len: 1028 microversion: 2.1 time: 1.138230
Aug 05 15:48:02 devstack devstack@n-api.service[63218]: [pid: 63218|app: 0|req: 70/140] 192.168.122.154 () {58 vars in 1136 bytes} [Wed Aug 5 15:48:00 2026] GET /compute/v2.1/os-volumes => generated 1028 bytes in 1141 msecs (HTTP/1.1 200) 9 headers in 358 bytes (1 switches on core 0)
Aug 05 15:48:02 devstack devstack@n-api.service[63218]: DEBUG nova.api.openstack.wsgi [None req-4dc7203c-6a58-4543-8b5f-6fa1052626d2 tempest-TaggedAttachmentsTest-1084406859 tempest-TaggedAttachmentsTest-1084406859-project-member] Calling method '>' {{(pid=63218) _process_stack /opt/stack/nova/nova/api/openstack/wsgi.py:551}}
Aug 05 15:48:02 devstack devstack@n-api.service[63218]: DEBUG nova.compute.api [None req-4dc7203c-6a58-4543-8b5f-6fa1052626d2 tempest-TaggedAttachmentsTest-1084406859 tempest-TaggedAttachmentsTest-1084406859-project-member] [instance: e7e5a810-b68d-47ef-acb6-537d7f2c05b7] Fetching instance by UUID {{(pid=63218) get /opt/stack/nova/nova/compute/api.py:3068}}
Aug 05 15:48:02 devstack devstack@n-api.service[63218]: DEBUG oslo_concurrency.lockutils [None req-4dc7203c-6a58-4543-8b5f-6fa1052626d2 tempest-TaggedAttachmentsTest-1084406859 tempest-TaggedAttachmentsTest-1084406859-project-member] Acquiring lock "7d127413-cbac-4754-bd72-a898b95a19ed" by "nova.context.set_target_cell..get_or_set_cached_cell_and_set_connections" {{(pid=63218) inner /opt/stack/data/venv/lib/python3.12/site-packages/oslo_concurrency/lockutils.py:512}}
Aug 05 15:48:02 devstack devstack@n-api.service[63218]: DEBUG oslo_concurrency.lockutils [None req-4dc7203c-6a58-4543-8b5f-6fa1052626d2 tempest-TaggedAttachmentsTest-1084406859 tempest-TaggedAttachmentsTest-1084406859-project-member] Lock "7d127413-cbac-4754-bd72-a898b95a19ed" acquired by "nova.context.set_target_cell..get_or_set_cached_cell_and_set_connections" :: waited 0.001s {{(pid=63218) inner /opt/stack/data/venv/lib/python3.12/site-packages/oslo_concurrency/lockutils.py:525}}
Aug 05 15:48:02 devstack devstack@n-api.service[63218]: DEBUG oslo_concurrency.lockutils [None req-4dc7203c-6a58-4543-8b5f-6fa1052626d2 tempest-TaggedAttachmentsTest-1084406859 tempest-TaggedAttachmentsTest-1084406859-project-member] Lock "7d127413-cbac-4754-bd72-a898b95a19ed" "released" by "nova.context.set_target_cell..get_or_set_cached_cell_and_set_connections" :: held 0.001s {{(pid=63218) inner /opt/stack/data/venv/lib/python3.12/site-packages/oslo_concurrency/lockutils.py:544}}
Aug 05 15:48:02 devstack devstack@n-api.service[63218]: DEBUG oslo_concurrency.lockutils [None req-4dc7203c-6a58-4543-8b5f-6fa1052626d2 tempest-TaggedAttachmentsTest-1084406859 tempest-TaggedAttachmentsTest-1084406859-project-member] Acquiring lock "7d127413-cbac-4754-bd72-a898b95a19ed" by "nova.context.set_target_cell..get_or_set_cached_cell_and_set_connections" {{(pid=63218) inner /opt/stack/data/venv/lib/python3.12/site-packages/oslo_concurrency/lockutils.py:512}}
Aug 05 15:48:02 devstack devstack@n-api.service[63218]: DEBUG oslo_concurrency.lockutils [None req-4dc7203c-6a58-4543-8b5f-6fa1052626d2 tempest-TaggedAttachmentsTest-1084406859 tempest-TaggedAttachmentsTest-1084406859-project-member] Lock "7d127413-cbac-4754-bd72-a898b95a19ed" acquired by "nova.context.set_target_cell..get_or_set_cached_cell_and_set_connections" :: waited 0.001s {{(pid=63218) inner /opt/stack/data/venv/lib/python3.12/site-packages/oslo_concurrency/lockutils.py:525}}
Aug 05 15:48:02 devstack devstack@n-api.service[63218]: DEBUG oslo_concurrency.lockutils [None req-4dc7203c-6a58-4543-8b5f-6fa1052626d2 tempest-TaggedAttachmentsTest-1084406859 tempest-TaggedAttachmentsTest-1084406859-project-member] Lock "7d127413-cbac-4754-bd72-a898b95a19ed" "released" by "nova.context.set_target_cell..get_or_set_cached_cell_and_set_connections" :: held 0.008s {{(pid=63218) inner /opt/stack/data/venv/lib/python3.12/site-packages/oslo_concurrency/lockutils.py:544}}
Aug 05 15:48:02 devstack devstack@n-api.service[63218]: WARNING neutronclient.v2_0.client [None req-4dc7203c-6a58-4543-8b5f-6fa1052626d2 tempest-TaggedAttachmentsTest-1084406859 tempest-TaggedAttachmentsTest-1084406859-project-member] The python binding code in neutronclient is deprecated in favor of OpenstackSDK, please use that as this will be removed in a future release.
Aug 05 15:48:02 devstack devstack@n-api.service[63218]: DEBUG nova.policy [None req-4dc7203c-6a58-4543-8b5f-6fa1052626d2 tempest-TaggedAttachmentsTest-1084406859 tempest-TaggedAttachmentsTest-1084406859-project-member] Policy check for os_compute_api:os-extended-server-attributes failed with credentials {'is_admin': False, 'user_id': '005fa51eeb234d998860c6abe9c1f734', 'user_domain_id': 'default', 'system_scope': None, 'domain_id': None, 'project_id': '2290f8b6e29d431e94501503a5ef2aa2', 'project_domain_id': 'default', 'roles': ['member', 'reader'], 'is_admin_project': True, 'service_user_id': None, 'service_user_domain_id': None, 'service_project_id': None, 'service_project_domain_id': None, 'service_roles': []} {{(pid=63218) authorize /opt/stack/nova/nova/policy.py:202}}
Aug 05 15:48:02 devstack devstack@n-api.service[63218]: DEBUG nova.policy [None req-4dc7203c-6a58-4543-8b5f-6fa1052626d2 tempest-TaggedAttachmentsTest-1084406859 tempest-TaggedAttachmentsTest-1084406859-project-member] Policy check for os_compute_api:servers:show:host_status failed with credentials {'is_admin': False, 'user_id': '005fa51eeb234d998860c6abe9c1f734', 'user_domain_id': 'default', 'system_scope': None, 'domain_id': None, 'project_id': '2290f8b6e29d431e94501503a5ef2aa2', 'project_domain_id': 'default', 'roles': ['member', 'reader'], 'is_admin_project': True, 'service_user_id': None, 'service_user_domain_id': None, 'service_project_id': None, 'service_project_domain_id': None, 'service_roles': []} {{(pid=63218) authorize /opt/stack/nova/nova/policy.py:202}}
Aug 05 15:48:02 devstack devstack@n-api.service[63218]: DEBUG nova.policy [None req-4dc7203c-6a58-4543-8b5f-6fa1052626d2 tempest-TaggedAttachmentsTest-1084406859 tempest-TaggedAttachmentsTest-1084406859-project-member] Policy check for os_compute_api:servers:show:host_status:unknown-only failed with credentials {'is_admin': False, 'user_id': '005fa51eeb234d998860c6abe9c1f734', 'user_domain_id': 'default', 'system_scope': None, 'domain_id': None, 'project_id': '2290f8b6e29d431e94501503a5ef2aa2', 'project_domain_id': 'default', 'roles': ['member', 'reader'], 'is_admin_project': True, 'service_user_id': None, 'service_user_domain_id': None, 'service_project_id': None, 'service_project_domain_id': None, 'service_roles': []} {{(pid=63218) authorize /opt/stack/nova/nova/policy.py:202}}
Aug 05 15:48:02 devstack devstack@n-api.service[63218]: INFO nova.api.openstack.requestlog [None req-4dc7203c-6a58-4543-8b5f-6fa1052626d2 tempest-TaggedAttachmentsTest-1084406859 tempest-TaggedAttachmentsTest-1084406859-project-member] 192.168.122.154 "GET /compute/v2.1/servers/e7e5a810-b68d-47ef-acb6-537d7f2c05b7" status: 200 len: 1461 microversion: 2.49 time: 0.892633
Aug 05 15:48:02 devstack devstack@n-api.service[63218]: [pid: 63218|app: 0|req: 71/141] 192.168.122.154 () {60 vars in 1279 bytes} [Wed Aug 5 15:48:02 2026] GET /compute/v2.1/servers/e7e5a810-b68d-47ef-acb6-537d7f2c05b7 => generated 1461 bytes in 894 msecs (HTTP/1.1 200) 9 headers in 360 bytes (1 switches on core 0)
Aug 05 15:48:02 devstack devstack@n-api.service[63218]: DEBUG nova.api.openstack.wsgi [None req-f5c51e48-7d91-41cb-a5f9-b53f1af3c33d tempest-VolumesTestJSON-1612618398 tempest-VolumesTestJSON-1612618398-project-reader] Calling method '>' {{(pid=63218) _process_stack /opt/stack/nova/nova/api/openstack/wsgi.py:551}}
Aug 05 15:48:03 devstack devstack@n-api.service[63219]: WARNING neutronclient.v2_0.client [None req-67360460-9f2c-4d6a-b2b7-a281bf58555e tempest-ServersNegativeTestJSON-2068673078 tempest-ServersNegativeTestJSON-2068673078-project-member] The python binding code in neutronclient is deprecated in favor of OpenstackSDK, please use that as this will be removed in a future release.
Aug 05 15:48:03 devstack devstack@n-api.service[63218]: DEBUG dbcounter [-] [63218] Writing DB stats nova_cell0:SELECT=6 {{(pid=63218) stat_writer /opt/stack/data/venv/lib/python3.12/site-packages/dbcounter.py:115}}
Aug 05 15:48:03 devstack devstack@n-api.service[63218]: INFO nova.api.openstack.requestlog [None req-f5c51e48-7d91-41cb-a5f9-b53f1af3c33d tempest-VolumesTestJSON-1612618398 tempest-VolumesTestJSON-1612618398-project-reader] 192.168.122.154 "GET /compute/v2.1/os-volumes?limit=2" status: 200 len: 690 microversion: 2.1 time: 0.280534
Aug 05 15:48:03 devstack devstack@n-api.service[63218]: [pid: 63218|app: 0|req: 72/142] 192.168.122.154 () {58 vars in 1151 bytes} [Wed Aug 5 15:48:02 2026] GET /compute/v2.1/os-volumes?limit=2 => generated 690 bytes in 294 msecs (HTTP/1.1 200) 9 headers in 357 bytes (1 switches on core 0)
Aug 05 15:48:03 devstack devstack@n-api.service[63218]: DEBUG dbcounter [-] [63218] Writing DB stats nova_cell0:SELECT=9 {{(pid=63218) stat_writer /opt/stack/data/venv/lib/python3.12/site-packages/dbcounter.py:115}}
Aug 05 15:48:03 devstack devstack@n-api.service[63218]: DEBUG nova.api.openstack.wsgi [req-9a87ea4c-523d-40d6-888b-ba5a4ddf8bed req-1f9edb3f-7891-40a3-adca-cee37d0fc78e service nova] Action: 'create', calling method: >, body: {"events": [{"server_uuid": "e7e5a810-b68d-47ef-acb6-537d7f2c05b7", "name": "network-vif-plugged", "status": "completed", "tag": "1f522c2d-e071-4bd2-a623-8c23d00496b5"}]} {{(pid=63218) _process_stack /opt/stack/nova/nova/api/openstack/wsgi.py:549}}
Aug 05 15:48:03 devstack devstack@n-api.service[63218]: DEBUG oslo_concurrency.lockutils [req-9a87ea4c-523d-40d6-888b-ba5a4ddf8bed req-1f9edb3f-7891-40a3-adca-cee37d0fc78e service nova] Acquiring lock "7d127413-cbac-4754-bd72-a898b95a19ed" by "nova.context.set_target_cell..get_or_set_cached_cell_and_set_connections" {{(pid=63218) inner /opt/stack/data/venv/lib/python3.12/site-packages/oslo_concurrency/lockutils.py:512}}
Aug 05 15:48:03 devstack devstack@n-api.service[63218]: DEBUG oslo_concurrency.lockutils [req-9a87ea4c-523d-40d6-888b-ba5a4ddf8bed req-1f9edb3f-7891-40a3-adca-cee37d0fc78e service nova] Lock "7d127413-cbac-4754-bd72-a898b95a19ed" acquired by "nova.context.set_target_cell..get_or_set_cached_cell_and_set_connections" :: waited 0.001s {{(pid=63218) inner /opt/stack/data/venv/lib/python3.12/site-packages/oslo_concurrency/lockutils.py:525}}
Aug 05 15:48:03 devstack devstack@n-api.service[63218]: DEBUG oslo_concurrency.lockutils [req-9a87ea4c-523d-40d6-888b-ba5a4ddf8bed req-1f9edb3f-7891-40a3-adca-cee37d0fc78e service nova] Lock "7d127413-cbac-4754-bd72-a898b95a19ed" "released" by "nova.context.set_target_cell..get_or_set_cached_cell_and_set_connections" :: held 0.003s {{(pid=63218) inner /opt/stack/data/venv/lib/python3.12/site-packages/oslo_concurrency/lockutils.py:544}}
Aug 05 15:48:03 devstack devstack@n-api.service[63218]: INFO nova.api.openstack.compute.server_external_events [req-9a87ea4c-523d-40d6-888b-ba5a4ddf8bed req-1f9edb3f-7891-40a3-adca-cee37d0fc78e service nova] Creating event network-vif-plugged:1f522c2d-e071-4bd2-a623-8c23d00496b5 for instance e7e5a810-b68d-47ef-acb6-537d7f2c05b7 on devstack
Aug 05 15:48:03 devstack devstack@n-api.service[63218]: DEBUG nova.compute.rpcapi [req-9a87ea4c-523d-40d6-888b-ba5a4ddf8bed req-1f9edb3f-7891-40a3-adca-cee37d0fc78e service nova] RPC: Sending the message to topic: compute-alt {{(pid=63218) prepare_for_alt_rpcserver /opt/stack/nova/nova/compute/rpcapi.py:595}}
Aug 05 15:48:03 devstack devstack@n-api.service[63218]: INFO nova.api.openstack.requestlog [req-9a87ea4c-523d-40d6-888b-ba5a4ddf8bed req-1f9edb3f-7891-40a3-adca-cee37d0fc78e service nova] 192.168.122.154 "POST /compute/v2.1/os-server-external-events" status: 200 len: 183 microversion: 2.1 time: 0.179518
Aug 05 15:48:03 devstack devstack@n-api.service[63218]: [pid: 63218|app: 0|req: 73/143] 192.168.122.154 () {64 vars in 1321 bytes} [Wed Aug 5 15:48:03 2026] POST /compute/v2.1/os-server-external-events => generated 183 bytes in 183 msecs (HTTP/1.1 200) 9 headers in 357 bytes (1 switches on core 0)
Aug 05 15:48:03 devstack devstack@n-api.service[63218]: DEBUG nova.api.openstack.wsgi [None req-ede3d658-41c3-4650-b167-fb429f66d8de tempest-VolumesTestJSON-1612618398 tempest-VolumesTestJSON-1612618398-project-reader] Calling method '>' {{(pid=63218) _process_stack /opt/stack/nova/nova/api/openstack/wsgi.py:551}}
Aug 05 15:48:03 devstack devstack@n-api.service[63218]: INFO nova.api.openstack.requestlog [None req-ede3d658-41c3-4650-b167-fb429f66d8de tempest-VolumesTestJSON-1612618398 tempest-VolumesTestJSON-1612618398-project-reader] 192.168.122.154 "GET /compute/v2.1/os-volumes" status: 200 len: 1028 microversion: 2.1 time: 0.176811
Aug 05 15:48:03 devstack devstack@n-api.service[63218]: [pid: 63218|app: 0|req: 74/144] 192.168.122.154 () {58 vars in 1136 bytes} [Wed Aug 5 15:48:03 2026] GET /compute/v2.1/os-volumes => generated 1028 bytes in 179 msecs (HTTP/1.1 200) 9 headers in 358 bytes (1 switches on core 0)
Aug 05 15:48:03 devstack devstack@n-api.service[63218]: DEBUG nova.api.openstack.wsgi [None req-3dee5147-0da1-45d7-9de3-a15d09f22e7b tempest-VolumesTestJSON-1612618398 tempest-VolumesTestJSON-1612618398-project-reader] Calling method '>' {{(pid=63218) _process_stack /opt/stack/nova/nova/api/openstack/wsgi.py:551}}
Aug 05 15:48:03 devstack devstack@n-api.service[63218]: INFO nova.api.openstack.requestlog [None req-3dee5147-0da1-45d7-9de3-a15d09f22e7b tempest-VolumesTestJSON-1612618398 tempest-VolumesTestJSON-1612618398-project-reader] 192.168.122.154 "GET /compute/v2.1/os-volumes?offset=1&limit=1" status: 200 len: 351 microversion: 2.1 time: 0.110891
Aug 05 15:48:03 devstack devstack@n-api.service[63218]: [pid: 63218|app: 0|req: 75/145] 192.168.122.154 () {58 vars in 1169 bytes} [Wed Aug 5 15:48:03 2026] GET /compute/v2.1/os-volumes?offset=1&limit=1 => generated 351 bytes in 112 msecs (HTTP/1.1 200) 9 headers in 357 bytes (1 switches on core 0)
Aug 05 15:48:03 devstack devstack@n-api.service[63218]: DEBUG nova.api.openstack.wsgi [None req-ccf3ca6b-7c9c-4fe8-ac7c-8cd83651d350 tempest-VolumesTestJSON-1612618398 tempest-VolumesTestJSON-1612618398-project-reader] Calling method '>' {{(pid=63218) _process_stack /opt/stack/nova/nova/api/openstack/wsgi.py:551}}
Aug 05 15:48:03 devstack devstack@n-api.service[63219]: DEBUG nova.virt.hardware [None req-67360460-9f2c-4d6a-b2b7-a281bf58555e tempest-ServersNegativeTestJSON-2068673078 tempest-ServersNegativeTestJSON-2068673078-project-member] Flavor limits 0:0:0 {{(pid=63219) get_cpu_topology_constraints /opt/stack/nova/nova/virt/hardware.py:516}}
Aug 05 15:48:03 devstack devstack@n-api.service[63219]: DEBUG nova.virt.hardware [None req-67360460-9f2c-4d6a-b2b7-a281bf58555e tempest-ServersNegativeTestJSON-2068673078 tempest-ServersNegativeTestJSON-2068673078-project-member] Image limits 0:0:0 {{(pid=63219) get_cpu_topology_constraints /opt/stack/nova/nova/virt/hardware.py:520}}
Aug 05 15:48:03 devstack devstack@n-api.service[63219]: DEBUG nova.virt.hardware [None req-67360460-9f2c-4d6a-b2b7-a281bf58555e tempest-ServersNegativeTestJSON-2068673078 tempest-ServersNegativeTestJSON-2068673078-project-member] Flavor pref 0:0:0 {{(pid=63219) get_cpu_topology_constraints /opt/stack/nova/nova/virt/hardware.py:556}}
Aug 05 15:48:03 devstack devstack@n-api.service[63219]: DEBUG nova.virt.hardware [None req-67360460-9f2c-4d6a-b2b7-a281bf58555e tempest-ServersNegativeTestJSON-2068673078 tempest-ServersNegativeTestJSON-2068673078-project-member] Image pref 0:0:0 {{(pid=63219) get_cpu_topology_constraints /opt/stack/nova/nova/virt/hardware.py:560}}
Aug 05 15:48:03 devstack devstack@n-api.service[63219]: DEBUG nova.virt.hardware [None req-67360460-9f2c-4d6a-b2b7-a281bf58555e tempest-ServersNegativeTestJSON-2068673078 tempest-ServersNegativeTestJSON-2068673078-project-member] Chose sockets=0, cores=0, threads=0; limits were sockets=65536, cores=65536, threads=65536 {{(pid=63219) get_cpu_topology_constraints /opt/stack/nova/nova/virt/hardware.py:598}}
Aug 05 15:48:04 devstack devstack@n-api.service[63219]: DEBUG oslo_concurrency.lockutils [None req-67360460-9f2c-4d6a-b2b7-a281bf58555e tempest-ServersNegativeTestJSON-2068673078 tempest-ServersNegativeTestJSON-2068673078-project-member] Acquiring lock "00000000-0000-0000-0000-000000000000" by "nova.context.set_target_cell..get_or_set_cached_cell_and_set_connections" {{(pid=63219) inner /opt/stack/data/venv/lib/python3.12/site-packages/oslo_concurrency/lockutils.py:512}}
Aug 05 15:48:04 devstack devstack@n-api.service[63219]: DEBUG oslo_concurrency.lockutils [None req-67360460-9f2c-4d6a-b2b7-a281bf58555e tempest-ServersNegativeTestJSON-2068673078 tempest-ServersNegativeTestJSON-2068673078-project-member] Lock "00000000-0000-0000-0000-000000000000" acquired by "nova.context.set_target_cell..get_or_set_cached_cell_and_set_connections" :: waited 0.001s {{(pid=63219) inner /opt/stack/data/venv/lib/python3.12/site-packages/oslo_concurrency/lockutils.py:525}}
Aug 05 15:48:04 devstack devstack@n-api.service[63219]: DEBUG oslo_concurrency.lockutils [None req-67360460-9f2c-4d6a-b2b7-a281bf58555e tempest-ServersNegativeTestJSON-2068673078 tempest-ServersNegativeTestJSON-2068673078-project-member] Lock "00000000-0000-0000-0000-000000000000" "released" by "nova.context.set_target_cell..get_or_set_cached_cell_and_set_connections" :: held 0.000s {{(pid=63219) inner /opt/stack/data/venv/lib/python3.12/site-packages/oslo_concurrency/lockutils.py:544}}
Aug 05 15:48:04 devstack devstack@n-api.service[63219]: DEBUG oslo_concurrency.lockutils [None req-67360460-9f2c-4d6a-b2b7-a281bf58555e tempest-ServersNegativeTestJSON-2068673078 tempest-ServersNegativeTestJSON-2068673078-project-member] Acquiring lock "7d127413-cbac-4754-bd72-a898b95a19ed" by "nova.context.set_target_cell..get_or_set_cached_cell_and_set_connections" {{(pid=63219) inner /opt/stack/data/venv/lib/python3.12/site-packages/oslo_concurrency/lockutils.py:512}}
Aug 05 15:48:04 devstack devstack@n-api.service[63219]: DEBUG oslo_concurrency.lockutils [None req-67360460-9f2c-4d6a-b2b7-a281bf58555e tempest-ServersNegativeTestJSON-2068673078 tempest-ServersNegativeTestJSON-2068673078-project-member] Lock "7d127413-cbac-4754-bd72-a898b95a19ed" acquired by "nova.context.set_target_cell..get_or_set_cached_cell_and_set_connections" :: waited 0.001s {{(pid=63219) inner /opt/stack/data/venv/lib/python3.12/site-packages/oslo_concurrency/lockutils.py:525}}
Aug 05 15:48:04 devstack devstack@n-api.service[63219]: DEBUG oslo_concurrency.lockutils [None req-67360460-9f2c-4d6a-b2b7-a281bf58555e tempest-ServersNegativeTestJSON-2068673078 tempest-ServersNegativeTestJSON-2068673078-project-member] Lock "7d127413-cbac-4754-bd72-a898b95a19ed" "released" by "nova.context.set_target_cell..get_or_set_cached_cell_and_set_connections" :: held 0.001s {{(pid=63219) inner /opt/stack/data/venv/lib/python3.12/site-packages/oslo_concurrency/lockutils.py:544}}
Aug 05 15:48:04 devstack devstack@n-api.service[63218]: INFO nova.api.openstack.requestlog [None req-ccf3ca6b-7c9c-4fe8-ac7c-8cd83651d350 tempest-VolumesTestJSON-1612618398 tempest-VolumesTestJSON-1612618398-project-reader] 192.168.122.154 "GET /compute/v2.1/os-volumes/detail?limit=2" status: 200 len: 690 microversion: 2.1 time: 0.257232
Aug 05 15:48:04 devstack devstack@n-api.service[63218]: [pid: 63218|app: 0|req: 76/146] 192.168.122.154 () {58 vars in 1172 bytes} [Wed Aug 5 15:48:03 2026] GET /compute/v2.1/os-volumes/detail?limit=2 => generated 690 bytes in 267 msecs (HTTP/1.1 200) 9 headers in 357 bytes (1 switches on core 0)
Aug 05 15:48:04 devstack devstack@n-api.service[63218]: DEBUG nova.api.openstack.wsgi [None req-fbe27c83-3698-48a5-9ad8-e1ded3f302c8 tempest-TaggedAttachmentsTest-1084406859 tempest-TaggedAttachmentsTest-1084406859-project-member] Calling method '>' {{(pid=63218) _process_stack /opt/stack/nova/nova/api/openstack/wsgi.py:551}}
Aug 05 15:48:04 devstack devstack@n-api.service[63218]: DEBUG nova.compute.api [None req-fbe27c83-3698-48a5-9ad8-e1ded3f302c8 tempest-TaggedAttachmentsTest-1084406859 tempest-TaggedAttachmentsTest-1084406859-project-member] [instance: e7e5a810-b68d-47ef-acb6-537d7f2c05b7] Fetching instance by UUID {{(pid=63218) get /opt/stack/nova/nova/compute/api.py:3068}}
Aug 05 15:48:04 devstack devstack@n-api.service[63218]: DEBUG oslo_concurrency.lockutils [None req-fbe27c83-3698-48a5-9ad8-e1ded3f302c8 tempest-TaggedAttachmentsTest-1084406859 tempest-TaggedAttachmentsTest-1084406859-project-member] Acquiring lock "7d127413-cbac-4754-bd72-a898b95a19ed" by "nova.context.set_target_cell..get_or_set_cached_cell_and_set_connections" {{(pid=63218) inner /opt/stack/data/venv/lib/python3.12/site-packages/oslo_concurrency/lockutils.py:512}}
Aug 05 15:48:04 devstack devstack@n-api.service[63218]: DEBUG oslo_concurrency.lockutils [None req-fbe27c83-3698-48a5-9ad8-e1ded3f302c8 tempest-TaggedAttachmentsTest-1084406859 tempest-TaggedAttachmentsTest-1084406859-project-member] Lock "7d127413-cbac-4754-bd72-a898b95a19ed" acquired by "nova.context.set_target_cell..get_or_set_cached_cell_and_set_connections" :: waited 0.002s {{(pid=63218) inner /opt/stack/data/venv/lib/python3.12/site-packages/oslo_concurrency/lockutils.py:525}}
Aug 05 15:48:04 devstack devstack@n-api.service[63219]: DEBUG nova.quota [None req-67360460-9f2c-4d6a-b2b7-a281bf58555e tempest-ServersNegativeTestJSON-2068673078 tempest-ServersNegativeTestJSON-2068673078-project-member] Getting quotas for project 5237c3d5108f4483be23db8e92f2ae6e. Resources: {'ram', 'cores', 'instances'} {{(pid=63219) _get_quotas /opt/stack/nova/nova/quota.py:389}}
Aug 05 15:48:04 devstack devstack@n-api.service[63218]: DEBUG oslo_concurrency.lockutils [None req-fbe27c83-3698-48a5-9ad8-e1ded3f302c8 tempest-TaggedAttachmentsTest-1084406859 tempest-TaggedAttachmentsTest-1084406859-project-member] Lock "7d127413-cbac-4754-bd72-a898b95a19ed" "released" by "nova.context.set_target_cell..get_or_set_cached_cell_and_set_connections" :: held 0.004s {{(pid=63218) inner /opt/stack/data/venv/lib/python3.12/site-packages/oslo_concurrency/lockutils.py:544}}
Aug 05 15:48:04 devstack devstack@n-api.service[63218]: DEBUG oslo_concurrency.lockutils [None req-fbe27c83-3698-48a5-9ad8-e1ded3f302c8 tempest-TaggedAttachmentsTest-1084406859 tempest-TaggedAttachmentsTest-1084406859-project-member] Acquiring lock "7d127413-cbac-4754-bd72-a898b95a19ed" by "nova.context.set_target_cell..get_or_set_cached_cell_and_set_connections" {{(pid=63218) inner /opt/stack/data/venv/lib/python3.12/site-packages/oslo_concurrency/lockutils.py:512}}
Aug 05 15:48:04 devstack devstack@n-api.service[63218]: DEBUG oslo_concurrency.lockutils [None req-fbe27c83-3698-48a5-9ad8-e1ded3f302c8 tempest-TaggedAttachmentsTest-1084406859 tempest-TaggedAttachmentsTest-1084406859-project-member] Lock "7d127413-cbac-4754-bd72-a898b95a19ed" acquired by "nova.context.set_target_cell..get_or_set_cached_cell_and_set_connections" :: waited 0.001s {{(pid=63218) inner /opt/stack/data/venv/lib/python3.12/site-packages/oslo_concurrency/lockutils.py:525}}
Aug 05 15:48:04 devstack devstack@n-api.service[63218]: DEBUG oslo_concurrency.lockutils [None req-fbe27c83-3698-48a5-9ad8-e1ded3f302c8 tempest-TaggedAttachmentsTest-1084406859 tempest-TaggedAttachmentsTest-1084406859-project-member] Lock "7d127413-cbac-4754-bd72-a898b95a19ed" "released" by "nova.context.set_target_cell..get_or_set_cached_cell_and_set_connections" :: held 0.004s {{(pid=63218) inner /opt/stack/data/venv/lib/python3.12/site-packages/oslo_concurrency/lockutils.py:544}}
Aug 05 15:48:04 devstack devstack@n-api.service[63219]: DEBUG nova.quota [None req-67360460-9f2c-4d6a-b2b7-a281bf58555e tempest-ServersNegativeTestJSON-2068673078 tempest-ServersNegativeTestJSON-2068673078-project-member] Getting quotas for user b766f1b375f74a7aa95715aef09f0d6a and project 5237c3d5108f4483be23db8e92f2ae6e. Resources: {'ram', 'cores', 'instances'} {{(pid=63219) _get_quotas /opt/stack/nova/nova/quota.py:379}}
Aug 05 15:48:04 devstack devstack@n-api.service[63218]: WARNING neutronclient.v2_0.client [None req-fbe27c83-3698-48a5-9ad8-e1ded3f302c8 tempest-TaggedAttachmentsTest-1084406859 tempest-TaggedAttachmentsTest-1084406859-project-member] The python binding code in neutronclient is deprecated in favor of OpenstackSDK, please use that as this will be removed in a future release.
Aug 05 15:48:04 devstack devstack@n-api.service[63219]: DEBUG nova.compute.api [None req-67360460-9f2c-4d6a-b2b7-a281bf58555e tempest-ServersNegativeTestJSON-2068673078 tempest-ServersNegativeTestJSON-2068673078-project-member] Going to run 1 instances... {{(pid=63219) _provision_instances /opt/stack/nova/nova/compute/api.py:1480}}
Aug 05 15:48:04 devstack devstack@n-api.service[63219]: DEBUG nova.compute.api [None req-67360460-9f2c-4d6a-b2b7-a281bf58555e tempest-ServersNegativeTestJSON-2068673078 tempest-ServersNegativeTestJSON-2068673078-project-member] [instance: 06f738b7-4031-481f-8f9d-17a283a02461] block_device_mapping [BlockDeviceMapping(attachment_id=,boot_index=0,connection_info=None,created_at=,delete_on_termination=True,deleted=,deleted_at=,destination_type='local',device_name=None,device_type='disk',disk_bus=None,encrypted=False,encryption_format=None,encryption_options=None,encryption_secret_uuid=None,guest_format=None,id=,image_id='566b9ff7-fa4a-4447-b63c-55a0e34fc6ad',instance=,instance_uuid=,no_device=False,snapshot_id=None,source_type='image',tag=None,updated_at=,uuid=,volume_id=None,volume_size=None,volume_type=None)] {{(pid=63219) _bdm_validate_set_size_and_instance /opt/stack/nova/nova/compute/api.py:1942}}
Aug 05 15:48:04 devstack devstack@n-api.service[63219]: INFO nova.api.openstack.requestlog [None req-67360460-9f2c-4d6a-b2b7-a281bf58555e tempest-ServersNegativeTestJSON-2068673078 tempest-ServersNegativeTestJSON-2068673078-project-member] 192.168.122.154 "POST /compute/v2.1/servers" status: 202 len: 388 microversion: 2.1 time: 3.284331
Aug 05 15:48:04 devstack devstack@n-api.service[63219]: [pid: 63219|app: 0|req: 71/147] 192.168.122.154 () {60 vars in 1149 bytes} [Wed Aug 5 15:48:01 2026] POST /compute/v2.1/servers => generated 388 bytes in 3293 msecs (HTTP/1.1 202) 10 headers in 455 bytes (1 switches on core 0)
Aug 05 15:48:04 devstack devstack@n-api.service[63219]: DEBUG nova.api.openstack.wsgi [None req-40a86289-ca68-4a04-90b4-894a9182062f tempest-VolumesTestJSON-1612618398 tempest-VolumesTestJSON-1612618398-project-reader] Calling method '>' {{(pid=63219) _process_stack /opt/stack/nova/nova/api/openstack/wsgi.py:551}}
Aug 05 15:48:04 devstack devstack@n-api.service[63219]: INFO nova.api.openstack.requestlog [None req-40a86289-ca68-4a04-90b4-894a9182062f tempest-VolumesTestJSON-1612618398 tempest-VolumesTestJSON-1612618398-project-reader] 192.168.122.154 "GET /compute/v2.1/os-volumes/detail" status: 200 len: 1028 microversion: 2.1 time: 0.208248
Aug 05 15:48:04 devstack devstack@n-api.service[63219]: [pid: 63219|app: 0|req: 72/148] 192.168.122.154 () {58 vars in 1157 bytes} [Wed Aug 5 15:48:04 2026] GET /compute/v2.1/os-volumes/detail => generated 1028 bytes in 209 msecs (HTTP/1.1 200) 9 headers in 358 bytes (1 switches on core 0)
Aug 05 15:48:04 devstack devstack@n-api.service[63219]: DEBUG nova.api.openstack.wsgi [None req-d83507e6-1ce7-4b8f-bda2-d6eadb4d435a tempest-ServersNegativeTestJSON-2068673078 tempest-ServersNegativeTestJSON-2068673078-project-member] Calling method '>' {{(pid=63219) _process_stack /opt/stack/nova/nova/api/openstack/wsgi.py:551}}
Aug 05 15:48:04 devstack devstack@n-api.service[63219]: DEBUG nova.compute.api [None req-d83507e6-1ce7-4b8f-bda2-d6eadb4d435a tempest-ServersNegativeTestJSON-2068673078 tempest-ServersNegativeTestJSON-2068673078-project-member] [instance: 06f738b7-4031-481f-8f9d-17a283a02461] Fetching instance by UUID {{(pid=63219) get /opt/stack/nova/nova/compute/api.py:3068}}
Aug 05 15:48:04 devstack devstack@n-api.service[63219]: WARNING neutronclient.v2_0.client [None req-d83507e6-1ce7-4b8f-bda2-d6eadb4d435a tempest-ServersNegativeTestJSON-2068673078 tempest-ServersNegativeTestJSON-2068673078-project-member] The python binding code in neutronclient is deprecated in favor of OpenstackSDK, please use that as this will be removed in a future release.
Aug 05 15:48:04 devstack devstack@n-api.service[63218]: DEBUG nova.policy [None req-fbe27c83-3698-48a5-9ad8-e1ded3f302c8 tempest-TaggedAttachmentsTest-1084406859 tempest-TaggedAttachmentsTest-1084406859-project-member] Policy check for os_compute_api:os-extended-server-attributes failed with credentials {'is_admin': False, 'user_id': '005fa51eeb234d998860c6abe9c1f734', 'user_domain_id': 'default', 'system_scope': None, 'domain_id': None, 'project_id': '2290f8b6e29d431e94501503a5ef2aa2', 'project_domain_id': 'default', 'roles': ['member', 'reader'], 'is_admin_project': True, 'service_user_id': None, 'service_user_domain_id': None, 'service_project_id': None, 'service_project_domain_id': None, 'service_roles': []} {{(pid=63218) authorize /opt/stack/nova/nova/policy.py:202}}
Aug 05 15:48:04 devstack devstack@n-api.service[63218]: DEBUG nova.policy [None req-fbe27c83-3698-48a5-9ad8-e1ded3f302c8 tempest-TaggedAttachmentsTest-1084406859 tempest-TaggedAttachmentsTest-1084406859-project-member] Policy check for os_compute_api:servers:show:host_status failed with credentials {'is_admin': False, 'user_id': '005fa51eeb234d998860c6abe9c1f734', 'user_domain_id': 'default', 'system_scope': None, 'domain_id': None, 'project_id': '2290f8b6e29d431e94501503a5ef2aa2', 'project_domain_id': 'default', 'roles': ['member', 'reader'], 'is_admin_project': True, 'service_user_id': None, 'service_user_domain_id': None, 'service_project_id': None, 'service_project_domain_id': None, 'service_roles': []} {{(pid=63218) authorize /opt/stack/nova/nova/policy.py:202}}
Aug 05 15:48:04 devstack devstack@n-api.service[63218]: DEBUG nova.policy [None req-fbe27c83-3698-48a5-9ad8-e1ded3f302c8 tempest-TaggedAttachmentsTest-1084406859 tempest-TaggedAttachmentsTest-1084406859-project-member] Policy check for os_compute_api:servers:show:host_status:unknown-only failed with credentials {'is_admin': False, 'user_id': '005fa51eeb234d998860c6abe9c1f734', 'user_domain_id': 'default', 'system_scope': None, 'domain_id': None, 'project_id': '2290f8b6e29d431e94501503a5ef2aa2', 'project_domain_id': 'default', 'roles': ['member', 'reader'], 'is_admin_project': True, 'service_user_id': None, 'service_user_domain_id': None, 'service_project_id': None, 'service_project_domain_id': None, 'service_roles': []} {{(pid=63218) authorize /opt/stack/nova/nova/policy.py:202}}
Aug 05 15:48:04 devstack devstack@n-api.service[63218]: INFO nova.api.openstack.requestlog [None req-fbe27c83-3698-48a5-9ad8-e1ded3f302c8 tempest-TaggedAttachmentsTest-1084406859 tempest-TaggedAttachmentsTest-1084406859-project-member] 192.168.122.154 "GET /compute/v2.1/servers/e7e5a810-b68d-47ef-acb6-537d7f2c05b7" status: 200 len: 1461 microversion: 2.49 time: 0.799986
Aug 05 15:48:04 devstack devstack@n-api.service[63218]: [pid: 63218|app: 0|req: 77/149] 192.168.122.154 () {60 vars in 1279 bytes} [Wed Aug 5 15:48:04 2026] GET /compute/v2.1/servers/e7e5a810-b68d-47ef-acb6-537d7f2c05b7 => generated 1461 bytes in 806 msecs (HTTP/1.1 200) 9 headers in 360 bytes (1 switches on core 0)
Aug 05 15:48:04 devstack devstack@n-api.service[63219]: DEBUG nova.policy [None req-d83507e6-1ce7-4b8f-bda2-d6eadb4d435a tempest-ServersNegativeTestJSON-2068673078 tempest-ServersNegativeTestJSON-2068673078-project-member] Policy check for os_compute_api:os-extended-server-attributes failed with credentials {'is_admin': False, 'user_id': 'b766f1b375f74a7aa95715aef09f0d6a', 'user_domain_id': 'default', 'system_scope': None, 'domain_id': None, 'project_id': '5237c3d5108f4483be23db8e92f2ae6e', 'project_domain_id': 'default', 'roles': ['member', 'reader'], 'is_admin_project': True, 'service_user_id': None, 'service_user_domain_id': None, 'service_project_id': None, 'service_project_domain_id': None, 'service_roles': []} {{(pid=63219) authorize /opt/stack/nova/nova/policy.py:202}}
Aug 05 15:48:04 devstack devstack@n-api.service[63218]: DEBUG nova.api.openstack.wsgi [None req-3042251a-404a-4e10-8052-f41b70657fd9 tempest-VolumesTestJSON-1612618398 tempest-VolumesTestJSON-1612618398-project-reader] Calling method '>' {{(pid=63218) _process_stack /opt/stack/nova/nova/api/openstack/wsgi.py:551}}
Aug 05 15:48:04 devstack devstack@n-api.service[63219]: INFO nova.api.openstack.requestlog [None req-d83507e6-1ce7-4b8f-bda2-d6eadb4d435a tempest-ServersNegativeTestJSON-2068673078 tempest-ServersNegativeTestJSON-2068673078-project-member] 192.168.122.154 "GET /compute/v2.1/servers/06f738b7-4031-481f-8f9d-17a283a02461" status: 200 len: 1231 microversion: 2.1 time: 0.209475
Aug 05 15:48:04 devstack devstack@n-api.service[63219]: [pid: 63219|app: 0|req: 73/150] 192.168.122.154 () {58 vars in 1238 bytes} [Wed Aug 5 15:48:04 2026] GET /compute/v2.1/servers/06f738b7-4031-481f-8f9d-17a283a02461 => generated 1231 bytes in 215 msecs (HTTP/1.1 200) 9 headers in 358 bytes (1 switches on core 0)
Aug 05 15:48:05 devstack devstack@n-api.service[63218]: INFO nova.api.openstack.requestlog [None req-3042251a-404a-4e10-8052-f41b70657fd9 tempest-VolumesTestJSON-1612618398 tempest-VolumesTestJSON-1612618398-project-reader] 192.168.122.154 "GET /compute/v2.1/os-volumes/detail?offset=1&limit=1" status: 200 len: 351 microversion: 2.1 time: 0.138907
Aug 05 15:48:05 devstack devstack@n-api.service[63218]: [pid: 63218|app: 0|req: 78/151] 192.168.122.154 () {58 vars in 1190 bytes} [Wed Aug 5 15:48:04 2026] GET /compute/v2.1/os-volumes/detail?offset=1&limit=1 => generated 351 bytes in 145 msecs (HTTP/1.1 200) 9 headers in 357 bytes (1 switches on core 0)
Aug 05 15:48:05 devstack devstack@n-api.service[63219]: DEBUG nova.api.openstack.wsgi [None req-321f0c66-270c-481d-993d-41ae94da10cd tempest-VolumesTestJSON-1612618398 tempest-VolumesTestJSON-1612618398-project-reader] Calling method '>' {{(pid=63219) _process_stack /opt/stack/nova/nova/api/openstack/wsgi.py:551}}
Aug 05 15:48:05 devstack devstack@n-api.service[63219]: INFO nova.api.openstack.requestlog [None req-321f0c66-270c-481d-993d-41ae94da10cd tempest-VolumesTestJSON-1612618398 tempest-VolumesTestJSON-1612618398-project-reader] 192.168.122.154 "GET /compute/v2.1/os-volumes/detail" status: 200 len: 1028 microversion: 2.1 time: 0.148994
Aug 05 15:48:05 devstack devstack@n-api.service[63219]: [pid: 63219|app: 0|req: 74/152] 192.168.122.154 () {58 vars in 1157 bytes} [Wed Aug 5 15:48:05 2026] GET /compute/v2.1/os-volumes/detail => generated 1028 bytes in 152 msecs (HTTP/1.1 200) 9 headers in 358 bytes (1 switches on core 0)
Aug 05 15:48:05 devstack devstack@n-api.service[63218]: DEBUG nova.api.openstack.wsgi [req-60bc3536-3066-4bf6-bde8-84b1cb346aa8 req-0dac8d95-f97e-4e64-aa47-f26985092e6c service nova] Action: 'create', calling method: >, body: {"events": [{"name": "network-changed", "server_uuid": "56a666e0-fe7f-4bcf-803d-5725995ae360", "tag": "db70881f-16d3-4b31-add0-b1dde046ee79"}, {"server_uuid": "e7e5a810-b68d-47ef-acb6-537d7f2c05b7", "name": "network-vif-plugged", "status": "completed", "tag": "1f522c2d-e071-4bd2-a623-8c23d00496b5"}]} {{(pid=63218) _process_stack /opt/stack/nova/nova/api/openstack/wsgi.py:549}}
Aug 05 15:48:05 devstack devstack@n-api.service[63218]: DEBUG oslo_concurrency.lockutils [req-60bc3536-3066-4bf6-bde8-84b1cb346aa8 req-0dac8d95-f97e-4e64-aa47-f26985092e6c service nova] Acquiring lock "7d127413-cbac-4754-bd72-a898b95a19ed" by "nova.context.set_target_cell..get_or_set_cached_cell_and_set_connections" {{(pid=63218) inner /opt/stack/data/venv/lib/python3.12/site-packages/oslo_concurrency/lockutils.py:512}}
Aug 05 15:48:05 devstack devstack@n-api.service[63218]: DEBUG oslo_concurrency.lockutils [req-60bc3536-3066-4bf6-bde8-84b1cb346aa8 req-0dac8d95-f97e-4e64-aa47-f26985092e6c service nova] Lock "7d127413-cbac-4754-bd72-a898b95a19ed" acquired by "nova.context.set_target_cell..get_or_set_cached_cell_and_set_connections" :: waited 0.001s {{(pid=63218) inner /opt/stack/data/venv/lib/python3.12/site-packages/oslo_concurrency/lockutils.py:525}}
Aug 05 15:48:05 devstack devstack@n-api.service[63218]: DEBUG oslo_concurrency.lockutils [req-60bc3536-3066-4bf6-bde8-84b1cb346aa8 req-0dac8d95-f97e-4e64-aa47-f26985092e6c service nova] Lock "7d127413-cbac-4754-bd72-a898b95a19ed" "released" by "nova.context.set_target_cell..get_or_set_cached_cell_and_set_connections" :: held 0.006s {{(pid=63218) inner /opt/stack/data/venv/lib/python3.12/site-packages/oslo_concurrency/lockutils.py:544}}
Aug 05 15:48:05 devstack devstack@n-api.service[63218]: INFO nova.api.openstack.compute.server_external_events [req-60bc3536-3066-4bf6-bde8-84b1cb346aa8 req-0dac8d95-f97e-4e64-aa47-f26985092e6c service nova] Creating event network-changed:db70881f-16d3-4b31-add0-b1dde046ee79 for instance 56a666e0-fe7f-4bcf-803d-5725995ae360 on devstack
Aug 05 15:48:05 devstack devstack@n-api.service[63218]: INFO nova.api.openstack.compute.server_external_events [req-60bc3536-3066-4bf6-bde8-84b1cb346aa8 req-0dac8d95-f97e-4e64-aa47-f26985092e6c service nova] Creating event network-vif-plugged:1f522c2d-e071-4bd2-a623-8c23d00496b5 for instance e7e5a810-b68d-47ef-acb6-537d7f2c05b7 on devstack
Aug 05 15:48:05 devstack devstack@n-api.service[63218]: DEBUG nova.compute.rpcapi [req-60bc3536-3066-4bf6-bde8-84b1cb346aa8 req-0dac8d95-f97e-4e64-aa47-f26985092e6c service nova] RPC: Sending the message to topic: compute-alt {{(pid=63218) prepare_for_alt_rpcserver /opt/stack/nova/nova/compute/rpcapi.py:595}}
Aug 05 15:48:05 devstack devstack@n-api.service[63218]: INFO nova.api.openstack.requestlog [req-60bc3536-3066-4bf6-bde8-84b1cb346aa8 req-0dac8d95-f97e-4e64-aa47-f26985092e6c service nova] 192.168.122.154 "POST /compute/v2.1/os-server-external-events" status: 200 len: 350 microversion: 2.1 time: 0.134181
Aug 05 15:48:05 devstack devstack@n-api.service[63218]: [pid: 63218|app: 0|req: 79/153] 192.168.122.154 () {64 vars in 1321 bytes} [Wed Aug 5 15:48:05 2026] POST /compute/v2.1/os-server-external-events => generated 350 bytes in 141 msecs (HTTP/1.1 200) 9 headers in 357 bytes (2 switches on core 0)
Aug 05 15:48:05 devstack devstack@n-api.service[63219]: DEBUG nova.api.openstack.wsgi [None req-1cae51cb-984d-4397-ad6e-3fcafda8d343 tempest-TaggedAttachmentsTest-1084406859 tempest-TaggedAttachmentsTest-1084406859-project-member] Calling method '>' {{(pid=63219) _process_stack /opt/stack/nova/nova/api/openstack/wsgi.py:551}}
Aug 05 15:48:05 devstack devstack@n-api.service[63219]: DEBUG nova.compute.api [None req-1cae51cb-984d-4397-ad6e-3fcafda8d343 tempest-TaggedAttachmentsTest-1084406859 tempest-TaggedAttachmentsTest-1084406859-project-member] [instance: e7e5a810-b68d-47ef-acb6-537d7f2c05b7] Fetching instance by UUID {{(pid=63219) get /opt/stack/nova/nova/compute/api.py:3068}}
Aug 05 15:48:05 devstack devstack@n-api.service[63218]: DEBUG nova.api.openstack.wsgi [None req-e81ae3e4-9174-49ab-87ac-3d2986434173 tempest-ServersNegativeTestJSON-2068673078 tempest-ServersNegativeTestJSON-2068673078-project-member] Calling method '>' {{(pid=63218) _process_stack /opt/stack/nova/nova/api/openstack/wsgi.py:551}}
Aug 05 15:48:05 devstack devstack@n-api.service[63219]: DEBUG oslo_concurrency.lockutils [None req-1cae51cb-984d-4397-ad6e-3fcafda8d343 tempest-TaggedAttachmentsTest-1084406859 tempest-TaggedAttachmentsTest-1084406859-project-member] Acquiring lock "7d127413-cbac-4754-bd72-a898b95a19ed" by "nova.context.set_target_cell..get_or_set_cached_cell_and_set_connections" {{(pid=63219) inner /opt/stack/data/venv/lib/python3.12/site-packages/oslo_concurrency/lockutils.py:512}}
Aug 05 15:48:05 devstack devstack@n-api.service[63219]: DEBUG oslo_concurrency.lockutils [None req-1cae51cb-984d-4397-ad6e-3fcafda8d343 tempest-TaggedAttachmentsTest-1084406859 tempest-TaggedAttachmentsTest-1084406859-project-member] Lock "7d127413-cbac-4754-bd72-a898b95a19ed" acquired by "nova.context.set_target_cell..get_or_set_cached_cell_and_set_connections" :: waited 0.001s {{(pid=63219) inner /opt/stack/data/venv/lib/python3.12/site-packages/oslo_concurrency/lockutils.py:525}}
Aug 05 15:48:05 devstack devstack@n-api.service[63219]: DEBUG oslo_concurrency.lockutils [None req-1cae51cb-984d-4397-ad6e-3fcafda8d343 tempest-TaggedAttachmentsTest-1084406859 tempest-TaggedAttachmentsTest-1084406859-project-member] Lock "7d127413-cbac-4754-bd72-a898b95a19ed" "released" by "nova.context.set_target_cell..get_or_set_cached_cell_and_set_connections" :: held 0.000s {{(pid=63219) inner /opt/stack/data/venv/lib/python3.12/site-packages/oslo_concurrency/lockutils.py:544}}
Aug 05 15:48:05 devstack devstack@n-api.service[63219]: DEBUG oslo_concurrency.lockutils [None req-1cae51cb-984d-4397-ad6e-3fcafda8d343 tempest-TaggedAttachmentsTest-1084406859 tempest-TaggedAttachmentsTest-1084406859-project-member] Acquiring lock "7d127413-cbac-4754-bd72-a898b95a19ed" by "nova.context.set_target_cell..get_or_set_cached_cell_and_set_connections" {{(pid=63219) inner /opt/stack/data/venv/lib/python3.12/site-packages/oslo_concurrency/lockutils.py:512}}
Aug 05 15:48:05 devstack devstack@n-api.service[63219]: DEBUG oslo_concurrency.lockutils [None req-1cae51cb-984d-4397-ad6e-3fcafda8d343 tempest-TaggedAttachmentsTest-1084406859 tempest-TaggedAttachmentsTest-1084406859-project-member] Lock "7d127413-cbac-4754-bd72-a898b95a19ed" acquired by "nova.context.set_target_cell..get_or_set_cached_cell_and_set_connections" :: waited 0.001s {{(pid=63219) inner /opt/stack/data/venv/lib/python3.12/site-packages/oslo_concurrency/lockutils.py:525}}
Aug 05 15:48:05 devstack devstack@n-api.service[63219]: DEBUG oslo_concurrency.lockutils [None req-1cae51cb-984d-4397-ad6e-3fcafda8d343 tempest-TaggedAttachmentsTest-1084406859 tempest-TaggedAttachmentsTest-1084406859-project-member] Lock "7d127413-cbac-4754-bd72-a898b95a19ed" "released" by "nova.context.set_target_cell..get_or_set_cached_cell_and_set_connections" :: held 0.001s {{(pid=63219) inner /opt/stack/data/venv/lib/python3.12/site-packages/oslo_concurrency/lockutils.py:544}}
Aug 05 15:48:05 devstack devstack@n-api.service[63218]: DEBUG nova.compute.api [None req-e81ae3e4-9174-49ab-87ac-3d2986434173 tempest-ServersNegativeTestJSON-2068673078 tempest-ServersNegativeTestJSON-2068673078-project-member] [instance: 06f738b7-4031-481f-8f9d-17a283a02461] Fetching instance by UUID {{(pid=63218) get /opt/stack/nova/nova/compute/api.py:3068}}
Aug 05 15:48:05 devstack devstack@n-api.service[63218]: DEBUG oslo_concurrency.lockutils [None req-e81ae3e4-9174-49ab-87ac-3d2986434173 tempest-ServersNegativeTestJSON-2068673078 tempest-ServersNegativeTestJSON-2068673078-project-member] Acquiring lock "7d127413-cbac-4754-bd72-a898b95a19ed" by "nova.context.set_target_cell..get_or_set_cached_cell_and_set_connections" {{(pid=63218) inner /opt/stack/data/venv/lib/python3.12/site-packages/oslo_concurrency/lockutils.py:512}}
Aug 05 15:48:06 devstack devstack@n-api.service[63218]: DEBUG oslo_concurrency.lockutils [None req-e81ae3e4-9174-49ab-87ac-3d2986434173 tempest-ServersNegativeTestJSON-2068673078 tempest-ServersNegativeTestJSON-2068673078-project-member] Lock "7d127413-cbac-4754-bd72-a898b95a19ed" acquired by "nova.context.set_target_cell..get_or_set_cached_cell_and_set_connections" :: waited 0.003s {{(pid=63218) inner /opt/stack/data/venv/lib/python3.12/site-packages/oslo_concurrency/lockutils.py:525}}
Aug 05 15:48:06 devstack devstack@n-api.service[63218]: DEBUG oslo_concurrency.lockutils [None req-e81ae3e4-9174-49ab-87ac-3d2986434173 tempest-ServersNegativeTestJSON-2068673078 tempest-ServersNegativeTestJSON-2068673078-project-member] Lock "7d127413-cbac-4754-bd72-a898b95a19ed" "released" by "nova.context.set_target_cell..get_or_set_cached_cell_and_set_connections" :: held 0.006s {{(pid=63218) inner /opt/stack/data/venv/lib/python3.12/site-packages/oslo_concurrency/lockutils.py:544}}
