Nov 14 07:07:03 devstack devstack@g-api.service[73440]: DEBUG glance.api.middleware.version_negotiation [None req-33fcb869-c6b2-4dda-9e55-cdae675d9deb None None] Determining version of request: GET / Accept: */* {{(pid=73440) process_request /opt/stack/glance/glance/api/middleware/version_negotiation.py:44}}
Nov 14 07:07:03 devstack devstack@g-api.service[73441]: DEBUG glance.common.config [None req-7ed59c6f-6dcc-4d47-9781-a060be2fcdad None None] barbican_service_user.auth_type = None {{(pid=73441) log_opt_values /opt/stack/data/venv/lib/python3.10/site-packages/oslo_config/cfg.py:2824}}
Nov 14 07:07:03 devstack devstack@g-api.service[73440]: DEBUG glance.api.middleware.version_negotiation [None req-33fcb869-c6b2-4dda-9e55-cdae675d9deb None None] Using url versioning {{(pid=73440) process_request /opt/stack/glance/glance/api/middleware/version_negotiation.py:57}}
Nov 14 07:07:03 devstack devstack@g-api.service[73441]: DEBUG glance.common.config [None req-7ed59c6f-6dcc-4d47-9781-a060be2fcdad None None] barbican_service_user.cafile = None {{(pid=73441) log_opt_values /opt/stack/data/venv/lib/python3.10/site-packages/oslo_config/cfg.py:2824}}
Nov 14 07:07:03 devstack devstack@g-api.service[73440]: DEBUG glance.api.middleware.version_negotiation [None req-33fcb869-c6b2-4dda-9e55-cdae675d9deb None None] Unknown version. Returning version choices. {{(pid=73440) process_request /opt/stack/glance/glance/api/middleware/version_negotiation.py:64}}
Nov 14 07:07:03 devstack devstack@g-api.service[73441]: DEBUG glance.common.config [None req-7ed59c6f-6dcc-4d47-9781-a060be2fcdad None None] barbican_service_user.certfile = None {{(pid=73441) log_opt_values /opt/stack/data/venv/lib/python3.10/site-packages/oslo_config/cfg.py:2824}}
Nov 14 07:07:03 devstack devstack@g-api.service[73441]: DEBUG glance.common.config [None req-7ed59c6f-6dcc-4d47-9781-a060be2fcdad None None] barbican_service_user.collect_timing = False {{(pid=73441) log_opt_values /opt/stack/data/venv/lib/python3.10/site-packages/oslo_config/cfg.py:2824}}
Nov 14 07:07:03 devstack devstack@g-api.service[73441]: DEBUG glance.common.config [None req-7ed59c6f-6dcc-4d47-9781-a060be2fcdad None None] barbican_service_user.insecure = False {{(pid=73441) log_opt_values /opt/stack/data/venv/lib/python3.10/site-packages/oslo_config/cfg.py:2824}}
Nov 14 07:07:03 devstack devstack@g-api.service[73440]: [pid: 73440|app: 0|req: 1/1] 127.0.0.1 () {32 vars in 402 bytes} [Fri Nov 14 07:07:03 2025] GET / => generated 1459 bytes in 2 msecs (HTTP/1.1 300) 3 headers in 106 bytes (1 switches on core 0)
Nov 14 07:07:03 devstack devstack@g-api.service[73441]: DEBUG glance.common.config [None req-7ed59c6f-6dcc-4d47-9781-a060be2fcdad None None] barbican_service_user.keyfile = None {{(pid=73441) log_opt_values /opt/stack/data/venv/lib/python3.10/site-packages/oslo_config/cfg.py:2824}}
Nov 14 07:07:03 devstack devstack@g-api.service[73441]: DEBUG glance.common.config [None req-7ed59c6f-6dcc-4d47-9781-a060be2fcdad None None] barbican_service_user.split_loggers = False {{(pid=73441) log_opt_values /opt/stack/data/venv/lib/python3.10/site-packages/oslo_config/cfg.py:2824}}
Nov 14 07:07:03 devstack devstack@g-api.service[73441]: DEBUG glance.common.config [None req-7ed59c6f-6dcc-4d47-9781-a060be2fcdad None None] barbican_service_user.timeout = None {{(pid=73441) log_opt_values /opt/stack/data/venv/lib/python3.10/site-packages/oslo_config/cfg.py:2824}}
Nov 14 07:07:03 devstack devstack@g-api.service[73441]: DEBUG glance.common.config [None req-7ed59c6f-6dcc-4d47-9781-a060be2fcdad None None] database.asyncio_connection = **** {{(pid=73441) log_opt_values /opt/stack/data/venv/lib/python3.10/site-packages/oslo_config/cfg.py:2824}}
Nov 14 07:07:03 devstack devstack@g-api.service[73441]: DEBUG glance.common.config [None req-7ed59c6f-6dcc-4d47-9781-a060be2fcdad None None] database.asyncio_slave_connection = **** {{(pid=73441) log_opt_values /opt/stack/data/venv/lib/python3.10/site-packages/oslo_config/cfg.py:2824}}
Nov 14 07:07:03 devstack devstack@g-api.service[73441]: DEBUG glance.common.config [None req-7ed59c6f-6dcc-4d47-9781-a060be2fcdad None None] database.backend = sqlalchemy {{(pid=73441) log_opt_values /opt/stack/data/venv/lib/python3.10/site-packages/oslo_config/cfg.py:2824}}
Nov 14 07:07:03 devstack devstack@g-api.service[73441]: DEBUG glance.common.config [None req-7ed59c6f-6dcc-4d47-9781-a060be2fcdad None None] database.connection = **** {{(pid=73441) log_opt_values /opt/stack/data/venv/lib/python3.10/site-packages/oslo_config/cfg.py:2824}}
Nov 14 07:07:03 devstack devstack@g-api.service[73441]: DEBUG glance.common.config [None req-7ed59c6f-6dcc-4d47-9781-a060be2fcdad None None] database.connection_debug = 0 {{(pid=73441) log_opt_values /opt/stack/data/venv/lib/python3.10/site-packages/oslo_config/cfg.py:2824}}
Nov 14 07:07:03 devstack devstack@g-api.service[73441]: DEBUG glance.common.config [None req-7ed59c6f-6dcc-4d47-9781-a060be2fcdad None None] database.connection_parameters = {{(pid=73441) log_opt_values /opt/stack/data/venv/lib/python3.10/site-packages/oslo_config/cfg.py:2824}}
Nov 14 07:07:03 devstack devstack@g-api.service[73441]: DEBUG glance.common.config [None req-7ed59c6f-6dcc-4d47-9781-a060be2fcdad None None] database.connection_recycle_time = 3600 {{(pid=73441) log_opt_values /opt/stack/data/venv/lib/python3.10/site-packages/oslo_config/cfg.py:2824}}
Nov 14 07:07:03 devstack devstack@g-api.service[73441]: DEBUG glance.common.config [None req-7ed59c6f-6dcc-4d47-9781-a060be2fcdad None None] database.connection_trace = False {{(pid=73441) log_opt_values /opt/stack/data/venv/lib/python3.10/site-packages/oslo_config/cfg.py:2824}}
Nov 14 07:07:03 devstack devstack@g-api.service[73441]: DEBUG glance.common.config [None req-7ed59c6f-6dcc-4d47-9781-a060be2fcdad None None] database.db_inc_retry_interval = True {{(pid=73441) log_opt_values /opt/stack/data/venv/lib/python3.10/site-packages/oslo_config/cfg.py:2824}}
Nov 14 07:07:03 devstack devstack@g-api.service[73441]: DEBUG glance.common.config [None req-7ed59c6f-6dcc-4d47-9781-a060be2fcdad None None] database.db_max_retries = 20 {{(pid=73441) log_opt_values /opt/stack/data/venv/lib/python3.10/site-packages/oslo_config/cfg.py:2824}}
Nov 14 07:07:03 devstack devstack@g-api.service[73441]: DEBUG glance.common.config [None req-7ed59c6f-6dcc-4d47-9781-a060be2fcdad None None] database.db_max_retry_interval = 10 {{(pid=73441) log_opt_values /opt/stack/data/venv/lib/python3.10/site-packages/oslo_config/cfg.py:2824}}
Nov 14 07:07:03 devstack devstack@g-api.service[73441]: DEBUG glance.common.config [None req-7ed59c6f-6dcc-4d47-9781-a060be2fcdad None None] database.db_retry_interval = 1 {{(pid=73441) log_opt_values /opt/stack/data/venv/lib/python3.10/site-packages/oslo_config/cfg.py:2824}}
Nov 14 07:07:03 devstack devstack@g-api.service[73441]: DEBUG glance.common.config [None req-7ed59c6f-6dcc-4d47-9781-a060be2fcdad None None] database.max_overflow = 50 {{(pid=73441) log_opt_values /opt/stack/data/venv/lib/python3.10/site-packages/oslo_config/cfg.py:2824}}
Nov 14 07:07:03 devstack devstack@g-api.service[73441]: DEBUG glance.common.config [None req-7ed59c6f-6dcc-4d47-9781-a060be2fcdad None None] database.max_pool_size = 5 {{(pid=73441) log_opt_values /opt/stack/data/venv/lib/python3.10/site-packages/oslo_config/cfg.py:2824}}
Nov 14 07:07:03 devstack devstack@g-api.service[73441]: DEBUG glance.common.config [None req-7ed59c6f-6dcc-4d47-9781-a060be2fcdad None None] database.max_retries = 10 {{(pid=73441) log_opt_values /opt/stack/data/venv/lib/python3.10/site-packages/oslo_config/cfg.py:2824}}
Nov 14 07:07:03 devstack devstack@g-api.service[73441]: DEBUG glance.common.config [None req-7ed59c6f-6dcc-4d47-9781-a060be2fcdad None None] database.mysql_sql_mode = TRADITIONAL {{(pid=73441) log_opt_values /opt/stack/data/venv/lib/python3.10/site-packages/oslo_config/cfg.py:2824}}
Nov 14 07:07:03 devstack devstack@g-api.service[73441]: DEBUG glance.common.config [None req-7ed59c6f-6dcc-4d47-9781-a060be2fcdad None None] database.mysql_wsrep_sync_wait = None {{(pid=73441) log_opt_values /opt/stack/data/venv/lib/python3.10/site-packages/oslo_config/cfg.py:2824}}
Nov 14 07:07:03 devstack devstack@g-api.service[73441]: DEBUG glance.common.config [None req-7ed59c6f-6dcc-4d47-9781-a060be2fcdad None None] database.pool_timeout = None {{(pid=73441) log_opt_values /opt/stack/data/venv/lib/python3.10/site-packages/oslo_config/cfg.py:2824}}
Nov 14 07:07:03 devstack devstack@g-api.service[73441]: DEBUG glance.common.config [None req-7ed59c6f-6dcc-4d47-9781-a060be2fcdad None None] database.retry_interval = 10 {{(pid=73441) log_opt_values /opt/stack/data/venv/lib/python3.10/site-packages/oslo_config/cfg.py:2824}}
Nov 14 07:07:03 devstack devstack@g-api.service[73441]: DEBUG glance.common.config [None req-7ed59c6f-6dcc-4d47-9781-a060be2fcdad None None] database.slave_connection = **** {{(pid=73441) log_opt_values /opt/stack/data/venv/lib/python3.10/site-packages/oslo_config/cfg.py:2824}}
Nov 14 07:07:03 devstack devstack@g-api.service[73441]: DEBUG glance.common.config [None req-7ed59c6f-6dcc-4d47-9781-a060be2fcdad None None] database.sqlite_synchronous = True {{(pid=73441) log_opt_values /opt/stack/data/venv/lib/python3.10/site-packages/oslo_config/cfg.py:2824}}
Nov 14 07:07:03 devstack devstack@g-api.service[73441]: DEBUG glance.common.config [None req-7ed59c6f-6dcc-4d47-9781-a060be2fcdad None None] database.use_db_reconnect = False {{(pid=73441) log_opt_values /opt/stack/data/venv/lib/python3.10/site-packages/oslo_config/cfg.py:2824}}
Nov 14 07:07:03 devstack devstack@g-api.service[73441]: DEBUG glance.common.config [None req-7ed59c6f-6dcc-4d47-9781-a060be2fcdad None None] healthcheck.allowed_source_ranges = [] {{(pid=73441) log_opt_values /opt/stack/data/venv/lib/python3.10/site-packages/oslo_config/cfg.py:2824}}
Nov 14 07:07:03 devstack devstack@g-api.service[73441]: DEBUG glance.common.config [None req-7ed59c6f-6dcc-4d47-9781-a060be2fcdad None None] healthcheck.backends = ['disable_by_file'] {{(pid=73441) log_opt_values /opt/stack/data/venv/lib/python3.10/site-packages/oslo_config/cfg.py:2824}}
Nov 14 07:07:03 devstack devstack@g-api.service[73441]: DEBUG glance.common.config [None req-7ed59c6f-6dcc-4d47-9781-a060be2fcdad None None] healthcheck.detailed = False {{(pid=73441) log_opt_values /opt/stack/data/venv/lib/python3.10/site-packages/oslo_config/cfg.py:2824}}
Nov 14 07:07:03 devstack devstack@g-api.service[73441]: DEBUG glance.common.config [None req-7ed59c6f-6dcc-4d47-9781-a060be2fcdad None None] healthcheck.disable_by_file_path = None {{(pid=73441) log_opt_values /opt/stack/data/venv/lib/python3.10/site-packages/oslo_config/cfg.py:2824}}
Nov 14 07:07:03 devstack devstack@g-api.service[73441]: DEBUG glance.common.config [None req-7ed59c6f-6dcc-4d47-9781-a060be2fcdad None None] healthcheck.ignore_proxied_requests = False {{(pid=73441) log_opt_values /opt/stack/data/venv/lib/python3.10/site-packages/oslo_config/cfg.py:2824}}
Nov 14 07:07:03 devstack devstack@g-api.service[73441]: DEBUG glance.common.config [None req-7ed59c6f-6dcc-4d47-9781-a060be2fcdad None None] healthcheck.path = /healthcheck {{(pid=73441) log_opt_values /opt/stack/data/venv/lib/python3.10/site-packages/oslo_config/cfg.py:2824}}
Nov 14 07:07:03 devstack devstack@g-api.service[73441]: DEBUG glance.common.config [None req-7ed59c6f-6dcc-4d47-9781-a060be2fcdad None None] ******************************************************************************** {{(pid=73441) log_opt_values /opt/stack/data/venv/lib/python3.10/site-packages/oslo_config/cfg.py:2828}}
Nov 14 07:07:03 devstack devstack@g-api.service[73441]: WSGI app 0 (mountpoint='') ready in 3 seconds on interpreter 0x56153ab316a0 pid: 73441 (default app)
Nov 14 07:07:06 devstack devstack@g-api.service[73440]: DEBUG glance.api.middleware.version_negotiation [None req-33fcb869-c6b2-4dda-9e55-cdae675d9deb None None] Determining version of request: GET / Accept: application/json {{(pid=73440) process_request /opt/stack/glance/glance/api/middleware/version_negotiation.py:44}}
Nov 14 07:07:06 devstack devstack@g-api.service[73440]: DEBUG glance.api.middleware.version_negotiation [None req-33fcb869-c6b2-4dda-9e55-cdae675d9deb None None] Using url versioning {{(pid=73440) process_request /opt/stack/glance/glance/api/middleware/version_negotiation.py:57}}
Nov 14 07:07:06 devstack devstack@g-api.service[73440]: DEBUG glance.api.middleware.version_negotiation [None req-33fcb869-c6b2-4dda-9e55-cdae675d9deb None None] Unknown version. Returning version choices. {{(pid=73440) process_request /opt/stack/glance/glance/api/middleware/version_negotiation.py:64}}
Nov 14 07:07:06 devstack devstack@g-api.service[73440]: [pid: 73440|app: 0|req: 2/2] 127.0.0.1 () {34 vars in 519 bytes} [Fri Nov 14 07:07:06 2025] GET / => generated 1459 bytes in 2 msecs (HTTP/1.1 300) 3 headers in 106 bytes (1 switches on core 0)
Nov 14 07:07:06 devstack devstack@g-api.service[73441]: DEBUG glance.api.middleware.version_negotiation [None req-7ed59c6f-6dcc-4d47-9781-a060be2fcdad None None] Determining version of request: POST /v2/images Accept: */* {{(pid=73441) process_request /opt/stack/glance/glance/api/middleware/version_negotiation.py:44}}
Nov 14 07:07:06 devstack devstack@g-api.service[73441]: DEBUG glance.api.middleware.version_negotiation [None req-7ed59c6f-6dcc-4d47-9781-a060be2fcdad None None] Using url versioning {{(pid=73441) process_request /opt/stack/glance/glance/api/middleware/version_negotiation.py:57}}
Nov 14 07:07:06 devstack devstack@g-api.service[73441]: DEBUG glance.api.middleware.version_negotiation [None req-7ed59c6f-6dcc-4d47-9781-a060be2fcdad None None] Matched version: v2 {{(pid=73441) process_request /opt/stack/glance/glance/api/middleware/version_negotiation.py:69}}
Nov 14 07:07:06 devstack devstack@g-api.service[73441]: DEBUG glance.api.middleware.version_negotiation [None req-7ed59c6f-6dcc-4d47-9781-a060be2fcdad None None] new path /v2/images {{(pid=73441) process_request /opt/stack/glance/glance/api/middleware/version_negotiation.py:70}}
Nov 14 07:07:07 devstack devstack@g-api.service[73441]: [pid: 73441|app: 0|req: 1/3] 127.0.0.1 () {40 vars in 782 bytes} [Fri Nov 14 07:07:06 2025] POST /v2/images => generated 807 bytes in 938 msecs (HTTP/1.1 201) 6 headers in 314 bytes (1 switches on core 0)
Nov 14 07:07:07 devstack devstack@g-api.service[73440]: DEBUG glance.api.middleware.version_negotiation [None req-33fcb869-c6b2-4dda-9e55-cdae675d9deb None None] Determining version of request: PUT /v2/images/8d8e432e-9626-4548-907f-c2ac0fe12e26/file Accept: {{(pid=73440) process_request /opt/stack/glance/glance/api/middleware/version_negotiation.py:44}}
Nov 14 07:07:07 devstack devstack@g-api.service[73440]: DEBUG glance.api.middleware.version_negotiation [None req-33fcb869-c6b2-4dda-9e55-cdae675d9deb None None] Using url versioning {{(pid=73440) process_request /opt/stack/glance/glance/api/middleware/version_negotiation.py:57}}
Nov 14 07:07:07 devstack devstack@g-api.service[73440]: DEBUG glance.api.middleware.version_negotiation [None req-33fcb869-c6b2-4dda-9e55-cdae675d9deb None None] Matched version: v2 {{(pid=73440) process_request /opt/stack/glance/glance/api/middleware/version_negotiation.py:69}}
Nov 14 07:07:07 devstack devstack@g-api.service[73440]: DEBUG glance.api.middleware.version_negotiation [None req-33fcb869-c6b2-4dda-9e55-cdae675d9deb None None] new path /v2/images/8d8e432e-9626-4548-907f-c2ac0fe12e26/file {{(pid=73440) process_request /opt/stack/glance/glance/api/middleware/version_negotiation.py:70}}
Nov 14 07:07:08 devstack devstack@g-api.service[73440]: INFO glance.api.v2.image_data [None req-68a03df1-0018-4a53-a78c-22eb96e6b793 admin admin] Unable to create trust: no such option collect_timing in group [keystone_authtoken] Use the existing user token.
Nov 14 07:07:08 devstack devstack@g-api.service[73440]: DEBUG glance.location [None req-68a03df1-0018-4a53-a78c-22eb96e6b793 admin admin] Enabling in-flight format inspection for qcow2 {{(pid=73440) set_data /opt/stack/glance/glance/location.py:616}}
Nov 14 07:07:08 devstack devstack@g-api.service[73440]: DEBUG oslo_utils.imageutils.format_inspector [None req-68a03df1-0018-4a53-a78c-22eb96e6b793 admin admin] Format inspector for vmdk does not match, excluding from consideration (Signature KDMV not found: b'QFI\xfb') {{(pid=73440) _process_chunk /opt/stack/data/venv/lib/python3.10/site-packages/oslo_utils/imageutils/format_inspector.py:1365}}
Nov 14 07:07:08 devstack devstack@g-api.service[73440]: DEBUG oslo_utils.imageutils.format_inspector [None req-68a03df1-0018-4a53-a78c-22eb96e6b793 admin admin] Format inspector for vhdx does not match, excluding from consideration (Region signature not found at 30000) {{(pid=73440) _process_chunk /opt/stack/data/venv/lib/python3.10/site-packages/oslo_utils/imageutils/format_inspector.py:1365}}
Nov 14 07:07:08 devstack devstack@g-api.service[73440]: DEBUG glance_store._drivers.filesystem [None req-68a03df1-0018-4a53-a78c-22eb96e6b793 admin admin] Wrote 21692416 bytes to /opt/stack/data/glance/images/8d8e432e-9626-4548-907f-c2ac0fe12e26 with checksum 87617e24a5e30cb3b87fda8c0764838f and multihash 9a9bce0083a00939ec17c11febbfc767aa211aaa54f51e75c5a8b271a9b5637c77205a518b7a2007cb391d23cceb01e0e4e8d64832317151bc85b734b92a7be0 {{(pid=73440) add /opt/stack/data/venv/lib/python3.10/site-packages/glance_store/_drivers/filesystem.py:794}}
Nov 14 07:07:08 devstack devstack@g-api.service[73440]: INFO glance.location [None req-68a03df1-0018-4a53-a78c-22eb96e6b793 admin admin] Image format matched and virtual size computed: 117440512
Nov 14 07:07:08 devstack devstack@g-api.service[73440]: DEBUG glance_store.backend [None req-68a03df1-0018-4a53-a78c-22eb96e6b793 admin admin] Skipping store.set_acls... not implemented. {{(pid=73440) set_acls /opt/stack/data/venv/lib/python3.10/site-packages/glance_store/backend.py:507}}
Nov 14 07:07:08 devstack devstack@g-api.service[73440]: [pid: 73440|app: 0|req: 3/4] 127.0.0.1 () {40 vars in 875 bytes} [Fri Nov 14 07:07:07 2025] PUT /v2/images/8d8e432e-9626-4548-907f-c2ac0fe12e26/file => generated 0 bytes in 1094 msecs (HTTP/1.1 204) 4 headers in 171 bytes (1 switches on core 0)
Nov 14 07:07:08 devstack devstack@g-api.service[73441]: DEBUG glance.api.middleware.version_negotiation [None req-00f312fd-2fa4-4540-bd21-a170fab96282 admin admin] Determining version of request: GET /v2/images/8d8e432e-9626-4548-907f-c2ac0fe12e26 Accept: */* {{(pid=73441) process_request /opt/stack/glance/glance/api/middleware/version_negotiation.py:44}}
Nov 14 07:07:08 devstack devstack@g-api.service[73441]: DEBUG glance.api.middleware.version_negotiation [None req-00f312fd-2fa4-4540-bd21-a170fab96282 admin admin] Using url versioning {{(pid=73441) process_request /opt/stack/glance/glance/api/middleware/version_negotiation.py:57}}
Nov 14 07:07:08 devstack devstack@g-api.service[73441]: DEBUG glance.api.middleware.version_negotiation [None req-00f312fd-2fa4-4540-bd21-a170fab96282 admin admin] Matched version: v2 {{(pid=73441) process_request /opt/stack/glance/glance/api/middleware/version_negotiation.py:69}}
Nov 14 07:07:08 devstack devstack@g-api.service[73441]: DEBUG glance.api.middleware.version_negotiation [None req-00f312fd-2fa4-4540-bd21-a170fab96282 admin admin] new path /v2/images/8d8e432e-9626-4548-907f-c2ac0fe12e26 {{(pid=73441) process_request /opt/stack/glance/glance/api/middleware/version_negotiation.py:70}}
Nov 14 07:07:08 devstack devstack@g-api.service[73441]: [pid: 73441|app: 0|req: 2/5] 127.0.0.1 () {36 vars in 802 bytes} [Fri Nov 14 07:07:08 2025] GET /v2/images/8d8e432e-9626-4548-907f-c2ac0fe12e26 => generated 976 bytes in 16 msecs (HTTP/1.1 200) 4 headers in 157 bytes (1 switches on core 0)
Nov 14 07:07:18 devstack devstack@g-api.service[73440]: DEBUG dbcounter [-] [73440] Writing DB stats glance:INSERT=5,glance:SELECT=16,glance:UPDATE=2 {{(pid=73440) stat_writer /opt/stack/data/venv/lib/python3.10/site-packages/dbcounter.py:115}}
Nov 14 07:07:18 devstack devstack@g-api.service[73441]: DEBUG dbcounter [-] [73441] Writing DB stats glance:INSERT=9,glance:SELECT=6 {{(pid=73441) stat_writer /opt/stack/data/venv/lib/python3.10/site-packages/dbcounter.py:115}}
Nov 14 07:07:48 devstack devstack@g-api.service[73440]: DEBUG glance.api.middleware.version_negotiation [None req-68a03df1-0018-4a53-a78c-22eb96e6b793 admin admin] Determining version of request: GET / Accept: application/json {{(pid=73440) process_request /opt/stack/glance/glance/api/middleware/version_negotiation.py:44}}
Nov 14 07:07:48 devstack devstack@g-api.service[73440]: DEBUG glance.api.middleware.version_negotiation [None req-68a03df1-0018-4a53-a78c-22eb96e6b793 admin admin] Using url versioning {{(pid=73440) process_request /opt/stack/glance/glance/api/middleware/version_negotiation.py:57}}
Nov 14 07:07:48 devstack devstack@g-api.service[73440]: DEBUG glance.api.middleware.version_negotiation [None req-68a03df1-0018-4a53-a78c-22eb96e6b793 admin admin] Unknown version. Returning version choices. {{(pid=73440) process_request /opt/stack/glance/glance/api/middleware/version_negotiation.py:64}}
Nov 14 07:07:48 devstack devstack@g-api.service[73440]: [pid: 73440|app: 0|req: 4/6] 127.0.0.1 () {34 vars in 515 bytes} [Fri Nov 14 07:07:48 2025] GET / => generated 1459 bytes in 2 msecs (HTTP/1.1 300) 3 headers in 106 bytes (1 switches on core 0)
Nov 14 07:07:48 devstack devstack@g-api.service[73441]: DEBUG glance.api.middleware.version_negotiation [None req-89111901-a59a-492f-8d1e-042bdb0a4121 admin admin] Determining version of request: GET /v2/images Accept: application/json {{(pid=73441) process_request /opt/stack/glance/glance/api/middleware/version_negotiation.py:44}}
Nov 14 07:07:48 devstack devstack@g-api.service[73441]: DEBUG glance.api.middleware.version_negotiation [None req-89111901-a59a-492f-8d1e-042bdb0a4121 admin admin] Using url versioning {{(pid=73441) process_request /opt/stack/glance/glance/api/middleware/version_negotiation.py:57}}
Nov 14 07:07:48 devstack devstack@g-api.service[73441]: DEBUG glance.api.middleware.version_negotiation [None req-89111901-a59a-492f-8d1e-042bdb0a4121 admin admin] Matched version: v2 {{(pid=73441) process_request /opt/stack/glance/glance/api/middleware/version_negotiation.py:69}}
Nov 14 07:07:48 devstack devstack@g-api.service[73441]: DEBUG glance.api.middleware.version_negotiation [None req-89111901-a59a-492f-8d1e-042bdb0a4121 admin admin] new path /v2/images {{(pid=73441) process_request /opt/stack/glance/glance/api/middleware/version_negotiation.py:70}}
Nov 14 07:07:48 devstack devstack@g-api.service[73441]: [pid: 73441|app: 0|req: 3/7] 127.0.0.1 () {36 vars in 737 bytes} [Fri Nov 14 07:07:48 2025] GET /v2/images => generated 1045 bytes in 60 msecs (HTTP/1.1 200) 4 headers in 158 bytes (1 switches on core 0)
Nov 14 07:07:53 devstack devstack@g-api.service[73440]: DEBUG glance.api.middleware.version_negotiation [None req-68a03df1-0018-4a53-a78c-22eb96e6b793 admin admin] Determining version of request: GET / Accept: application/json {{(pid=73440) process_request /opt/stack/glance/glance/api/middleware/version_negotiation.py:44}}
Nov 14 07:07:53 devstack devstack@g-api.service[73440]: DEBUG glance.api.middleware.version_negotiation [None req-68a03df1-0018-4a53-a78c-22eb96e6b793 admin admin] Using url versioning {{(pid=73440) process_request /opt/stack/glance/glance/api/middleware/version_negotiation.py:57}}
Nov 14 07:07:53 devstack devstack@g-api.service[73440]: DEBUG glance.api.middleware.version_negotiation [None req-68a03df1-0018-4a53-a78c-22eb96e6b793 admin admin] Unknown version. Returning version choices. {{(pid=73440) process_request /opt/stack/glance/glance/api/middleware/version_negotiation.py:64}}
Nov 14 07:07:53 devstack devstack@g-api.service[73440]: [pid: 73440|app: 0|req: 5/8] 127.0.0.1 () {34 vars in 515 bytes} [Fri Nov 14 07:07:53 2025] GET / => generated 1459 bytes in 2 msecs (HTTP/1.1 300) 3 headers in 106 bytes (1 switches on core 0)
Nov 14 07:07:53 devstack devstack@g-api.service[73441]: DEBUG glance.api.middleware.version_negotiation [None req-d1adbc29-e31c-4b7e-89ed-4e50c6c646cc admin admin] Determining version of request: GET /v2/images/8d8e432e-9626-4548-907f-c2ac0fe12e26 Accept: */* {{(pid=73441) process_request /opt/stack/glance/glance/api/middleware/version_negotiation.py:44}}
Nov 14 07:07:53 devstack devstack@g-api.service[73441]: DEBUG glance.api.middleware.version_negotiation [None req-d1adbc29-e31c-4b7e-89ed-4e50c6c646cc admin admin] Using url versioning {{(pid=73441) process_request /opt/stack/glance/glance/api/middleware/version_negotiation.py:57}}
Nov 14 07:07:53 devstack devstack@g-api.service[73441]: DEBUG glance.api.middleware.version_negotiation [None req-d1adbc29-e31c-4b7e-89ed-4e50c6c646cc admin admin] Matched version: v2 {{(pid=73441) process_request /opt/stack/glance/glance/api/middleware/version_negotiation.py:69}}
Nov 14 07:07:53 devstack devstack@g-api.service[73441]: DEBUG glance.api.middleware.version_negotiation [None req-d1adbc29-e31c-4b7e-89ed-4e50c6c646cc admin admin] new path /v2/images/8d8e432e-9626-4548-907f-c2ac0fe12e26 {{(pid=73441) process_request /opt/stack/glance/glance/api/middleware/version_negotiation.py:70}}
Nov 14 07:07:54 devstack devstack@g-api.service[73441]: [pid: 73441|app: 0|req: 4/9] 127.0.0.1 () {36 vars in 798 bytes} [Fri Nov 14 07:07:53 2025] GET /v2/images/8d8e432e-9626-4548-907f-c2ac0fe12e26 => generated 976 bytes in 42 msecs (HTTP/1.1 200) 4 headers in 157 bytes (1 switches on core 0)
Nov 14 07:07:57 devstack devstack@g-api.service[73440]: DEBUG glance.api.middleware.version_negotiation [None req-68a03df1-0018-4a53-a78c-22eb96e6b793 admin admin] Determining version of request: GET / Accept: application/json {{(pid=73440) process_request /opt/stack/glance/glance/api/middleware/version_negotiation.py:44}}
Nov 14 07:07:57 devstack devstack@g-api.service[73440]: DEBUG glance.api.middleware.version_negotiation [None req-68a03df1-0018-4a53-a78c-22eb96e6b793 admin admin] Using url versioning {{(pid=73440) process_request /opt/stack/glance/glance/api/middleware/version_negotiation.py:57}}
Nov 14 07:07:57 devstack devstack@g-api.service[73440]: DEBUG glance.api.middleware.version_negotiation [None req-68a03df1-0018-4a53-a78c-22eb96e6b793 admin admin] Unknown version. Returning version choices. {{(pid=73440) process_request /opt/stack/glance/glance/api/middleware/version_negotiation.py:64}}
Nov 14 07:07:57 devstack devstack@g-api.service[73440]: [pid: 73440|app: 0|req: 6/10] 127.0.0.1 () {34 vars in 515 bytes} [Fri Nov 14 07:07:57 2025] GET / => generated 1459 bytes in 2 msecs (HTTP/1.1 300) 3 headers in 106 bytes (1 switches on core 0)
Nov 14 07:07:57 devstack devstack@g-api.service[73441]: DEBUG glance.api.middleware.version_negotiation [None req-45f94517-b409-4c8a-b570-77e6f5b11edd admin admin] Determining version of request: GET /v2/images/8d8e432e-9626-4548-907f-c2ac0fe12e26 Accept: */* {{(pid=73441) process_request /opt/stack/glance/glance/api/middleware/version_negotiation.py:44}}
Nov 14 07:07:57 devstack devstack@g-api.service[73441]: DEBUG glance.api.middleware.version_negotiation [None req-45f94517-b409-4c8a-b570-77e6f5b11edd admin admin] Using url versioning {{(pid=73441) process_request /opt/stack/glance/glance/api/middleware/version_negotiation.py:57}}
Nov 14 07:07:57 devstack devstack@g-api.service[73441]: DEBUG glance.api.middleware.version_negotiation [None req-45f94517-b409-4c8a-b570-77e6f5b11edd admin admin] Matched version: v2 {{(pid=73441) process_request /opt/stack/glance/glance/api/middleware/version_negotiation.py:69}}
Nov 14 07:07:57 devstack devstack@g-api.service[73441]: DEBUG glance.api.middleware.version_negotiation [None req-45f94517-b409-4c8a-b570-77e6f5b11edd admin admin] new path /v2/images/8d8e432e-9626-4548-907f-c2ac0fe12e26 {{(pid=73441) process_request /opt/stack/glance/glance/api/middleware/version_negotiation.py:70}}
Nov 14 07:07:57 devstack devstack@g-api.service[73441]: [pid: 73441|app: 0|req: 5/11] 127.0.0.1 () {36 vars in 798 bytes} [Fri Nov 14 07:07:57 2025] GET /v2/images/8d8e432e-9626-4548-907f-c2ac0fe12e26 => generated 976 bytes in 48 msecs (HTTP/1.1 200) 4 headers in 157 bytes (1 switches on core 0)
Nov 14 07:08:07 devstack devstack@g-api.service[73441]: DEBUG dbcounter [-] [73441] Writing DB stats glance:SELECT=5 {{(pid=73441) stat_writer /opt/stack/data/venv/lib/python3.10/site-packages/dbcounter.py:115}}
Nov 14 07:09:18 devstack devstack@g-api.service[73440]: DEBUG glance.api.middleware.version_negotiation [None req-68a03df1-0018-4a53-a78c-22eb96e6b793 admin admin] Determining version of request: GET / Accept: application/json {{(pid=73440) process_request /opt/stack/glance/glance/api/middleware/version_negotiation.py:44}}
Nov 14 07:09:18 devstack devstack@g-api.service[73440]: DEBUG glance.api.middleware.version_negotiation [None req-68a03df1-0018-4a53-a78c-22eb96e6b793 admin admin] Using url versioning {{(pid=73440) process_request /opt/stack/glance/glance/api/middleware/version_negotiation.py:57}}
Nov 14 07:09:18 devstack devstack@g-api.service[73440]: DEBUG glance.api.middleware.version_negotiation [None req-68a03df1-0018-4a53-a78c-22eb96e6b793 admin admin] Unknown version. Returning version choices. {{(pid=73440) process_request /opt/stack/glance/glance/api/middleware/version_negotiation.py:64}}
Nov 14 07:09:18 devstack devstack@g-api.service[73440]: [pid: 73440|app: 0|req: 7/12] 127.0.0.1 () {36 vars in 486 bytes} [Fri Nov 14 07:09:18 2025] GET / => generated 1459 bytes in 2 msecs (HTTP/1.1 300) 3 headers in 106 bytes (1 switches on core 0)
Nov 14 07:10:22 devstack devstack@g-api.service[73441]: DEBUG glance.api.middleware.version_negotiation [None req-b5b79709-3bf1-45bf-8c50-0303a78dd4a5 admin admin] Determining version of request: GET /v2/images/8d8e432e-9626-4548-907f-c2ac0fe12e26 Accept: */* {{(pid=73441) process_request /opt/stack/glance/glance/api/middleware/version_negotiation.py:44}}
Nov 14 07:10:22 devstack devstack@g-api.service[73441]: DEBUG glance.api.middleware.version_negotiation [None req-b5b79709-3bf1-45bf-8c50-0303a78dd4a5 admin admin] Using url versioning {{(pid=73441) process_request /opt/stack/glance/glance/api/middleware/version_negotiation.py:57}}
Nov 14 07:10:22 devstack devstack@g-api.service[73441]: DEBUG glance.api.middleware.version_negotiation [None req-b5b79709-3bf1-45bf-8c50-0303a78dd4a5 admin admin] Matched version: v2 {{(pid=73441) process_request /opt/stack/glance/glance/api/middleware/version_negotiation.py:69}}
Nov 14 07:10:22 devstack devstack@g-api.service[73441]: DEBUG glance.api.middleware.version_negotiation [None req-b5b79709-3bf1-45bf-8c50-0303a78dd4a5 admin admin] new path /v2/images/8d8e432e-9626-4548-907f-c2ac0fe12e26 {{(pid=73441) process_request /opt/stack/glance/glance/api/middleware/version_negotiation.py:70}}
Nov 14 07:10:22 devstack devstack@g-api.service[73441]: WARNING keystonemiddleware.auth_token [None req-b5b79709-3bf1-45bf-8c50-0303a78dd4a5 admin admin] A valid token was submitted as a service token, but it was not a valid service token. This is incorrect but backwards compatible behaviour. This will be removed in future releases.
Nov 14 07:10:22 devstack devstack@g-api.service[73441]: [pid: 73441|app: 0|req: 6/13] 127.0.0.1 () {42 vars in 1057 bytes} [Fri Nov 14 07:10:22 2025] GET /v2/images/8d8e432e-9626-4548-907f-c2ac0fe12e26 => generated 976 bytes in 151 msecs (HTTP/1.1 200) 4 headers in 157 bytes (1 switches on core 0)
Nov 14 07:10:22 devstack devstack@g-api.service[73440]: DEBUG glance.api.middleware.version_negotiation [None req-68a03df1-0018-4a53-a78c-22eb96e6b793 admin admin] Determining version of request: GET /v2/schemas/image Accept: */* {{(pid=73440) process_request /opt/stack/glance/glance/api/middleware/version_negotiation.py:44}}
Nov 14 07:10:22 devstack devstack@g-api.service[73440]: DEBUG glance.api.middleware.version_negotiation [None req-68a03df1-0018-4a53-a78c-22eb96e6b793 admin admin] Using url versioning {{(pid=73440) process_request /opt/stack/glance/glance/api/middleware/version_negotiation.py:57}}
Nov 14 07:10:22 devstack devstack@g-api.service[73440]: DEBUG glance.api.middleware.version_negotiation [None req-68a03df1-0018-4a53-a78c-22eb96e6b793 admin admin] Matched version: v2 {{(pid=73440) process_request /opt/stack/glance/glance/api/middleware/version_negotiation.py:69}}
Nov 14 07:10:22 devstack devstack@g-api.service[73440]: DEBUG glance.api.middleware.version_negotiation [None req-68a03df1-0018-4a53-a78c-22eb96e6b793 admin admin] new path /v2/schemas/image {{(pid=73440) process_request /opt/stack/glance/glance/api/middleware/version_negotiation.py:70}}
Nov 14 07:10:22 devstack devstack@g-api.service[73440]: WARNING keystonemiddleware.auth_token [None req-68a03df1-0018-4a53-a78c-22eb96e6b793 admin admin] A valid token was submitted as a service token, but it was not a valid service token. This is incorrect but backwards compatible behaviour. This will be removed in future releases.
Nov 14 07:10:22 devstack devstack@g-api.service[73440]: [pid: 73440|app: 0|req: 8/14] 127.0.0.1 () {42 vars in 997 bytes} [Fri Nov 14 07:10:22 2025] GET /v2/schemas/image => generated 6083 bytes in 6 msecs (HTTP/1.1 200) 4 headers in 158 bytes (1 switches on core 0)
Nov 14 07:10:22 devstack devstack@g-api.service[73441]: DEBUG glance.api.middleware.version_negotiation [None req-4bd105de-6d07-4ab2-ad85-df2113b54f9e tempest-TaggedBootDevicesTest-409134210 tempest-TaggedBootDevicesTest-409134210-project-member] Determining version of request: GET /v2/schemas/image Accept: */* {{(pid=73441) process_request /opt/stack/glance/glance/api/middleware/version_negotiation.py:44}}
Nov 14 07:10:22 devstack devstack@g-api.service[73441]: DEBUG glance.api.middleware.version_negotiation [None req-4bd105de-6d07-4ab2-ad85-df2113b54f9e tempest-TaggedBootDevicesTest-409134210 tempest-TaggedBootDevicesTest-409134210-project-member] Using url versioning {{(pid=73441) process_request /opt/stack/glance/glance/api/middleware/version_negotiation.py:57}}
Nov 14 07:10:22 devstack devstack@g-api.service[73441]: DEBUG glance.api.middleware.version_negotiation [None req-4bd105de-6d07-4ab2-ad85-df2113b54f9e tempest-TaggedBootDevicesTest-409134210 tempest-TaggedBootDevicesTest-409134210-project-member] Matched version: v2 {{(pid=73441) process_request /opt/stack/glance/glance/api/middleware/version_negotiation.py:69}}
Nov 14 07:10:22 devstack devstack@g-api.service[73441]: DEBUG glance.api.middleware.version_negotiation [None req-4bd105de-6d07-4ab2-ad85-df2113b54f9e tempest-TaggedBootDevicesTest-409134210 tempest-TaggedBootDevicesTest-409134210-project-member] new path /v2/schemas/image {{(pid=73441) process_request /opt/stack/glance/glance/api/middleware/version_negotiation.py:70}}
Nov 14 07:10:22 devstack devstack@g-api.service[73441]: [pid: 73441|app: 0|req: 7/15] 127.0.0.1 () {42 vars in 997 bytes} [Fri Nov 14 07:10:22 2025] GET /v2/schemas/image => generated 6083 bytes in 10 msecs (HTTP/1.1 200) 4 headers in 158 bytes (1 switches on core 0)
Nov 14 07:10:22 devstack devstack@g-api.service[73440]: DEBUG glance.api.middleware.version_negotiation [None req-4bd105de-6d07-4ab2-ad85-df2113b54f9e tempest-TaggedBootDevicesTest-409134210 tempest-TaggedBootDevicesTest-409134210-project-member] Determining version of request: GET /v2/images/8d8e432e-9626-4548-907f-c2ac0fe12e26 Accept: */* {{(pid=73440) process_request /opt/stack/glance/glance/api/middleware/version_negotiation.py:44}}
Nov 14 07:10:22 devstack devstack@g-api.service[73440]: DEBUG glance.api.middleware.version_negotiation [None req-4bd105de-6d07-4ab2-ad85-df2113b54f9e tempest-TaggedBootDevicesTest-409134210 tempest-TaggedBootDevicesTest-409134210-project-member] Using url versioning {{(pid=73440) process_request /opt/stack/glance/glance/api/middleware/version_negotiation.py:57}}
Nov 14 07:10:22 devstack devstack@g-api.service[73440]: DEBUG glance.api.middleware.version_negotiation [None req-4bd105de-6d07-4ab2-ad85-df2113b54f9e tempest-TaggedBootDevicesTest-409134210 tempest-TaggedBootDevicesTest-409134210-project-member] Matched version: v2 {{(pid=73440) process_request /opt/stack/glance/glance/api/middleware/version_negotiation.py:69}}
Nov 14 07:10:22 devstack devstack@g-api.service[73440]: DEBUG glance.api.middleware.version_negotiation [None req-4bd105de-6d07-4ab2-ad85-df2113b54f9e tempest-TaggedBootDevicesTest-409134210 tempest-TaggedBootDevicesTest-409134210-project-member] new path /v2/images/8d8e432e-9626-4548-907f-c2ac0fe12e26 {{(pid=73440) process_request /opt/stack/glance/glance/api/middleware/version_negotiation.py:70}}
Nov 14 07:10:22 devstack devstack@g-api.service[73440]: [pid: 73440|app: 0|req: 9/16] 127.0.0.1 () {42 vars in 1057 bytes} [Fri Nov 14 07:10:22 2025] GET /v2/images/8d8e432e-9626-4548-907f-c2ac0fe12e26 => generated 976 bytes in 24 msecs (HTTP/1.1 200) 4 headers in 157 bytes (1 switches on core 0)
Nov 14 07:10:22 devstack devstack@g-api.service[73441]: DEBUG glance.api.middleware.version_negotiation [None req-4bd105de-6d07-4ab2-ad85-df2113b54f9e tempest-TaggedBootDevicesTest-409134210 tempest-TaggedBootDevicesTest-409134210-project-member] Determining version of request: GET /v2/schemas/image Accept: */* {{(pid=73441) process_request /opt/stack/glance/glance/api/middleware/version_negotiation.py:44}}
Nov 14 07:10:22 devstack devstack@g-api.service[73441]: DEBUG glance.api.middleware.version_negotiation [None req-4bd105de-6d07-4ab2-ad85-df2113b54f9e tempest-TaggedBootDevicesTest-409134210 tempest-TaggedBootDevicesTest-409134210-project-member] Using url versioning {{(pid=73441) process_request /opt/stack/glance/glance/api/middleware/version_negotiation.py:57}}
Nov 14 07:10:22 devstack devstack@g-api.service[73441]: DEBUG glance.api.middleware.version_negotiation [None req-4bd105de-6d07-4ab2-ad85-df2113b54f9e tempest-TaggedBootDevicesTest-409134210 tempest-TaggedBootDevicesTest-409134210-project-member] Matched version: v2 {{(pid=73441) process_request /opt/stack/glance/glance/api/middleware/version_negotiation.py:69}}
Nov 14 07:10:22 devstack devstack@g-api.service[73441]: DEBUG glance.api.middleware.version_negotiation [None req-4bd105de-6d07-4ab2-ad85-df2113b54f9e tempest-TaggedBootDevicesTest-409134210 tempest-TaggedBootDevicesTest-409134210-project-member] new path /v2/schemas/image {{(pid=73441) process_request /opt/stack/glance/glance/api/middleware/version_negotiation.py:70}}
Nov 14 07:10:22 devstack devstack@g-api.service[73441]: [pid: 73441|app: 0|req: 8/17] 127.0.0.1 () {42 vars in 997 bytes} [Fri Nov 14 07:10:22 2025] GET /v2/schemas/image => generated 6083 bytes in 6 msecs (HTTP/1.1 200) 4 headers in 158 bytes (1 switches on core 0)
Nov 14 07:10:22 devstack devstack@g-api.service[73440]: DEBUG glance.api.middleware.version_negotiation [None req-4bd105de-6d07-4ab2-ad85-df2113b54f9e tempest-TaggedBootDevicesTest-409134210 tempest-TaggedBootDevicesTest-409134210-project-member] Determining version of request: GET /v2/schemas/image Accept: */* {{(pid=73440) process_request /opt/stack/glance/glance/api/middleware/version_negotiation.py:44}}
Nov 14 07:10:22 devstack devstack@g-api.service[73440]: DEBUG glance.api.middleware.version_negotiation [None req-4bd105de-6d07-4ab2-ad85-df2113b54f9e tempest-TaggedBootDevicesTest-409134210 tempest-TaggedBootDevicesTest-409134210-project-member] Using url versioning {{(pid=73440) process_request /opt/stack/glance/glance/api/middleware/version_negotiation.py:57}}
Nov 14 07:10:22 devstack devstack@g-api.service[73440]: DEBUG glance.api.middleware.version_negotiation [None req-4bd105de-6d07-4ab2-ad85-df2113b54f9e tempest-TaggedBootDevicesTest-409134210 tempest-TaggedBootDevicesTest-409134210-project-member] Matched version: v2 {{(pid=73440) process_request /opt/stack/glance/glance/api/middleware/version_negotiation.py:69}}
Nov 14 07:10:22 devstack devstack@g-api.service[73440]: DEBUG glance.api.middleware.version_negotiation [None req-4bd105de-6d07-4ab2-ad85-df2113b54f9e tempest-TaggedBootDevicesTest-409134210 tempest-TaggedBootDevicesTest-409134210-project-member] new path /v2/schemas/image {{(pid=73440) process_request /opt/stack/glance/glance/api/middleware/version_negotiation.py:70}}
Nov 14 07:10:22 devstack devstack@g-api.service[73440]: [pid: 73440|app: 0|req: 10/18] 127.0.0.1 () {42 vars in 997 bytes} [Fri Nov 14 07:10:22 2025] GET /v2/schemas/image => generated 6083 bytes in 5 msecs (HTTP/1.1 200) 4 headers in 158 bytes (1 switches on core 0)
Nov 14 07:10:22 devstack devstack@g-api.service[73441]: DEBUG glance.api.middleware.version_negotiation [None req-4bd105de-6d07-4ab2-ad85-df2113b54f9e tempest-TaggedBootDevicesTest-409134210 tempest-TaggedBootDevicesTest-409134210-project-member] Determining version of request: GET /v2/images/8d8e432e-9626-4548-907f-c2ac0fe12e26 Accept: */* {{(pid=73441) process_request /opt/stack/glance/glance/api/middleware/version_negotiation.py:44}}
Nov 14 07:10:22 devstack devstack@g-api.service[73441]: DEBUG glance.api.middleware.version_negotiation [None req-4bd105de-6d07-4ab2-ad85-df2113b54f9e tempest-TaggedBootDevicesTest-409134210 tempest-TaggedBootDevicesTest-409134210-project-member] Using url versioning {{(pid=73441) process_request /opt/stack/glance/glance/api/middleware/version_negotiation.py:57}}
Nov 14 07:10:22 devstack devstack@g-api.service[73441]: DEBUG glance.api.middleware.version_negotiation [None req-4bd105de-6d07-4ab2-ad85-df2113b54f9e tempest-TaggedBootDevicesTest-409134210 tempest-TaggedBootDevicesTest-409134210-project-member] Matched version: v2 {{(pid=73441) process_request /opt/stack/glance/glance/api/middleware/version_negotiation.py:69}}
Nov 14 07:10:22 devstack devstack@g-api.service[73441]: DEBUG glance.api.middleware.version_negotiation [None req-4bd105de-6d07-4ab2-ad85-df2113b54f9e tempest-TaggedBootDevicesTest-409134210 tempest-TaggedBootDevicesTest-409134210-project-member] new path /v2/images/8d8e432e-9626-4548-907f-c2ac0fe12e26 {{(pid=73441) process_request /opt/stack/glance/glance/api/middleware/version_negotiation.py:70}}
Nov 14 07:10:22 devstack devstack@g-api.service[73441]: [pid: 73441|app: 0|req: 9/19] 127.0.0.1 () {42 vars in 1057 bytes} [Fri Nov 14 07:10:22 2025] GET /v2/images/8d8e432e-9626-4548-907f-c2ac0fe12e26 => generated 976 bytes in 20 msecs (HTTP/1.1 200) 4 headers in 157 bytes (1 switches on core 0)
Nov 14 07:10:22 devstack devstack@g-api.service[73440]: DEBUG glance.api.middleware.version_negotiation [None req-4bd105de-6d07-4ab2-ad85-df2113b54f9e tempest-TaggedBootDevicesTest-409134210 tempest-TaggedBootDevicesTest-409134210-project-member] Determining version of request: GET /v2/schemas/image Accept: */* {{(pid=73440) process_request /opt/stack/glance/glance/api/middleware/version_negotiation.py:44}}
Nov 14 07:10:22 devstack devstack@g-api.service[73440]: DEBUG glance.api.middleware.version_negotiation [None req-4bd105de-6d07-4ab2-ad85-df2113b54f9e tempest-TaggedBootDevicesTest-409134210 tempest-TaggedBootDevicesTest-409134210-project-member] Using url versioning {{(pid=73440) process_request /opt/stack/glance/glance/api/middleware/version_negotiation.py:57}}
Nov 14 07:10:22 devstack devstack@g-api.service[73440]: DEBUG glance.api.middleware.version_negotiation [None req-4bd105de-6d07-4ab2-ad85-df2113b54f9e tempest-TaggedBootDevicesTest-409134210 tempest-TaggedBootDevicesTest-409134210-project-member] Matched version: v2 {{(pid=73440) process_request /opt/stack/glance/glance/api/middleware/version_negotiation.py:69}}
Nov 14 07:10:22 devstack devstack@g-api.service[73440]: DEBUG glance.api.middleware.version_negotiation [None req-4bd105de-6d07-4ab2-ad85-df2113b54f9e tempest-TaggedBootDevicesTest-409134210 tempest-TaggedBootDevicesTest-409134210-project-member] new path /v2/schemas/image {{(pid=73440) process_request /opt/stack/glance/glance/api/middleware/version_negotiation.py:70}}
Nov 14 07:10:22 devstack devstack@g-api.service[73440]: [pid: 73440|app: 0|req: 11/20] 127.0.0.1 () {42 vars in 997 bytes} [Fri Nov 14 07:10:22 2025] GET /v2/schemas/image => generated 6083 bytes in 7 msecs (HTTP/1.1 200) 4 headers in 158 bytes (1 switches on core 0)
Nov 14 07:10:22 devstack devstack@g-api.service[73441]: DEBUG glance.api.middleware.version_negotiation [None req-4bd105de-6d07-4ab2-ad85-df2113b54f9e tempest-TaggedBootDevicesTest-409134210 tempest-TaggedBootDevicesTest-409134210-project-member] Determining version of request: GET /v2/schemas/image Accept: */* {{(pid=73441) process_request /opt/stack/glance/glance/api/middleware/version_negotiation.py:44}}
Nov 14 07:10:22 devstack devstack@g-api.service[73441]: DEBUG glance.api.middleware.version_negotiation [None req-4bd105de-6d07-4ab2-ad85-df2113b54f9e tempest-TaggedBootDevicesTest-409134210 tempest-TaggedBootDevicesTest-409134210-project-member] Using url versioning {{(pid=73441) process_request /opt/stack/glance/glance/api/middleware/version_negotiation.py:57}}
Nov 14 07:10:22 devstack devstack@g-api.service[73441]: DEBUG glance.api.middleware.version_negotiation [None req-4bd105de-6d07-4ab2-ad85-df2113b54f9e tempest-TaggedBootDevicesTest-409134210 tempest-TaggedBootDevicesTest-409134210-project-member] Matched version: v2 {{(pid=73441) process_request /opt/stack/glance/glance/api/middleware/version_negotiation.py:69}}
Nov 14 07:10:22 devstack devstack@g-api.service[73441]: DEBUG glance.api.middleware.version_negotiation [None req-4bd105de-6d07-4ab2-ad85-df2113b54f9e tempest-TaggedBootDevicesTest-409134210 tempest-TaggedBootDevicesTest-409134210-project-member] new path /v2/schemas/image {{(pid=73441) process_request /opt/stack/glance/glance/api/middleware/version_negotiation.py:70}}
Nov 14 07:10:22 devstack devstack@g-api.service[73441]: [pid: 73441|app: 0|req: 10/21] 127.0.0.1 () {42 vars in 997 bytes} [Fri Nov 14 07:10:22 2025] GET /v2/schemas/image => generated 6083 bytes in 9 msecs (HTTP/1.1 200) 4 headers in 158 bytes (1 switches on core 0)
Nov 14 07:10:32 devstack devstack@g-api.service[73440]: DEBUG dbcounter [-] [73440] Writing DB stats glance:SELECT=2 {{(pid=73440) stat_writer /opt/stack/data/venv/lib/python3.10/site-packages/dbcounter.py:115}}
Nov 14 07:10:32 devstack devstack@g-api.service[73441]: DEBUG dbcounter [-] [73441] Writing DB stats glance:SELECT=4 {{(pid=73441) stat_writer /opt/stack/data/venv/lib/python3.10/site-packages/dbcounter.py:115}}
Nov 14 07:10:32 devstack devstack@g-api.service[73440]: DEBUG glance.api.middleware.version_negotiation [None req-4bd105de-6d07-4ab2-ad85-df2113b54f9e tempest-TaggedBootDevicesTest-409134210 tempest-TaggedBootDevicesTest-409134210-project-member] Determining version of request: GET / Accept: application/json {{(pid=73440) process_request /opt/stack/glance/glance/api/middleware/version_negotiation.py:44}}
Nov 14 07:10:32 devstack devstack@g-api.service[73440]: DEBUG glance.api.middleware.version_negotiation [None req-4bd105de-6d07-4ab2-ad85-df2113b54f9e tempest-TaggedBootDevicesTest-409134210 tempest-TaggedBootDevicesTest-409134210-project-member] Using url versioning {{(pid=73440) process_request /opt/stack/glance/glance/api/middleware/version_negotiation.py:57}}
Nov 14 07:10:32 devstack devstack@g-api.service[73440]: DEBUG glance.api.middleware.version_negotiation [None req-4bd105de-6d07-4ab2-ad85-df2113b54f9e tempest-TaggedBootDevicesTest-409134210 tempest-TaggedBootDevicesTest-409134210-project-member] Unknown version. Returning version choices. {{(pid=73440) process_request /opt/stack/glance/glance/api/middleware/version_negotiation.py:64}}
Nov 14 07:10:32 devstack devstack@g-api.service[73440]: [pid: 73440|app: 0|req: 12/22] 127.0.0.1 () {34 vars in 502 bytes} [Fri Nov 14 07:10:32 2025] GET / => generated 1459 bytes in 3 msecs (HTTP/1.1 300) 3 headers in 106 bytes (1 switches on core 0)
Nov 14 07:10:32 devstack devstack@g-api.service[73441]: DEBUG glance.api.middleware.version_negotiation [None req-4bd105de-6d07-4ab2-ad85-df2113b54f9e tempest-TaggedBootDevicesTest-409134210 tempest-TaggedBootDevicesTest-409134210-project-member] Determining version of request: GET /v2/images/8d8e432e-9626-4548-907f-c2ac0fe12e26 Accept: */* {{(pid=73441) process_request /opt/stack/glance/glance/api/middleware/version_negotiation.py:44}}
Nov 14 07:10:32 devstack devstack@g-api.service[73441]: DEBUG glance.api.middleware.version_negotiation [None req-4bd105de-6d07-4ab2-ad85-df2113b54f9e tempest-TaggedBootDevicesTest-409134210 tempest-TaggedBootDevicesTest-409134210-project-member] Using url versioning {{(pid=73441) process_request /opt/stack/glance/glance/api/middleware/version_negotiation.py:57}}
Nov 14 07:10:32 devstack devstack@g-api.service[73441]: DEBUG glance.api.middleware.version_negotiation [None req-4bd105de-6d07-4ab2-ad85-df2113b54f9e tempest-TaggedBootDevicesTest-409134210 tempest-TaggedBootDevicesTest-409134210-project-member] Matched version: v2 {{(pid=73441) process_request /opt/stack/glance/glance/api/middleware/version_negotiation.py:69}}
Nov 14 07:10:32 devstack devstack@g-api.service[73441]: DEBUG glance.api.middleware.version_negotiation [None req-4bd105de-6d07-4ab2-ad85-df2113b54f9e tempest-TaggedBootDevicesTest-409134210 tempest-TaggedBootDevicesTest-409134210-project-member] new path /v2/images/8d8e432e-9626-4548-907f-c2ac0fe12e26 {{(pid=73441) process_request /opt/stack/glance/glance/api/middleware/version_negotiation.py:70}}
Nov 14 07:10:32 devstack devstack@g-api.service[73441]: [pid: 73441|app: 0|req: 11/23] 127.0.0.1 () {42 vars in 1057 bytes} [Fri Nov 14 07:10:32 2025] GET /v2/images/8d8e432e-9626-4548-907f-c2ac0fe12e26 => generated 976 bytes in 109 msecs (HTTP/1.1 200) 4 headers in 157 bytes (1 switches on core 0)
