Jun 04 06:26:28 devstack cinder-volume[86069]: DEBUG oslo_concurrency.processutils [None req-4fc90f09-de99-4ee6-b64d-5453b5f7e0d1 tempest-GroupSnapshotsTest-126993073 None] CMD "sudo cinder-rootwrap /etc/cinder/rootwrap.conf truncate -s0 /opt/stack/data/cinder/mnt/b2cd41c8bd0d73e931cc99f4f7cb4198/volume-5bb72138-7c58-427e-9f73-0f8ff59cadf5.info" returned: 0 in 0.910s {{(pid=86069) execute /opt/stack/data/venv/lib/python3.12/site-packages/oslo_concurrency/processutils.py:468}}
Jun 04 06:26:28 devstack cinder-volume[86069]: WARNING cinder.volume.drivers.remotefs [None req-4fc90f09-de99-4ee6-b64d-5453b5f7e0d1 tempest-GroupSnapshotsTest-126993073 None] /opt/stack/data/cinder/mnt/b2cd41c8bd0d73e931cc99f4f7cb4198/volume-5bb72138-7c58-427e-9f73-0f8ff59cadf5.info is being set with open permissions: ugo+rw: NotImplementedError
Jun 04 06:26:28 devstack cinder-volume[86069]: DEBUG oslo_concurrency.processutils [None req-4fc90f09-de99-4ee6-b64d-5453b5f7e0d1 tempest-GroupSnapshotsTest-126993073 None] Running cmd (subprocess): sudo cinder-rootwrap /etc/cinder/rootwrap.conf chmod ugo+rw /opt/stack/data/cinder/mnt/b2cd41c8bd0d73e931cc99f4f7cb4198/volume-5bb72138-7c58-427e-9f73-0f8ff59cadf5.info {{(pid=86069) execute /opt/stack/data/venv/lib/python3.12/site-packages/oslo_concurrency/processutils.py:440}}
Jun 04 06:26:28 devstack sudo[88160]: quobyte : PWD=/ ; USER=root ; COMMAND=/opt/stack/data/venv/bin/cinder-rootwrap /etc/cinder/rootwrap.conf chmod ugo+rw /opt/stack/data/cinder/mnt/b2cd41c8bd0d73e931cc99f4f7cb4198/volume-5bb72138-7c58-427e-9f73-0f8ff59cadf5.info
Jun 04 06:26:28 devstack sudo[88160]: pam_unix(sudo:session): session opened for user root(uid=0) by (uid=1000)
Jun 04 06:26:29 devstack sudo[88160]: pam_unix(sudo:session): session closed for user root
Jun 04 06:26:29 devstack cinder-volume[86069]: DEBUG oslo_concurrency.processutils [None req-4fc90f09-de99-4ee6-b64d-5453b5f7e0d1 tempest-GroupSnapshotsTest-126993073 None] CMD "sudo cinder-rootwrap /etc/cinder/rootwrap.conf chmod ugo+rw /opt/stack/data/cinder/mnt/b2cd41c8bd0d73e931cc99f4f7cb4198/volume-5bb72138-7c58-427e-9f73-0f8ff59cadf5.info" returned: 0 in 0.714s {{(pid=86069) execute /opt/stack/data/venv/lib/python3.12/site-packages/oslo_concurrency/processutils.py:468}}
Jun 04 06:26:29 devstack cinder-volume[86069]: DEBUG oslo_concurrency.lockutils [None req-4fc90f09-de99-4ee6-b64d-5453b5f7e0d1 tempest-GroupSnapshotsTest-126993073 None] Lock "quobyte" "released" by "cinder.volume.drivers.quobyte.QuobyteDriver.create_snapshot" :: held 4.843s {{(pid=86069) inner /opt/stack/data/venv/lib/python3.12/site-packages/oslo_concurrency/lockutils.py:538}}
Jun 04 06:26:29 devstack cinder-volume[86069]: DEBUG oslo_concurrency.lockutils [None req-89c57acf-7521-47db-9ba5-47fdcf0267b9 tempest-AttachVolumeTestJSON-1138902684 None] Lock "quobyte" acquired by "cinder.volume.drivers.quobyte.QuobyteDriver.create_volume" :: waited 0.908s {{(pid=86069) inner /opt/stack/data/venv/lib/python3.12/site-packages/oslo_concurrency/lockutils.py:519}}
Jun 04 06:26:29 devstack cinder-volume[86069]: DEBUG cinder.volume.drivers.quobyte [None req-89c57acf-7521-47db-9ba5-47fdcf0267b9 tempest-AttachVolumeTestJSON-1138902684 None] ==> create_volume: call "{'self': , 'volume': Volume(_name_id=None,admin_metadata=,attach_status='detached',availability_zone='nova',bootable=False,cluster=,cluster_name=None,consistencygroup=,consistencygroup_id=None,created_at=2026-06-04T04:26:28Z,deleted=False,deleted_at=None,display_description=None,display_name='tempest-AttachVolumeTestJSON-volume-1727234578',ec2_id=None,encryption_key_id=None,glance_metadata=,group=,group_id=None,host='devstack@QuobyteHD#QuobyteHD',id=d7a981e3-1933-4517-b204-f01101ea69c0,launched_at=None,metadata={},migration_status=None,multiattach=False,previous_status=None,project_id='702ff75150a14e39bd77dce218efc46f',provider_auth=None,provider_geometry=None,provider_id=None,provider_location=None,replication_driver_data=None,replication_extended_status=None,replication_status=None,scheduled_at=2026-06-04T04:26:28Z,service_uuid=None,shared_targets=True,size=1,snapshot_id=None,snapshots=,source_volid=None,status='creating',terminated_at=None,updated_at=2026-06-04T04:26:28Z,use_quota=True,user_id='769c0737491d45ef864091ea76cfa4a8',volume_attachment=VolumeAttachmentList,volume_type=VolumeType(76a37383-4f9a-433d-a4f2-61e0f0ff8098),volume_type_id=76a37383-4f9a-433d-a4f2-61e0f0ff8098)}" {{(pid=86069) trace_logging_wrapper /opt/stack/cinder/cinder/volume/volume_utils.py:1497}}
Jun 04 06:26:29 devstack cinder-volume[86069]: DEBUG cinder.volume.drivers.remotefs [None req-89c57acf-7521-47db-9ba5-47fdcf0267b9 tempest-AttachVolumeTestJSON-1138902684 None] Creating volume d7a981e3-1933-4517-b204-f01101ea69c0 {{(pid=86069) create_volume /opt/stack/cinder/cinder/volume/drivers/remotefs.py:292}}
Jun 04 06:26:29 devstack cinder-volume[86069]: DEBUG oslo_concurrency.lockutils [None req-89c57acf-7521-47db-9ba5-47fdcf0267b9 tempest-AttachVolumeTestJSON-1138902684 None] Acquiring lock "quobyte_ensure" by "cinder.volume.drivers.quobyte.QuobyteDriver._ensure_shares_mounted" {{(pid=86069) inner /opt/stack/data/venv/lib/python3.12/site-packages/oslo_concurrency/lockutils.py:506}}
Jun 04 06:26:29 devstack cinder-volume[86069]: DEBUG oslo_concurrency.lockutils [None req-89c57acf-7521-47db-9ba5-47fdcf0267b9 tempest-AttachVolumeTestJSON-1138902684 None] Lock "quobyte_ensure" acquired by "cinder.volume.drivers.quobyte.QuobyteDriver._ensure_shares_mounted" :: waited 0.000s {{(pid=86069) inner /opt/stack/data/venv/lib/python3.12/site-packages/oslo_concurrency/lockutils.py:519}}
Jun 04 06:26:29 devstack cinder-volume[86069]: DEBUG cinder.volume.drivers.quobyte [None req-89c57acf-7521-47db-9ba5-47fdcf0267b9 tempest-AttachVolumeTestJSON-1138902684 None] Quobyte Volume URL set to: {'osci02.corp.quobyte.com/cinder-vol-fe8057e0-502f-4995-92db-006708b64574': None} {{(pid=86069) _load_shares_config /opt/stack/cinder/cinder/volume/drivers/quobyte.py:617}}
Jun 04 06:26:29 devstack cinder-volume[86069]: DEBUG cinder.volume.drivers.quobyte [None req-89c57acf-7521-47db-9ba5-47fdcf0267b9 tempest-AttachVolumeTestJSON-1138902684 None] Available shares ['osci02.corp.quobyte.com/cinder-vol-fe8057e0-502f-4995-92db-006708b64574'] {{(pid=86069) _ensure_shares_mounted /opt/stack/cinder/cinder/volume/drivers/quobyte.py:647}}
Jun 04 06:26:29 devstack cinder-volume[86069]: DEBUG oslo_concurrency.lockutils [None req-89c57acf-7521-47db-9ba5-47fdcf0267b9 tempest-AttachVolumeTestJSON-1138902684 None] Lock "quobyte_ensure" "released" by "cinder.volume.drivers.quobyte.QuobyteDriver._ensure_shares_mounted" :: held 0.010s {{(pid=86069) inner /opt/stack/data/venv/lib/python3.12/site-packages/oslo_concurrency/lockutils.py:538}}
Jun 04 06:26:29 devstack cinder-volume[86069]: DEBUG cinder.volume.drivers.quobyte [None req-89c57acf-7521-47db-9ba5-47fdcf0267b9 tempest-AttachVolumeTestJSON-1138902684 None] Selected osci02.corp.quobyte.com/cinder-vol-fe8057e0-502f-4995-92db-006708b64574 as target Quobyte volume. {{(pid=86069) _find_share /opt/stack/cinder/cinder/volume/drivers/quobyte.py:668}}
Jun 04 06:26:29 devstack cinder-volume[86069]: INFO cinder.volume.drivers.remotefs [None req-89c57acf-7521-47db-9ba5-47fdcf0267b9 tempest-AttachVolumeTestJSON-1138902684 None] casted to osci02.corp.quobyte.com/cinder-vol-fe8057e0-502f-4995-92db-006708b64574
Jun 04 06:26:29 devstack cinder-volume[86069]: DEBUG oslo_concurrency.processutils [None req-89c57acf-7521-47db-9ba5-47fdcf0267b9 tempest-AttachVolumeTestJSON-1138902684 None] Running cmd (subprocess): sudo cinder-rootwrap /etc/cinder/rootwrap.conf qemu-img create -f qcow2 -o preallocation=metadata /opt/stack/data/cinder/mnt/b2cd41c8bd0d73e931cc99f4f7cb4198/volume-d7a981e3-1933-4517-b204-f01101ea69c0 1073741824 {{(pid=86069) execute /opt/stack/data/venv/lib/python3.12/site-packages/oslo_concurrency/processutils.py:440}}
Jun 04 06:26:29 devstack sudo[88163]: quobyte : PWD=/ ; USER=root ; COMMAND=/opt/stack/data/venv/bin/cinder-rootwrap /etc/cinder/rootwrap.conf qemu-img create -f qcow2 -o preallocation=metadata /opt/stack/data/cinder/mnt/b2cd41c8bd0d73e931cc99f4f7cb4198/volume-d7a981e3-1933-4517-b204-f01101ea69c0 1073741824
Jun 04 06:26:29 devstack sudo[88163]: pam_unix(sudo:session): session opened for user root(uid=0) by (uid=1000)
Jun 04 06:26:29 devstack cinder-volume[86069]: INFO cinder.volume.manager [None req-4fc90f09-de99-4ee6-b64d-5453b5f7e0d1 tempest-GroupSnapshotsTest-126993073 None] group_snapshot 01f37fa5-cd12-4b81-b5ee-85b279de7e06: created successfully
Jun 04 06:26:30 devstack cinder-volume[86069]: INFO cinder.volume.manager [None req-a8fc1134-35c6-43d3-8695-017fcdda0dfc tempest-GroupSnapshotsTest-126993073 None] group_snapshot 01f37fa5-cd12-4b81-b5ee-85b279de7e06: deleting
Jun 04 06:26:30 devstack cinder-volume[86069]: DEBUG cinder.volume.manager [None req-a8fc1134-35c6-43d3-8695-017fcdda0dfc tempest-GroupSnapshotsTest-126993073 None] group_snapshot 01f37fa5-cd12-4b81-b5ee-85b279de7e06: deleting {{(pid=86069) delete_group_snapshot /opt/stack/cinder/cinder/volume/manager.py:4351}}
Jun 04 06:26:30 devstack cinder-volume[86069]: DEBUG cinder.coordination [None req-a8fc1134-35c6-43d3-8695-017fcdda0dfc tempest-GroupSnapshotsTest-126993073 None] Acquiring lock "cinder-quobyte-8beeddde-35e4-40cd-b1df-60d73145f997" by "delete_snapshot" {{(pid=86069) __acquire /opt/stack/cinder/cinder/coordination.py:138}}
Jun 04 06:26:30 devstack cinder-volume[86069]: DEBUG cinder.coordination [None req-a8fc1134-35c6-43d3-8695-017fcdda0dfc tempest-GroupSnapshotsTest-126993073 None] Lock "cinder-quobyte-8beeddde-35e4-40cd-b1df-60d73145f997" acquired by "delete_snapshot" :: waited 0.033s {{(pid=86069) __acquire /opt/stack/cinder/cinder/coordination.py:141}}
Jun 04 06:26:30 devstack cinder-volume[86069]: DEBUG cinder.coordination [None req-a8fc1134-35c6-43d3-8695-017fcdda0dfc tempest-GroupSnapshotsTest-126993073 None] Acquiring lock "cinder-quobyte-65f714d1-d071-4632-adb9-79b221fc3dcc" by "_delete_snapshot" {{(pid=86069) __acquire /opt/stack/cinder/cinder/coordination.py:138}}
Jun 04 06:26:30 devstack cinder-volume[86069]: DEBUG cinder.coordination [None req-a8fc1134-35c6-43d3-8695-017fcdda0dfc tempest-GroupSnapshotsTest-126993073 None] Lock "cinder-quobyte-65f714d1-d071-4632-adb9-79b221fc3dcc" acquired by "_delete_snapshot" :: waited 0.018s {{(pid=86069) __acquire /opt/stack/cinder/cinder/coordination.py:141}}
Jun 04 06:26:30 devstack cinder-volume[86069]: DEBUG cinder.volume.drivers.remotefs [None req-a8fc1134-35c6-43d3-8695-017fcdda0dfc tempest-GroupSnapshotsTest-126993073 None] Deleting offline snapshot 65f714d1-d071-4632-adb9-79b221fc3dcc of volume 8beeddde-35e4-40cd-b1df-60d73145f997 {{(pid=86069) _delete_snapshot /opt/stack/cinder/cinder/volume/drivers/remotefs.py:1288}}
Jun 04 06:26:30 devstack cinder-volume[86069]: DEBUG cinder.volume.drivers.remotefs [None req-a8fc1134-35c6-43d3-8695-017fcdda0dfc tempest-GroupSnapshotsTest-126993073 None] snapshot_file for this snap is: volume-8beeddde-35e4-40cd-b1df-60d73145f997.65f714d1-d071-4632-adb9-79b221fc3dcc {{(pid=86069) _delete_snapshot /opt/stack/cinder/cinder/volume/drivers/remotefs.py:1317}}
Jun 04 06:26:30 devstack cinder-volume[86069]: DEBUG oslo.privsep.daemon [-] privsep: reply[a30a10c2-7b85-49ac-b9fa-56764ab52ab7]: (4, 'qcow2') {{(pid=87230) _call_back /opt/stack/data/venv/lib/python3.12/site-packages/oslo_privsep/daemon.py:573}}
Jun 04 06:26:30 devstack cinder-volume[86069]: DEBUG oslo_concurrency.processutils [None req-a8fc1134-35c6-43d3-8695-017fcdda0dfc tempest-GroupSnapshotsTest-126993073 None] Running cmd (subprocess): /opt/stack/data/venv/bin/python3.12 -m oslo_concurrency.prlimit --as=1073741824 --cpu=60 -- sudo cinder-rootwrap /etc/cinder/rootwrap.conf env LC_ALL=C qemu-img info -f qcow2 --output=json --force-share /opt/stack/data/cinder/mnt/b2cd41c8bd0d73e931cc99f4f7cb4198/volume-8beeddde-35e4-40cd-b1df-60d73145f997.65f714d1-d071-4632-adb9-79b221fc3dcc {{(pid=86069) execute /opt/stack/data/venv/lib/python3.12/site-packages/oslo_concurrency/processutils.py:440}}
Jun 04 06:26:30 devstack sudo[88163]: pam_unix(sudo:session): session closed for user root
Jun 04 06:26:30 devstack cinder-volume[86069]: DEBUG oslo_concurrency.processutils [None req-89c57acf-7521-47db-9ba5-47fdcf0267b9 tempest-AttachVolumeTestJSON-1138902684 None] CMD "sudo cinder-rootwrap /etc/cinder/rootwrap.conf qemu-img create -f qcow2 -o preallocation=metadata /opt/stack/data/cinder/mnt/b2cd41c8bd0d73e931cc99f4f7cb4198/volume-d7a981e3-1933-4517-b204-f01101ea69c0 1073741824" returned: 0 in 1.192s {{(pid=86069) execute /opt/stack/data/venv/lib/python3.12/site-packages/oslo_concurrency/processutils.py:468}}
Jun 04 06:26:30 devstack cinder-volume[86069]: DEBUG oslo_concurrency.processutils [None req-89c57acf-7521-47db-9ba5-47fdcf0267b9 tempest-AttachVolumeTestJSON-1138902684 None] Running cmd (subprocess): sudo cinder-rootwrap /etc/cinder/rootwrap.conf chmod ugo+rw /opt/stack/data/cinder/mnt/b2cd41c8bd0d73e931cc99f4f7cb4198/volume-d7a981e3-1933-4517-b204-f01101ea69c0 {{(pid=86069) execute /opt/stack/data/venv/lib/python3.12/site-packages/oslo_concurrency/processutils.py:440}}
Jun 04 06:26:30 devstack sudo[88187]: quobyte : PWD=/ ; USER=root ; COMMAND=/opt/stack/data/venv/bin/cinder-rootwrap /etc/cinder/rootwrap.conf chmod ugo+rw /opt/stack/data/cinder/mnt/b2cd41c8bd0d73e931cc99f4f7cb4198/volume-d7a981e3-1933-4517-b204-f01101ea69c0
Jun 04 06:26:30 devstack sudo[88187]: pam_unix(sudo:session): session opened for user root(uid=0) by (uid=1000)
Jun 04 06:26:30 devstack sudo[88186]: quobyte : PWD=/ ; USER=root ; COMMAND=/opt/stack/data/venv/bin/cinder-rootwrap /etc/cinder/rootwrap.conf env LC_ALL=C qemu-img info -f qcow2 --output=json --force-share /opt/stack/data/cinder/mnt/b2cd41c8bd0d73e931cc99f4f7cb4198/volume-8beeddde-35e4-40cd-b1df-60d73145f997.65f714d1-d071-4632-adb9-79b221fc3dcc
Jun 04 06:26:30 devstack sudo[88186]: pam_unix(sudo:session): session opened for user root(uid=0) by (uid=1000)
Jun 04 06:26:31 devstack sudo[88187]: pam_unix(sudo:session): session closed for user root
Jun 04 06:26:31 devstack cinder-volume[86069]: DEBUG oslo_concurrency.processutils [None req-89c57acf-7521-47db-9ba5-47fdcf0267b9 tempest-AttachVolumeTestJSON-1138902684 None] CMD "sudo cinder-rootwrap /etc/cinder/rootwrap.conf chmod ugo+rw /opt/stack/data/cinder/mnt/b2cd41c8bd0d73e931cc99f4f7cb4198/volume-d7a981e3-1933-4517-b204-f01101ea69c0" returned: 0 in 0.750s {{(pid=86069) execute /opt/stack/data/venv/lib/python3.12/site-packages/oslo_concurrency/processutils.py:468}}
Jun 04 06:26:31 devstack cinder-volume[86069]: DEBUG cinder.volume.drivers.quobyte [None req-89c57acf-7521-47db-9ba5-47fdcf0267b9 tempest-AttachVolumeTestJSON-1138902684 None] <== create_volume: return (2014ms) {'provider_location': 'osci02.corp.quobyte.com/cinder-vol-fe8057e0-502f-4995-92db-006708b64574'} {{(pid=86069) trace_logging_wrapper /opt/stack/cinder/cinder/volume/volume_utils.py:1522}}
Jun 04 06:26:31 devstack cinder-volume[86069]: DEBUG oslo_concurrency.lockutils [None req-89c57acf-7521-47db-9ba5-47fdcf0267b9 tempest-AttachVolumeTestJSON-1138902684 None] Lock "quobyte" "released" by "cinder.volume.drivers.quobyte.QuobyteDriver.create_volume" :: held 2.019s {{(pid=86069) inner /opt/stack/data/venv/lib/python3.12/site-packages/oslo_concurrency/lockutils.py:538}}
Jun 04 06:26:31 devstack cinder-volume[86069]: DEBUG cinder.volume.manager [None req-89c57acf-7521-47db-9ba5-47fdcf0267b9 tempest-AttachVolumeTestJSON-1138902684 None] Task 'cinder.volume.flows.manager.create_volume.CreateVolumeFromSpecTask;volume:create' (777a3192-0ef2-4d50-93fb-9d4892921b4e) transitioned into state 'SUCCESS' from state 'RUNNING' with result '{'status': 'creating', 'volume_name': 'volume-d7a981e3-1933-4517-b204-f01101ea69c0', 'volume_size': 1}' {{(pid=86069) _task_receiver /opt/stack/data/venv/lib/python3.12/site-packages/taskflow/listeners/logging.py:182}}
Jun 04 06:26:31 devstack cinder-volume[86069]: DEBUG cinder.volume.manager [None req-89c57acf-7521-47db-9ba5-47fdcf0267b9 tempest-AttachVolumeTestJSON-1138902684 None] Task 'cinder.volume.flows.manager.create_volume.CreateVolumeOnFinishTask;volume:create, create.end' (ff241565-4dea-4b7f-a6b3-84509ab26b15) transitioned into state 'RUNNING' from state 'PENDING' {{(pid=86069) _task_receiver /opt/stack/data/venv/lib/python3.12/site-packages/taskflow/listeners/logging.py:194}}
Jun 04 06:26:31 devstack cinder-volume[86069]: INFO cinder.volume.flows.manager.create_volume [None req-89c57acf-7521-47db-9ba5-47fdcf0267b9 tempest-AttachVolumeTestJSON-1138902684 None] Volume volume-d7a981e3-1933-4517-b204-f01101ea69c0 (d7a981e3-1933-4517-b204-f01101ea69c0): created successfully
Jun 04 06:26:31 devstack cinder-volume[86069]: DEBUG cinder.volume.manager [None req-89c57acf-7521-47db-9ba5-47fdcf0267b9 tempest-AttachVolumeTestJSON-1138902684 None] Task 'cinder.volume.flows.manager.create_volume.CreateVolumeOnFinishTask;volume:create, create.end' (ff241565-4dea-4b7f-a6b3-84509ab26b15) transitioned into state 'SUCCESS' from state 'RUNNING' with result 'None' {{(pid=86069) _task_receiver /opt/stack/data/venv/lib/python3.12/site-packages/taskflow/listeners/logging.py:182}}
Jun 04 06:26:31 devstack cinder-volume[86069]: DEBUG cinder.volume.manager [None req-89c57acf-7521-47db-9ba5-47fdcf0267b9 tempest-AttachVolumeTestJSON-1138902684 None] Flow 'volume_create_manager' (7fcf3bee-6c57-4c65-a610-875cc0afa2d9) transitioned into state 'SUCCESS' from state 'RUNNING' {{(pid=86069) _flow_receiver /opt/stack/data/venv/lib/python3.12/site-packages/taskflow/listeners/logging.py:145}}
Jun 04 06:26:31 devstack cinder-volume[86069]: INFO cinder.volume.manager [None req-89c57acf-7521-47db-9ba5-47fdcf0267b9 tempest-AttachVolumeTestJSON-1138902684 None] Created volume successfully.
Jun 04 06:26:31 devstack sudo[88186]: pam_unix(sudo:session): session closed for user root
Jun 04 06:26:31 devstack cinder-volume[86069]: DEBUG oslo_concurrency.processutils [None req-a8fc1134-35c6-43d3-8695-017fcdda0dfc tempest-GroupSnapshotsTest-126993073 None] CMD "/opt/stack/data/venv/bin/python3.12 -m oslo_concurrency.prlimit --as=1073741824 --cpu=60 -- sudo cinder-rootwrap /etc/cinder/rootwrap.conf env LC_ALL=C qemu-img info -f qcow2 --output=json --force-share /opt/stack/data/cinder/mnt/b2cd41c8bd0d73e931cc99f4f7cb4198/volume-8beeddde-35e4-40cd-b1df-60d73145f997.65f714d1-d071-4632-adb9-79b221fc3dcc" returned: 0 in 0.965s {{(pid=86069) execute /opt/stack/data/venv/lib/python3.12/site-packages/oslo_concurrency/processutils.py:468}}
Jun 04 06:26:31 devstack cinder-volume[86069]: DEBUG cinder.volume.drivers.remotefs [None req-a8fc1134-35c6-43d3-8695-017fcdda0dfc tempest-GroupSnapshotsTest-126993073 None] Fetching qemu-img info with special backing_file_template: (/opt/stack/data/cinder/mnt/[0-9a-f]+/)?(volume-8beeddde-35e4-40cd-b1df-60d73145f997(.(tmp-snap-)?[0-9a-f-]+)?|volume_from_snapshot_cache/(tmp-snap-)?[0-9a-f-]+(.(child-|parent-)[0-9a-f-]+)?)$ {{(pid=86069) _qemu_img_info_base /opt/stack/cinder/cinder/volume/drivers/remotefs.py:896}}
Jun 04 06:26:31 devstack cinder-volume[86069]: DEBUG oslo.privsep.daemon [-] privsep: reply[62be4203-7a9a-4bd5-97db-bd41b2728abe]: (4, 'qcow2') {{(pid=87230) _call_back /opt/stack/data/venv/lib/python3.12/site-packages/oslo_privsep/daemon.py:573}}
Jun 04 06:26:31 devstack cinder-volume[86069]: DEBUG oslo_concurrency.processutils [None req-a8fc1134-35c6-43d3-8695-017fcdda0dfc tempest-GroupSnapshotsTest-126993073 None] Running cmd (subprocess): /opt/stack/data/venv/bin/python3.12 -m oslo_concurrency.prlimit --as=1073741824 --cpu=60 -- sudo cinder-rootwrap /etc/cinder/rootwrap.conf env LC_ALL=C qemu-img info -f qcow2 --output=json --force-share /opt/stack/data/cinder/mnt/b2cd41c8bd0d73e931cc99f4f7cb4198/volume-8beeddde-35e4-40cd-b1df-60d73145f997 {{(pid=86069) execute /opt/stack/data/venv/lib/python3.12/site-packages/oslo_concurrency/processutils.py:440}}
Jun 04 06:26:31 devstack sudo[88195]: quobyte : PWD=/ ; USER=root ; COMMAND=/opt/stack/data/venv/bin/cinder-rootwrap /etc/cinder/rootwrap.conf env LC_ALL=C qemu-img info -f qcow2 --output=json --force-share /opt/stack/data/cinder/mnt/b2cd41c8bd0d73e931cc99f4f7cb4198/volume-8beeddde-35e4-40cd-b1df-60d73145f997
Jun 04 06:26:31 devstack sudo[88195]: pam_unix(sudo:session): session opened for user root(uid=0) by (uid=1000)
Jun 04 06:26:32 devstack sudo[88195]: pam_unix(sudo:session): session closed for user root
Jun 04 06:26:32 devstack cinder-volume[86069]: DEBUG oslo_concurrency.processutils [None req-a8fc1134-35c6-43d3-8695-017fcdda0dfc tempest-GroupSnapshotsTest-126993073 None] CMD "/opt/stack/data/venv/bin/python3.12 -m oslo_concurrency.prlimit --as=1073741824 --cpu=60 -- sudo cinder-rootwrap /etc/cinder/rootwrap.conf env LC_ALL=C qemu-img info -f qcow2 --output=json --force-share /opt/stack/data/cinder/mnt/b2cd41c8bd0d73e931cc99f4f7cb4198/volume-8beeddde-35e4-40cd-b1df-60d73145f997" returned: 0 in 0.749s {{(pid=86069) execute /opt/stack/data/venv/lib/python3.12/site-packages/oslo_concurrency/processutils.py:468}}
Jun 04 06:26:32 devstack cinder-volume[86069]: DEBUG oslo_concurrency.processutils [None req-a8fc1134-35c6-43d3-8695-017fcdda0dfc tempest-GroupSnapshotsTest-126993073 None] Running cmd (subprocess): sudo cinder-rootwrap /etc/cinder/rootwrap.conf qemu-img commit -d /opt/stack/data/cinder/mnt/b2cd41c8bd0d73e931cc99f4f7cb4198/volume-8beeddde-35e4-40cd-b1df-60d73145f997.65f714d1-d071-4632-adb9-79b221fc3dcc {{(pid=86069) execute /opt/stack/data/venv/lib/python3.12/site-packages/oslo_concurrency/processutils.py:440}}
Jun 04 06:26:32 devstack sudo[88200]: quobyte : PWD=/ ; USER=root ; COMMAND=/opt/stack/data/venv/bin/cinder-rootwrap /etc/cinder/rootwrap.conf qemu-img commit -d /opt/stack/data/cinder/mnt/b2cd41c8bd0d73e931cc99f4f7cb4198/volume-8beeddde-35e4-40cd-b1df-60d73145f997.65f714d1-d071-4632-adb9-79b221fc3dcc
Jun 04 06:26:32 devstack sudo[88200]: pam_unix(sudo:session): session opened for user root(uid=0) by (uid=1000)
Jun 04 06:26:32 devstack sudo[88200]: pam_unix(sudo:session): session closed for user root
Jun 04 06:26:32 devstack cinder-volume[86069]: DEBUG oslo_concurrency.processutils [None req-a8fc1134-35c6-43d3-8695-017fcdda0dfc tempest-GroupSnapshotsTest-126993073 None] CMD "sudo cinder-rootwrap /etc/cinder/rootwrap.conf qemu-img commit -d /opt/stack/data/cinder/mnt/b2cd41c8bd0d73e931cc99f4f7cb4198/volume-8beeddde-35e4-40cd-b1df-60d73145f997.65f714d1-d071-4632-adb9-79b221fc3dcc" returned: 0 in 0.793s {{(pid=86069) execute /opt/stack/data/venv/lib/python3.12/site-packages/oslo_concurrency/processutils.py:468}}
Jun 04 06:26:32 devstack cinder-volume[86069]: DEBUG oslo_concurrency.processutils [None req-a8fc1134-35c6-43d3-8695-017fcdda0dfc tempest-GroupSnapshotsTest-126993073 None] Running cmd (subprocess): sudo cinder-rootwrap /etc/cinder/rootwrap.conf rm -f /opt/stack/data/cinder/mnt/b2cd41c8bd0d73e931cc99f4f7cb4198/volume-8beeddde-35e4-40cd-b1df-60d73145f997.65f714d1-d071-4632-adb9-79b221fc3dcc {{(pid=86069) execute /opt/stack/data/venv/lib/python3.12/site-packages/oslo_concurrency/processutils.py:440}}
Jun 04 06:26:32 devstack sudo[88214]: quobyte : PWD=/ ; USER=root ; COMMAND=/opt/stack/data/venv/bin/cinder-rootwrap /etc/cinder/rootwrap.conf rm -f /opt/stack/data/cinder/mnt/b2cd41c8bd0d73e931cc99f4f7cb4198/volume-8beeddde-35e4-40cd-b1df-60d73145f997.65f714d1-d071-4632-adb9-79b221fc3dcc
Jun 04 06:26:32 devstack sudo[88214]: pam_unix(sudo:session): session opened for user root(uid=0) by (uid=1000)
Jun 04 06:26:33 devstack sudo[88214]: pam_unix(sudo:session): session closed for user root
Jun 04 06:26:33 devstack cinder-volume[86069]: DEBUG oslo_concurrency.processutils [None req-a8fc1134-35c6-43d3-8695-017fcdda0dfc tempest-GroupSnapshotsTest-126993073 None] CMD "sudo cinder-rootwrap /etc/cinder/rootwrap.conf rm -f /opt/stack/data/cinder/mnt/b2cd41c8bd0d73e931cc99f4f7cb4198/volume-8beeddde-35e4-40cd-b1df-60d73145f997.65f714d1-d071-4632-adb9-79b221fc3dcc" returned: 0 in 0.637s {{(pid=86069) execute /opt/stack/data/venv/lib/python3.12/site-packages/oslo_concurrency/processutils.py:468}}
Jun 04 06:26:33 devstack cinder-volume[86069]: DEBUG cinder.coordination [None req-a8fc1134-35c6-43d3-8695-017fcdda0dfc tempest-GroupSnapshotsTest-126993073 None] Lock "cinder-quobyte-65f714d1-d071-4632-adb9-79b221fc3dcc" released by "_delete_snapshot" :: held 3.295s {{(pid=86069) __release /opt/stack/cinder/cinder/coordination.py:152}}
Jun 04 06:26:33 devstack cinder-volume[86069]: DEBUG cinder.coordination [None req-a8fc1134-35c6-43d3-8695-017fcdda0dfc tempest-GroupSnapshotsTest-126993073 None] Lock "cinder-quobyte-8beeddde-35e4-40cd-b1df-60d73145f997" released by "delete_snapshot" :: held 3.327s {{(pid=86069) __release /opt/stack/cinder/cinder/coordination.py:152}}
Jun 04 06:26:33 devstack cinder-volume[86069]: DEBUG cinder.coordination [None req-a8fc1134-35c6-43d3-8695-017fcdda0dfc tempest-GroupSnapshotsTest-126993073 None] Acquiring lock "cinder-quobyte-5bb72138-7c58-427e-9f73-0f8ff59cadf5" by "delete_snapshot" {{(pid=86069) __acquire /opt/stack/cinder/cinder/coordination.py:138}}
Jun 04 06:26:33 devstack cinder-volume[86069]: DEBUG cinder.coordination [None req-a8fc1134-35c6-43d3-8695-017fcdda0dfc tempest-GroupSnapshotsTest-126993073 None] Lock "cinder-quobyte-5bb72138-7c58-427e-9f73-0f8ff59cadf5" acquired by "delete_snapshot" :: waited 0.016s {{(pid=86069) __acquire /opt/stack/cinder/cinder/coordination.py:141}}
Jun 04 06:26:33 devstack cinder-volume[86069]: DEBUG cinder.coordination [None req-a8fc1134-35c6-43d3-8695-017fcdda0dfc tempest-GroupSnapshotsTest-126993073 None] Acquiring lock "cinder-quobyte-8c167da1-86c0-49f4-ab9b-9e7195a60aeb" by "_delete_snapshot" {{(pid=86069) __acquire /opt/stack/cinder/cinder/coordination.py:138}}
Jun 04 06:26:33 devstack cinder-volume[86069]: DEBUG cinder.coordination [None req-a8fc1134-35c6-43d3-8695-017fcdda0dfc tempest-GroupSnapshotsTest-126993073 None] Lock "cinder-quobyte-8c167da1-86c0-49f4-ab9b-9e7195a60aeb" acquired by "_delete_snapshot" :: waited 0.015s {{(pid=86069) __acquire /opt/stack/cinder/cinder/coordination.py:141}}
Jun 04 06:26:33 devstack cinder-volume[86069]: DEBUG cinder.volume.drivers.remotefs [None req-a8fc1134-35c6-43d3-8695-017fcdda0dfc tempest-GroupSnapshotsTest-126993073 None] Deleting offline snapshot 8c167da1-86c0-49f4-ab9b-9e7195a60aeb of volume 5bb72138-7c58-427e-9f73-0f8ff59cadf5 {{(pid=86069) _delete_snapshot /opt/stack/cinder/cinder/volume/drivers/remotefs.py:1288}}
Jun 04 06:26:33 devstack cinder-volume[86069]: DEBUG cinder.volume.drivers.remotefs [None req-a8fc1134-35c6-43d3-8695-017fcdda0dfc tempest-GroupSnapshotsTest-126993073 None] snapshot_file for this snap is: volume-5bb72138-7c58-427e-9f73-0f8ff59cadf5.8c167da1-86c0-49f4-ab9b-9e7195a60aeb {{(pid=86069) _delete_snapshot /opt/stack/cinder/cinder/volume/drivers/remotefs.py:1317}}
Jun 04 06:26:33 devstack cinder-volume[86069]: DEBUG oslo.privsep.daemon [-] privsep: reply[94eba2fe-dd31-4ff4-9ffb-21184baf9633]: (4, 'qcow2') {{(pid=87230) _call_back /opt/stack/data/venv/lib/python3.12/site-packages/oslo_privsep/daemon.py:573}}
Jun 04 06:26:33 devstack cinder-volume[86069]: DEBUG oslo_concurrency.processutils [None req-a8fc1134-35c6-43d3-8695-017fcdda0dfc tempest-GroupSnapshotsTest-126993073 None] Running cmd (subprocess): /opt/stack/data/venv/bin/python3.12 -m oslo_concurrency.prlimit --as=1073741824 --cpu=60 -- sudo cinder-rootwrap /etc/cinder/rootwrap.conf env LC_ALL=C qemu-img info -f qcow2 --output=json --force-share /opt/stack/data/cinder/mnt/b2cd41c8bd0d73e931cc99f4f7cb4198/volume-5bb72138-7c58-427e-9f73-0f8ff59cadf5.8c167da1-86c0-49f4-ab9b-9e7195a60aeb {{(pid=86069) execute /opt/stack/data/venv/lib/python3.12/site-packages/oslo_concurrency/processutils.py:440}}
Jun 04 06:26:33 devstack sudo[88221]: quobyte : PWD=/ ; USER=root ; COMMAND=/opt/stack/data/venv/bin/cinder-rootwrap /etc/cinder/rootwrap.conf env LC_ALL=C qemu-img info -f qcow2 --output=json --force-share /opt/stack/data/cinder/mnt/b2cd41c8bd0d73e931cc99f4f7cb4198/volume-5bb72138-7c58-427e-9f73-0f8ff59cadf5.8c167da1-86c0-49f4-ab9b-9e7195a60aeb
Jun 04 06:26:33 devstack sudo[88221]: pam_unix(sudo:session): session opened for user root(uid=0) by (uid=1000)
Jun 04 06:26:34 devstack sudo[88221]: pam_unix(sudo:session): session closed for user root
Jun 04 06:26:34 devstack cinder-volume[86069]: DEBUG oslo_concurrency.processutils [None req-a8fc1134-35c6-43d3-8695-017fcdda0dfc tempest-GroupSnapshotsTest-126993073 None] CMD "/opt/stack/data/venv/bin/python3.12 -m oslo_concurrency.prlimit --as=1073741824 --cpu=60 -- sudo cinder-rootwrap /etc/cinder/rootwrap.conf env LC_ALL=C qemu-img info -f qcow2 --output=json --force-share /opt/stack/data/cinder/mnt/b2cd41c8bd0d73e931cc99f4f7cb4198/volume-5bb72138-7c58-427e-9f73-0f8ff59cadf5.8c167da1-86c0-49f4-ab9b-9e7195a60aeb" returned: 0 in 0.726s {{(pid=86069) execute /opt/stack/data/venv/lib/python3.12/site-packages/oslo_concurrency/processutils.py:468}}
Jun 04 06:26:34 devstack cinder-volume[86069]: DEBUG cinder.volume.drivers.remotefs [None req-a8fc1134-35c6-43d3-8695-017fcdda0dfc tempest-GroupSnapshotsTest-126993073 None] Fetching qemu-img info with special backing_file_template: (/opt/stack/data/cinder/mnt/[0-9a-f]+/)?(volume-5bb72138-7c58-427e-9f73-0f8ff59cadf5(.(tmp-snap-)?[0-9a-f-]+)?|volume_from_snapshot_cache/(tmp-snap-)?[0-9a-f-]+(.(child-|parent-)[0-9a-f-]+)?)$ {{(pid=86069) _qemu_img_info_base /opt/stack/cinder/cinder/volume/drivers/remotefs.py:896}}
Jun 04 06:26:34 devstack cinder-volume[86069]: DEBUG oslo.privsep.daemon [-] privsep: reply[48ac5ea8-afd9-4cb6-8418-5b4e0851655f]: (4, 'qcow2') {{(pid=87230) _call_back /opt/stack/data/venv/lib/python3.12/site-packages/oslo_privsep/daemon.py:573}}
Jun 04 06:26:34 devstack cinder-volume[86069]: DEBUG oslo_concurrency.processutils [None req-a8fc1134-35c6-43d3-8695-017fcdda0dfc tempest-GroupSnapshotsTest-126993073 None] Running cmd (subprocess): /opt/stack/data/venv/bin/python3.12 -m oslo_concurrency.prlimit --as=1073741824 --cpu=60 -- sudo cinder-rootwrap /etc/cinder/rootwrap.conf env LC_ALL=C qemu-img info -f qcow2 --output=json --force-share /opt/stack/data/cinder/mnt/b2cd41c8bd0d73e931cc99f4f7cb4198/volume-5bb72138-7c58-427e-9f73-0f8ff59cadf5 {{(pid=86069) execute /opt/stack/data/venv/lib/python3.12/site-packages/oslo_concurrency/processutils.py:440}}
Jun 04 06:26:34 devstack sudo[88227]: quobyte : PWD=/ ; USER=root ; COMMAND=/opt/stack/data/venv/bin/cinder-rootwrap /etc/cinder/rootwrap.conf env LC_ALL=C qemu-img info -f qcow2 --output=json --force-share /opt/stack/data/cinder/mnt/b2cd41c8bd0d73e931cc99f4f7cb4198/volume-5bb72138-7c58-427e-9f73-0f8ff59cadf5
Jun 04 06:26:34 devstack sudo[88227]: pam_unix(sudo:session): session opened for user root(uid=0) by (uid=1000)
Jun 04 06:26:35 devstack sudo[88227]: pam_unix(sudo:session): session closed for user root
Jun 04 06:26:35 devstack cinder-volume[86069]: DEBUG oslo_concurrency.processutils [None req-a8fc1134-35c6-43d3-8695-017fcdda0dfc tempest-GroupSnapshotsTest-126993073 None] CMD "/opt/stack/data/venv/bin/python3.12 -m oslo_concurrency.prlimit --as=1073741824 --cpu=60 -- sudo cinder-rootwrap /etc/cinder/rootwrap.conf env LC_ALL=C qemu-img info -f qcow2 --output=json --force-share /opt/stack/data/cinder/mnt/b2cd41c8bd0d73e931cc99f4f7cb4198/volume-5bb72138-7c58-427e-9f73-0f8ff59cadf5" returned: 0 in 1.173s {{(pid=86069) execute /opt/stack/data/venv/lib/python3.12/site-packages/oslo_concurrency/processutils.py:468}}
Jun 04 06:26:35 devstack cinder-volume[86069]: DEBUG oslo_concurrency.processutils [None req-a8fc1134-35c6-43d3-8695-017fcdda0dfc tempest-GroupSnapshotsTest-126993073 None] Running cmd (subprocess): sudo cinder-rootwrap /etc/cinder/rootwrap.conf qemu-img commit -d /opt/stack/data/cinder/mnt/b2cd41c8bd0d73e931cc99f4f7cb4198/volume-5bb72138-7c58-427e-9f73-0f8ff59cadf5.8c167da1-86c0-49f4-ab9b-9e7195a60aeb {{(pid=86069) execute /opt/stack/data/venv/lib/python3.12/site-packages/oslo_concurrency/processutils.py:440}}
Jun 04 06:26:35 devstack sudo[88288]: quobyte : PWD=/ ; USER=root ; COMMAND=/opt/stack/data/venv/bin/cinder-rootwrap /etc/cinder/rootwrap.conf qemu-img commit -d /opt/stack/data/cinder/mnt/b2cd41c8bd0d73e931cc99f4f7cb4198/volume-5bb72138-7c58-427e-9f73-0f8ff59cadf5.8c167da1-86c0-49f4-ab9b-9e7195a60aeb
Jun 04 06:26:35 devstack sudo[88288]: pam_unix(sudo:session): session opened for user root(uid=0) by (uid=1000)
Jun 04 06:26:36 devstack sudo[88288]: pam_unix(sudo:session): session closed for user root
Jun 04 06:26:36 devstack cinder-volume[86069]: DEBUG oslo_concurrency.processutils [None req-a8fc1134-35c6-43d3-8695-017fcdda0dfc tempest-GroupSnapshotsTest-126993073 None] CMD "sudo cinder-rootwrap /etc/cinder/rootwrap.conf qemu-img commit -d /opt/stack/data/cinder/mnt/b2cd41c8bd0d73e931cc99f4f7cb4198/volume-5bb72138-7c58-427e-9f73-0f8ff59cadf5.8c167da1-86c0-49f4-ab9b-9e7195a60aeb" returned: 0 in 0.848s {{(pid=86069) execute /opt/stack/data/venv/lib/python3.12/site-packages/oslo_concurrency/processutils.py:468}}
Jun 04 06:26:36 devstack cinder-volume[86069]: DEBUG oslo_concurrency.processutils [None req-a8fc1134-35c6-43d3-8695-017fcdda0dfc tempest-GroupSnapshotsTest-126993073 None] Running cmd (subprocess): sudo cinder-rootwrap /etc/cinder/rootwrap.conf rm -f /opt/stack/data/cinder/mnt/b2cd41c8bd0d73e931cc99f4f7cb4198/volume-5bb72138-7c58-427e-9f73-0f8ff59cadf5.8c167da1-86c0-49f4-ab9b-9e7195a60aeb {{(pid=86069) execute /opt/stack/data/venv/lib/python3.12/site-packages/oslo_concurrency/processutils.py:440}}
Jun 04 06:26:36 devstack sudo[88300]: quobyte : PWD=/ ; USER=root ; COMMAND=/opt/stack/data/venv/bin/cinder-rootwrap /etc/cinder/rootwrap.conf rm -f /opt/stack/data/cinder/mnt/b2cd41c8bd0d73e931cc99f4f7cb4198/volume-5bb72138-7c58-427e-9f73-0f8ff59cadf5.8c167da1-86c0-49f4-ab9b-9e7195a60aeb
Jun 04 06:26:36 devstack sudo[88300]: pam_unix(sudo:session): session opened for user root(uid=0) by (uid=1000)
Jun 04 06:26:37 devstack sudo[88300]: pam_unix(sudo:session): session closed for user root
Jun 04 06:26:37 devstack cinder-volume[86069]: DEBUG oslo_concurrency.processutils [None req-a8fc1134-35c6-43d3-8695-017fcdda0dfc tempest-GroupSnapshotsTest-126993073 None] CMD "sudo cinder-rootwrap /etc/cinder/rootwrap.conf rm -f /opt/stack/data/cinder/mnt/b2cd41c8bd0d73e931cc99f4f7cb4198/volume-5bb72138-7c58-427e-9f73-0f8ff59cadf5.8c167da1-86c0-49f4-ab9b-9e7195a60aeb" returned: 0 in 0.694s {{(pid=86069) execute /opt/stack/data/venv/lib/python3.12/site-packages/oslo_concurrency/processutils.py:468}}
Jun 04 06:26:37 devstack cinder-volume[86069]: DEBUG cinder.coordination [None req-a8fc1134-35c6-43d3-8695-017fcdda0dfc tempest-GroupSnapshotsTest-126993073 None] Lock "cinder-quobyte-8c167da1-86c0-49f4-ab9b-9e7195a60aeb" released by "_delete_snapshot" :: held 3.567s {{(pid=86069) __release /opt/stack/cinder/cinder/coordination.py:152}}
Jun 04 06:26:37 devstack cinder-volume[86069]: DEBUG cinder.coordination [None req-a8fc1134-35c6-43d3-8695-017fcdda0dfc tempest-GroupSnapshotsTest-126993073 None] Lock "cinder-quobyte-5bb72138-7c58-427e-9f73-0f8ff59cadf5" released by "delete_snapshot" :: held 3.593s {{(pid=86069) __release /opt/stack/cinder/cinder/coordination.py:152}}
Jun 04 06:26:37 devstack cinder-volume[86069]: WARNING cinder.quota [None req-a8fc1134-35c6-43d3-8695-017fcdda0dfc tempest-GroupSnapshotsTest-126993073 None] Deprecated: Default quota for resource: gigabytes_tempest-GroupSnapshotsTest-volume-type-944305197 is set by the default quota flag: quota_gigabytes_tempest-GroupSnapshotsTest-volume-type-944305197, it is now deprecated. Please use the default quota class for default quota.
Jun 04 06:26:37 devstack cinder-volume[86069]: WARNING cinder.quota [None req-a8fc1134-35c6-43d3-8695-017fcdda0dfc tempest-GroupSnapshotsTest-126993073 None] Deprecated: Default quota for resource: snapshots_tempest-GroupSnapshotsTest-volume-type-944305197 is set by the default quota flag: quota_snapshots_tempest-GroupSnapshotsTest-volume-type-944305197, it is now deprecated. Please use the default quota class for default quota.
Jun 04 06:26:37 devstack cinder-volume[86069]: DEBUG cinder.quota [None req-a8fc1134-35c6-43d3-8695-017fcdda0dfc tempest-GroupSnapshotsTest-126993073 None] Created reservations ['f6691c46-e2b7-45e4-b266-5ec6f7dff50a', 'f78cec2b-78c4-4ad8-af74-870b7c6ce383', 'c7fd994b-2ba3-49ff-bdac-f2a14b857e31', '3372c8c8-ec67-4288-b534-00ad13f62531'] {{(pid=86069) reserve /opt/stack/cinder/cinder/quota.py:752}}
Jun 04 06:26:37 devstack cinder-volume[86069]: DEBUG cinder.quota [None req-a8fc1134-35c6-43d3-8695-017fcdda0dfc tempest-GroupSnapshotsTest-126993073 None] Created reservations ['5f84074d-7e03-440d-a2f5-750ed8bcc8f1', '0e8e0cd2-b5da-4122-aa85-496041b9cd05', '05e51d0c-3efd-408d-9ce0-f799cc1088fb', 'dcbf9412-43a8-4cf9-ab73-9150cb3b290e'] {{(pid=86069) reserve /opt/stack/cinder/cinder/quota.py:752}}
Jun 04 06:26:37 devstack cinder-volume[86069]: INFO cinder.volume.manager [None req-a8fc1134-35c6-43d3-8695-017fcdda0dfc tempest-GroupSnapshotsTest-126993073 None] group_snapshot 01f37fa5-cd12-4b81-b5ee-85b279de7e06: deleted successfully
Jun 04 06:26:38 devstack cinder-volume[86069]: WARNING py.warnings [req-3ef5cc1d-804a-4534-80d9-62925ad93fc7 req-dd78ae89-332f-4243-b380-8f9f51bceb9b tempest-AttachVolumeTestJSON-1138902684 None] /opt/stack/cinder/cinder/db/sqlalchemy/api.py:2470: SAWarning: SELECT statement has a cartesian product between FROM element(s) "volumes" and FROM element "volumes_1". Apply join condition(s) between each element to resolve.
Jun 04 06:26:38 devstack cinder-volume[86069]: .first()
Jun 04 06:26:38 devstack cinder-volume[86069]:
Jun 04 06:26:38 devstack cinder-volume[86069]: DEBUG cinder.coordination [None req-af04bb46-6db0-4db1-ae34-c6d31bd18f56 tempest-GroupSnapshotsTest-126993073 None] Acquiring lock "cinder-quobyte-5bb72138-7c58-427e-9f73-0f8ff59cadf5" by "delete_volume" {{(pid=86069) __acquire /opt/stack/cinder/cinder/coordination.py:138}}
Jun 04 06:26:38 devstack cinder-volume[86069]: DEBUG oslo_concurrency.lockutils [req-3ef5cc1d-804a-4534-80d9-62925ad93fc7 req-dd78ae89-332f-4243-b380-8f9f51bceb9b tempest-AttachVolumeTestJSON-1138902684 None] Acquiring lock "quobyte" by "cinder.volume.drivers.quobyte.QuobyteDriver.initialize_connection" {{(pid=86069) inner /opt/stack/data/venv/lib/python3.12/site-packages/oslo_concurrency/lockutils.py:506}}
Jun 04 06:26:38 devstack cinder-volume[86069]: DEBUG oslo_concurrency.lockutils [req-3ef5cc1d-804a-4534-80d9-62925ad93fc7 req-dd78ae89-332f-4243-b380-8f9f51bceb9b tempest-AttachVolumeTestJSON-1138902684 None] Lock "quobyte" acquired by "cinder.volume.drivers.quobyte.QuobyteDriver.initialize_connection" :: waited 0.001s {{(pid=86069) inner /opt/stack/data/venv/lib/python3.12/site-packages/oslo_concurrency/lockutils.py:519}}
Jun 04 06:26:38 devstack cinder-volume[86069]: DEBUG cinder.coordination [None req-af04bb46-6db0-4db1-ae34-c6d31bd18f56 tempest-GroupSnapshotsTest-126993073 None] Lock "cinder-quobyte-5bb72138-7c58-427e-9f73-0f8ff59cadf5" acquired by "delete_volume" :: waited 0.029s {{(pid=86069) __acquire /opt/stack/cinder/cinder/coordination.py:141}}
Jun 04 06:26:38 devstack cinder-volume[86069]: DEBUG oslo.privsep.daemon [-] privsep: reply[992f9f7a-174a-428a-a10d-fcfdcda64985]: (4, 'qcow2') {{(pid=87230) _call_back /opt/stack/data/venv/lib/python3.12/site-packages/oslo_privsep/daemon.py:573}}
Jun 04 06:26:38 devstack cinder-volume[86069]: DEBUG oslo_concurrency.processutils [req-3ef5cc1d-804a-4534-80d9-62925ad93fc7 req-dd78ae89-332f-4243-b380-8f9f51bceb9b tempest-AttachVolumeTestJSON-1138902684 None] Running cmd (subprocess): /opt/stack/data/venv/bin/python3.12 -m oslo_concurrency.prlimit --as=1073741824 --cpu=60 -- sudo cinder-rootwrap /etc/cinder/rootwrap.conf env LC_ALL=C qemu-img info -f qcow2 --output=json --force-share /opt/stack/data/cinder/mnt/b2cd41c8bd0d73e931cc99f4f7cb4198/volume-d7a981e3-1933-4517-b204-f01101ea69c0 {{(pid=86069) execute /opt/stack/data/venv/lib/python3.12/site-packages/oslo_concurrency/processutils.py:440}}
Jun 04 06:26:38 devstack cinder-volume[86069]: DEBUG oslo.privsep.daemon [-] privsep: reply[f585a55b-8291-45ae-8f84-9c4d85243bb8]: (4, 'qcow2') {{(pid=87230) _call_back /opt/stack/data/venv/lib/python3.12/site-packages/oslo_privsep/daemon.py:573}}
Jun 04 06:26:38 devstack cinder-volume[86069]: DEBUG oslo_concurrency.processutils [None req-af04bb46-6db0-4db1-ae34-c6d31bd18f56 tempest-GroupSnapshotsTest-126993073 None] Running cmd (subprocess): /opt/stack/data/venv/bin/python3.12 -m oslo_concurrency.prlimit --as=1073741824 --cpu=60 -- sudo cinder-rootwrap /etc/cinder/rootwrap.conf env LC_ALL=C qemu-img info -f qcow2 --output=json --force-share /opt/stack/data/cinder/mnt/b2cd41c8bd0d73e931cc99f4f7cb4198/volume-5bb72138-7c58-427e-9f73-0f8ff59cadf5 {{(pid=86069) execute /opt/stack/data/venv/lib/python3.12/site-packages/oslo_concurrency/processutils.py:440}}
Jun 04 06:26:38 devstack sudo[88315]: quobyte : PWD=/ ; USER=root ; COMMAND=/opt/stack/data/venv/bin/cinder-rootwrap /etc/cinder/rootwrap.conf env LC_ALL=C qemu-img info -f qcow2 --output=json --force-share /opt/stack/data/cinder/mnt/b2cd41c8bd0d73e931cc99f4f7cb4198/volume-d7a981e3-1933-4517-b204-f01101ea69c0
Jun 04 06:26:38 devstack sudo[88315]: pam_unix(sudo:session): session opened for user root(uid=0) by (uid=1000)
Jun 04 06:26:38 devstack sudo[88316]: quobyte : PWD=/ ; USER=root ; COMMAND=/opt/stack/data/venv/bin/cinder-rootwrap /etc/cinder/rootwrap.conf env LC_ALL=C qemu-img info -f qcow2 --output=json --force-share /opt/stack/data/cinder/mnt/b2cd41c8bd0d73e931cc99f4f7cb4198/volume-5bb72138-7c58-427e-9f73-0f8ff59cadf5
Jun 04 06:26:38 devstack sudo[88316]: pam_unix(sudo:session): session opened for user root(uid=0) by (uid=1000)
Jun 04 06:26:39 devstack sudo[88316]: pam_unix(sudo:session): session closed for user root
Jun 04 06:26:39 devstack cinder-volume[86069]: DEBUG oslo_concurrency.processutils [None req-af04bb46-6db0-4db1-ae34-c6d31bd18f56 tempest-GroupSnapshotsTest-126993073 None] CMD "/opt/stack/data/venv/bin/python3.12 -m oslo_concurrency.prlimit --as=1073741824 --cpu=60 -- sudo cinder-rootwrap /etc/cinder/rootwrap.conf env LC_ALL=C qemu-img info -f qcow2 --output=json --force-share /opt/stack/data/cinder/mnt/b2cd41c8bd0d73e931cc99f4f7cb4198/volume-5bb72138-7c58-427e-9f73-0f8ff59cadf5" returned: 0 in 0.761s {{(pid=86069) execute /opt/stack/data/venv/lib/python3.12/site-packages/oslo_concurrency/processutils.py:468}}
Jun 04 06:26:39 devstack sudo[88315]: pam_unix(sudo:session): session closed for user root
Jun 04 06:26:39 devstack cinder-volume[86069]: DEBUG oslo_concurrency.processutils [None req-af04bb46-6db0-4db1-ae34-c6d31bd18f56 tempest-GroupSnapshotsTest-126993073 None] Running cmd (subprocess): sudo cinder-rootwrap /etc/cinder/rootwrap.conf rm -f /opt/stack/data/cinder/mnt/b2cd41c8bd0d73e931cc99f4f7cb4198/volume-5bb72138-7c58-427e-9f73-0f8ff59cadf5 {{(pid=86069) execute /opt/stack/data/venv/lib/python3.12/site-packages/oslo_concurrency/processutils.py:440}}
Jun 04 06:26:39 devstack cinder-volume[86069]: DEBUG oslo_concurrency.processutils [req-3ef5cc1d-804a-4534-80d9-62925ad93fc7 req-dd78ae89-332f-4243-b380-8f9f51bceb9b tempest-AttachVolumeTestJSON-1138902684 None] CMD "/opt/stack/data/venv/bin/python3.12 -m oslo_concurrency.prlimit --as=1073741824 --cpu=60 -- sudo cinder-rootwrap /etc/cinder/rootwrap.conf env LC_ALL=C qemu-img info -f qcow2 --output=json --force-share /opt/stack/data/cinder/mnt/b2cd41c8bd0d73e931cc99f4f7cb4198/volume-d7a981e3-1933-4517-b204-f01101ea69c0" returned: 0 in 0.793s {{(pid=86069) execute /opt/stack/data/venv/lib/python3.12/site-packages/oslo_concurrency/processutils.py:468}}
Jun 04 06:26:39 devstack cinder-volume[86069]: DEBUG oslo_concurrency.lockutils [req-3ef5cc1d-804a-4534-80d9-62925ad93fc7 req-dd78ae89-332f-4243-b380-8f9f51bceb9b tempest-AttachVolumeTestJSON-1138902684 None] Lock "quobyte" "released" by "cinder.volume.drivers.quobyte.QuobyteDriver.initialize_connection" :: held 0.845s {{(pid=86069) inner /opt/stack/data/venv/lib/python3.12/site-packages/oslo_concurrency/lockutils.py:538}}
Jun 04 06:26:39 devstack sudo[88325]: quobyte : PWD=/ ; USER=root ; COMMAND=/opt/stack/data/venv/bin/cinder-rootwrap /etc/cinder/rootwrap.conf rm -f /opt/stack/data/cinder/mnt/b2cd41c8bd0d73e931cc99f4f7cb4198/volume-5bb72138-7c58-427e-9f73-0f8ff59cadf5
Jun 04 06:26:39 devstack sudo[88325]: pam_unix(sudo:session): session opened for user root(uid=0) by (uid=1000)
Jun 04 06:26:39 devstack cinder-volume[86069]: DEBUG cinder.volume.manager [req-3ef5cc1d-804a-4534-80d9-62925ad93fc7 req-dd78ae89-332f-4243-b380-8f9f51bceb9b tempest-AttachVolumeTestJSON-1138902684 None] Connection info returned from driver {'export': 'osci02.corp.quobyte.com/cinder-vol-fe8057e0-502f-4995-92db-006708b64574', 'name': 'volume-d7a981e3-1933-4517-b204-f01101ea69c0', 'options': None, 'format': 'qcow2', 'qos_specs': None, 'access_mode': 'rw', 'encrypted': False, 'cacheable': False, 'driver_volume_type': 'quobyte', 'mount_point_base': '/opt/stack/data/cinder/mnt', 'attachment_id': '8502190d-ace6-4253-a939-02df0125f363', 'enforce_multipath': True} {{(pid=86069) _connection_create /opt/stack/cinder/cinder/volume/manager.py:4925}}
Jun 04 06:26:39 devstack cinder-volume[86069]: INFO cinder.volume.manager [req-3ef5cc1d-804a-4534-80d9-62925ad93fc7 req-dd78ae89-332f-4243-b380-8f9f51bceb9b tempest-AttachVolumeTestJSON-1138902684 None] attachment_update completed successfully.
Jun 04 06:26:39 devstack sudo[88325]: pam_unix(sudo:session): session closed for user root
Jun 04 06:26:39 devstack cinder-volume[86069]: DEBUG oslo_concurrency.processutils [None req-af04bb46-6db0-4db1-ae34-c6d31bd18f56 tempest-GroupSnapshotsTest-126993073 None] CMD "sudo cinder-rootwrap /etc/cinder/rootwrap.conf rm -f /opt/stack/data/cinder/mnt/b2cd41c8bd0d73e931cc99f4f7cb4198/volume-5bb72138-7c58-427e-9f73-0f8ff59cadf5" returned: 0 in 0.609s {{(pid=86069) execute /opt/stack/data/venv/lib/python3.12/site-packages/oslo_concurrency/processutils.py:468}}
Jun 04 06:26:39 devstack cinder-volume[86069]: DEBUG cinder.coordination [None req-af04bb46-6db0-4db1-ae34-c6d31bd18f56 tempest-GroupSnapshotsTest-126993073 None] Lock "cinder-quobyte-5bb72138-7c58-427e-9f73-0f8ff59cadf5" released by "delete_volume" :: held 1.456s {{(pid=86069) __release /opt/stack/cinder/cinder/coordination.py:152}}
Jun 04 06:26:39 devstack cinder-volume[86069]: DEBUG cinder.coordination [None req-af04bb46-6db0-4db1-ae34-c6d31bd18f56 tempest-GroupSnapshotsTest-126993073 None] Acquiring lock "cinder-quobyte-8beeddde-35e4-40cd-b1df-60d73145f997" by "delete_volume" {{(pid=86069) __acquire /opt/stack/cinder/cinder/coordination.py:138}}
Jun 04 06:26:39 devstack cinder-volume[86069]: DEBUG cinder.coordination [None req-af04bb46-6db0-4db1-ae34-c6d31bd18f56 tempest-GroupSnapshotsTest-126993073 None] Lock "cinder-quobyte-8beeddde-35e4-40cd-b1df-60d73145f997" acquired by "delete_volume" :: waited 0.018s {{(pid=86069) __acquire /opt/stack/cinder/cinder/coordination.py:141}}
Jun 04 06:26:39 devstack cinder-volume[86069]: DEBUG oslo.privsep.daemon [-] privsep: reply[a4f6ae16-b913-40b1-940c-a33295b642c0]: (4, 'qcow2') {{(pid=87230) _call_back /opt/stack/data/venv/lib/python3.12/site-packages/oslo_privsep/daemon.py:573}}
Jun 04 06:26:39 devstack cinder-volume[86069]: DEBUG oslo_concurrency.processutils [None req-af04bb46-6db0-4db1-ae34-c6d31bd18f56 tempest-GroupSnapshotsTest-126993073 None] Running cmd (subprocess): /opt/stack/data/venv/bin/python3.12 -m oslo_concurrency.prlimit --as=1073741824 --cpu=60 -- sudo cinder-rootwrap /etc/cinder/rootwrap.conf env LC_ALL=C qemu-img info -f qcow2 --output=json --force-share /opt/stack/data/cinder/mnt/b2cd41c8bd0d73e931cc99f4f7cb4198/volume-8beeddde-35e4-40cd-b1df-60d73145f997 {{(pid=86069) execute /opt/stack/data/venv/lib/python3.12/site-packages/oslo_concurrency/processutils.py:440}}
Jun 04 06:26:39 devstack sudo[88332]: quobyte : PWD=/ ; USER=root ; COMMAND=/opt/stack/data/venv/bin/cinder-rootwrap /etc/cinder/rootwrap.conf env LC_ALL=C qemu-img info -f qcow2 --output=json --force-share /opt/stack/data/cinder/mnt/b2cd41c8bd0d73e931cc99f4f7cb4198/volume-8beeddde-35e4-40cd-b1df-60d73145f997
Jun 04 06:26:39 devstack sudo[88332]: pam_unix(sudo:session): session opened for user root(uid=0) by (uid=1000)
Jun 04 06:26:40 devstack sudo[88332]: pam_unix(sudo:session): session closed for user root
Jun 04 06:26:40 devstack cinder-volume[86069]: DEBUG oslo_concurrency.processutils [None req-af04bb46-6db0-4db1-ae34-c6d31bd18f56 tempest-GroupSnapshotsTest-126993073 None] CMD "/opt/stack/data/venv/bin/python3.12 -m oslo_concurrency.prlimit --as=1073741824 --cpu=60 -- sudo cinder-rootwrap /etc/cinder/rootwrap.conf env LC_ALL=C qemu-img info -f qcow2 --output=json --force-share /opt/stack/data/cinder/mnt/b2cd41c8bd0d73e931cc99f4f7cb4198/volume-8beeddde-35e4-40cd-b1df-60d73145f997" returned: 0 in 0.853s {{(pid=86069) execute /opt/stack/data/venv/lib/python3.12/site-packages/oslo_concurrency/processutils.py:468}}
Jun 04 06:26:40 devstack cinder-volume[86069]: DEBUG oslo_concurrency.processutils [None req-af04bb46-6db0-4db1-ae34-c6d31bd18f56 tempest-GroupSnapshotsTest-126993073 None] Running cmd (subprocess): sudo cinder-rootwrap /etc/cinder/rootwrap.conf rm -f /opt/stack/data/cinder/mnt/b2cd41c8bd0d73e931cc99f4f7cb4198/volume-8beeddde-35e4-40cd-b1df-60d73145f997 {{(pid=86069) execute /opt/stack/data/venv/lib/python3.12/site-packages/oslo_concurrency/processutils.py:440}}
Jun 04 06:26:40 devstack sudo[88406]: quobyte : PWD=/ ; USER=root ; COMMAND=/opt/stack/data/venv/bin/cinder-rootwrap /etc/cinder/rootwrap.conf rm -f /opt/stack/data/cinder/mnt/b2cd41c8bd0d73e931cc99f4f7cb4198/volume-8beeddde-35e4-40cd-b1df-60d73145f997
Jun 04 06:26:40 devstack sudo[88406]: pam_unix(sudo:session): session opened for user root(uid=0) by (uid=1000)
Jun 04 06:26:41 devstack sudo[88406]: pam_unix(sudo:session): session closed for user root
