Apr 16 14:38:15 devstack cinder-volume[83305]: DEBUG oslo_concurrency.processutils [None req-33ed5ce1-529f-4811-b6b6-6c8e94a39f30 tempest-GroupSnapshotsTest-1671665405 None] Running cmd (subprocess): sudo cinder-rootwrap /etc/cinder/rootwrap.conf truncate -s0 /opt/stack/data/cinder/mnt/2ab0799f3cc0fc29e1619d3615e5310d/volume-8151e912-3c64-4a3a-850d-f9673d1047eb.info {{(pid=83305) execute /opt/stack/data/venv/lib/python3.10/site-packages/oslo_concurrency/processutils.py:440}}
Apr 16 14:38:15 devstack sudo[85821]: quobyte : PWD=/ ; USER=root ; COMMAND=/opt/stack/data/venv/bin/cinder-rootwrap /etc/cinder/rootwrap.conf truncate -s0 /opt/stack/data/cinder/mnt/2ab0799f3cc0fc29e1619d3615e5310d/volume-8151e912-3c64-4a3a-850d-f9673d1047eb.info
Apr 16 14:38:15 devstack sudo[85821]: pam_unix(sudo:session): session opened for user root(uid=0) by (uid=1000)
Apr 16 14:38:15 devstack sudo[85821]: pam_unix(sudo:session): session closed for user root
Apr 16 14:38:15 devstack cinder-volume[83305]: DEBUG oslo_concurrency.processutils [None req-33ed5ce1-529f-4811-b6b6-6c8e94a39f30 tempest-GroupSnapshotsTest-1671665405 None] CMD "sudo cinder-rootwrap /etc/cinder/rootwrap.conf truncate -s0 /opt/stack/data/cinder/mnt/2ab0799f3cc0fc29e1619d3615e5310d/volume-8151e912-3c64-4a3a-850d-f9673d1047eb.info" returned: 0 in 0.620s {{(pid=83305) execute /opt/stack/data/venv/lib/python3.10/site-packages/oslo_concurrency/processutils.py:468}}
Apr 16 14:38:15 devstack cinder-volume[83305]: WARNING cinder.volume.drivers.remotefs [None req-33ed5ce1-529f-4811-b6b6-6c8e94a39f30 tempest-GroupSnapshotsTest-1671665405 None] /opt/stack/data/cinder/mnt/2ab0799f3cc0fc29e1619d3615e5310d/volume-8151e912-3c64-4a3a-850d-f9673d1047eb.info is being set with open permissions: ugo+rw: NotImplementedError
Apr 16 14:38:15 devstack cinder-volume[83305]: DEBUG oslo_concurrency.processutils [None req-33ed5ce1-529f-4811-b6b6-6c8e94a39f30 tempest-GroupSnapshotsTest-1671665405 None] Running cmd (subprocess): sudo cinder-rootwrap /etc/cinder/rootwrap.conf chmod ugo+rw /opt/stack/data/cinder/mnt/2ab0799f3cc0fc29e1619d3615e5310d/volume-8151e912-3c64-4a3a-850d-f9673d1047eb.info {{(pid=83305) execute /opt/stack/data/venv/lib/python3.10/site-packages/oslo_concurrency/processutils.py:440}}
Apr 16 14:38:15 devstack sudo[85824]: quobyte : PWD=/ ; USER=root ; COMMAND=/opt/stack/data/venv/bin/cinder-rootwrap /etc/cinder/rootwrap.conf chmod ugo+rw /opt/stack/data/cinder/mnt/2ab0799f3cc0fc29e1619d3615e5310d/volume-8151e912-3c64-4a3a-850d-f9673d1047eb.info
Apr 16 14:38:15 devstack sudo[85824]: pam_unix(sudo:session): session opened for user root(uid=0) by (uid=1000)
Apr 16 14:38:16 devstack sudo[85824]: pam_unix(sudo:session): session closed for user root
Apr 16 14:38:16 devstack cinder-volume[83305]: DEBUG oslo_concurrency.processutils [None req-33ed5ce1-529f-4811-b6b6-6c8e94a39f30 tempest-GroupSnapshotsTest-1671665405 None] CMD "sudo cinder-rootwrap /etc/cinder/rootwrap.conf chmod ugo+rw /opt/stack/data/cinder/mnt/2ab0799f3cc0fc29e1619d3615e5310d/volume-8151e912-3c64-4a3a-850d-f9673d1047eb.info" returned: 0 in 0.504s {{(pid=83305) execute /opt/stack/data/venv/lib/python3.10/site-packages/oslo_concurrency/processutils.py:468}}
Apr 16 14:38:16 devstack cinder-volume[83305]: DEBUG oslo_concurrency.lockutils [None req-33ed5ce1-529f-4811-b6b6-6c8e94a39f30 tempest-GroupSnapshotsTest-1671665405 None] Lock "quobyte" "released" by "cinder.volume.drivers.quobyte.QuobyteDriver.create_snapshot" :: held 3.366s {{(pid=83305) inner /opt/stack/data/venv/lib/python3.10/site-packages/oslo_concurrency/lockutils.py:538}}
Apr 16 14:38:16 devstack cinder-volume[83305]: DEBUG oslo_concurrency.lockutils [None req-33ed5ce1-529f-4811-b6b6-6c8e94a39f30 tempest-GroupSnapshotsTest-1671665405 None] Acquiring lock "quobyte" by "cinder.volume.drivers.quobyte.QuobyteDriver.create_snapshot" {{(pid=83305) inner /opt/stack/data/venv/lib/python3.10/site-packages/oslo_concurrency/lockutils.py:506}}
Apr 16 14:38:16 devstack cinder-volume[83305]: DEBUG oslo_concurrency.lockutils [None req-33ed5ce1-529f-4811-b6b6-6c8e94a39f30 tempest-GroupSnapshotsTest-1671665405 None] Lock "quobyte" acquired by "cinder.volume.drivers.quobyte.QuobyteDriver.create_snapshot" :: waited 0.000s {{(pid=83305) inner /opt/stack/data/venv/lib/python3.10/site-packages/oslo_concurrency/lockutils.py:519}}
Apr 16 14:38:16 devstack cinder-volume[83305]: DEBUG cinder.volume.drivers.remotefs [None req-33ed5ce1-529f-4811-b6b6-6c8e94a39f30 tempest-GroupSnapshotsTest-1671665405 None] Creating offline snapshot cb918fba-bdd5-4627-a67c-c8fbaf5e833e of volume c3454226-4c9f-442e-b5a1-f3e763162e72 {{(pid=83305) _create_snapshot /opt/stack/cinder/cinder/volume/drivers/remotefs.py:1816}}
Apr 16 14:38:16 devstack cinder-volume[83305]: DEBUG oslo.privsep.daemon [-] privsep: reply[935f7d5c-54a4-4fc5-ad58-11dd1b415f1d]: (4, 'qcow2') {{(pid=84284) _call_back /opt/stack/data/venv/lib/python3.10/site-packages/oslo_privsep/daemon.py:573}}
Apr 16 14:38:16 devstack cinder-volume[83305]: DEBUG oslo_concurrency.processutils [None req-33ed5ce1-529f-4811-b6b6-6c8e94a39f30 tempest-GroupSnapshotsTest-1671665405 None] Running cmd (subprocess): /opt/stack/data/venv/bin/python3.10 -m oslo_concurrency.prlimit --as=1073741824 --cpu=60 -- sudo cinder-rootwrap /etc/cinder/rootwrap.conf env LC_ALL=C qemu-img info -f qcow2 --output=json --force-share /opt/stack/data/cinder/mnt/2ab0799f3cc0fc29e1619d3615e5310d/volume-c3454226-4c9f-442e-b5a1-f3e763162e72 {{(pid=83305) execute /opt/stack/data/venv/lib/python3.10/site-packages/oslo_concurrency/processutils.py:440}}
Apr 16 14:38:16 devstack sudo[85829]: quobyte : PWD=/ ; USER=root ; COMMAND=/opt/stack/data/venv/bin/cinder-rootwrap /etc/cinder/rootwrap.conf env LC_ALL=C qemu-img info -f qcow2 --output=json --force-share /opt/stack/data/cinder/mnt/2ab0799f3cc0fc29e1619d3615e5310d/volume-c3454226-4c9f-442e-b5a1-f3e763162e72
Apr 16 14:38:16 devstack sudo[85829]: pam_unix(sudo:session): session opened for user root(uid=0) by (uid=1000)
Apr 16 14:38:16 devstack sudo[85829]: pam_unix(sudo:session): session closed for user root
Apr 16 14:38:16 devstack cinder-volume[83305]: DEBUG oslo_concurrency.processutils [None req-33ed5ce1-529f-4811-b6b6-6c8e94a39f30 tempest-GroupSnapshotsTest-1671665405 None] CMD "/opt/stack/data/venv/bin/python3.10 -m oslo_concurrency.prlimit --as=1073741824 --cpu=60 -- sudo cinder-rootwrap /etc/cinder/rootwrap.conf env LC_ALL=C qemu-img info -f qcow2 --output=json --force-share /opt/stack/data/cinder/mnt/2ab0799f3cc0fc29e1619d3615e5310d/volume-c3454226-4c9f-442e-b5a1-f3e763162e72" returned: 0 in 0.544s {{(pid=83305) execute /opt/stack/data/venv/lib/python3.10/site-packages/oslo_concurrency/processutils.py:468}}
Apr 16 14:38:16 devstack cinder-volume[83305]: DEBUG oslo_concurrency.processutils [None req-33ed5ce1-529f-4811-b6b6-6c8e94a39f30 tempest-GroupSnapshotsTest-1671665405 None] Running cmd (subprocess): sudo cinder-rootwrap /etc/cinder/rootwrap.conf qemu-img create -f qcow2 -o backing_file=/opt/stack/data/cinder/mnt/2ab0799f3cc0fc29e1619d3615e5310d/volume-c3454226-4c9f-442e-b5a1-f3e763162e72,backing_fmt=qcow2 /opt/stack/data/cinder/mnt/2ab0799f3cc0fc29e1619d3615e5310d/volume-c3454226-4c9f-442e-b5a1-f3e763162e72.cb918fba-bdd5-4627-a67c-c8fbaf5e833e 1G {{(pid=83305) execute /opt/stack/data/venv/lib/python3.10/site-packages/oslo_concurrency/processutils.py:440}}
Apr 16 14:38:16 devstack sudo[85843]: quobyte : PWD=/ ; USER=root ; COMMAND=/opt/stack/data/venv/bin/cinder-rootwrap /etc/cinder/rootwrap.conf qemu-img create -f qcow2 -o backing_file=/opt/stack/data/cinder/mnt/2ab0799f3cc0fc29e1619d3615e5310d/volume-c3454226-4c9f-442e-b5a1-f3e763162e72,backing_fmt=qcow2 /opt/stack/data/cinder/mnt/2ab0799f3cc0fc29e1619d3615e5310d/volume-c3454226-4c9f-442e-b5a1-f3e763162e72.cb918fba-bdd5-4627-a67c-c8fbaf5e833e 1G
Apr 16 14:38:16 devstack sudo[85843]: pam_unix(sudo:session): session opened for user root(uid=0) by (uid=1000)
Apr 16 14:38:17 devstack sudo[85843]: pam_unix(sudo:session): session closed for user root
Apr 16 14:38:17 devstack cinder-volume[83305]: DEBUG oslo_concurrency.processutils [None req-33ed5ce1-529f-4811-b6b6-6c8e94a39f30 tempest-GroupSnapshotsTest-1671665405 None] CMD "sudo cinder-rootwrap /etc/cinder/rootwrap.conf qemu-img create -f qcow2 -o backing_file=/opt/stack/data/cinder/mnt/2ab0799f3cc0fc29e1619d3615e5310d/volume-c3454226-4c9f-442e-b5a1-f3e763162e72,backing_fmt=qcow2 /opt/stack/data/cinder/mnt/2ab0799f3cc0fc29e1619d3615e5310d/volume-c3454226-4c9f-442e-b5a1-f3e763162e72.cb918fba-bdd5-4627-a67c-c8fbaf5e833e 1G" returned: 0 in 0.749s {{(pid=83305) execute /opt/stack/data/venv/lib/python3.10/site-packages/oslo_concurrency/processutils.py:468}}
Apr 16 14:38:17 devstack cinder-volume[83305]: DEBUG oslo_concurrency.processutils [None req-33ed5ce1-529f-4811-b6b6-6c8e94a39f30 tempest-GroupSnapshotsTest-1671665405 None] Running cmd (subprocess): sudo cinder-rootwrap /etc/cinder/rootwrap.conf qemu-img rebase -u -b volume-c3454226-4c9f-442e-b5a1-f3e763162e72 -F qcow2 /opt/stack/data/cinder/mnt/2ab0799f3cc0fc29e1619d3615e5310d/volume-c3454226-4c9f-442e-b5a1-f3e763162e72.cb918fba-bdd5-4627-a67c-c8fbaf5e833e {{(pid=83305) execute /opt/stack/data/venv/lib/python3.10/site-packages/oslo_concurrency/processutils.py:440}}
Apr 16 14:38:17 devstack sudo[85854]: quobyte : PWD=/ ; USER=root ; COMMAND=/opt/stack/data/venv/bin/cinder-rootwrap /etc/cinder/rootwrap.conf qemu-img rebase -u -b volume-c3454226-4c9f-442e-b5a1-f3e763162e72 -F qcow2 /opt/stack/data/cinder/mnt/2ab0799f3cc0fc29e1619d3615e5310d/volume-c3454226-4c9f-442e-b5a1-f3e763162e72.cb918fba-bdd5-4627-a67c-c8fbaf5e833e
Apr 16 14:38:17 devstack sudo[85854]: pam_unix(sudo:session): session opened for user root(uid=0) by (uid=1000)
Apr 16 14:38:18 devstack sudo[85854]: pam_unix(sudo:session): session closed for user root
Apr 16 14:38:18 devstack cinder-volume[83305]: DEBUG oslo_concurrency.processutils [None req-33ed5ce1-529f-4811-b6b6-6c8e94a39f30 tempest-GroupSnapshotsTest-1671665405 None] CMD "sudo cinder-rootwrap /etc/cinder/rootwrap.conf qemu-img rebase -u -b volume-c3454226-4c9f-442e-b5a1-f3e763162e72 -F qcow2 /opt/stack/data/cinder/mnt/2ab0799f3cc0fc29e1619d3615e5310d/volume-c3454226-4c9f-442e-b5a1-f3e763162e72.cb918fba-bdd5-4627-a67c-c8fbaf5e833e" returned: 0 in 0.863s {{(pid=83305) execute /opt/stack/data/venv/lib/python3.10/site-packages/oslo_concurrency/processutils.py:468}}
Apr 16 14:38:18 devstack cinder-volume[83305]: WARNING cinder.volume.drivers.remotefs [None req-33ed5ce1-529f-4811-b6b6-6c8e94a39f30 tempest-GroupSnapshotsTest-1671665405 None] /opt/stack/data/cinder/mnt/2ab0799f3cc0fc29e1619d3615e5310d/volume-c3454226-4c9f-442e-b5a1-f3e763162e72.cb918fba-bdd5-4627-a67c-c8fbaf5e833e is being set with open permissions: ugo+rw: NotImplementedError
Apr 16 14:38:18 devstack cinder-volume[83305]: DEBUG oslo_concurrency.processutils [None req-33ed5ce1-529f-4811-b6b6-6c8e94a39f30 tempest-GroupSnapshotsTest-1671665405 None] Running cmd (subprocess): sudo cinder-rootwrap /etc/cinder/rootwrap.conf chmod ugo+rw /opt/stack/data/cinder/mnt/2ab0799f3cc0fc29e1619d3615e5310d/volume-c3454226-4c9f-442e-b5a1-f3e763162e72.cb918fba-bdd5-4627-a67c-c8fbaf5e833e {{(pid=83305) execute /opt/stack/data/venv/lib/python3.10/site-packages/oslo_concurrency/processutils.py:440}}
Apr 16 14:38:18 devstack sudo[85861]: quobyte : PWD=/ ; USER=root ; COMMAND=/opt/stack/data/venv/bin/cinder-rootwrap /etc/cinder/rootwrap.conf chmod ugo+rw /opt/stack/data/cinder/mnt/2ab0799f3cc0fc29e1619d3615e5310d/volume-c3454226-4c9f-442e-b5a1-f3e763162e72.cb918fba-bdd5-4627-a67c-c8fbaf5e833e
Apr 16 14:38:18 devstack sudo[85861]: pam_unix(sudo:session): session opened for user root(uid=0) by (uid=1000)
Apr 16 14:38:18 devstack cinder-volume[83305]: DEBUG cinder.volume.flows.manager.create_volume [req-c7e124fc-5a01-4123-ab4e-e2e66f35dd8d req-f063e673-225d-4245-8e30-a871b7e5eb96 tempest-ServerBootFromVolumeStableRescueTest-111702014 None] Volume reschedule parameters: True retry: {'num_attempts': 1, 'backends': ['devstack@QuobyteHD#QuobyteHD'], 'hosts': ['devstack@QuobyteHD#QuobyteHD']} {{(pid=83305) get_flow /opt/stack/cinder/cinder/volume/flows/manager/create_volume.py:1395}}
Apr 16 14:38:18 devstack cinder-volume[83305]: DEBUG cinder.volume.manager [req-c7e124fc-5a01-4123-ab4e-e2e66f35dd8d req-f063e673-225d-4245-8e30-a871b7e5eb96 tempest-ServerBootFromVolumeStableRescueTest-111702014 None] Flow 'volume_create_manager' (671b7dfe-7cf9-4183-9db5-61de4ae26c0a) transitioned into state 'RUNNING' from state 'PENDING' {{(pid=83305) _flow_receiver /opt/stack/data/venv/lib/python3.10/site-packages/taskflow/listeners/logging.py:145}}
Apr 16 14:38:18 devstack cinder-volume[83305]: DEBUG cinder.volume.manager [req-c7e124fc-5a01-4123-ab4e-e2e66f35dd8d req-f063e673-225d-4245-8e30-a871b7e5eb96 tempest-ServerBootFromVolumeStableRescueTest-111702014 None] Task 'cinder.volume.flows.manager.create_volume.ExtractVolumeRefTask;volume:create' (f2b9c5ee-9b48-4e41-94ca-b03aa972685f) transitioned into state 'RUNNING' from state 'PENDING' {{(pid=83305) _task_receiver /opt/stack/data/venv/lib/python3.10/site-packages/taskflow/listeners/logging.py:194}}
Apr 16 14:38:18 devstack cinder-volume[83305]: DEBUG cinder.volume.manager [req-c7e124fc-5a01-4123-ab4e-e2e66f35dd8d req-f063e673-225d-4245-8e30-a871b7e5eb96 tempest-ServerBootFromVolumeStableRescueTest-111702014 None] Task 'cinder.volume.flows.manager.create_volume.ExtractVolumeRefTask;volume:create' (f2b9c5ee-9b48-4e41-94ca-b03aa972685f) transitioned into state 'SUCCESS' from state 'RUNNING' with result 'Volume(_name_id=None,admin_metadata=,attach_status='detached',availability_zone='nova',bootable=False,cluster=,cluster_name=None,consistencygroup=,consistencygroup_id=None,created_at=2026-04-16T12:38:18Z,deleted=False,deleted_at=None,display_description='',display_name='c8d53fe7-3d25-4841-b68f-9451a8c0ef89-blank-vol',ec2_id=None,encryption_key_id=None,glance_metadata=,group=,group_id=None,host='devstack@QuobyteHD#QuobyteHD',id=ede69f1e-bd94-4169-aaaf-9171eed7b7b6,launched_at=None,metadata={},migration_status=None,multiattach=False,previous_status=None,project_id='def6841df851422abd7ee5a47844a10c',provider_auth=None,provider_geometry=None,provider_id=None,provider_location=None,replication_driver_data=None,replication_extended_status=None,replication_status=None,scheduled_at=2026-04-16T12:38:19Z,service_uuid=None,shared_targets=True,size=1,snapshot_id=None,snapshots=,source_volid=None,status='creating',terminated_at=None,updated_at=2026-04-16T12:38:19Z,use_quota=True,user_id='a96d542c1f44490dbc8aec0d3c19122a',volume_attachment=VolumeAttachmentList,volume_type=VolumeType(1cbd035c-a181-445d-9c18-423ae2a11f5b),volume_type_id=1cbd035c-a181-445d-9c18-423ae2a11f5b)' {{(pid=83305) _task_receiver /opt/stack/data/venv/lib/python3.10/site-packages/taskflow/listeners/logging.py:182}}
Apr 16 14:38:18 devstack cinder-volume[83305]: DEBUG cinder.volume.manager [req-c7e124fc-5a01-4123-ab4e-e2e66f35dd8d req-f063e673-225d-4245-8e30-a871b7e5eb96 tempest-ServerBootFromVolumeStableRescueTest-111702014 None] Task 'cinder.volume.flows.manager.create_volume.OnFailureRescheduleTask;volume:create' (63b1d033-2f13-414d-84ff-b1ac3f21a4a0) transitioned into state 'RUNNING' from state 'PENDING' {{(pid=83305) _task_receiver /opt/stack/data/venv/lib/python3.10/site-packages/taskflow/listeners/logging.py:194}}
Apr 16 14:38:18 devstack cinder-volume[83305]: DEBUG cinder.volume.manager [req-c7e124fc-5a01-4123-ab4e-e2e66f35dd8d req-f063e673-225d-4245-8e30-a871b7e5eb96 tempest-ServerBootFromVolumeStableRescueTest-111702014 None] Task 'cinder.volume.flows.manager.create_volume.OnFailureRescheduleTask;volume:create' (63b1d033-2f13-414d-84ff-b1ac3f21a4a0) transitioned into state 'SUCCESS' from state 'RUNNING' with result 'None' {{(pid=83305) _task_receiver /opt/stack/data/venv/lib/python3.10/site-packages/taskflow/listeners/logging.py:182}}
Apr 16 14:38:18 devstack cinder-volume[83305]: DEBUG cinder.volume.manager [req-c7e124fc-5a01-4123-ab4e-e2e66f35dd8d req-f063e673-225d-4245-8e30-a871b7e5eb96 tempest-ServerBootFromVolumeStableRescueTest-111702014 None] Task 'cinder.volume.flows.manager.create_volume.ExtractVolumeSpecTask;volume:create' (d94d096f-3173-49cf-872b-c916473bb4b2) transitioned into state 'RUNNING' from state 'PENDING' {{(pid=83305) _task_receiver /opt/stack/data/venv/lib/python3.10/site-packages/taskflow/listeners/logging.py:194}}
Apr 16 14:38:18 devstack cinder-volume[83305]: DEBUG cinder.volume.manager [req-c7e124fc-5a01-4123-ab4e-e2e66f35dd8d req-f063e673-225d-4245-8e30-a871b7e5eb96 tempest-ServerBootFromVolumeStableRescueTest-111702014 None] Task 'cinder.volume.flows.manager.create_volume.ExtractVolumeSpecTask;volume:create' (d94d096f-3173-49cf-872b-c916473bb4b2) transitioned into state 'SUCCESS' from state 'RUNNING' with result '{'status': 'creating', 'type': 'raw', 'volume_id': 'ede69f1e-bd94-4169-aaaf-9171eed7b7b6', 'volume_name': 'volume-ede69f1e-bd94-4169-aaaf-9171eed7b7b6', 'volume_size': 1}' {{(pid=83305) _task_receiver /opt/stack/data/venv/lib/python3.10/site-packages/taskflow/listeners/logging.py:182}}
Apr 16 14:38:18 devstack cinder-volume[83305]: DEBUG cinder.volume.manager [req-c7e124fc-5a01-4123-ab4e-e2e66f35dd8d req-f063e673-225d-4245-8e30-a871b7e5eb96 tempest-ServerBootFromVolumeStableRescueTest-111702014 None] Task 'cinder.volume.flows.manager.create_volume.NotifyVolumeActionTask;volume:create, create.start' (6ad6d0a4-fc4c-4a10-bebc-f253cd69daf6) transitioned into state 'RUNNING' from state 'PENDING' {{(pid=83305) _task_receiver /opt/stack/data/venv/lib/python3.10/site-packages/taskflow/listeners/logging.py:194}}
Apr 16 14:38:18 devstack cinder-volume[83305]: DEBUG cinder.volume.manager [req-c7e124fc-5a01-4123-ab4e-e2e66f35dd8d req-f063e673-225d-4245-8e30-a871b7e5eb96 tempest-ServerBootFromVolumeStableRescueTest-111702014 None] Task 'cinder.volume.flows.manager.create_volume.NotifyVolumeActionTask;volume:create, create.start' (6ad6d0a4-fc4c-4a10-bebc-f253cd69daf6) transitioned into state 'SUCCESS' from state 'RUNNING' with result 'None' {{(pid=83305) _task_receiver /opt/stack/data/venv/lib/python3.10/site-packages/taskflow/listeners/logging.py:182}}
Apr 16 14:38:18 devstack cinder-volume[83305]: DEBUG cinder.volume.manager [req-c7e124fc-5a01-4123-ab4e-e2e66f35dd8d req-f063e673-225d-4245-8e30-a871b7e5eb96 tempest-ServerBootFromVolumeStableRescueTest-111702014 None] Task 'cinder.volume.flows.manager.create_volume.CreateVolumeFromSpecTask;volume:create' (00b606cc-d538-4ff9-89bf-8c850f63e2ba) transitioned into state 'RUNNING' from state 'PENDING' {{(pid=83305) _task_receiver /opt/stack/data/venv/lib/python3.10/site-packages/taskflow/listeners/logging.py:194}}
Apr 16 14:38:18 devstack cinder-volume[83305]: INFO cinder.volume.flows.manager.create_volume [req-c7e124fc-5a01-4123-ab4e-e2e66f35dd8d req-f063e673-225d-4245-8e30-a871b7e5eb96 tempest-ServerBootFromVolumeStableRescueTest-111702014 None] Volume ede69f1e-bd94-4169-aaaf-9171eed7b7b6: being created as raw with specification: {'status': 'creating', 'volume_name': 'volume-ede69f1e-bd94-4169-aaaf-9171eed7b7b6', 'volume_size': 1}
Apr 16 14:38:18 devstack cinder-volume[83305]: DEBUG oslo_concurrency.lockutils [req-c7e124fc-5a01-4123-ab4e-e2e66f35dd8d req-f063e673-225d-4245-8e30-a871b7e5eb96 tempest-ServerBootFromVolumeStableRescueTest-111702014 None] Acquiring lock "quobyte" by "cinder.volume.drivers.quobyte.QuobyteDriver.create_volume" {{(pid=83305) inner /opt/stack/data/venv/lib/python3.10/site-packages/oslo_concurrency/lockutils.py:506}}
Apr 16 14:38:18 devstack sudo[85861]: pam_unix(sudo:session): session closed for user root
Apr 16 14:38:18 devstack cinder-volume[83305]: DEBUG oslo_concurrency.processutils [None req-33ed5ce1-529f-4811-b6b6-6c8e94a39f30 tempest-GroupSnapshotsTest-1671665405 None] CMD "sudo cinder-rootwrap /etc/cinder/rootwrap.conf chmod ugo+rw /opt/stack/data/cinder/mnt/2ab0799f3cc0fc29e1619d3615e5310d/volume-c3454226-4c9f-442e-b5a1-f3e763162e72.cb918fba-bdd5-4627-a67c-c8fbaf5e833e" returned: 0 in 0.508s {{(pid=83305) execute /opt/stack/data/venv/lib/python3.10/site-packages/oslo_concurrency/processutils.py:468}}
Apr 16 14:38:18 devstack cinder-volume[83305]: DEBUG oslo_concurrency.processutils [None req-33ed5ce1-529f-4811-b6b6-6c8e94a39f30 tempest-GroupSnapshotsTest-1671665405 None] Running cmd (subprocess): sudo cinder-rootwrap /etc/cinder/rootwrap.conf truncate -s0 /opt/stack/data/cinder/mnt/2ab0799f3cc0fc29e1619d3615e5310d/volume-c3454226-4c9f-442e-b5a1-f3e763162e72.info {{(pid=83305) execute /opt/stack/data/venv/lib/python3.10/site-packages/oslo_concurrency/processutils.py:440}}
Apr 16 14:38:19 devstack sudo[85864]: quobyte : PWD=/ ; USER=root ; COMMAND=/opt/stack/data/venv/bin/cinder-rootwrap /etc/cinder/rootwrap.conf truncate -s0 /opt/stack/data/cinder/mnt/2ab0799f3cc0fc29e1619d3615e5310d/volume-c3454226-4c9f-442e-b5a1-f3e763162e72.info
Apr 16 14:38:19 devstack sudo[85864]: pam_unix(sudo:session): session opened for user root(uid=0) by (uid=1000)
Apr 16 14:38:19 devstack sudo[85864]: pam_unix(sudo:session): session closed for user root
Apr 16 14:38:19 devstack cinder-volume[83305]: DEBUG oslo_concurrency.processutils [None req-33ed5ce1-529f-4811-b6b6-6c8e94a39f30 tempest-GroupSnapshotsTest-1671665405 None] CMD "sudo cinder-rootwrap /etc/cinder/rootwrap.conf truncate -s0 /opt/stack/data/cinder/mnt/2ab0799f3cc0fc29e1619d3615e5310d/volume-c3454226-4c9f-442e-b5a1-f3e763162e72.info" returned: 0 in 0.463s {{(pid=83305) execute /opt/stack/data/venv/lib/python3.10/site-packages/oslo_concurrency/processutils.py:468}}
Apr 16 14:38:19 devstack cinder-volume[83305]: WARNING cinder.volume.drivers.remotefs [None req-33ed5ce1-529f-4811-b6b6-6c8e94a39f30 tempest-GroupSnapshotsTest-1671665405 None] /opt/stack/data/cinder/mnt/2ab0799f3cc0fc29e1619d3615e5310d/volume-c3454226-4c9f-442e-b5a1-f3e763162e72.info is being set with open permissions: ugo+rw: NotImplementedError
Apr 16 14:38:19 devstack cinder-volume[83305]: DEBUG oslo_concurrency.processutils [None req-33ed5ce1-529f-4811-b6b6-6c8e94a39f30 tempest-GroupSnapshotsTest-1671665405 None] Running cmd (subprocess): sudo cinder-rootwrap /etc/cinder/rootwrap.conf chmod ugo+rw /opt/stack/data/cinder/mnt/2ab0799f3cc0fc29e1619d3615e5310d/volume-c3454226-4c9f-442e-b5a1-f3e763162e72.info {{(pid=83305) execute /opt/stack/data/venv/lib/python3.10/site-packages/oslo_concurrency/processutils.py:440}}
Apr 16 14:38:19 devstack sudo[85871]: quobyte : PWD=/ ; USER=root ; COMMAND=/opt/stack/data/venv/bin/cinder-rootwrap /etc/cinder/rootwrap.conf chmod ugo+rw /opt/stack/data/cinder/mnt/2ab0799f3cc0fc29e1619d3615e5310d/volume-c3454226-4c9f-442e-b5a1-f3e763162e72.info
Apr 16 14:38:19 devstack sudo[85871]: pam_unix(sudo:session): session opened for user root(uid=0) by (uid=1000)
Apr 16 14:38:19 devstack sudo[85871]: pam_unix(sudo:session): session closed for user root
Apr 16 14:38:19 devstack cinder-volume[83305]: DEBUG oslo_concurrency.processutils [None req-33ed5ce1-529f-4811-b6b6-6c8e94a39f30 tempest-GroupSnapshotsTest-1671665405 None] CMD "sudo cinder-rootwrap /etc/cinder/rootwrap.conf chmod ugo+rw /opt/stack/data/cinder/mnt/2ab0799f3cc0fc29e1619d3615e5310d/volume-c3454226-4c9f-442e-b5a1-f3e763162e72.info" returned: 0 in 0.422s {{(pid=83305) execute /opt/stack/data/venv/lib/python3.10/site-packages/oslo_concurrency/processutils.py:468}}
Apr 16 14:38:19 devstack cinder-volume[83305]: DEBUG oslo_concurrency.lockutils [None req-33ed5ce1-529f-4811-b6b6-6c8e94a39f30 tempest-GroupSnapshotsTest-1671665405 None] Lock "quobyte" "released" by "cinder.volume.drivers.quobyte.QuobyteDriver.create_snapshot" :: held 3.603s {{(pid=83305) inner /opt/stack/data/venv/lib/python3.10/site-packages/oslo_concurrency/lockutils.py:538}}
Apr 16 14:38:19 devstack cinder-volume[83305]: DEBUG oslo_concurrency.lockutils [None req-3a143789-140c-44f7-9937-90e11b93c140 tempest-SnapshotsActionsTest-1469791933 None] Lock "quobyte" acquired by "cinder.volume.drivers.quobyte.QuobyteDriver.create_snapshot" :: waited 6.923s {{(pid=83305) inner /opt/stack/data/venv/lib/python3.10/site-packages/oslo_concurrency/lockutils.py:519}}
Apr 16 14:38:19 devstack cinder-volume[83305]: DEBUG cinder.volume.drivers.remotefs [None req-3a143789-140c-44f7-9937-90e11b93c140 tempest-SnapshotsActionsTest-1469791933 None] Creating offline snapshot 8bd5d76b-ccf8-4bbf-bbb1-9ea910b31ab1 of volume 81a5d06f-f454-4316-a853-204f1a8c73a6 {{(pid=83305) _create_snapshot /opt/stack/cinder/cinder/volume/drivers/remotefs.py:1816}}
Apr 16 14:38:19 devstack cinder-volume[83305]: DEBUG oslo.privsep.daemon [-] privsep: reply[3ae964fe-a05f-4c5a-af7c-3cbbb9dde7fc]: (4, 'qcow2') {{(pid=84284) _call_back /opt/stack/data/venv/lib/python3.10/site-packages/oslo_privsep/daemon.py:573}}
Apr 16 14:38:19 devstack cinder-volume[83305]: DEBUG oslo_concurrency.processutils [None req-3a143789-140c-44f7-9937-90e11b93c140 tempest-SnapshotsActionsTest-1469791933 None] Running cmd (subprocess): /opt/stack/data/venv/bin/python3.10 -m oslo_concurrency.prlimit --as=1073741824 --cpu=60 -- sudo cinder-rootwrap /etc/cinder/rootwrap.conf env LC_ALL=C qemu-img info -f qcow2 --output=json --force-share /opt/stack/data/cinder/mnt/2ab0799f3cc0fc29e1619d3615e5310d/volume-81a5d06f-f454-4316-a853-204f1a8c73a6.8c303f2a-cabf-4de1-8645-0cf549e3884c {{(pid=83305) execute /opt/stack/data/venv/lib/python3.10/site-packages/oslo_concurrency/processutils.py:440}}
Apr 16 14:38:19 devstack sudo[85874]: quobyte : PWD=/ ; USER=root ; COMMAND=/opt/stack/data/venv/bin/cinder-rootwrap /etc/cinder/rootwrap.conf env LC_ALL=C qemu-img info -f qcow2 --output=json --force-share /opt/stack/data/cinder/mnt/2ab0799f3cc0fc29e1619d3615e5310d/volume-81a5d06f-f454-4316-a853-204f1a8c73a6.8c303f2a-cabf-4de1-8645-0cf549e3884c
Apr 16 14:38:19 devstack sudo[85874]: pam_unix(sudo:session): session opened for user root(uid=0) by (uid=1000)
Apr 16 14:38:19 devstack cinder-volume[83305]: INFO cinder.volume.manager [None req-33ed5ce1-529f-4811-b6b6-6c8e94a39f30 tempest-GroupSnapshotsTest-1671665405 None] group_snapshot e22528fb-1f90-4fbf-9de3-4dc0302cfacf: created successfully
Apr 16 14:38:20 devstack cinder-volume[83305]: INFO cinder.volume.manager [None req-96eac022-4145-4201-8fb0-b60461f64c04 tempest-GroupSnapshotsTest-1671665405 None] group_snapshot e22528fb-1f90-4fbf-9de3-4dc0302cfacf: deleting
Apr 16 14:38:20 devstack cinder-volume[83305]: DEBUG cinder.volume.manager [None req-96eac022-4145-4201-8fb0-b60461f64c04 tempest-GroupSnapshotsTest-1671665405 None] group_snapshot e22528fb-1f90-4fbf-9de3-4dc0302cfacf: deleting {{(pid=83305) delete_group_snapshot /opt/stack/cinder/cinder/volume/manager.py:4350}}
Apr 16 14:38:20 devstack cinder-volume[83305]: DEBUG cinder.coordination [None req-96eac022-4145-4201-8fb0-b60461f64c04 tempest-GroupSnapshotsTest-1671665405 None] Acquiring lock "cinder-quobyte-8151e912-3c64-4a3a-850d-f9673d1047eb" by "delete_snapshot" {{(pid=83305) __acquire /opt/stack/cinder/cinder/coordination.py:138}}
Apr 16 14:38:20 devstack cinder-volume[83305]: DEBUG cinder.coordination [None req-96eac022-4145-4201-8fb0-b60461f64c04 tempest-GroupSnapshotsTest-1671665405 None] Lock "cinder-quobyte-8151e912-3c64-4a3a-850d-f9673d1047eb" acquired by "delete_snapshot" :: waited 0.025s {{(pid=83305) __acquire /opt/stack/cinder/cinder/coordination.py:141}}
Apr 16 14:38:20 devstack cinder-volume[83305]: DEBUG cinder.coordination [None req-96eac022-4145-4201-8fb0-b60461f64c04 tempest-GroupSnapshotsTest-1671665405 None] Acquiring lock "cinder-quobyte-281ca1b2-b692-41af-8113-8f4e3666aa0d" by "_delete_snapshot" {{(pid=83305) __acquire /opt/stack/cinder/cinder/coordination.py:138}}
Apr 16 14:38:20 devstack sudo[85874]: pam_unix(sudo:session): session closed for user root
Apr 16 14:38:20 devstack cinder-volume[83305]: DEBUG cinder.coordination [None req-96eac022-4145-4201-8fb0-b60461f64c04 tempest-GroupSnapshotsTest-1671665405 None] Lock "cinder-quobyte-281ca1b2-b692-41af-8113-8f4e3666aa0d" acquired by "_delete_snapshot" :: waited 0.020s {{(pid=83305) __acquire /opt/stack/cinder/cinder/coordination.py:141}}
Apr 16 14:38:20 devstack cinder-volume[83305]: DEBUG cinder.volume.drivers.remotefs [None req-96eac022-4145-4201-8fb0-b60461f64c04 tempest-GroupSnapshotsTest-1671665405 None] Deleting offline snapshot 281ca1b2-b692-41af-8113-8f4e3666aa0d of volume 8151e912-3c64-4a3a-850d-f9673d1047eb {{(pid=83305) _delete_snapshot /opt/stack/cinder/cinder/volume/drivers/remotefs.py:1288}}
Apr 16 14:38:20 devstack cinder-volume[83305]: DEBUG cinder.volume.drivers.remotefs [None req-96eac022-4145-4201-8fb0-b60461f64c04 tempest-GroupSnapshotsTest-1671665405 None] snapshot_file for this snap is: volume-8151e912-3c64-4a3a-850d-f9673d1047eb.281ca1b2-b692-41af-8113-8f4e3666aa0d {{(pid=83305) _delete_snapshot /opt/stack/cinder/cinder/volume/drivers/remotefs.py:1317}}
Apr 16 14:38:20 devstack cinder-volume[83305]: DEBUG oslo_concurrency.processutils [None req-3a143789-140c-44f7-9937-90e11b93c140 tempest-SnapshotsActionsTest-1469791933 None] CMD "/opt/stack/data/venv/bin/python3.10 -m oslo_concurrency.prlimit --as=1073741824 --cpu=60 -- sudo cinder-rootwrap /etc/cinder/rootwrap.conf env LC_ALL=C qemu-img info -f qcow2 --output=json --force-share /opt/stack/data/cinder/mnt/2ab0799f3cc0fc29e1619d3615e5310d/volume-81a5d06f-f454-4316-a853-204f1a8c73a6.8c303f2a-cabf-4de1-8645-0cf549e3884c" returned: 0 in 0.585s {{(pid=83305) execute /opt/stack/data/venv/lib/python3.10/site-packages/oslo_concurrency/processutils.py:468}}
Apr 16 14:38:20 devstack cinder-volume[83305]: DEBUG cinder.volume.drivers.remotefs [None req-3a143789-140c-44f7-9937-90e11b93c140 tempest-SnapshotsActionsTest-1469791933 None] Fetching qemu-img info with special backing_file_template: (/opt/stack/data/cinder/mnt/[0-9a-f]+/)?(volume-81a5d06f-f454-4316-a853-204f1a8c73a6(.(tmp-snap-)?[0-9a-f-]+)?|volume_from_snapshot_cache/(tmp-snap-)?[0-9a-f-]+(.(child-|parent-)[0-9a-f-]+)?)$ {{(pid=83305) _qemu_img_info_base /opt/stack/cinder/cinder/volume/drivers/remotefs.py:896}}
Apr 16 14:38:20 devstack cinder-volume[83305]: DEBUG oslo_concurrency.processutils [None req-3a143789-140c-44f7-9937-90e11b93c140 tempest-SnapshotsActionsTest-1469791933 None] Running cmd (subprocess): sudo cinder-rootwrap /etc/cinder/rootwrap.conf qemu-img create -f qcow2 -o backing_file=/opt/stack/data/cinder/mnt/2ab0799f3cc0fc29e1619d3615e5310d/volume-81a5d06f-f454-4316-a853-204f1a8c73a6.8c303f2a-cabf-4de1-8645-0cf549e3884c,backing_fmt=qcow2 /opt/stack/data/cinder/mnt/2ab0799f3cc0fc29e1619d3615e5310d/volume-81a5d06f-f454-4316-a853-204f1a8c73a6.8bd5d76b-ccf8-4bbf-bbb1-9ea910b31ab1 1G {{(pid=83305) execute /opt/stack/data/venv/lib/python3.10/site-packages/oslo_concurrency/processutils.py:440}}
Apr 16 14:38:20 devstack cinder-volume[83305]: DEBUG oslo.privsep.daemon [-] privsep: reply[6a64d209-ce62-4a36-903a-bccf63703b9b]: (4, 'qcow2') {{(pid=84284) _call_back /opt/stack/data/venv/lib/python3.10/site-packages/oslo_privsep/daemon.py:573}}
Apr 16 14:38:20 devstack cinder-volume[83305]: DEBUG oslo_concurrency.processutils [None req-96eac022-4145-4201-8fb0-b60461f64c04 tempest-GroupSnapshotsTest-1671665405 None] Running cmd (subprocess): /opt/stack/data/venv/bin/python3.10 -m oslo_concurrency.prlimit --as=1073741824 --cpu=60 -- sudo cinder-rootwrap /etc/cinder/rootwrap.conf env LC_ALL=C qemu-img info -f qcow2 --output=json --force-share /opt/stack/data/cinder/mnt/2ab0799f3cc0fc29e1619d3615e5310d/volume-8151e912-3c64-4a3a-850d-f9673d1047eb.281ca1b2-b692-41af-8113-8f4e3666aa0d {{(pid=83305) execute /opt/stack/data/venv/lib/python3.10/site-packages/oslo_concurrency/processutils.py:440}}
Apr 16 14:38:20 devstack sudo[85879]: quobyte : PWD=/ ; USER=root ; COMMAND=/opt/stack/data/venv/bin/cinder-rootwrap /etc/cinder/rootwrap.conf qemu-img create -f qcow2 -o backing_file=/opt/stack/data/cinder/mnt/2ab0799f3cc0fc29e1619d3615e5310d/volume-81a5d06f-f454-4316-a853-204f1a8c73a6.8c303f2a-cabf-4de1-8645-0cf549e3884c,backing_fmt=qcow2 /opt/stack/data/cinder/mnt/2ab0799f3cc0fc29e1619d3615e5310d/volume-81a5d06f-f454-4316-a853-204f1a8c73a6.8bd5d76b-ccf8-4bbf-bbb1-9ea910b31ab1 1G
Apr 16 14:38:20 devstack sudo[85879]: pam_unix(sudo:session): session opened for user root(uid=0) by (uid=1000)
Apr 16 14:38:20 devstack sudo[85880]: quobyte : PWD=/ ; USER=root ; COMMAND=/opt/stack/data/venv/bin/cinder-rootwrap /etc/cinder/rootwrap.conf env LC_ALL=C qemu-img info -f qcow2 --output=json --force-share /opt/stack/data/cinder/mnt/2ab0799f3cc0fc29e1619d3615e5310d/volume-8151e912-3c64-4a3a-850d-f9673d1047eb.281ca1b2-b692-41af-8113-8f4e3666aa0d
Apr 16 14:38:20 devstack sudo[85880]: pam_unix(sudo:session): session opened for user root(uid=0) by (uid=1000)
Apr 16 14:38:21 devstack sudo[85880]: pam_unix(sudo:session): session closed for user root
Apr 16 14:38:21 devstack cinder-volume[83305]: DEBUG oslo_concurrency.processutils [None req-96eac022-4145-4201-8fb0-b60461f64c04 tempest-GroupSnapshotsTest-1671665405 None] CMD "/opt/stack/data/venv/bin/python3.10 -m oslo_concurrency.prlimit --as=1073741824 --cpu=60 -- sudo cinder-rootwrap /etc/cinder/rootwrap.conf env LC_ALL=C qemu-img info -f qcow2 --output=json --force-share /opt/stack/data/cinder/mnt/2ab0799f3cc0fc29e1619d3615e5310d/volume-8151e912-3c64-4a3a-850d-f9673d1047eb.281ca1b2-b692-41af-8113-8f4e3666aa0d" returned: 0 in 0.716s {{(pid=83305) execute /opt/stack/data/venv/lib/python3.10/site-packages/oslo_concurrency/processutils.py:468}}
Apr 16 14:38:21 devstack cinder-volume[83305]: DEBUG cinder.volume.drivers.remotefs [None req-96eac022-4145-4201-8fb0-b60461f64c04 tempest-GroupSnapshotsTest-1671665405 None] Fetching qemu-img info with special backing_file_template: (/opt/stack/data/cinder/mnt/[0-9a-f]+/)?(volume-8151e912-3c64-4a3a-850d-f9673d1047eb(.(tmp-snap-)?[0-9a-f-]+)?|volume_from_snapshot_cache/(tmp-snap-)?[0-9a-f-]+(.(child-|parent-)[0-9a-f-]+)?)$ {{(pid=83305) _qemu_img_info_base /opt/stack/cinder/cinder/volume/drivers/remotefs.py:896}}
Apr 16 14:38:21 devstack cinder-volume[83305]: DEBUG oslo.privsep.daemon [-] privsep: reply[8d35f623-bee7-42a8-adc9-3edeac9cd1ec]: (4, 'qcow2') {{(pid=84284) _call_back /opt/stack/data/venv/lib/python3.10/site-packages/oslo_privsep/daemon.py:573}}
Apr 16 14:38:21 devstack cinder-volume[83305]: DEBUG oslo_concurrency.processutils [None req-96eac022-4145-4201-8fb0-b60461f64c04 tempest-GroupSnapshotsTest-1671665405 None] Running cmd (subprocess): /opt/stack/data/venv/bin/python3.10 -m oslo_concurrency.prlimit --as=1073741824 --cpu=60 -- sudo cinder-rootwrap /etc/cinder/rootwrap.conf env LC_ALL=C qemu-img info -f qcow2 --output=json --force-share /opt/stack/data/cinder/mnt/2ab0799f3cc0fc29e1619d3615e5310d/volume-8151e912-3c64-4a3a-850d-f9673d1047eb {{(pid=83305) execute /opt/stack/data/venv/lib/python3.10/site-packages/oslo_concurrency/processutils.py:440}}
Apr 16 14:38:21 devstack sudo[85879]: pam_unix(sudo:session): session closed for user root
Apr 16 14:38:21 devstack cinder-volume[83305]: DEBUG oslo_concurrency.processutils [None req-3a143789-140c-44f7-9937-90e11b93c140 tempest-SnapshotsActionsTest-1469791933 None] CMD "sudo cinder-rootwrap /etc/cinder/rootwrap.conf qemu-img create -f qcow2 -o backing_file=/opt/stack/data/cinder/mnt/2ab0799f3cc0fc29e1619d3615e5310d/volume-81a5d06f-f454-4316-a853-204f1a8c73a6.8c303f2a-cabf-4de1-8645-0cf549e3884c,backing_fmt=qcow2 /opt/stack/data/cinder/mnt/2ab0799f3cc0fc29e1619d3615e5310d/volume-81a5d06f-f454-4316-a853-204f1a8c73a6.8bd5d76b-ccf8-4bbf-bbb1-9ea910b31ab1 1G" returned: 0 in 0.810s {{(pid=83305) execute /opt/stack/data/venv/lib/python3.10/site-packages/oslo_concurrency/processutils.py:468}}
Apr 16 14:38:21 devstack cinder-volume[83305]: DEBUG oslo_concurrency.processutils [None req-3a143789-140c-44f7-9937-90e11b93c140 tempest-SnapshotsActionsTest-1469791933 None] Running cmd (subprocess): sudo cinder-rootwrap /etc/cinder/rootwrap.conf qemu-img rebase -u -b volume-81a5d06f-f454-4316-a853-204f1a8c73a6.8c303f2a-cabf-4de1-8645-0cf549e3884c -F qcow2 /opt/stack/data/cinder/mnt/2ab0799f3cc0fc29e1619d3615e5310d/volume-81a5d06f-f454-4316-a853-204f1a8c73a6.8bd5d76b-ccf8-4bbf-bbb1-9ea910b31ab1 {{(pid=83305) execute /opt/stack/data/venv/lib/python3.10/site-packages/oslo_concurrency/processutils.py:440}}
Apr 16 14:38:21 devstack sudo[85915]: quobyte : PWD=/ ; USER=root ; COMMAND=/opt/stack/data/venv/bin/cinder-rootwrap /etc/cinder/rootwrap.conf env LC_ALL=C qemu-img info -f qcow2 --output=json --force-share /opt/stack/data/cinder/mnt/2ab0799f3cc0fc29e1619d3615e5310d/volume-8151e912-3c64-4a3a-850d-f9673d1047eb
Apr 16 14:38:21 devstack sudo[85915]: pam_unix(sudo:session): session opened for user root(uid=0) by (uid=1000)
Apr 16 14:38:21 devstack sudo[85916]: quobyte : PWD=/ ; USER=root ; COMMAND=/opt/stack/data/venv/bin/cinder-rootwrap /etc/cinder/rootwrap.conf qemu-img rebase -u -b volume-81a5d06f-f454-4316-a853-204f1a8c73a6.8c303f2a-cabf-4de1-8645-0cf549e3884c -F qcow2 /opt/stack/data/cinder/mnt/2ab0799f3cc0fc29e1619d3615e5310d/volume-81a5d06f-f454-4316-a853-204f1a8c73a6.8bd5d76b-ccf8-4bbf-bbb1-9ea910b31ab1
Apr 16 14:38:21 devstack sudo[85916]: pam_unix(sudo:session): session opened for user root(uid=0) by (uid=1000)
Apr 16 14:38:22 devstack sudo[85915]: pam_unix(sudo:session): session closed for user root
Apr 16 14:38:22 devstack cinder-volume[83305]: DEBUG oslo_concurrency.processutils [None req-96eac022-4145-4201-8fb0-b60461f64c04 tempest-GroupSnapshotsTest-1671665405 None] CMD "/opt/stack/data/venv/bin/python3.10 -m oslo_concurrency.prlimit --as=1073741824 --cpu=60 -- sudo cinder-rootwrap /etc/cinder/rootwrap.conf env LC_ALL=C qemu-img info -f qcow2 --output=json --force-share /opt/stack/data/cinder/mnt/2ab0799f3cc0fc29e1619d3615e5310d/volume-8151e912-3c64-4a3a-850d-f9673d1047eb" returned: 0 in 1.034s {{(pid=83305) execute /opt/stack/data/venv/lib/python3.10/site-packages/oslo_concurrency/processutils.py:468}}
Apr 16 14:38:22 devstack cinder-volume[83305]: DEBUG oslo_concurrency.processutils [None req-96eac022-4145-4201-8fb0-b60461f64c04 tempest-GroupSnapshotsTest-1671665405 None] Running cmd (subprocess): sudo cinder-rootwrap /etc/cinder/rootwrap.conf qemu-img commit -d /opt/stack/data/cinder/mnt/2ab0799f3cc0fc29e1619d3615e5310d/volume-8151e912-3c64-4a3a-850d-f9673d1047eb.281ca1b2-b692-41af-8113-8f4e3666aa0d {{(pid=83305) execute /opt/stack/data/venv/lib/python3.10/site-packages/oslo_concurrency/processutils.py:440}}
Apr 16 14:38:22 devstack sudo[85916]: pam_unix(sudo:session): session closed for user root
Apr 16 14:38:22 devstack cinder-volume[83305]: DEBUG oslo_concurrency.processutils [None req-3a143789-140c-44f7-9937-90e11b93c140 tempest-SnapshotsActionsTest-1469791933 None] CMD "sudo cinder-rootwrap /etc/cinder/rootwrap.conf qemu-img rebase -u -b volume-81a5d06f-f454-4316-a853-204f1a8c73a6.8c303f2a-cabf-4de1-8645-0cf549e3884c -F qcow2 /opt/stack/data/cinder/mnt/2ab0799f3cc0fc29e1619d3615e5310d/volume-81a5d06f-f454-4316-a853-204f1a8c73a6.8bd5d76b-ccf8-4bbf-bbb1-9ea910b31ab1" returned: 0 in 1.074s {{(pid=83305) execute /opt/stack/data/venv/lib/python3.10/site-packages/oslo_concurrency/processutils.py:468}}
Apr 16 14:38:22 devstack cinder-volume[83305]: WARNING cinder.volume.drivers.remotefs [None req-3a143789-140c-44f7-9937-90e11b93c140 tempest-SnapshotsActionsTest-1469791933 None] /opt/stack/data/cinder/mnt/2ab0799f3cc0fc29e1619d3615e5310d/volume-81a5d06f-f454-4316-a853-204f1a8c73a6.8bd5d76b-ccf8-4bbf-bbb1-9ea910b31ab1 is being set with open permissions: ugo+rw
Apr 16 14:38:22 devstack sudo[85963]: quobyte : PWD=/ ; USER=root ; COMMAND=/opt/stack/data/venv/bin/cinder-rootwrap /etc/cinder/rootwrap.conf qemu-img commit -d /opt/stack/data/cinder/mnt/2ab0799f3cc0fc29e1619d3615e5310d/volume-8151e912-3c64-4a3a-850d-f9673d1047eb.281ca1b2-b692-41af-8113-8f4e3666aa0d
Apr 16 14:38:22 devstack cinder-volume[83305]: DEBUG oslo_concurrency.processutils [None req-3a143789-140c-44f7-9937-90e11b93c140 tempest-SnapshotsActionsTest-1469791933 None] Running cmd (subprocess): sudo cinder-rootwrap /etc/cinder/rootwrap.conf chmod ugo+rw /opt/stack/data/cinder/mnt/2ab0799f3cc0fc29e1619d3615e5310d/volume-81a5d06f-f454-4316-a853-204f1a8c73a6.8bd5d76b-ccf8-4bbf-bbb1-9ea910b31ab1 {{(pid=83305) execute /opt/stack/data/venv/lib/python3.10/site-packages/oslo_concurrency/processutils.py:440}}
Apr 16 14:38:22 devstack sudo[85963]: pam_unix(sudo:session): session opened for user root(uid=0) by (uid=1000)
Apr 16 14:38:22 devstack sudo[85965]: quobyte : PWD=/ ; USER=root ; COMMAND=/opt/stack/data/venv/bin/cinder-rootwrap /etc/cinder/rootwrap.conf chmod ugo+rw /opt/stack/data/cinder/mnt/2ab0799f3cc0fc29e1619d3615e5310d/volume-81a5d06f-f454-4316-a853-204f1a8c73a6.8bd5d76b-ccf8-4bbf-bbb1-9ea910b31ab1
Apr 16 14:38:22 devstack sudo[85965]: pam_unix(sudo:session): session opened for user root(uid=0) by (uid=1000)
Apr 16 14:38:23 devstack sudo[85963]: pam_unix(sudo:session): session closed for user root
Apr 16 14:38:23 devstack cinder-volume[83305]: DEBUG oslo_concurrency.processutils [None req-96eac022-4145-4201-8fb0-b60461f64c04 tempest-GroupSnapshotsTest-1671665405 None] CMD "sudo cinder-rootwrap /etc/cinder/rootwrap.conf qemu-img commit -d /opt/stack/data/cinder/mnt/2ab0799f3cc0fc29e1619d3615e5310d/volume-8151e912-3c64-4a3a-850d-f9673d1047eb.281ca1b2-b692-41af-8113-8f4e3666aa0d" returned: 0 in 0.714s {{(pid=83305) execute /opt/stack/data/venv/lib/python3.10/site-packages/oslo_concurrency/processutils.py:468}}
Apr 16 14:38:23 devstack cinder-volume[83305]: DEBUG oslo_concurrency.processutils [None req-96eac022-4145-4201-8fb0-b60461f64c04 tempest-GroupSnapshotsTest-1671665405 None] Running cmd (subprocess): sudo cinder-rootwrap /etc/cinder/rootwrap.conf rm -f /opt/stack/data/cinder/mnt/2ab0799f3cc0fc29e1619d3615e5310d/volume-8151e912-3c64-4a3a-850d-f9673d1047eb.281ca1b2-b692-41af-8113-8f4e3666aa0d {{(pid=83305) execute /opt/stack/data/venv/lib/python3.10/site-packages/oslo_concurrency/processutils.py:440}}
Apr 16 14:38:23 devstack sudo[85965]: pam_unix(sudo:session): session closed for user root
Apr 16 14:38:23 devstack cinder-volume[83305]: DEBUG oslo_concurrency.processutils [None req-3a143789-140c-44f7-9937-90e11b93c140 tempest-SnapshotsActionsTest-1469791933 None] CMD "sudo cinder-rootwrap /etc/cinder/rootwrap.conf chmod ugo+rw /opt/stack/data/cinder/mnt/2ab0799f3cc0fc29e1619d3615e5310d/volume-81a5d06f-f454-4316-a853-204f1a8c73a6.8bd5d76b-ccf8-4bbf-bbb1-9ea910b31ab1" returned: 0 in 0.632s {{(pid=83305) execute /opt/stack/data/venv/lib/python3.10/site-packages/oslo_concurrency/processutils.py:468}}
Apr 16 14:38:23 devstack sudo[85973]: quobyte : PWD=/ ; USER=root ; COMMAND=/opt/stack/data/venv/bin/cinder-rootwrap /etc/cinder/rootwrap.conf rm -f /opt/stack/data/cinder/mnt/2ab0799f3cc0fc29e1619d3615e5310d/volume-8151e912-3c64-4a3a-850d-f9673d1047eb.281ca1b2-b692-41af-8113-8f4e3666aa0d
Apr 16 14:38:23 devstack sudo[85973]: pam_unix(sudo:session): session opened for user root(uid=0) by (uid=1000)
Apr 16 14:38:23 devstack cinder-volume[83305]: DEBUG oslo_concurrency.lockutils [None req-3a143789-140c-44f7-9937-90e11b93c140 tempest-SnapshotsActionsTest-1469791933 None] Lock "quobyte" "released" by "cinder.volume.drivers.quobyte.QuobyteDriver.create_snapshot" :: held 3.182s {{(pid=83305) inner /opt/stack/data/venv/lib/python3.10/site-packages/oslo_concurrency/lockutils.py:538}}
Apr 16 14:38:23 devstack cinder-volume[83305]: DEBUG oslo_concurrency.lockutils [req-c7e124fc-5a01-4123-ab4e-e2e66f35dd8d req-f063e673-225d-4245-8e30-a871b7e5eb96 tempest-ServerBootFromVolumeStableRescueTest-111702014 None] Lock "quobyte" acquired by "cinder.volume.drivers.quobyte.QuobyteDriver.create_volume" :: waited 4.448s {{(pid=83305) inner /opt/stack/data/venv/lib/python3.10/site-packages/oslo_concurrency/lockutils.py:519}}
Apr 16 14:38:23 devstack cinder-volume[83305]: DEBUG cinder.volume.drivers.quobyte [req-c7e124fc-5a01-4123-ab4e-e2e66f35dd8d req-f063e673-225d-4245-8e30-a871b7e5eb96 tempest-ServerBootFromVolumeStableRescueTest-111702014 None] ==> create_volume: call "{'self': , 'volume': Volume(_name_id=None,admin_metadata=,attach_status='detached',availability_zone='nova',bootable=False,cluster=,cluster_name=None,consistencygroup=,consistencygroup_id=None,created_at=2026-04-16T12:38:18Z,deleted=False,deleted_at=None,display_description='',display_name='c8d53fe7-3d25-4841-b68f-9451a8c0ef89-blank-vol',ec2_id=None,encryption_key_id=None,glance_metadata=,group=,group_id=None,host='devstack@QuobyteHD#QuobyteHD',id=ede69f1e-bd94-4169-aaaf-9171eed7b7b6,launched_at=None,metadata={},migration_status=None,multiattach=False,previous_status=None,project_id='def6841df851422abd7ee5a47844a10c',provider_auth=None,provider_geometry=None,provider_id=None,provider_location=None,replication_driver_data=None,replication_extended_status=None,replication_status=None,scheduled_at=2026-04-16T12:38:19Z,service_uuid=None,shared_targets=True,size=1,snapshot_id=None,snapshots=,source_volid=None,status='creating',terminated_at=None,updated_at=2026-04-16T12:38:19Z,use_quota=True,user_id='a96d542c1f44490dbc8aec0d3c19122a',volume_attachment=VolumeAttachmentList,volume_type=VolumeType(1cbd035c-a181-445d-9c18-423ae2a11f5b),volume_type_id=1cbd035c-a181-445d-9c18-423ae2a11f5b)}" {{(pid=83305) trace_logging_wrapper /opt/stack/cinder/cinder/volume/volume_utils.py:1498}}
Apr 16 14:38:23 devstack cinder-volume[83305]: DEBUG cinder.volume.drivers.remotefs [req-c7e124fc-5a01-4123-ab4e-e2e66f35dd8d req-f063e673-225d-4245-8e30-a871b7e5eb96 tempest-ServerBootFromVolumeStableRescueTest-111702014 None] Creating volume ede69f1e-bd94-4169-aaaf-9171eed7b7b6 {{(pid=83305) create_volume /opt/stack/cinder/cinder/volume/drivers/remotefs.py:292}}
Apr 16 14:38:23 devstack cinder-volume[83305]: DEBUG oslo_concurrency.lockutils [req-c7e124fc-5a01-4123-ab4e-e2e66f35dd8d req-f063e673-225d-4245-8e30-a871b7e5eb96 tempest-ServerBootFromVolumeStableRescueTest-111702014 None] Acquiring lock "quobyte_ensure" by "cinder.volume.drivers.quobyte.QuobyteDriver._ensure_shares_mounted" {{(pid=83305) inner /opt/stack/data/venv/lib/python3.10/site-packages/oslo_concurrency/lockutils.py:506}}
Apr 16 14:38:23 devstack cinder-volume[83305]: DEBUG oslo_concurrency.lockutils [req-c7e124fc-5a01-4123-ab4e-e2e66f35dd8d req-f063e673-225d-4245-8e30-a871b7e5eb96 tempest-ServerBootFromVolumeStableRescueTest-111702014 None] Lock "quobyte_ensure" acquired by "cinder.volume.drivers.quobyte.QuobyteDriver._ensure_shares_mounted" :: waited 0.001s {{(pid=83305) inner /opt/stack/data/venv/lib/python3.10/site-packages/oslo_concurrency/lockutils.py:519}}
Apr 16 14:38:23 devstack cinder-volume[83305]: DEBUG cinder.volume.drivers.quobyte [req-c7e124fc-5a01-4123-ab4e-e2e66f35dd8d req-f063e673-225d-4245-8e30-a871b7e5eb96 tempest-ServerBootFromVolumeStableRescueTest-111702014 None] Quobyte Volume URL set to: {'osci02.corp.quobyte.com/cinder-vol-6c6509b8-bc36-433a-80aa-f139ece5cfa5': None} {{(pid=83305) _load_shares_config /opt/stack/cinder/cinder/volume/drivers/quobyte.py:617}}
Apr 16 14:38:23 devstack cinder-volume[83305]: DEBUG cinder.volume.drivers.quobyte [req-c7e124fc-5a01-4123-ab4e-e2e66f35dd8d req-f063e673-225d-4245-8e30-a871b7e5eb96 tempest-ServerBootFromVolumeStableRescueTest-111702014 None] Available shares ['osci02.corp.quobyte.com/cinder-vol-6c6509b8-bc36-433a-80aa-f139ece5cfa5'] {{(pid=83305) _ensure_shares_mounted /opt/stack/cinder/cinder/volume/drivers/quobyte.py:647}}
Apr 16 14:38:23 devstack cinder-volume[83305]: DEBUG oslo_concurrency.lockutils [req-c7e124fc-5a01-4123-ab4e-e2e66f35dd8d req-f063e673-225d-4245-8e30-a871b7e5eb96 tempest-ServerBootFromVolumeStableRescueTest-111702014 None] Lock "quobyte_ensure" "released" by "cinder.volume.drivers.quobyte.QuobyteDriver._ensure_shares_mounted" :: held 0.003s {{(pid=83305) inner /opt/stack/data/venv/lib/python3.10/site-packages/oslo_concurrency/lockutils.py:538}}
Apr 16 14:38:23 devstack cinder-volume[83305]: DEBUG cinder.volume.drivers.quobyte [req-c7e124fc-5a01-4123-ab4e-e2e66f35dd8d req-f063e673-225d-4245-8e30-a871b7e5eb96 tempest-ServerBootFromVolumeStableRescueTest-111702014 None] Selected osci02.corp.quobyte.com/cinder-vol-6c6509b8-bc36-433a-80aa-f139ece5cfa5 as target Quobyte volume. {{(pid=83305) _find_share /opt/stack/cinder/cinder/volume/drivers/quobyte.py:668}}
Apr 16 14:38:23 devstack cinder-volume[83305]: INFO cinder.volume.drivers.remotefs [req-c7e124fc-5a01-4123-ab4e-e2e66f35dd8d req-f063e673-225d-4245-8e30-a871b7e5eb96 tempest-ServerBootFromVolumeStableRescueTest-111702014 None] casted to osci02.corp.quobyte.com/cinder-vol-6c6509b8-bc36-433a-80aa-f139ece5cfa5
Apr 16 14:38:23 devstack cinder-volume[83305]: DEBUG oslo_concurrency.processutils [req-c7e124fc-5a01-4123-ab4e-e2e66f35dd8d req-f063e673-225d-4245-8e30-a871b7e5eb96 tempest-ServerBootFromVolumeStableRescueTest-111702014 None] Running cmd (subprocess): sudo cinder-rootwrap /etc/cinder/rootwrap.conf qemu-img create -f qcow2 -o preallocation=metadata /opt/stack/data/cinder/mnt/2ab0799f3cc0fc29e1619d3615e5310d/volume-ede69f1e-bd94-4169-aaaf-9171eed7b7b6 1073741824 {{(pid=83305) execute /opt/stack/data/venv/lib/python3.10/site-packages/oslo_concurrency/processutils.py:440}}
Apr 16 14:38:23 devstack sudo[85979]: quobyte : PWD=/ ; USER=root ; COMMAND=/opt/stack/data/venv/bin/cinder-rootwrap /etc/cinder/rootwrap.conf qemu-img create -f qcow2 -o preallocation=metadata /opt/stack/data/cinder/mnt/2ab0799f3cc0fc29e1619d3615e5310d/volume-ede69f1e-bd94-4169-aaaf-9171eed7b7b6 1073741824
Apr 16 14:38:23 devstack sudo[85979]: pam_unix(sudo:session): session opened for user root(uid=0) by (uid=1000)
Apr 16 14:38:23 devstack cinder-volume[83305]: INFO cinder.volume.manager [None req-3a143789-140c-44f7-9937-90e11b93c140 tempest-SnapshotsActionsTest-1469791933 None] Create snapshot completed successfully
