Apr 16 14:39:39 devstack cinder-volume[83305]: DEBUG oslo_concurrency.processutils [None req-b03a57b0-032a-4292-814b-93d122d5fe5e tempest-VolumesCloneTest-1242123673 None] Running cmd (subprocess): sudo cinder-rootwrap /etc/cinder/rootwrap.conf qemu-img create -f qcow2 -o backing_file=/opt/stack/data/cinder/mnt/2ab0799f3cc0fc29e1619d3615e5310d/volume-55917814-0a34-4615-942a-b7ae4044161c,backing_fmt=qcow2 /opt/stack/data/cinder/mnt/2ab0799f3cc0fc29e1619d3615e5310d/volume-55917814-0a34-4615-942a-b7ae4044161c.a408785a-6d1a-42ef-b608-050d9b2f005e 1G {{(pid=83305) execute /opt/stack/data/venv/lib/python3.10/site-packages/oslo_concurrency/processutils.py:440}}
Apr 16 14:39:39 devstack sudo[87471]: quobyte : PWD=/ ; USER=root ; COMMAND=/opt/stack/data/venv/bin/cinder-rootwrap /etc/cinder/rootwrap.conf qemu-img create -f qcow2 -o backing_file=/opt/stack/data/cinder/mnt/2ab0799f3cc0fc29e1619d3615e5310d/volume-55917814-0a34-4615-942a-b7ae4044161c,backing_fmt=qcow2 /opt/stack/data/cinder/mnt/2ab0799f3cc0fc29e1619d3615e5310d/volume-55917814-0a34-4615-942a-b7ae4044161c.a408785a-6d1a-42ef-b608-050d9b2f005e 1G
Apr 16 14:39:39 devstack sudo[87471]: pam_unix(sudo:session): session opened for user root(uid=0) by (uid=1000)
Apr 16 14:39:39 devstack sudo[87471]: pam_unix(sudo:session): session closed for user root
Apr 16 14:39:39 devstack cinder-volume[83305]: DEBUG oslo_concurrency.processutils [None req-b03a57b0-032a-4292-814b-93d122d5fe5e tempest-VolumesCloneTest-1242123673 None] CMD "sudo cinder-rootwrap /etc/cinder/rootwrap.conf qemu-img create -f qcow2 -o backing_file=/opt/stack/data/cinder/mnt/2ab0799f3cc0fc29e1619d3615e5310d/volume-55917814-0a34-4615-942a-b7ae4044161c,backing_fmt=qcow2 /opt/stack/data/cinder/mnt/2ab0799f3cc0fc29e1619d3615e5310d/volume-55917814-0a34-4615-942a-b7ae4044161c.a408785a-6d1a-42ef-b608-050d9b2f005e 1G" returned: 0 in 0.517s {{(pid=83305) execute /opt/stack/data/venv/lib/python3.10/site-packages/oslo_concurrency/processutils.py:468}}
Apr 16 14:39:39 devstack cinder-volume[83305]: DEBUG oslo_concurrency.processutils [None req-b03a57b0-032a-4292-814b-93d122d5fe5e tempest-VolumesCloneTest-1242123673 None] Running cmd (subprocess): sudo cinder-rootwrap /etc/cinder/rootwrap.conf qemu-img rebase -u -b volume-55917814-0a34-4615-942a-b7ae4044161c -F qcow2 /opt/stack/data/cinder/mnt/2ab0799f3cc0fc29e1619d3615e5310d/volume-55917814-0a34-4615-942a-b7ae4044161c.a408785a-6d1a-42ef-b608-050d9b2f005e {{(pid=83305) execute /opt/stack/data/venv/lib/python3.10/site-packages/oslo_concurrency/processutils.py:440}}
Apr 16 14:39:39 devstack sudo[87476]: quobyte : PWD=/ ; USER=root ; COMMAND=/opt/stack/data/venv/bin/cinder-rootwrap /etc/cinder/rootwrap.conf qemu-img rebase -u -b volume-55917814-0a34-4615-942a-b7ae4044161c -F qcow2 /opt/stack/data/cinder/mnt/2ab0799f3cc0fc29e1619d3615e5310d/volume-55917814-0a34-4615-942a-b7ae4044161c.a408785a-6d1a-42ef-b608-050d9b2f005e
Apr 16 14:39:39 devstack sudo[87476]: pam_unix(sudo:session): session opened for user root(uid=0) by (uid=1000)
Apr 16 14:39:40 devstack sudo[87476]: pam_unix(sudo:session): session closed for user root
Apr 16 14:39:40 devstack cinder-volume[83305]: DEBUG oslo_concurrency.processutils [None req-b03a57b0-032a-4292-814b-93d122d5fe5e tempest-VolumesCloneTest-1242123673 None] CMD "sudo cinder-rootwrap /etc/cinder/rootwrap.conf qemu-img rebase -u -b volume-55917814-0a34-4615-942a-b7ae4044161c -F qcow2 /opt/stack/data/cinder/mnt/2ab0799f3cc0fc29e1619d3615e5310d/volume-55917814-0a34-4615-942a-b7ae4044161c.a408785a-6d1a-42ef-b608-050d9b2f005e" returned: 0 in 0.464s {{(pid=83305) execute /opt/stack/data/venv/lib/python3.10/site-packages/oslo_concurrency/processutils.py:468}}
Apr 16 14:39:40 devstack cinder-volume[83305]: WARNING cinder.volume.drivers.remotefs [None req-b03a57b0-032a-4292-814b-93d122d5fe5e tempest-VolumesCloneTest-1242123673 None] /opt/stack/data/cinder/mnt/2ab0799f3cc0fc29e1619d3615e5310d/volume-55917814-0a34-4615-942a-b7ae4044161c.a408785a-6d1a-42ef-b608-050d9b2f005e is being set with open permissions: ugo+rw
Apr 16 14:39:40 devstack cinder-volume[83305]: DEBUG oslo_concurrency.processutils [None req-b03a57b0-032a-4292-814b-93d122d5fe5e tempest-VolumesCloneTest-1242123673 None] Running cmd (subprocess): sudo cinder-rootwrap /etc/cinder/rootwrap.conf chmod ugo+rw /opt/stack/data/cinder/mnt/2ab0799f3cc0fc29e1619d3615e5310d/volume-55917814-0a34-4615-942a-b7ae4044161c.a408785a-6d1a-42ef-b608-050d9b2f005e {{(pid=83305) execute /opt/stack/data/venv/lib/python3.10/site-packages/oslo_concurrency/processutils.py:440}}
Apr 16 14:39:40 devstack sudo[87481]: quobyte : PWD=/ ; USER=root ; COMMAND=/opt/stack/data/venv/bin/cinder-rootwrap /etc/cinder/rootwrap.conf chmod ugo+rw /opt/stack/data/cinder/mnt/2ab0799f3cc0fc29e1619d3615e5310d/volume-55917814-0a34-4615-942a-b7ae4044161c.a408785a-6d1a-42ef-b608-050d9b2f005e
Apr 16 14:39:40 devstack sudo[87481]: pam_unix(sudo:session): session opened for user root(uid=0) by (uid=1000)
Apr 16 14:39:40 devstack sudo[87481]: pam_unix(sudo:session): session closed for user root
Apr 16 14:39:40 devstack cinder-volume[83305]: DEBUG oslo_concurrency.processutils [None req-b03a57b0-032a-4292-814b-93d122d5fe5e tempest-VolumesCloneTest-1242123673 None] CMD "sudo cinder-rootwrap /etc/cinder/rootwrap.conf chmod ugo+rw /opt/stack/data/cinder/mnt/2ab0799f3cc0fc29e1619d3615e5310d/volume-55917814-0a34-4615-942a-b7ae4044161c.a408785a-6d1a-42ef-b608-050d9b2f005e" returned: 0 in 0.571s {{(pid=83305) execute /opt/stack/data/venv/lib/python3.10/site-packages/oslo_concurrency/processutils.py:468}}
Apr 16 14:39:40 devstack cinder-volume[83305]: DEBUG oslo_concurrency.processutils [None req-b03a57b0-032a-4292-814b-93d122d5fe5e tempest-VolumesCloneTest-1242123673 None] Running cmd (subprocess): sudo cinder-rootwrap /etc/cinder/rootwrap.conf truncate -s0 /opt/stack/data/cinder/mnt/2ab0799f3cc0fc29e1619d3615e5310d/volume-55917814-0a34-4615-942a-b7ae4044161c.info {{(pid=83305) execute /opt/stack/data/venv/lib/python3.10/site-packages/oslo_concurrency/processutils.py:440}}
Apr 16 14:39:40 devstack sudo[87513]: quobyte : PWD=/ ; USER=root ; COMMAND=/opt/stack/data/venv/bin/cinder-rootwrap /etc/cinder/rootwrap.conf truncate -s0 /opt/stack/data/cinder/mnt/2ab0799f3cc0fc29e1619d3615e5310d/volume-55917814-0a34-4615-942a-b7ae4044161c.info
Apr 16 14:39:40 devstack sudo[87513]: pam_unix(sudo:session): session opened for user root(uid=0) by (uid=1000)
Apr 16 14:39:41 devstack sudo[87513]: pam_unix(sudo:session): session closed for user root
Apr 16 14:39:41 devstack cinder-volume[83305]: DEBUG oslo_concurrency.processutils [None req-b03a57b0-032a-4292-814b-93d122d5fe5e tempest-VolumesCloneTest-1242123673 None] CMD "sudo cinder-rootwrap /etc/cinder/rootwrap.conf truncate -s0 /opt/stack/data/cinder/mnt/2ab0799f3cc0fc29e1619d3615e5310d/volume-55917814-0a34-4615-942a-b7ae4044161c.info" returned: 0 in 0.629s {{(pid=83305) execute /opt/stack/data/venv/lib/python3.10/site-packages/oslo_concurrency/processutils.py:468}}
Apr 16 14:39:41 devstack cinder-volume[83305]: WARNING cinder.volume.drivers.remotefs [None req-b03a57b0-032a-4292-814b-93d122d5fe5e tempest-VolumesCloneTest-1242123673 None] /opt/stack/data/cinder/mnt/2ab0799f3cc0fc29e1619d3615e5310d/volume-55917814-0a34-4615-942a-b7ae4044161c.info is being set with open permissions: ugo+rw
Apr 16 14:39:41 devstack cinder-volume[83305]: DEBUG oslo_concurrency.processutils [None req-b03a57b0-032a-4292-814b-93d122d5fe5e tempest-VolumesCloneTest-1242123673 None] Running cmd (subprocess): sudo cinder-rootwrap /etc/cinder/rootwrap.conf chmod ugo+rw /opt/stack/data/cinder/mnt/2ab0799f3cc0fc29e1619d3615e5310d/volume-55917814-0a34-4615-942a-b7ae4044161c.info {{(pid=83305) execute /opt/stack/data/venv/lib/python3.10/site-packages/oslo_concurrency/processutils.py:440}}
Apr 16 14:39:41 devstack sudo[87520]: quobyte : PWD=/ ; USER=root ; COMMAND=/opt/stack/data/venv/bin/cinder-rootwrap /etc/cinder/rootwrap.conf chmod ugo+rw /opt/stack/data/cinder/mnt/2ab0799f3cc0fc29e1619d3615e5310d/volume-55917814-0a34-4615-942a-b7ae4044161c.info
Apr 16 14:39:41 devstack sudo[87520]: pam_unix(sudo:session): session opened for user root(uid=0) by (uid=1000)
Apr 16 14:39:41 devstack sudo[87520]: pam_unix(sudo:session): session closed for user root
Apr 16 14:39:41 devstack cinder-volume[83305]: DEBUG oslo_concurrency.processutils [None req-b03a57b0-032a-4292-814b-93d122d5fe5e tempest-VolumesCloneTest-1242123673 None] CMD "sudo cinder-rootwrap /etc/cinder/rootwrap.conf chmod ugo+rw /opt/stack/data/cinder/mnt/2ab0799f3cc0fc29e1619d3615e5310d/volume-55917814-0a34-4615-942a-b7ae4044161c.info" returned: 0 in 0.568s {{(pid=83305) execute /opt/stack/data/venv/lib/python3.10/site-packages/oslo_concurrency/processutils.py:468}}
Apr 16 14:39:41 devstack cinder-volume[83305]: DEBUG cinder.coordination [None req-b03a57b0-032a-4292-814b-93d122d5fe5e tempest-VolumesCloneTest-1242123673 None] Acquiring lock "cinder-quobyte-85d22cb1-d84d-4f52-ba02-9f056f2df94c" by "_copy_volume_from_snapshot" {{(pid=83305) __acquire /opt/stack/cinder/cinder/coordination.py:138}}
Apr 16 14:39:41 devstack cinder-volume[83305]: DEBUG cinder.coordination [None req-b03a57b0-032a-4292-814b-93d122d5fe5e tempest-VolumesCloneTest-1242123673 None] Lock "cinder-quobyte-85d22cb1-d84d-4f52-ba02-9f056f2df94c" acquired by "_copy_volume_from_snapshot" :: waited 0.015s {{(pid=83305) __acquire /opt/stack/cinder/cinder/coordination.py:141}}
Apr 16 14:39:41 devstack cinder-volume[83305]: DEBUG cinder.volume.drivers.quobyte [None req-b03a57b0-032a-4292-814b-93d122d5fe5e tempest-VolumesCloneTest-1242123673 None] snapshot: a408785a-6d1a-42ef-b608-050d9b2f005e, volume: 85d22cb1-d84d-4f52-ba02-9f056f2df94c, {{(pid=83305) _copy_volume_from_snapshot /opt/stack/cinder/cinder/volume/drivers/quobyte.py:401}}
Apr 16 14:39:41 devstack cinder-volume[83305]: DEBUG oslo_concurrency.lockutils [None req-b03a57b0-032a-4292-814b-93d122d5fe5e tempest-VolumesCloneTest-1242123673 None] Acquiring lock "quobyte_ensure" by "cinder.volume.drivers.quobyte.QuobyteDriver._ensure_shares_mounted" {{(pid=83305) inner /opt/stack/data/venv/lib/python3.10/site-packages/oslo_concurrency/lockutils.py:506}}
Apr 16 14:39:41 devstack cinder-volume[83305]: DEBUG oslo_concurrency.lockutils [None req-b03a57b0-032a-4292-814b-93d122d5fe5e tempest-VolumesCloneTest-1242123673 None] Lock "quobyte_ensure" acquired by "cinder.volume.drivers.quobyte.QuobyteDriver._ensure_shares_mounted" :: waited 0.001s {{(pid=83305) inner /opt/stack/data/venv/lib/python3.10/site-packages/oslo_concurrency/lockutils.py:519}}
Apr 16 14:39:41 devstack cinder-volume[83305]: DEBUG cinder.volume.drivers.quobyte [None req-b03a57b0-032a-4292-814b-93d122d5fe5e tempest-VolumesCloneTest-1242123673 None] Quobyte Volume URL set to: {'osci02.corp.quobyte.com/cinder-vol-6c6509b8-bc36-433a-80aa-f139ece5cfa5': None} {{(pid=83305) _load_shares_config /opt/stack/cinder/cinder/volume/drivers/quobyte.py:617}}
Apr 16 14:39:41 devstack cinder-volume[83305]: DEBUG cinder.volume.drivers.quobyte [None req-b03a57b0-032a-4292-814b-93d122d5fe5e tempest-VolumesCloneTest-1242123673 None] Available shares ['osci02.corp.quobyte.com/cinder-vol-6c6509b8-bc36-433a-80aa-f139ece5cfa5'] {{(pid=83305) _ensure_shares_mounted /opt/stack/cinder/cinder/volume/drivers/quobyte.py:647}}
Apr 16 14:39:41 devstack cinder-volume[83305]: DEBUG oslo_concurrency.lockutils [None req-b03a57b0-032a-4292-814b-93d122d5fe5e tempest-VolumesCloneTest-1242123673 None] Lock "quobyte_ensure" "released" by "cinder.volume.drivers.quobyte.QuobyteDriver._ensure_shares_mounted" :: held 0.008s {{(pid=83305) inner /opt/stack/data/venv/lib/python3.10/site-packages/oslo_concurrency/lockutils.py:538}}
Apr 16 14:39:41 devstack cinder-volume[83305]: DEBUG oslo.privsep.daemon [-] privsep: reply[fcaa1e71-ec8e-4f06-8274-72df6a669f07]: (4, 'qcow2') {{(pid=84284) _call_back /opt/stack/data/venv/lib/python3.10/site-packages/oslo_privsep/daemon.py:573}}
Apr 16 14:39:41 devstack cinder-volume[83305]: DEBUG oslo_concurrency.processutils [None req-b03a57b0-032a-4292-814b-93d122d5fe5e tempest-VolumesCloneTest-1242123673 None] Running cmd (subprocess): /opt/stack/data/venv/bin/python3.10 -m oslo_concurrency.prlimit --as=1073741824 --cpu=60 -- sudo cinder-rootwrap /etc/cinder/rootwrap.conf env LC_ALL=C qemu-img info -f qcow2 --output=json --force-share /opt/stack/data/cinder/mnt/2ab0799f3cc0fc29e1619d3615e5310d/volume-55917814-0a34-4615-942a-b7ae4044161c.a408785a-6d1a-42ef-b608-050d9b2f005e {{(pid=83305) execute /opt/stack/data/venv/lib/python3.10/site-packages/oslo_concurrency/processutils.py:440}}
Apr 16 14:39:42 devstack sudo[87523]: quobyte : PWD=/ ; USER=root ; COMMAND=/opt/stack/data/venv/bin/cinder-rootwrap /etc/cinder/rootwrap.conf env LC_ALL=C qemu-img info -f qcow2 --output=json --force-share /opt/stack/data/cinder/mnt/2ab0799f3cc0fc29e1619d3615e5310d/volume-55917814-0a34-4615-942a-b7ae4044161c.a408785a-6d1a-42ef-b608-050d9b2f005e
Apr 16 14:39:42 devstack sudo[87523]: pam_unix(sudo:session): session opened for user root(uid=0) by (uid=1000)
Apr 16 14:39:42 devstack sudo[87523]: pam_unix(sudo:session): session closed for user root
Apr 16 14:39:42 devstack cinder-volume[83305]: DEBUG oslo_concurrency.processutils [None req-b03a57b0-032a-4292-814b-93d122d5fe5e tempest-VolumesCloneTest-1242123673 None] CMD "/opt/stack/data/venv/bin/python3.10 -m oslo_concurrency.prlimit --as=1073741824 --cpu=60 -- sudo cinder-rootwrap /etc/cinder/rootwrap.conf env LC_ALL=C qemu-img info -f qcow2 --output=json --force-share /opt/stack/data/cinder/mnt/2ab0799f3cc0fc29e1619d3615e5310d/volume-55917814-0a34-4615-942a-b7ae4044161c.a408785a-6d1a-42ef-b608-050d9b2f005e" returned: 0 in 0.759s {{(pid=83305) execute /opt/stack/data/venv/lib/python3.10/site-packages/oslo_concurrency/processutils.py:468}}
Apr 16 14:39:42 devstack cinder-volume[83305]: DEBUG cinder.volume.drivers.remotefs [None req-b03a57b0-032a-4292-814b-93d122d5fe5e tempest-VolumesCloneTest-1242123673 None] Fetching qemu-img info with special backing_file_template: (/opt/stack/data/cinder/mnt/[0-9a-f]+/)?(volume-55917814-0a34-4615-942a-b7ae4044161c(.(tmp-snap-)?[0-9a-f-]+)?|volume_from_snapshot_cache/(tmp-snap-)?[0-9a-f-]+(.(child-|parent-)[0-9a-f-]+)?)$ {{(pid=83305) _qemu_img_info_base /opt/stack/cinder/cinder/volume/drivers/remotefs.py:896}}
Apr 16 14:39:42 devstack cinder-volume[83305]: DEBUG cinder.volume.drivers.quobyte [None req-b03a57b0-032a-4292-814b-93d122d5fe5e tempest-VolumesCloneTest-1242123673 None] will copy from snapshot at /opt/stack/data/cinder/mnt/2ab0799f3cc0fc29e1619d3615e5310d/volume-55917814-0a34-4615-942a-b7ae4044161c {{(pid=83305) _copy_volume_from_snapshot /opt/stack/cinder/cinder/volume/drivers/quobyte.py:420}}
Apr 16 14:39:42 devstack cinder-volume[83305]: DEBUG cinder.volume.drivers.quobyte [None req-b03a57b0-032a-4292-814b-93d122d5fe5e tempest-VolumesCloneTest-1242123673 None] Creating direct copy from snapshot {{(pid=83305) _copy_volume_from_snapshot /opt/stack/cinder/cinder/volume/drivers/quobyte.py:428}}
Apr 16 14:39:42 devstack cinder-volume[83305]: DEBUG oslo.privsep.daemon [-] privsep: reply[fada4ced-2115-46f4-8bc0-f74283009c32]: (4, 'qcow2') {{(pid=84284) _call_back /opt/stack/data/venv/lib/python3.10/site-packages/oslo_privsep/daemon.py:573}}
Apr 16 14:39:42 devstack cinder-volume[83305]: DEBUG oslo_concurrency.processutils [None req-b03a57b0-032a-4292-814b-93d122d5fe5e tempest-VolumesCloneTest-1242123673 None] Running cmd (subprocess): /opt/stack/data/venv/bin/python3.10 -m oslo_concurrency.prlimit --as=1073741824 --cpu=60 -- sudo cinder-rootwrap /etc/cinder/rootwrap.conf env LC_ALL=C qemu-img info -f qcow2 --output=json /opt/stack/data/cinder/mnt/2ab0799f3cc0fc29e1619d3615e5310d/volume-55917814-0a34-4615-942a-b7ae4044161c {{(pid=83305) execute /opt/stack/data/venv/lib/python3.10/site-packages/oslo_concurrency/processutils.py:440}}
Apr 16 14:39:42 devstack sudo[87528]: quobyte : PWD=/ ; USER=root ; COMMAND=/opt/stack/data/venv/bin/cinder-rootwrap /etc/cinder/rootwrap.conf env LC_ALL=C qemu-img info -f qcow2 --output=json /opt/stack/data/cinder/mnt/2ab0799f3cc0fc29e1619d3615e5310d/volume-55917814-0a34-4615-942a-b7ae4044161c
Apr 16 14:39:42 devstack sudo[87528]: pam_unix(sudo:session): session opened for user root(uid=0) by (uid=1000)
Apr 16 14:39:43 devstack sudo[87528]: pam_unix(sudo:session): session closed for user root
Apr 16 14:39:43 devstack cinder-volume[83305]: DEBUG oslo_concurrency.processutils [None req-b03a57b0-032a-4292-814b-93d122d5fe5e tempest-VolumesCloneTest-1242123673 None] CMD "/opt/stack/data/venv/bin/python3.10 -m oslo_concurrency.prlimit --as=1073741824 --cpu=60 -- sudo cinder-rootwrap /etc/cinder/rootwrap.conf env LC_ALL=C qemu-img info -f qcow2 --output=json /opt/stack/data/cinder/mnt/2ab0799f3cc0fc29e1619d3615e5310d/volume-55917814-0a34-4615-942a-b7ae4044161c" returned: 0 in 0.904s {{(pid=83305) execute /opt/stack/data/venv/lib/python3.10/site-packages/oslo_concurrency/processutils.py:468}}
Apr 16 14:39:43 devstack cinder-volume[83305]: DEBUG cinder.utils [None req-b03a57b0-032a-4292-814b-93d122d5fe5e tempest-VolumesCloneTest-1242123673 None] Path /opt/stack/data/cinder/mnt/2ab0799f3cc0fc29e1619d3615e5310d/volume-85d22cb1-d84d-4f52-ba02-9f056f2df94c not found in is_blk_device check {{(pid=83305) is_blk_device /opt/stack/cinder/cinder/utils.py:602}}
Apr 16 14:39:43 devstack cinder-volume[83305]: DEBUG oslo_concurrency.processutils [None req-b03a57b0-032a-4292-814b-93d122d5fe5e tempest-VolumesCloneTest-1242123673 None] Running cmd (subprocess): sudo cinder-rootwrap /etc/cinder/rootwrap.conf qemu-img convert -O qcow2 /opt/stack/data/cinder/mnt/2ab0799f3cc0fc29e1619d3615e5310d/volume-55917814-0a34-4615-942a-b7ae4044161c /opt/stack/data/cinder/mnt/2ab0799f3cc0fc29e1619d3615e5310d/volume-85d22cb1-d84d-4f52-ba02-9f056f2df94c {{(pid=83305) execute /opt/stack/data/venv/lib/python3.10/site-packages/oslo_concurrency/processutils.py:440}}
Apr 16 14:39:43 devstack sudo[87534]: quobyte : PWD=/ ; USER=root ; COMMAND=/opt/stack/data/venv/bin/cinder-rootwrap /etc/cinder/rootwrap.conf qemu-img convert -O qcow2 /opt/stack/data/cinder/mnt/2ab0799f3cc0fc29e1619d3615e5310d/volume-55917814-0a34-4615-942a-b7ae4044161c /opt/stack/data/cinder/mnt/2ab0799f3cc0fc29e1619d3615e5310d/volume-85d22cb1-d84d-4f52-ba02-9f056f2df94c
Apr 16 14:39:43 devstack sudo[87534]: pam_unix(sudo:session): session opened for user root(uid=0) by (uid=1000)
Apr 16 14:39:46 devstack cinder-volume[83305]: DEBUG oslo_service.periodic_task [None req-781faf77-b103-41a8-8ce7-0013e03c92ac None None] Running periodic task VolumeManager.publish_service_capabilities {{(pid=83305) run_periodic_tasks /opt/stack/data/venv/lib/python3.10/site-packages/oslo_service/periodic_task.py:210}}
Apr 16 14:39:46 devstack cinder-volume[83305]: DEBUG oslo_concurrency.lockutils [None req-781faf77-b103-41a8-8ce7-0013e03c92ac None None] Acquiring lock "quobyte_ensure" by "cinder.volume.drivers.quobyte.QuobyteDriver._ensure_shares_mounted" {{(pid=83305) inner /opt/stack/data/venv/lib/python3.10/site-packages/oslo_concurrency/lockutils.py:506}}
Apr 16 14:39:46 devstack cinder-volume[83305]: DEBUG oslo_concurrency.lockutils [None req-781faf77-b103-41a8-8ce7-0013e03c92ac None None] Lock "quobyte_ensure" acquired by "cinder.volume.drivers.quobyte.QuobyteDriver._ensure_shares_mounted" :: waited 0.000s {{(pid=83305) inner /opt/stack/data/venv/lib/python3.10/site-packages/oslo_concurrency/lockutils.py:519}}
Apr 16 14:39:46 devstack cinder-volume[83305]: DEBUG cinder.volume.drivers.quobyte [None req-781faf77-b103-41a8-8ce7-0013e03c92ac None None] Quobyte Volume URL set to: {'osci02.corp.quobyte.com/cinder-vol-6c6509b8-bc36-433a-80aa-f139ece5cfa5': None} {{(pid=83305) _load_shares_config /opt/stack/cinder/cinder/volume/drivers/quobyte.py:617}}
Apr 16 14:39:46 devstack cinder-volume[83305]: DEBUG cinder.volume.drivers.quobyte [None req-781faf77-b103-41a8-8ce7-0013e03c92ac None None] Available shares ['osci02.corp.quobyte.com/cinder-vol-6c6509b8-bc36-433a-80aa-f139ece5cfa5'] {{(pid=83305) _ensure_shares_mounted /opt/stack/cinder/cinder/volume/drivers/quobyte.py:647}}
Apr 16 14:39:46 devstack cinder-volume[83305]: DEBUG oslo_concurrency.lockutils [None req-781faf77-b103-41a8-8ce7-0013e03c92ac None None] Lock "quobyte_ensure" "released" by "cinder.volume.drivers.quobyte.QuobyteDriver._ensure_shares_mounted" :: held 0.007s {{(pid=83305) inner /opt/stack/data/venv/lib/python3.10/site-packages/oslo_concurrency/lockutils.py:538}}
Apr 16 14:39:46 devstack cinder-volume[83305]: DEBUG oslo_concurrency.processutils [None req-781faf77-b103-41a8-8ce7-0013e03c92ac None None] Running cmd (subprocess): sudo cinder-rootwrap /etc/cinder/rootwrap.conf df --portability --block-size 1 /opt/stack/data/cinder/mnt/2ab0799f3cc0fc29e1619d3615e5310d {{(pid=83305) execute /opt/stack/data/venv/lib/python3.10/site-packages/oslo_concurrency/processutils.py:440}}
Apr 16 14:39:46 devstack sudo[87549]: quobyte : PWD=/ ; USER=root ; COMMAND=/opt/stack/data/venv/bin/cinder-rootwrap /etc/cinder/rootwrap.conf df --portability --block-size 1 /opt/stack/data/cinder/mnt/2ab0799f3cc0fc29e1619d3615e5310d
Apr 16 14:39:46 devstack sudo[87549]: pam_unix(sudo:session): session opened for user root(uid=0) by (uid=1000)
Apr 16 14:39:46 devstack sudo[87534]: pam_unix(sudo:session): session closed for user root
Apr 16 14:39:46 devstack cinder-volume[83305]: DEBUG oslo_concurrency.processutils [None req-b03a57b0-032a-4292-814b-93d122d5fe5e tempest-VolumesCloneTest-1242123673 None] CMD "sudo cinder-rootwrap /etc/cinder/rootwrap.conf qemu-img convert -O qcow2 /opt/stack/data/cinder/mnt/2ab0799f3cc0fc29e1619d3615e5310d/volume-55917814-0a34-4615-942a-b7ae4044161c /opt/stack/data/cinder/mnt/2ab0799f3cc0fc29e1619d3615e5310d/volume-85d22cb1-d84d-4f52-ba02-9f056f2df94c" returned: 0 in 2.971s {{(pid=83305) execute /opt/stack/data/venv/lib/python3.10/site-packages/oslo_concurrency/processutils.py:468}}
Apr 16 14:39:46 devstack cinder-volume[83305]: DEBUG oslo.privsep.daemon [-] privsep: reply[a82c4b57-17fc-422f-8a14-1a6b7cac91c1]: (4, 'qcow2') {{(pid=84284) _call_back /opt/stack/data/venv/lib/python3.10/site-packages/oslo_privsep/daemon.py:573}}
Apr 16 14:39:46 devstack cinder-volume[83305]: DEBUG oslo_concurrency.processutils [None req-b03a57b0-032a-4292-814b-93d122d5fe5e tempest-VolumesCloneTest-1242123673 None] Running cmd (subprocess): /opt/stack/data/venv/bin/python3.10 -m oslo_concurrency.prlimit --as=1073741824 --cpu=60 -- sudo cinder-rootwrap /etc/cinder/rootwrap.conf env LC_ALL=C qemu-img info -f qcow2 --output=json /opt/stack/data/cinder/mnt/2ab0799f3cc0fc29e1619d3615e5310d/volume-55917814-0a34-4615-942a-b7ae4044161c {{(pid=83305) execute /opt/stack/data/venv/lib/python3.10/site-packages/oslo_concurrency/processutils.py:440}}
Apr 16 14:39:46 devstack sudo[87551]: quobyte : PWD=/ ; USER=root ; COMMAND=/opt/stack/data/venv/bin/cinder-rootwrap /etc/cinder/rootwrap.conf env LC_ALL=C qemu-img info -f qcow2 --output=json /opt/stack/data/cinder/mnt/2ab0799f3cc0fc29e1619d3615e5310d/volume-55917814-0a34-4615-942a-b7ae4044161c
Apr 16 14:39:46 devstack sudo[87551]: pam_unix(sudo:session): session opened for user root(uid=0) by (uid=1000)
Apr 16 14:39:46 devstack sudo[87549]: pam_unix(sudo:session): session closed for user root
Apr 16 14:39:46 devstack cinder-volume[83305]: DEBUG oslo_concurrency.processutils [None req-781faf77-b103-41a8-8ce7-0013e03c92ac None None] CMD "sudo cinder-rootwrap /etc/cinder/rootwrap.conf df --portability --block-size 1 /opt/stack/data/cinder/mnt/2ab0799f3cc0fc29e1619d3615e5310d" returned: 0 in 0.463s {{(pid=83305) execute /opt/stack/data/venv/lib/python3.10/site-packages/oslo_concurrency/processutils.py:468}}
Apr 16 14:39:46 devstack cinder-volume[83305]: DEBUG cinder.manager [None req-781faf77-b103-41a8-8ce7-0013e03c92ac None None] Notifying Schedulers of capabilities ... {{(pid=83305) _publish_service_capabilities /opt/stack/cinder/cinder/manager.py:202}}
Apr 16 14:39:47 devstack sudo[87551]: pam_unix(sudo:session): session closed for user root
Apr 16 14:39:47 devstack cinder-volume[83305]: DEBUG oslo_concurrency.processutils [None req-b03a57b0-032a-4292-814b-93d122d5fe5e tempest-VolumesCloneTest-1242123673 None] CMD "/opt/stack/data/venv/bin/python3.10 -m oslo_concurrency.prlimit --as=1073741824 --cpu=60 -- sudo cinder-rootwrap /etc/cinder/rootwrap.conf env LC_ALL=C qemu-img info -f qcow2 --output=json /opt/stack/data/cinder/mnt/2ab0799f3cc0fc29e1619d3615e5310d/volume-55917814-0a34-4615-942a-b7ae4044161c" returned: 0 in 0.865s {{(pid=83305) execute /opt/stack/data/venv/lib/python3.10/site-packages/oslo_concurrency/processutils.py:468}}
Apr 16 14:39:47 devstack cinder-volume[83305]: DEBUG cinder.image.image_utils [None req-b03a57b0-032a-4292-814b-93d122d5fe5e tempest-VolumesCloneTest-1242123673 None] Image conversion details: src /opt/stack/data/cinder/mnt/2ab0799f3cc0fc29e1619d3615e5310d/volume-55917814-0a34-4615-942a-b7ae4044161c, size 1024.00 MB, duration 2.97 sec, destination /opt/stack/data/cinder/mnt/2ab0799f3cc0fc29e1619d3615e5310d/volume-85d22cb1-d84d-4f52-ba02-9f056f2df94c {{(pid=83305) _convert_image /opt/stack/cinder/cinder/image/image_utils.py:533}}
Apr 16 14:39:47 devstack cinder-volume[83305]: INFO cinder.image.image_utils [None req-b03a57b0-032a-4292-814b-93d122d5fe5e tempest-VolumesCloneTest-1242123673 None] Converted 1024.00 MB image at 344.45 MB/s
Apr 16 14:39:47 devstack cinder-volume[83305]: WARNING cinder.volume.drivers.remotefs [None req-b03a57b0-032a-4292-814b-93d122d5fe5e tempest-VolumesCloneTest-1242123673 None] /opt/stack/data/cinder/mnt/2ab0799f3cc0fc29e1619d3615e5310d/volume-85d22cb1-d84d-4f52-ba02-9f056f2df94c is being set with open permissions: ugo+rw
Apr 16 14:39:47 devstack cinder-volume[83305]: DEBUG oslo_concurrency.processutils [None req-b03a57b0-032a-4292-814b-93d122d5fe5e tempest-VolumesCloneTest-1242123673 None] Running cmd (subprocess): sudo cinder-rootwrap /etc/cinder/rootwrap.conf chmod ugo+rw /opt/stack/data/cinder/mnt/2ab0799f3cc0fc29e1619d3615e5310d/volume-85d22cb1-d84d-4f52-ba02-9f056f2df94c {{(pid=83305) execute /opt/stack/data/venv/lib/python3.10/site-packages/oslo_concurrency/processutils.py:440}}
Apr 16 14:39:47 devstack sudo[87557]: quobyte : PWD=/ ; USER=root ; COMMAND=/opt/stack/data/venv/bin/cinder-rootwrap /etc/cinder/rootwrap.conf chmod ugo+rw /opt/stack/data/cinder/mnt/2ab0799f3cc0fc29e1619d3615e5310d/volume-85d22cb1-d84d-4f52-ba02-9f056f2df94c
Apr 16 14:39:47 devstack sudo[87557]: pam_unix(sudo:session): session opened for user root(uid=0) by (uid=1000)
Apr 16 14:39:48 devstack sudo[87557]: pam_unix(sudo:session): session closed for user root
Apr 16 14:39:48 devstack cinder-volume[83305]: DEBUG oslo_concurrency.processutils [None req-b03a57b0-032a-4292-814b-93d122d5fe5e tempest-VolumesCloneTest-1242123673 None] CMD "sudo cinder-rootwrap /etc/cinder/rootwrap.conf chmod ugo+rw /opt/stack/data/cinder/mnt/2ab0799f3cc0fc29e1619d3615e5310d/volume-85d22cb1-d84d-4f52-ba02-9f056f2df94c" returned: 0 in 0.507s {{(pid=83305) execute /opt/stack/data/venv/lib/python3.10/site-packages/oslo_concurrency/processutils.py:468}}
Apr 16 14:39:48 devstack cinder-volume[83305]: DEBUG cinder.coordination [None req-b03a57b0-032a-4292-814b-93d122d5fe5e tempest-VolumesCloneTest-1242123673 None] Lock "cinder-quobyte-85d22cb1-d84d-4f52-ba02-9f056f2df94c" released by "_copy_volume_from_snapshot" :: held 6.115s {{(pid=83305) __release /opt/stack/cinder/cinder/coordination.py:152}}
Apr 16 14:39:48 devstack cinder-volume[83305]: DEBUG cinder.coordination [None req-b03a57b0-032a-4292-814b-93d122d5fe5e tempest-VolumesCloneTest-1242123673 None] Acquiring lock "cinder-quobyte-a408785a-6d1a-42ef-b608-050d9b2f005e" by "_delete_snapshot" {{(pid=83305) __acquire /opt/stack/cinder/cinder/coordination.py:138}}
Apr 16 14:39:48 devstack cinder-volume[83305]: DEBUG cinder.coordination [None req-b03a57b0-032a-4292-814b-93d122d5fe5e tempest-VolumesCloneTest-1242123673 None] Lock "cinder-quobyte-a408785a-6d1a-42ef-b608-050d9b2f005e" acquired by "_delete_snapshot" :: waited 0.011s {{(pid=83305) __acquire /opt/stack/cinder/cinder/coordination.py:141}}
Apr 16 14:39:48 devstack cinder-volume[83305]: DEBUG cinder.volume.drivers.remotefs [None req-b03a57b0-032a-4292-814b-93d122d5fe5e tempest-VolumesCloneTest-1242123673 None] Deleting offline snapshot a408785a-6d1a-42ef-b608-050d9b2f005e of volume 55917814-0a34-4615-942a-b7ae4044161c {{(pid=83305) _delete_snapshot /opt/stack/cinder/cinder/volume/drivers/remotefs.py:1288}}
Apr 16 14:39:48 devstack cinder-volume[83305]: DEBUG cinder.volume.drivers.remotefs [None req-b03a57b0-032a-4292-814b-93d122d5fe5e tempest-VolumesCloneTest-1242123673 None] snapshot_file for this snap is: volume-55917814-0a34-4615-942a-b7ae4044161c.a408785a-6d1a-42ef-b608-050d9b2f005e {{(pid=83305) _delete_snapshot /opt/stack/cinder/cinder/volume/drivers/remotefs.py:1317}}
Apr 16 14:39:48 devstack cinder-volume[83305]: DEBUG oslo.privsep.daemon [-] privsep: reply[9f7942ab-efed-4645-b1aa-92789ed37359]: (4, 'qcow2') {{(pid=84284) _call_back /opt/stack/data/venv/lib/python3.10/site-packages/oslo_privsep/daemon.py:573}}
Apr 16 14:39:48 devstack cinder-volume[83305]: DEBUG oslo_concurrency.processutils [None req-b03a57b0-032a-4292-814b-93d122d5fe5e tempest-VolumesCloneTest-1242123673 None] Running cmd (subprocess): /opt/stack/data/venv/bin/python3.10 -m oslo_concurrency.prlimit --as=1073741824 --cpu=60 -- sudo cinder-rootwrap /etc/cinder/rootwrap.conf env LC_ALL=C qemu-img info -f qcow2 --output=json --force-share /opt/stack/data/cinder/mnt/2ab0799f3cc0fc29e1619d3615e5310d/volume-55917814-0a34-4615-942a-b7ae4044161c.a408785a-6d1a-42ef-b608-050d9b2f005e {{(pid=83305) execute /opt/stack/data/venv/lib/python3.10/site-packages/oslo_concurrency/processutils.py:440}}
Apr 16 14:39:48 devstack sudo[87560]: quobyte : PWD=/ ; USER=root ; COMMAND=/opt/stack/data/venv/bin/cinder-rootwrap /etc/cinder/rootwrap.conf env LC_ALL=C qemu-img info -f qcow2 --output=json --force-share /opt/stack/data/cinder/mnt/2ab0799f3cc0fc29e1619d3615e5310d/volume-55917814-0a34-4615-942a-b7ae4044161c.a408785a-6d1a-42ef-b608-050d9b2f005e
Apr 16 14:39:48 devstack sudo[87560]: pam_unix(sudo:session): session opened for user root(uid=0) by (uid=1000)
Apr 16 14:39:48 devstack sudo[87560]: pam_unix(sudo:session): session closed for user root
Apr 16 14:39:48 devstack cinder-volume[83305]: DEBUG oslo_concurrency.processutils [None req-b03a57b0-032a-4292-814b-93d122d5fe5e tempest-VolumesCloneTest-1242123673 None] CMD "/opt/stack/data/venv/bin/python3.10 -m oslo_concurrency.prlimit --as=1073741824 --cpu=60 -- sudo cinder-rootwrap /etc/cinder/rootwrap.conf env LC_ALL=C qemu-img info -f qcow2 --output=json --force-share /opt/stack/data/cinder/mnt/2ab0799f3cc0fc29e1619d3615e5310d/volume-55917814-0a34-4615-942a-b7ae4044161c.a408785a-6d1a-42ef-b608-050d9b2f005e" returned: 0 in 0.731s {{(pid=83305) execute /opt/stack/data/venv/lib/python3.10/site-packages/oslo_concurrency/processutils.py:468}}
Apr 16 14:39:48 devstack cinder-volume[83305]: DEBUG cinder.volume.drivers.remotefs [None req-b03a57b0-032a-4292-814b-93d122d5fe5e tempest-VolumesCloneTest-1242123673 None] Fetching qemu-img info with special backing_file_template: (/opt/stack/data/cinder/mnt/[0-9a-f]+/)?(volume-55917814-0a34-4615-942a-b7ae4044161c(.(tmp-snap-)?[0-9a-f-]+)?|volume_from_snapshot_cache/(tmp-snap-)?[0-9a-f-]+(.(child-|parent-)[0-9a-f-]+)?)$ {{(pid=83305) _qemu_img_info_base /opt/stack/cinder/cinder/volume/drivers/remotefs.py:896}}
Apr 16 14:39:48 devstack cinder-volume[83305]: DEBUG oslo.privsep.daemon [-] privsep: reply[8a83a44f-2db6-44b3-b247-fd0c7fcf3cd3]: (4, 'qcow2') {{(pid=84284) _call_back /opt/stack/data/venv/lib/python3.10/site-packages/oslo_privsep/daemon.py:573}}
Apr 16 14:39:48 devstack cinder-volume[83305]: DEBUG oslo_concurrency.processutils [None req-b03a57b0-032a-4292-814b-93d122d5fe5e tempest-VolumesCloneTest-1242123673 None] Running cmd (subprocess): /opt/stack/data/venv/bin/python3.10 -m oslo_concurrency.prlimit --as=1073741824 --cpu=60 -- sudo cinder-rootwrap /etc/cinder/rootwrap.conf env LC_ALL=C qemu-img info -f qcow2 --output=json --force-share /opt/stack/data/cinder/mnt/2ab0799f3cc0fc29e1619d3615e5310d/volume-55917814-0a34-4615-942a-b7ae4044161c {{(pid=83305) execute /opt/stack/data/venv/lib/python3.10/site-packages/oslo_concurrency/processutils.py:440}}
Apr 16 14:39:48 devstack sudo[87591]: quobyte : PWD=/ ; USER=root ; COMMAND=/opt/stack/data/venv/bin/cinder-rootwrap /etc/cinder/rootwrap.conf env LC_ALL=C qemu-img info -f qcow2 --output=json --force-share /opt/stack/data/cinder/mnt/2ab0799f3cc0fc29e1619d3615e5310d/volume-55917814-0a34-4615-942a-b7ae4044161c
Apr 16 14:39:48 devstack sudo[87591]: pam_unix(sudo:session): session opened for user root(uid=0) by (uid=1000)
Apr 16 14:39:49 devstack sudo[87591]: pam_unix(sudo:session): session closed for user root
Apr 16 14:39:49 devstack cinder-volume[83305]: DEBUG oslo_concurrency.processutils [None req-b03a57b0-032a-4292-814b-93d122d5fe5e tempest-VolumesCloneTest-1242123673 None] CMD "/opt/stack/data/venv/bin/python3.10 -m oslo_concurrency.prlimit --as=1073741824 --cpu=60 -- sudo cinder-rootwrap /etc/cinder/rootwrap.conf env LC_ALL=C qemu-img info -f qcow2 --output=json --force-share /opt/stack/data/cinder/mnt/2ab0799f3cc0fc29e1619d3615e5310d/volume-55917814-0a34-4615-942a-b7ae4044161c" returned: 0 in 0.533s {{(pid=83305) execute /opt/stack/data/venv/lib/python3.10/site-packages/oslo_concurrency/processutils.py:468}}
Apr 16 14:39:49 devstack cinder-volume[83305]: DEBUG oslo_concurrency.processutils [None req-b03a57b0-032a-4292-814b-93d122d5fe5e tempest-VolumesCloneTest-1242123673 None] Running cmd (subprocess): sudo cinder-rootwrap /etc/cinder/rootwrap.conf qemu-img commit -d /opt/stack/data/cinder/mnt/2ab0799f3cc0fc29e1619d3615e5310d/volume-55917814-0a34-4615-942a-b7ae4044161c.a408785a-6d1a-42ef-b608-050d9b2f005e {{(pid=83305) execute /opt/stack/data/venv/lib/python3.10/site-packages/oslo_concurrency/processutils.py:440}}
Apr 16 14:39:49 devstack sudo[87597]: quobyte : PWD=/ ; USER=root ; COMMAND=/opt/stack/data/venv/bin/cinder-rootwrap /etc/cinder/rootwrap.conf qemu-img commit -d /opt/stack/data/cinder/mnt/2ab0799f3cc0fc29e1619d3615e5310d/volume-55917814-0a34-4615-942a-b7ae4044161c.a408785a-6d1a-42ef-b608-050d9b2f005e
Apr 16 14:39:49 devstack sudo[87597]: pam_unix(sudo:session): session opened for user root(uid=0) by (uid=1000)
Apr 16 14:39:49 devstack sudo[87597]: pam_unix(sudo:session): session closed for user root
Apr 16 14:39:49 devstack cinder-volume[83305]: DEBUG oslo_concurrency.processutils [None req-b03a57b0-032a-4292-814b-93d122d5fe5e tempest-VolumesCloneTest-1242123673 None] CMD "sudo cinder-rootwrap /etc/cinder/rootwrap.conf qemu-img commit -d /opt/stack/data/cinder/mnt/2ab0799f3cc0fc29e1619d3615e5310d/volume-55917814-0a34-4615-942a-b7ae4044161c.a408785a-6d1a-42ef-b608-050d9b2f005e" returned: 0 in 0.586s {{(pid=83305) execute /opt/stack/data/venv/lib/python3.10/site-packages/oslo_concurrency/processutils.py:468}}
Apr 16 14:39:49 devstack cinder-volume[83305]: DEBUG oslo_concurrency.processutils [None req-b03a57b0-032a-4292-814b-93d122d5fe5e tempest-VolumesCloneTest-1242123673 None] Running cmd (subprocess): sudo cinder-rootwrap /etc/cinder/rootwrap.conf rm -f /opt/stack/data/cinder/mnt/2ab0799f3cc0fc29e1619d3615e5310d/volume-55917814-0a34-4615-942a-b7ae4044161c.a408785a-6d1a-42ef-b608-050d9b2f005e {{(pid=83305) execute /opt/stack/data/venv/lib/python3.10/site-packages/oslo_concurrency/processutils.py:440}}
Apr 16 14:39:50 devstack sudo[87602]: quobyte : PWD=/ ; USER=root ; COMMAND=/opt/stack/data/venv/bin/cinder-rootwrap /etc/cinder/rootwrap.conf rm -f /opt/stack/data/cinder/mnt/2ab0799f3cc0fc29e1619d3615e5310d/volume-55917814-0a34-4615-942a-b7ae4044161c.a408785a-6d1a-42ef-b608-050d9b2f005e
Apr 16 14:39:50 devstack sudo[87602]: pam_unix(sudo:session): session opened for user root(uid=0) by (uid=1000)
Apr 16 14:39:50 devstack cinder-volume[83305]: DEBUG cinder.volume.flows.manager.create_volume [None req-e9a04e80-c1fe-4886-91cb-48f378a0d858 tempest-VolumeQuotasAdminTestJSON-940504011 None] Volume reschedule parameters: True retry: {'num_attempts': 1, 'backends': ['devstack@QuobyteHD#QuobyteHD'], 'hosts': ['devstack@QuobyteHD#QuobyteHD']} {{(pid=83305) get_flow /opt/stack/cinder/cinder/volume/flows/manager/create_volume.py:1395}}
Apr 16 14:39:50 devstack cinder-volume[83305]: DEBUG cinder.volume.manager [None req-e9a04e80-c1fe-4886-91cb-48f378a0d858 tempest-VolumeQuotasAdminTestJSON-940504011 None] Flow 'volume_create_manager' (3b11720e-dd30-4424-b3c5-a474b863b9af) transitioned into state 'RUNNING' from state 'PENDING' {{(pid=83305) _flow_receiver /opt/stack/data/venv/lib/python3.10/site-packages/taskflow/listeners/logging.py:145}}
Apr 16 14:39:50 devstack cinder-volume[83305]: DEBUG cinder.volume.manager [None req-e9a04e80-c1fe-4886-91cb-48f378a0d858 tempest-VolumeQuotasAdminTestJSON-940504011 None] Task 'cinder.volume.flows.manager.create_volume.ExtractVolumeRefTask;volume:create' (153be9ba-4bcd-4761-b983-672b757c580e) transitioned into state 'RUNNING' from state 'PENDING' {{(pid=83305) _task_receiver /opt/stack/data/venv/lib/python3.10/site-packages/taskflow/listeners/logging.py:194}}
Apr 16 14:39:50 devstack cinder-volume[83305]: DEBUG cinder.volume.manager [None req-e9a04e80-c1fe-4886-91cb-48f378a0d858 tempest-VolumeQuotasAdminTestJSON-940504011 None] Task 'cinder.volume.flows.manager.create_volume.ExtractVolumeRefTask;volume:create' (153be9ba-4bcd-4761-b983-672b757c580e) transitioned into state 'SUCCESS' from state 'RUNNING' with result 'Volume(_name_id=None,admin_metadata=,attach_status='detached',availability_zone='nova',bootable=False,cluster=,cluster_name=None,consistencygroup=,consistencygroup_id=None,created_at=2026-04-16T12:39:50Z,deleted=False,deleted_at=None,display_description=None,display_name='tempest-VolumeQuotasAdminTestJSON-Volume-1644071879',ec2_id=None,encryption_key_id=None,glance_metadata=,group=,group_id=None,host='devstack@QuobyteHD#QuobyteHD',id=2b4e7d68-632e-497d-865d-726fdfba1a1e,launched_at=None,metadata={},migration_status=None,multiattach=False,previous_status=None,project_id='1c4b683591c646889c047d0821397f33',provider_auth=None,provider_geometry=None,provider_id=None,provider_location=None,replication_driver_data=None,replication_extended_status=None,replication_status=None,scheduled_at=2026-04-16T12:39:50Z,service_uuid=None,shared_targets=True,size=1,snapshot_id=None,snapshots=,source_volid=None,status='creating',terminated_at=None,updated_at=2026-04-16T12:39:50Z,use_quota=True,user_id='95d3c01cc6f540a0a6cd7c45914a167f',volume_attachment=VolumeAttachmentList,volume_type=VolumeType(1cbd035c-a181-445d-9c18-423ae2a11f5b),volume_type_id=1cbd035c-a181-445d-9c18-423ae2a11f5b)' {{(pid=83305) _task_receiver /opt/stack/data/venv/lib/python3.10/site-packages/taskflow/listeners/logging.py:182}}
Apr 16 14:39:50 devstack cinder-volume[83305]: DEBUG cinder.volume.manager [None req-e9a04e80-c1fe-4886-91cb-48f378a0d858 tempest-VolumeQuotasAdminTestJSON-940504011 None] Task 'cinder.volume.flows.manager.create_volume.OnFailureRescheduleTask;volume:create' (e6618307-c998-485c-abf0-595b42940289) transitioned into state 'RUNNING' from state 'PENDING' {{(pid=83305) _task_receiver /opt/stack/data/venv/lib/python3.10/site-packages/taskflow/listeners/logging.py:194}}
Apr 16 14:39:50 devstack cinder-volume[83305]: DEBUG cinder.volume.manager [None req-e9a04e80-c1fe-4886-91cb-48f378a0d858 tempest-VolumeQuotasAdminTestJSON-940504011 None] Task 'cinder.volume.flows.manager.create_volume.OnFailureRescheduleTask;volume:create' (e6618307-c998-485c-abf0-595b42940289) transitioned into state 'SUCCESS' from state 'RUNNING' with result 'None' {{(pid=83305) _task_receiver /opt/stack/data/venv/lib/python3.10/site-packages/taskflow/listeners/logging.py:182}}
Apr 16 14:39:50 devstack cinder-volume[83305]: DEBUG cinder.volume.manager [None req-e9a04e80-c1fe-4886-91cb-48f378a0d858 tempest-VolumeQuotasAdminTestJSON-940504011 None] Task 'cinder.volume.flows.manager.create_volume.ExtractVolumeSpecTask;volume:create' (adcde24e-bd0e-49df-a9ee-aeebb800e288) transitioned into state 'RUNNING' from state 'PENDING' {{(pid=83305) _task_receiver /opt/stack/data/venv/lib/python3.10/site-packages/taskflow/listeners/logging.py:194}}
Apr 16 14:39:50 devstack cinder-volume[83305]: DEBUG cinder.volume.manager [None req-e9a04e80-c1fe-4886-91cb-48f378a0d858 tempest-VolumeQuotasAdminTestJSON-940504011 None] Task 'cinder.volume.flows.manager.create_volume.ExtractVolumeSpecTask;volume:create' (adcde24e-bd0e-49df-a9ee-aeebb800e288) transitioned into state 'SUCCESS' from state 'RUNNING' with result '{'status': 'creating', 'type': 'raw', 'volume_id': '2b4e7d68-632e-497d-865d-726fdfba1a1e', 'volume_name': 'volume-2b4e7d68-632e-497d-865d-726fdfba1a1e', 'volume_size': 1}' {{(pid=83305) _task_receiver /opt/stack/data/venv/lib/python3.10/site-packages/taskflow/listeners/logging.py:182}}
Apr 16 14:39:50 devstack cinder-volume[83305]: DEBUG cinder.volume.manager [None req-e9a04e80-c1fe-4886-91cb-48f378a0d858 tempest-VolumeQuotasAdminTestJSON-940504011 None] Task 'cinder.volume.flows.manager.create_volume.NotifyVolumeActionTask;volume:create, create.start' (ff2727b5-3f4a-42f4-98f7-85a078cf899c) transitioned into state 'RUNNING' from state 'PENDING' {{(pid=83305) _task_receiver /opt/stack/data/venv/lib/python3.10/site-packages/taskflow/listeners/logging.py:194}}
Apr 16 14:39:50 devstack cinder-volume[83305]: DEBUG cinder.volume.manager [None req-e9a04e80-c1fe-4886-91cb-48f378a0d858 tempest-VolumeQuotasAdminTestJSON-940504011 None] Task 'cinder.volume.flows.manager.create_volume.NotifyVolumeActionTask;volume:create, create.start' (ff2727b5-3f4a-42f4-98f7-85a078cf899c) transitioned into state 'SUCCESS' from state 'RUNNING' with result 'None' {{(pid=83305) _task_receiver /opt/stack/data/venv/lib/python3.10/site-packages/taskflow/listeners/logging.py:182}}
Apr 16 14:39:50 devstack cinder-volume[83305]: DEBUG cinder.volume.manager [None req-e9a04e80-c1fe-4886-91cb-48f378a0d858 tempest-VolumeQuotasAdminTestJSON-940504011 None] Task 'cinder.volume.flows.manager.create_volume.CreateVolumeFromSpecTask;volume:create' (46d7fa37-09a3-4859-b4b1-a04c4e1526a0) transitioned into state 'RUNNING' from state 'PENDING' {{(pid=83305) _task_receiver /opt/stack/data/venv/lib/python3.10/site-packages/taskflow/listeners/logging.py:194}}
Apr 16 14:39:50 devstack cinder-volume[83305]: INFO cinder.volume.flows.manager.create_volume [None req-e9a04e80-c1fe-4886-91cb-48f378a0d858 tempest-VolumeQuotasAdminTestJSON-940504011 None] Volume 2b4e7d68-632e-497d-865d-726fdfba1a1e: being created as raw with specification: {'status': 'creating', 'volume_name': 'volume-2b4e7d68-632e-497d-865d-726fdfba1a1e', 'volume_size': 1}
Apr 16 14:39:50 devstack cinder-volume[83305]: DEBUG oslo_concurrency.lockutils [None req-e9a04e80-c1fe-4886-91cb-48f378a0d858 tempest-VolumeQuotasAdminTestJSON-940504011 None] Acquiring lock "quobyte" by "cinder.volume.drivers.quobyte.QuobyteDriver.create_volume" {{(pid=83305) inner /opt/stack/data/venv/lib/python3.10/site-packages/oslo_concurrency/lockutils.py:506}}
Apr 16 14:39:50 devstack sudo[87602]: pam_unix(sudo:session): session closed for user root
Apr 16 14:39:50 devstack cinder-volume[83305]: DEBUG oslo_concurrency.processutils [None req-b03a57b0-032a-4292-814b-93d122d5fe5e tempest-VolumesCloneTest-1242123673 None] CMD "sudo cinder-rootwrap /etc/cinder/rootwrap.conf rm -f /opt/stack/data/cinder/mnt/2ab0799f3cc0fc29e1619d3615e5310d/volume-55917814-0a34-4615-942a-b7ae4044161c.a408785a-6d1a-42ef-b608-050d9b2f005e" returned: 0 in 0.447s {{(pid=83305) execute /opt/stack/data/venv/lib/python3.10/site-packages/oslo_concurrency/processutils.py:468}}
Apr 16 14:39:50 devstack cinder-volume[83305]: DEBUG cinder.coordination [None req-b03a57b0-032a-4292-814b-93d122d5fe5e tempest-VolumesCloneTest-1242123673 None] Lock "cinder-quobyte-a408785a-6d1a-42ef-b608-050d9b2f005e" released by "_delete_snapshot" :: held 2.414s {{(pid=83305) __release /opt/stack/cinder/cinder/coordination.py:152}}
Apr 16 14:39:50 devstack cinder-volume[83305]: DEBUG oslo_concurrency.lockutils [None req-b03a57b0-032a-4292-814b-93d122d5fe5e tempest-VolumesCloneTest-1242123673 None] Lock "quobyte" "released" by "cinder.volume.drivers.quobyte.QuobyteDriver.create_cloned_volume" :: held 12.059s {{(pid=83305) inner /opt/stack/data/venv/lib/python3.10/site-packages/oslo_concurrency/lockutils.py:538}}
Apr 16 14:39:50 devstack cinder-volume[83305]: DEBUG oslo_concurrency.lockutils [None req-0047bae4-a937-4aee-95d9-6f34e62359b3 tempest-VolumesListAdminTestJSON-579732498 None] Lock "quobyte" acquired by "cinder.volume.drivers.quobyte.QuobyteDriver.create_volume" :: waited 11.742s {{(pid=83305) inner /opt/stack/data/venv/lib/python3.10/site-packages/oslo_concurrency/lockutils.py:519}}
Apr 16 14:39:50 devstack cinder-volume[83305]: DEBUG cinder.volume.drivers.quobyte [None req-0047bae4-a937-4aee-95d9-6f34e62359b3 tempest-VolumesListAdminTestJSON-579732498 None] ==> create_volume: call "{'self': , 'volume': Volume(_name_id=None,admin_metadata=,attach_status='detached',availability_zone='nova',bootable=False,cluster=,cluster_name=None,consistencygroup=,consistencygroup_id=None,created_at=2026-04-16T12:39:39Z,deleted=False,deleted_at=None,display_description=None,display_name='tempest-VolumesListAdminTestJSON-Volume-1181105825',ec2_id=None,encryption_key_id=None,glance_metadata=,group=,group_id=None,host='devstack@QuobyteHD#QuobyteHD',id=72358605-dd41-437b-8998-a7a7f6561830,launched_at=None,metadata={},migration_status=None,multiattach=False,previous_status=None,project_id='cf3a5004d7f94690819dde16aca5ea08',provider_auth=None,provider_geometry=None,provider_id=None,provider_location=None,replication_driver_data=None,replication_extended_status=None,replication_status=None,scheduled_at=2026-04-16T12:39:39Z,service_uuid=None,shared_targets=True,size=1,snapshot_id=None,snapshots=,source_volid=None,status='creating',terminated_at=None,updated_at=2026-04-16T12:39:39Z,use_quota=True,user_id='f6889f53d2174be49f65c81d292a5a2d',volume_attachment=VolumeAttachmentList,volume_type=VolumeType(1cbd035c-a181-445d-9c18-423ae2a11f5b),volume_type_id=1cbd035c-a181-445d-9c18-423ae2a11f5b)}" {{(pid=83305) trace_logging_wrapper /opt/stack/cinder/cinder/volume/volume_utils.py:1498}}
Apr 16 14:39:50 devstack cinder-volume[83305]: DEBUG cinder.volume.drivers.remotefs [None req-0047bae4-a937-4aee-95d9-6f34e62359b3 tempest-VolumesListAdminTestJSON-579732498 None] Creating volume 72358605-dd41-437b-8998-a7a7f6561830 {{(pid=83305) create_volume /opt/stack/cinder/cinder/volume/drivers/remotefs.py:292}}
Apr 16 14:39:50 devstack cinder-volume[83305]: DEBUG oslo_concurrency.lockutils [None req-0047bae4-a937-4aee-95d9-6f34e62359b3 tempest-VolumesListAdminTestJSON-579732498 None] Acquiring lock "quobyte_ensure" by "cinder.volume.drivers.quobyte.QuobyteDriver._ensure_shares_mounted" {{(pid=83305) inner /opt/stack/data/venv/lib/python3.10/site-packages/oslo_concurrency/lockutils.py:506}}
Apr 16 14:39:50 devstack cinder-volume[83305]: DEBUG oslo_concurrency.lockutils [None req-0047bae4-a937-4aee-95d9-6f34e62359b3 tempest-VolumesListAdminTestJSON-579732498 None] Lock "quobyte_ensure" acquired by "cinder.volume.drivers.quobyte.QuobyteDriver._ensure_shares_mounted" :: waited 0.000s {{(pid=83305) inner /opt/stack/data/venv/lib/python3.10/site-packages/oslo_concurrency/lockutils.py:519}}
Apr 16 14:39:50 devstack cinder-volume[83305]: DEBUG cinder.volume.drivers.quobyte [None req-0047bae4-a937-4aee-95d9-6f34e62359b3 tempest-VolumesListAdminTestJSON-579732498 None] Quobyte Volume URL set to: {'osci02.corp.quobyte.com/cinder-vol-6c6509b8-bc36-433a-80aa-f139ece5cfa5': None} {{(pid=83305) _load_shares_config /opt/stack/cinder/cinder/volume/drivers/quobyte.py:617}}
Apr 16 14:39:50 devstack cinder-volume[83305]: DEBUG cinder.volume.drivers.quobyte [None req-0047bae4-a937-4aee-95d9-6f34e62359b3 tempest-VolumesListAdminTestJSON-579732498 None] Available shares ['osci02.corp.quobyte.com/cinder-vol-6c6509b8-bc36-433a-80aa-f139ece5cfa5'] {{(pid=83305) _ensure_shares_mounted /opt/stack/cinder/cinder/volume/drivers/quobyte.py:647}}
Apr 16 14:39:50 devstack cinder-volume[83305]: DEBUG oslo_concurrency.lockutils [None req-0047bae4-a937-4aee-95d9-6f34e62359b3 tempest-VolumesListAdminTestJSON-579732498 None] Lock "quobyte_ensure" "released" by "cinder.volume.drivers.quobyte.QuobyteDriver._ensure_shares_mounted" :: held 0.003s {{(pid=83305) inner /opt/stack/data/venv/lib/python3.10/site-packages/oslo_concurrency/lockutils.py:538}}
Apr 16 14:39:50 devstack cinder-volume[83305]: DEBUG cinder.volume.drivers.quobyte [None req-0047bae4-a937-4aee-95d9-6f34e62359b3 tempest-VolumesListAdminTestJSON-579732498 None] Selected osci02.corp.quobyte.com/cinder-vol-6c6509b8-bc36-433a-80aa-f139ece5cfa5 as target Quobyte volume. {{(pid=83305) _find_share /opt/stack/cinder/cinder/volume/drivers/quobyte.py:668}}
Apr 16 14:39:50 devstack cinder-volume[83305]: INFO cinder.volume.drivers.remotefs [None req-0047bae4-a937-4aee-95d9-6f34e62359b3 tempest-VolumesListAdminTestJSON-579732498 None] casted to osci02.corp.quobyte.com/cinder-vol-6c6509b8-bc36-433a-80aa-f139ece5cfa5
Apr 16 14:39:50 devstack cinder-volume[83305]: DEBUG oslo_concurrency.processutils [None req-0047bae4-a937-4aee-95d9-6f34e62359b3 tempest-VolumesListAdminTestJSON-579732498 None] Running cmd (subprocess): sudo cinder-rootwrap /etc/cinder/rootwrap.conf qemu-img create -f qcow2 -o preallocation=metadata /opt/stack/data/cinder/mnt/2ab0799f3cc0fc29e1619d3615e5310d/volume-72358605-dd41-437b-8998-a7a7f6561830 1073741824 {{(pid=83305) execute /opt/stack/data/venv/lib/python3.10/site-packages/oslo_concurrency/processutils.py:440}}
