Jul 23 03:11:36 devstack devstack@g-api.service[78132]: DEBUG glance.common.config [None req-ff910ba9-e6db-47a4-b2f5-f387e5d2fc54 None None] database.asyncio_connection = **** {{(pid=78132) log_opt_values /opt/stack/data/venv/lib/python3.12/site-packages/oslo_config/cfg.py:3253}}
Jul 23 03:11:36 devstack devstack@g-api.service[78132]: DEBUG glance.common.config [None req-ff910ba9-e6db-47a4-b2f5-f387e5d2fc54 None None] database.asyncio_slave_connection = **** {{(pid=78132) log_opt_values /opt/stack/data/venv/lib/python3.12/site-packages/oslo_config/cfg.py:3253}}
Jul 23 03:11:36 devstack devstack@g-api.service[78132]: DEBUG glance.common.config [None req-ff910ba9-e6db-47a4-b2f5-f387e5d2fc54 None None] database.backend = sqlalchemy {{(pid=78132) log_opt_values /opt/stack/data/venv/lib/python3.12/site-packages/oslo_config/cfg.py:3253}}
Jul 23 03:11:36 devstack devstack@g-api.service[78132]: DEBUG glance.common.config [None req-ff910ba9-e6db-47a4-b2f5-f387e5d2fc54 None None] database.connection = **** {{(pid=78132) log_opt_values /opt/stack/data/venv/lib/python3.12/site-packages/oslo_config/cfg.py:3253}}
Jul 23 03:11:36 devstack devstack@g-api.service[78132]: DEBUG glance.common.config [None req-ff910ba9-e6db-47a4-b2f5-f387e5d2fc54 None None] database.connection_debug = 0 {{(pid=78132) log_opt_values /opt/stack/data/venv/lib/python3.12/site-packages/oslo_config/cfg.py:3253}}
Jul 23 03:11:36 devstack devstack@g-api.service[78132]: DEBUG glance.common.config [None req-ff910ba9-e6db-47a4-b2f5-f387e5d2fc54 None None] database.connection_parameters = {{(pid=78132) log_opt_values /opt/stack/data/venv/lib/python3.12/site-packages/oslo_config/cfg.py:3253}}
Jul 23 03:11:36 devstack devstack@g-api.service[78132]: DEBUG glance.common.config [None req-ff910ba9-e6db-47a4-b2f5-f387e5d2fc54 None None] database.connection_recycle_time = 3600 {{(pid=78132) log_opt_values /opt/stack/data/venv/lib/python3.12/site-packages/oslo_config/cfg.py:3253}}
Jul 23 03:11:36 devstack devstack@g-api.service[78132]: DEBUG glance.common.config [None req-ff910ba9-e6db-47a4-b2f5-f387e5d2fc54 None None] database.connection_trace = False {{(pid=78132) log_opt_values /opt/stack/data/venv/lib/python3.12/site-packages/oslo_config/cfg.py:3253}}
Jul 23 03:11:36 devstack devstack@g-api.service[78132]: DEBUG glance.common.config [None req-ff910ba9-e6db-47a4-b2f5-f387e5d2fc54 None None] database.db_inc_retry_interval = True {{(pid=78132) log_opt_values /opt/stack/data/venv/lib/python3.12/site-packages/oslo_config/cfg.py:3253}}
Jul 23 03:11:36 devstack devstack@g-api.service[78132]: DEBUG glance.common.config [None req-ff910ba9-e6db-47a4-b2f5-f387e5d2fc54 None None] database.db_max_retries = 20 {{(pid=78132) log_opt_values /opt/stack/data/venv/lib/python3.12/site-packages/oslo_config/cfg.py:3253}}
Jul 23 03:11:36 devstack devstack@g-api.service[78132]: DEBUG glance.common.config [None req-ff910ba9-e6db-47a4-b2f5-f387e5d2fc54 None None] database.db_max_retry_interval = 10 {{(pid=78132) log_opt_values /opt/stack/data/venv/lib/python3.12/site-packages/oslo_config/cfg.py:3253}}
Jul 23 03:11:36 devstack devstack@g-api.service[78132]: DEBUG glance.common.config [None req-ff910ba9-e6db-47a4-b2f5-f387e5d2fc54 None None] database.db_retry_interval = 1 {{(pid=78132) log_opt_values /opt/stack/data/venv/lib/python3.12/site-packages/oslo_config/cfg.py:3253}}
Jul 23 03:11:36 devstack devstack@g-api.service[78132]: DEBUG glance.common.config [None req-ff910ba9-e6db-47a4-b2f5-f387e5d2fc54 None None] database.max_overflow = 50 {{(pid=78132) log_opt_values /opt/stack/data/venv/lib/python3.12/site-packages/oslo_config/cfg.py:3253}}
Jul 23 03:11:36 devstack devstack@g-api.service[78132]: DEBUG glance.common.config [None req-ff910ba9-e6db-47a4-b2f5-f387e5d2fc54 None None] database.max_pool_size = 5 {{(pid=78132) log_opt_values /opt/stack/data/venv/lib/python3.12/site-packages/oslo_config/cfg.py:3253}}
Jul 23 03:11:36 devstack devstack@g-api.service[78132]: DEBUG glance.common.config [None req-ff910ba9-e6db-47a4-b2f5-f387e5d2fc54 None None] database.max_retries = 10 {{(pid=78132) log_opt_values /opt/stack/data/venv/lib/python3.12/site-packages/oslo_config/cfg.py:3253}}
Jul 23 03:11:36 devstack devstack@g-api.service[78132]: DEBUG glance.common.config [None req-ff910ba9-e6db-47a4-b2f5-f387e5d2fc54 None None] database.mysql_sql_mode = TRADITIONAL {{(pid=78132) log_opt_values /opt/stack/data/venv/lib/python3.12/site-packages/oslo_config/cfg.py:3253}}
Jul 23 03:11:36 devstack devstack@g-api.service[78132]: DEBUG glance.common.config [None req-ff910ba9-e6db-47a4-b2f5-f387e5d2fc54 None None] database.mysql_wsrep_sync_wait = None {{(pid=78132) log_opt_values /opt/stack/data/venv/lib/python3.12/site-packages/oslo_config/cfg.py:3253}}
Jul 23 03:11:36 devstack devstack@g-api.service[78132]: DEBUG glance.common.config [None req-ff910ba9-e6db-47a4-b2f5-f387e5d2fc54 None None] database.pool_timeout = None {{(pid=78132) log_opt_values /opt/stack/data/venv/lib/python3.12/site-packages/oslo_config/cfg.py:3253}}
Jul 23 03:11:36 devstack devstack@g-api.service[78132]: DEBUG glance.common.config [None req-ff910ba9-e6db-47a4-b2f5-f387e5d2fc54 None None] database.retry_interval = 10 {{(pid=78132) log_opt_values /opt/stack/data/venv/lib/python3.12/site-packages/oslo_config/cfg.py:3253}}
Jul 23 03:11:36 devstack devstack@g-api.service[78132]: DEBUG glance.common.config [None req-ff910ba9-e6db-47a4-b2f5-f387e5d2fc54 None None] database.slave_connection = **** {{(pid=78132) log_opt_values /opt/stack/data/venv/lib/python3.12/site-packages/oslo_config/cfg.py:3253}}
Jul 23 03:11:36 devstack devstack@g-api.service[78132]: DEBUG glance.common.config [None req-ff910ba9-e6db-47a4-b2f5-f387e5d2fc54 None None] database.sqlite_synchronous = True {{(pid=78132) log_opt_values /opt/stack/data/venv/lib/python3.12/site-packages/oslo_config/cfg.py:3253}}
Jul 23 03:11:36 devstack devstack@g-api.service[78132]: DEBUG glance.common.config [None req-ff910ba9-e6db-47a4-b2f5-f387e5d2fc54 None None] database.synchronous_reader = True {{(pid=78132) log_opt_values /opt/stack/data/venv/lib/python3.12/site-packages/oslo_config/cfg.py:3253}}
Jul 23 03:11:36 devstack devstack@g-api.service[78132]: DEBUG glance.common.config [None req-ff910ba9-e6db-47a4-b2f5-f387e5d2fc54 None None] database.use_db_reconnect = False {{(pid=78132) log_opt_values /opt/stack/data/venv/lib/python3.12/site-packages/oslo_config/cfg.py:3253}}
Jul 23 03:11:36 devstack devstack@g-api.service[78132]: DEBUG glance.common.config [None req-ff910ba9-e6db-47a4-b2f5-f387e5d2fc54 None None] healthcheck.allowed_source_ranges = [] {{(pid=78132) log_opt_values /opt/stack/data/venv/lib/python3.12/site-packages/oslo_config/cfg.py:3253}}
Jul 23 03:11:36 devstack devstack@g-api.service[78132]: DEBUG glance.common.config [None req-ff910ba9-e6db-47a4-b2f5-f387e5d2fc54 None None] healthcheck.backends = ['disable_by_file'] {{(pid=78132) log_opt_values /opt/stack/data/venv/lib/python3.12/site-packages/oslo_config/cfg.py:3253}}
Jul 23 03:11:36 devstack devstack@g-api.service[78132]: DEBUG glance.common.config [None req-ff910ba9-e6db-47a4-b2f5-f387e5d2fc54 None None] healthcheck.detailed = False {{(pid=78132) log_opt_values /opt/stack/data/venv/lib/python3.12/site-packages/oslo_config/cfg.py:3253}}
Jul 23 03:11:36 devstack devstack@g-api.service[78132]: DEBUG glance.common.config [None req-ff910ba9-e6db-47a4-b2f5-f387e5d2fc54 None None] healthcheck.disable_by_file_path = None {{(pid=78132) log_opt_values /opt/stack/data/venv/lib/python3.12/site-packages/oslo_config/cfg.py:3253}}
Jul 23 03:11:36 devstack devstack@g-api.service[78132]: DEBUG glance.common.config [None req-ff910ba9-e6db-47a4-b2f5-f387e5d2fc54 None None] healthcheck.ignore_proxied_requests = False {{(pid=78132) log_opt_values /opt/stack/data/venv/lib/python3.12/site-packages/oslo_config/cfg.py:3253}}
Jul 23 03:11:36 devstack devstack@g-api.service[78132]: DEBUG glance.common.config [None req-ff910ba9-e6db-47a4-b2f5-f387e5d2fc54 None None] ******************************************************************************** {{(pid=78132) log_opt_values /opt/stack/data/venv/lib/python3.12/site-packages/oslo_config/cfg.py:3260}}
Jul 23 03:11:36 devstack devstack@g-api.service[78132]: WSGI app 0 (mountpoint='') ready in 5 seconds on interpreter 0x71d037ea4668 pid: 78132 (default app)
Jul 23 03:11:39 devstack devstack@g-api.service[78131]: DEBUG glance.api.middleware.version_negotiation [None req-edb76f3c-adc6-43ca-a1f0-5c136898e1c8 None None] Determining version of request: GET / Accept: application/json {{(pid=78131) process_request /opt/stack/glance/glance/api/middleware/version_negotiation.py:44}}
Jul 23 03:11:39 devstack devstack@g-api.service[78131]: DEBUG glance.api.middleware.version_negotiation [None req-edb76f3c-adc6-43ca-a1f0-5c136898e1c8 None None] Using url versioning {{(pid=78131) process_request /opt/stack/glance/glance/api/middleware/version_negotiation.py:57}}
Jul 23 03:11:39 devstack devstack@g-api.service[78131]: DEBUG glance.api.middleware.version_negotiation [None req-edb76f3c-adc6-43ca-a1f0-5c136898e1c8 None None] Unknown version. Returning version choices. {{(pid=78131) process_request /opt/stack/glance/glance/api/middleware/version_negotiation.py:64}}
Jul 23 03:11:39 devstack devstack@g-api.service[78131]: [pid: 78131|app: 0|req: 2/2] 127.0.0.1 () {34 vars in 519 bytes} [Thu Jul 23 03:11:39 2026] GET / => generated 1571 bytes in 2 msecs (HTTP/1.1 300) 3 headers in 106 bytes (1 switches on core 0)
Jul 23 03:11:39 devstack devstack@g-api.service[78132]: DEBUG glance.api.middleware.version_negotiation [None req-ff910ba9-e6db-47a4-b2f5-f387e5d2fc54 None None] Determining version of request: POST /v2/images Accept: */* {{(pid=78132) process_request /opt/stack/glance/glance/api/middleware/version_negotiation.py:44}}
Jul 23 03:11:39 devstack devstack@g-api.service[78132]: DEBUG glance.api.middleware.version_negotiation [None req-ff910ba9-e6db-47a4-b2f5-f387e5d2fc54 None None] Using url versioning {{(pid=78132) process_request /opt/stack/glance/glance/api/middleware/version_negotiation.py:57}}
Jul 23 03:11:39 devstack devstack@g-api.service[78132]: DEBUG glance.api.middleware.version_negotiation [None req-ff910ba9-e6db-47a4-b2f5-f387e5d2fc54 None None] Matched version: v2 {{(pid=78132) process_request /opt/stack/glance/glance/api/middleware/version_negotiation.py:69}}
Jul 23 03:11:39 devstack devstack@g-api.service[78132]: DEBUG glance.api.middleware.version_negotiation [None req-ff910ba9-e6db-47a4-b2f5-f387e5d2fc54 None None] new path /v2/images {{(pid=78132) process_request /opt/stack/glance/glance/api/middleware/version_negotiation.py:70}}
Jul 23 03:11:40 devstack devstack@g-api.service[78132]: [pid: 78132|app: 0|req: 1/3] 127.0.0.1 () {40 vars in 782 bytes} [Thu Jul 23 03:11:39 2026] POST /v2/images => generated 807 bytes in 1234 msecs (HTTP/1.1 201) 6 headers in 314 bytes (1 switches on core 0)
Jul 23 03:11:40 devstack devstack@g-api.service[78131]: DEBUG glance.api.middleware.version_negotiation [None req-edb76f3c-adc6-43ca-a1f0-5c136898e1c8 None None] Determining version of request: PUT /v2/images/305f1036-a296-4b7a-ad9a-5bff6ecc6243/file Accept: {{(pid=78131) process_request /opt/stack/glance/glance/api/middleware/version_negotiation.py:44}}
Jul 23 03:11:40 devstack devstack@g-api.service[78131]: DEBUG glance.api.middleware.version_negotiation [None req-edb76f3c-adc6-43ca-a1f0-5c136898e1c8 None None] Using url versioning {{(pid=78131) process_request /opt/stack/glance/glance/api/middleware/version_negotiation.py:57}}
Jul 23 03:11:40 devstack devstack@g-api.service[78131]: DEBUG glance.api.middleware.version_negotiation [None req-edb76f3c-adc6-43ca-a1f0-5c136898e1c8 None None] Matched version: v2 {{(pid=78131) process_request /opt/stack/glance/glance/api/middleware/version_negotiation.py:69}}
Jul 23 03:11:40 devstack devstack@g-api.service[78131]: DEBUG glance.api.middleware.version_negotiation [None req-edb76f3c-adc6-43ca-a1f0-5c136898e1c8 None None] new path /v2/images/305f1036-a296-4b7a-ad9a-5bff6ecc6243/file {{(pid=78131) process_request /opt/stack/glance/glance/api/middleware/version_negotiation.py:70}}
Jul 23 03:11:41 devstack devstack@g-api.service[78131]: INFO glance.api.v2.image_data [None req-4b880577-5306-4f71-9025-18db9fbbb19a admin admin] Unable to create trust: no such option collect_timing in group [keystone_authtoken] Use the existing user token.
Jul 23 03:11:42 devstack devstack@g-api.service[78131]: DEBUG glance.location [None req-4b880577-5306-4f71-9025-18db9fbbb19a admin admin] Enabling in-flight format inspection for qcow2 {{(pid=78131) set_data /opt/stack/glance/glance/location.py:596}}
Jul 23 03:11:42 devstack devstack@g-api.service[78131]: DEBUG oslo_utils.imageutils.format_inspector [None req-4b880577-5306-4f71-9025-18db9fbbb19a admin admin] Format inspector for vmdk does not match, excluding from consideration (Signature KDMV not found: b'QFI\xfb') {{(pid=78131) _process_chunk /opt/stack/data/venv/lib/python3.12/site-packages/oslo_utils/imageutils/format_inspector.py:1758}}
Jul 23 03:11:42 devstack devstack@g-api.service[78131]: DEBUG oslo_utils.imageutils.format_inspector [None req-4b880577-5306-4f71-9025-18db9fbbb19a admin admin] Format inspector for vhdx does not match, excluding from consideration (Region signature not found at 30000) {{(pid=78131) _process_chunk /opt/stack/data/venv/lib/python3.12/site-packages/oslo_utils/imageutils/format_inspector.py:1758}}
Jul 23 03:11:42 devstack devstack@g-api.service[78131]: DEBUG glance_store._drivers.filesystem [None req-4b880577-5306-4f71-9025-18db9fbbb19a admin admin] Wrote 21692416 bytes to /opt/stack/data/glance/images/305f1036-a296-4b7a-ad9a-5bff6ecc6243 with checksum 87617e24a5e30cb3b87fda8c0764838f and multihash 9a9bce0083a00939ec17c11febbfc767aa211aaa54f51e75c5a8b271a9b5637c77205a518b7a2007cb391d23cceb01e0e4e8d64832317151bc85b734b92a7be0 {{(pid=78131) add /opt/stack/data/venv/lib/python3.12/site-packages/glance_store/_drivers/filesystem.py:899}}
Jul 23 03:11:42 devstack devstack@g-api.service[78131]: INFO glance.location [None req-4b880577-5306-4f71-9025-18db9fbbb19a admin admin] Image format matched and virtual size computed: 117440512
Jul 23 03:11:42 devstack devstack@g-api.service[78131]: DEBUG glance_store.backend [None req-4b880577-5306-4f71-9025-18db9fbbb19a admin admin] Skipping store.set_acls... not implemented. {{(pid=78131) set_acls /opt/stack/data/venv/lib/python3.12/site-packages/glance_store/backend.py:507}}
Jul 23 03:11:42 devstack devstack@g-api.service[78131]: [pid: 78131|app: 0|req: 3/4] 127.0.0.1 () {40 vars in 875 bytes} [Thu Jul 23 03:11:40 2026] PUT /v2/images/305f1036-a296-4b7a-ad9a-5bff6ecc6243/file => generated 0 bytes in 1720 msecs (HTTP/1.1 204) 4 headers in 171 bytes (1 switches on core 0)
Jul 23 03:11:42 devstack devstack@g-api.service[78132]: DEBUG glance.api.middleware.version_negotiation [None req-5d83691d-1f89-4942-a987-14c4643e81e0 admin admin] Determining version of request: GET /v2/images/305f1036-a296-4b7a-ad9a-5bff6ecc6243 Accept: */* {{(pid=78132) process_request /opt/stack/glance/glance/api/middleware/version_negotiation.py:44}}
Jul 23 03:11:42 devstack devstack@g-api.service[78132]: DEBUG glance.api.middleware.version_negotiation [None req-5d83691d-1f89-4942-a987-14c4643e81e0 admin admin] Using url versioning {{(pid=78132) process_request /opt/stack/glance/glance/api/middleware/version_negotiation.py:57}}
Jul 23 03:11:42 devstack devstack@g-api.service[78132]: DEBUG glance.api.middleware.version_negotiation [None req-5d83691d-1f89-4942-a987-14c4643e81e0 admin admin] Matched version: v2 {{(pid=78132) process_request /opt/stack/glance/glance/api/middleware/version_negotiation.py:69}}
Jul 23 03:11:42 devstack devstack@g-api.service[78132]: DEBUG glance.api.middleware.version_negotiation [None req-5d83691d-1f89-4942-a987-14c4643e81e0 admin admin] new path /v2/images/305f1036-a296-4b7a-ad9a-5bff6ecc6243 {{(pid=78132) process_request /opt/stack/glance/glance/api/middleware/version_negotiation.py:70}}
Jul 23 03:11:42 devstack devstack@g-api.service[78132]: [pid: 78132|app: 0|req: 2/5] 127.0.0.1 () {36 vars in 802 bytes} [Thu Jul 23 03:11:42 2026] GET /v2/images/305f1036-a296-4b7a-ad9a-5bff6ecc6243 => generated 976 bytes in 26 msecs (HTTP/1.1 200) 4 headers in 157 bytes (1 switches on core 0)
Jul 23 03:11:52 devstack devstack@g-api.service[78131]: DEBUG dbcounter [-] [78131] Writing DB stats glance:INSERT=5,glance:SELECT=16,glance:UPDATE=2 {{(pid=78131) stat_writer /opt/stack/data/venv/lib/python3.12/site-packages/dbcounter.py:115}}
Jul 23 03:11:52 devstack devstack@g-api.service[78132]: DEBUG dbcounter [-] [78132] Writing DB stats glance:INSERT=9,glance:SELECT=6 {{(pid=78132) stat_writer /opt/stack/data/venv/lib/python3.12/site-packages/dbcounter.py:115}}
Jul 23 03:12:25 devstack devstack@g-api.service[78131]: DEBUG glance.api.middleware.version_negotiation [None req-4b880577-5306-4f71-9025-18db9fbbb19a admin admin] Determining version of request: GET / Accept: application/json {{(pid=78131) process_request /opt/stack/glance/glance/api/middleware/version_negotiation.py:44}}
Jul 23 03:12:25 devstack devstack@g-api.service[78131]: DEBUG glance.api.middleware.version_negotiation [None req-4b880577-5306-4f71-9025-18db9fbbb19a admin admin] Using url versioning {{(pid=78131) process_request /opt/stack/glance/glance/api/middleware/version_negotiation.py:57}}
Jul 23 03:12:25 devstack devstack@g-api.service[78131]: DEBUG glance.api.middleware.version_negotiation [None req-4b880577-5306-4f71-9025-18db9fbbb19a admin admin] Unknown version. Returning version choices. {{(pid=78131) process_request /opt/stack/glance/glance/api/middleware/version_negotiation.py:64}}
Jul 23 03:12:25 devstack devstack@g-api.service[78131]: [pid: 78131|app: 0|req: 4/6] 127.0.0.1 () {34 vars in 519 bytes} [Thu Jul 23 03:12:25 2026] GET / => generated 1571 bytes in 2 msecs (HTTP/1.1 300) 3 headers in 106 bytes (1 switches on core 0)
Jul 23 03:12:25 devstack devstack@g-api.service[78132]: DEBUG glance.api.middleware.version_negotiation [None req-0b4ec46e-f388-4059-ac6c-95ff84da2700 admin admin] Determining version of request: GET /v2/images Accept: application/json {{(pid=78132) process_request /opt/stack/glance/glance/api/middleware/version_negotiation.py:44}}
Jul 23 03:12:25 devstack devstack@g-api.service[78132]: DEBUG glance.api.middleware.version_negotiation [None req-0b4ec46e-f388-4059-ac6c-95ff84da2700 admin admin] Using url versioning {{(pid=78132) process_request /opt/stack/glance/glance/api/middleware/version_negotiation.py:57}}
Jul 23 03:12:25 devstack devstack@g-api.service[78132]: DEBUG glance.api.middleware.version_negotiation [None req-0b4ec46e-f388-4059-ac6c-95ff84da2700 admin admin] Matched version: v2 {{(pid=78132) process_request /opt/stack/glance/glance/api/middleware/version_negotiation.py:69}}
Jul 23 03:12:25 devstack devstack@g-api.service[78132]: DEBUG glance.api.middleware.version_negotiation [None req-0b4ec46e-f388-4059-ac6c-95ff84da2700 admin admin] new path /v2/images {{(pid=78132) process_request /opt/stack/glance/glance/api/middleware/version_negotiation.py:70}}
Jul 23 03:12:25 devstack devstack@g-api.service[78132]: [pid: 78132|app: 0|req: 3/7] 127.0.0.1 () {36 vars in 741 bytes} [Thu Jul 23 03:12:25 2026] GET /v2/images => generated 1045 bytes in 90 msecs (HTTP/1.1 200) 4 headers in 158 bytes (1 switches on core 0)
Jul 23 03:12:34 devstack devstack@g-api.service[78131]: DEBUG glance.api.middleware.version_negotiation [None req-4b880577-5306-4f71-9025-18db9fbbb19a admin admin] Determining version of request: GET / Accept: application/json {{(pid=78131) process_request /opt/stack/glance/glance/api/middleware/version_negotiation.py:44}}
Jul 23 03:12:34 devstack devstack@g-api.service[78131]: DEBUG glance.api.middleware.version_negotiation [None req-4b880577-5306-4f71-9025-18db9fbbb19a admin admin] Using url versioning {{(pid=78131) process_request /opt/stack/glance/glance/api/middleware/version_negotiation.py:57}}
Jul 23 03:12:34 devstack devstack@g-api.service[78131]: DEBUG glance.api.middleware.version_negotiation [None req-4b880577-5306-4f71-9025-18db9fbbb19a admin admin] Unknown version. Returning version choices. {{(pid=78131) process_request /opt/stack/glance/glance/api/middleware/version_negotiation.py:64}}
Jul 23 03:12:34 devstack devstack@g-api.service[78131]: [pid: 78131|app: 0|req: 5/8] 127.0.0.1 () {34 vars in 519 bytes} [Thu Jul 23 03:12:34 2026] GET / => generated 1571 bytes in 2 msecs (HTTP/1.1 300) 3 headers in 106 bytes (1 switches on core 0)
Jul 23 03:12:34 devstack devstack@g-api.service[78132]: DEBUG glance.api.middleware.version_negotiation [None req-07f973aa-a95d-4d65-bf40-cac5486885f0 admin admin] Determining version of request: GET /v2/images/305f1036-a296-4b7a-ad9a-5bff6ecc6243 Accept: */* {{(pid=78132) process_request /opt/stack/glance/glance/api/middleware/version_negotiation.py:44}}
Jul 23 03:12:34 devstack devstack@g-api.service[78132]: DEBUG glance.api.middleware.version_negotiation [None req-07f973aa-a95d-4d65-bf40-cac5486885f0 admin admin] Using url versioning {{(pid=78132) process_request /opt/stack/glance/glance/api/middleware/version_negotiation.py:57}}
Jul 23 03:12:34 devstack devstack@g-api.service[78132]: DEBUG glance.api.middleware.version_negotiation [None req-07f973aa-a95d-4d65-bf40-cac5486885f0 admin admin] Matched version: v2 {{(pid=78132) process_request /opt/stack/glance/glance/api/middleware/version_negotiation.py:69}}
Jul 23 03:12:34 devstack devstack@g-api.service[78132]: DEBUG glance.api.middleware.version_negotiation [None req-07f973aa-a95d-4d65-bf40-cac5486885f0 admin admin] new path /v2/images/305f1036-a296-4b7a-ad9a-5bff6ecc6243 {{(pid=78132) process_request /opt/stack/glance/glance/api/middleware/version_negotiation.py:70}}
Jul 23 03:12:35 devstack devstack@g-api.service[78132]: [pid: 78132|app: 0|req: 4/9] 127.0.0.1 () {36 vars in 802 bytes} [Thu Jul 23 03:12:34 2026] GET /v2/images/305f1036-a296-4b7a-ad9a-5bff6ecc6243 => generated 976 bytes in 70 msecs (HTTP/1.1 200) 4 headers in 157 bytes (1 switches on core 0)
Jul 23 03:12:41 devstack devstack@g-api.service[78131]: DEBUG glance.api.middleware.version_negotiation [None req-4b880577-5306-4f71-9025-18db9fbbb19a admin admin] Determining version of request: GET / Accept: application/json {{(pid=78131) process_request /opt/stack/glance/glance/api/middleware/version_negotiation.py:44}}
Jul 23 03:12:41 devstack devstack@g-api.service[78131]: DEBUG glance.api.middleware.version_negotiation [None req-4b880577-5306-4f71-9025-18db9fbbb19a admin admin] Using url versioning {{(pid=78131) process_request /opt/stack/glance/glance/api/middleware/version_negotiation.py:57}}
Jul 23 03:12:41 devstack devstack@g-api.service[78131]: DEBUG glance.api.middleware.version_negotiation [None req-4b880577-5306-4f71-9025-18db9fbbb19a admin admin] Unknown version. Returning version choices. {{(pid=78131) process_request /opt/stack/glance/glance/api/middleware/version_negotiation.py:64}}
Jul 23 03:12:41 devstack devstack@g-api.service[78131]: [pid: 78131|app: 0|req: 6/10] 127.0.0.1 () {34 vars in 519 bytes} [Thu Jul 23 03:12:41 2026] GET / => generated 1571 bytes in 2 msecs (HTTP/1.1 300) 3 headers in 106 bytes (1 switches on core 0)
Jul 23 03:12:41 devstack devstack@g-api.service[78132]: DEBUG glance.api.middleware.version_negotiation [None req-13898060-5e81-45f7-b403-c77f0ffa0d49 admin admin] Determining version of request: GET /v2/images/305f1036-a296-4b7a-ad9a-5bff6ecc6243 Accept: */* {{(pid=78132) process_request /opt/stack/glance/glance/api/middleware/version_negotiation.py:44}}
Jul 23 03:12:41 devstack devstack@g-api.service[78132]: DEBUG glance.api.middleware.version_negotiation [None req-13898060-5e81-45f7-b403-c77f0ffa0d49 admin admin] Using url versioning {{(pid=78132) process_request /opt/stack/glance/glance/api/middleware/version_negotiation.py:57}}
Jul 23 03:12:41 devstack devstack@g-api.service[78132]: DEBUG glance.api.middleware.version_negotiation [None req-13898060-5e81-45f7-b403-c77f0ffa0d49 admin admin] Matched version: v2 {{(pid=78132) process_request /opt/stack/glance/glance/api/middleware/version_negotiation.py:69}}
Jul 23 03:12:41 devstack devstack@g-api.service[78132]: DEBUG glance.api.middleware.version_negotiation [None req-13898060-5e81-45f7-b403-c77f0ffa0d49 admin admin] new path /v2/images/305f1036-a296-4b7a-ad9a-5bff6ecc6243 {{(pid=78132) process_request /opt/stack/glance/glance/api/middleware/version_negotiation.py:70}}
Jul 23 03:12:41 devstack devstack@g-api.service[78132]: [pid: 78132|app: 0|req: 5/11] 127.0.0.1 () {36 vars in 802 bytes} [Thu Jul 23 03:12:41 2026] GET /v2/images/305f1036-a296-4b7a-ad9a-5bff6ecc6243 => generated 976 bytes in 68 msecs (HTTP/1.1 200) 4 headers in 157 bytes (1 switches on core 0)
Jul 23 03:12:51 devstack devstack@g-api.service[78132]: DEBUG dbcounter [-] [78132] Writing DB stats glance:SELECT=5 {{(pid=78132) stat_writer /opt/stack/data/venv/lib/python3.12/site-packages/dbcounter.py:115}}
Jul 23 03:13:55 devstack devstack@g-api.service[78131]: DEBUG glance.api.middleware.version_negotiation [None req-4b880577-5306-4f71-9025-18db9fbbb19a admin admin] Determining version of request: GET / Accept: application/json {{(pid=78131) process_request /opt/stack/glance/glance/api/middleware/version_negotiation.py:44}}
Jul 23 03:13:55 devstack devstack@g-api.service[78131]: DEBUG glance.api.middleware.version_negotiation [None req-4b880577-5306-4f71-9025-18db9fbbb19a admin admin] Using url versioning {{(pid=78131) process_request /opt/stack/glance/glance/api/middleware/version_negotiation.py:57}}
Jul 23 03:13:55 devstack devstack@g-api.service[78131]: DEBUG glance.api.middleware.version_negotiation [None req-4b880577-5306-4f71-9025-18db9fbbb19a admin admin] Unknown version. Returning version choices. {{(pid=78131) process_request /opt/stack/glance/glance/api/middleware/version_negotiation.py:64}}
Jul 23 03:13:55 devstack devstack@g-api.service[78131]: [pid: 78131|app: 0|req: 7/12] 127.0.0.1 () {36 vars in 488 bytes} [Thu Jul 23 03:13:55 2026] GET / => generated 1571 bytes in 4 msecs (HTTP/1.1 300) 3 headers in 106 bytes (1 switches on core 0)
Jul 23 03:18:34 devstack devstack@g-api.service[78132]: DEBUG glance.api.middleware.version_negotiation [None req-d33dc77b-6909-4d74-b225-1ab372be68f3 admin admin] Determining version of request: GET / Accept: application/json {{(pid=78132) process_request /opt/stack/glance/glance/api/middleware/version_negotiation.py:44}}
Jul 23 03:18:34 devstack devstack@g-api.service[78132]: DEBUG glance.api.middleware.version_negotiation [None req-d33dc77b-6909-4d74-b225-1ab372be68f3 admin admin] Using url versioning {{(pid=78132) process_request /opt/stack/glance/glance/api/middleware/version_negotiation.py:57}}
Jul 23 03:18:34 devstack devstack@g-api.service[78132]: DEBUG glance.api.middleware.version_negotiation [None req-d33dc77b-6909-4d74-b225-1ab372be68f3 admin admin] Unknown version. Returning version choices. {{(pid=78132) process_request /opt/stack/glance/glance/api/middleware/version_negotiation.py:64}}
Jul 23 03:18:34 devstack devstack@g-api.service[78132]: [pid: 78132|app: 0|req: 6/13] 127.0.0.1 () {34 vars in 505 bytes} [Thu Jul 23 03:18:34 2026] GET / => generated 1571 bytes in 3 msecs (HTTP/1.1 300) 3 headers in 106 bytes (1 switches on core 0)
Jul 23 03:18:34 devstack devstack@g-api.service[78131]: DEBUG glance.api.middleware.version_negotiation [None req-4b880577-5306-4f71-9025-18db9fbbb19a admin admin] Determining version of request: GET /v2/images/305f1036-a296-4b7a-ad9a-5bff6ecc6243 Accept: */* {{(pid=78131) process_request /opt/stack/glance/glance/api/middleware/version_negotiation.py:44}}
Jul 23 03:18:34 devstack devstack@g-api.service[78131]: DEBUG glance.api.middleware.version_negotiation [None req-4b880577-5306-4f71-9025-18db9fbbb19a admin admin] Using url versioning {{(pid=78131) process_request /opt/stack/glance/glance/api/middleware/version_negotiation.py:57}}
Jul 23 03:18:34 devstack devstack@g-api.service[78131]: DEBUG glance.api.middleware.version_negotiation [None req-4b880577-5306-4f71-9025-18db9fbbb19a admin admin] Matched version: v2 {{(pid=78131) process_request /opt/stack/glance/glance/api/middleware/version_negotiation.py:69}}
Jul 23 03:18:34 devstack devstack@g-api.service[78131]: DEBUG glance.api.middleware.version_negotiation [None req-4b880577-5306-4f71-9025-18db9fbbb19a admin admin] new path /v2/images/305f1036-a296-4b7a-ad9a-5bff6ecc6243 {{(pid=78131) process_request /opt/stack/glance/glance/api/middleware/version_negotiation.py:70}}
Jul 23 03:18:34 devstack devstack@g-api.service[78131]: [pid: 78131|app: 0|req: 8/14] 127.0.0.1 () {42 vars in 1061 bytes} [Thu Jul 23 03:18:34 2026] GET /v2/images/305f1036-a296-4b7a-ad9a-5bff6ecc6243 => generated 976 bytes in 391 msecs (HTTP/1.1 200) 4 headers in 157 bytes (1 switches on core 0)
Jul 23 03:18:34 devstack devstack@g-api.service[78132]: DEBUG glance.api.middleware.version_negotiation [None req-d33dc77b-6909-4d74-b225-1ab372be68f3 admin admin] Determining version of request: GET /v2/schemas/image Accept: */* {{(pid=78132) process_request /opt/stack/glance/glance/api/middleware/version_negotiation.py:44}}
Jul 23 03:18:34 devstack devstack@g-api.service[78132]: DEBUG glance.api.middleware.version_negotiation [None req-d33dc77b-6909-4d74-b225-1ab372be68f3 admin admin] Using url versioning {{(pid=78132) process_request /opt/stack/glance/glance/api/middleware/version_negotiation.py:57}}
Jul 23 03:18:34 devstack devstack@g-api.service[78132]: DEBUG glance.api.middleware.version_negotiation [None req-d33dc77b-6909-4d74-b225-1ab372be68f3 admin admin] Matched version: v2 {{(pid=78132) process_request /opt/stack/glance/glance/api/middleware/version_negotiation.py:69}}
Jul 23 03:18:34 devstack devstack@g-api.service[78132]: DEBUG glance.api.middleware.version_negotiation [None req-d33dc77b-6909-4d74-b225-1ab372be68f3 admin admin] new path /v2/schemas/image {{(pid=78132) process_request /opt/stack/glance/glance/api/middleware/version_negotiation.py:70}}
Jul 23 03:18:34 devstack devstack@g-api.service[78132]: [pid: 78132|app: 0|req: 7/15] 127.0.0.1 () {42 vars in 1001 bytes} [Thu Jul 23 03:18:34 2026] GET /v2/schemas/image => generated 6083 bytes in 15 msecs (HTTP/1.1 200) 4 headers in 158 bytes (1 switches on core 0)
Jul 23 03:18:44 devstack devstack@g-api.service[78131]: DEBUG dbcounter [-] [78131] Writing DB stats glance:SELECT=2 {{(pid=78131) stat_writer /opt/stack/data/venv/lib/python3.12/site-packages/dbcounter.py:115}}
Jul 23 03:18:48 devstack devstack@g-api.service[78131]: DEBUG glance.api.middleware.version_negotiation [None req-cf1ef911-84c5-494d-98a1-f516a3b608c2 tempest-AttachVolumeShelveTestJSON-157404675 tempest-AttachVolumeShelveTestJSON-157404675-project-member] Determining version of request: GET /v2/images/305f1036-a296-4b7a-ad9a-5bff6ecc6243 Accept: */* {{(pid=78131) process_request /opt/stack/glance/glance/api/middleware/version_negotiation.py:44}}
Jul 23 03:18:48 devstack devstack@g-api.service[78131]: DEBUG glance.api.middleware.version_negotiation [None req-cf1ef911-84c5-494d-98a1-f516a3b608c2 tempest-AttachVolumeShelveTestJSON-157404675 tempest-AttachVolumeShelveTestJSON-157404675-project-member] Using url versioning {{(pid=78131) process_request /opt/stack/glance/glance/api/middleware/version_negotiation.py:57}}
Jul 23 03:18:48 devstack devstack@g-api.service[78131]: DEBUG glance.api.middleware.version_negotiation [None req-cf1ef911-84c5-494d-98a1-f516a3b608c2 tempest-AttachVolumeShelveTestJSON-157404675 tempest-AttachVolumeShelveTestJSON-157404675-project-member] Matched version: v2 {{(pid=78131) process_request /opt/stack/glance/glance/api/middleware/version_negotiation.py:69}}
Jul 23 03:18:48 devstack devstack@g-api.service[78131]: DEBUG glance.api.middleware.version_negotiation [None req-cf1ef911-84c5-494d-98a1-f516a3b608c2 tempest-AttachVolumeShelveTestJSON-157404675 tempest-AttachVolumeShelveTestJSON-157404675-project-member] new path /v2/images/305f1036-a296-4b7a-ad9a-5bff6ecc6243 {{(pid=78131) process_request /opt/stack/glance/glance/api/middleware/version_negotiation.py:70}}
Jul 23 03:18:48 devstack devstack@g-api.service[78131]: [pid: 78131|app: 0|req: 9/16] 127.0.0.1 () {42 vars in 1061 bytes} [Thu Jul 23 03:18:48 2026] GET /v2/images/305f1036-a296-4b7a-ad9a-5bff6ecc6243 => generated 976 bytes in 202 msecs (HTTP/1.1 200) 4 headers in 157 bytes (1 switches on core 0)
Jul 23 03:18:48 devstack devstack@g-api.service[78132]: DEBUG glance.api.middleware.version_negotiation [None req-cf1ef911-84c5-494d-98a1-f516a3b608c2 tempest-AttachVolumeShelveTestJSON-157404675 tempest-AttachVolumeShelveTestJSON-157404675-project-member] Determining version of request: GET /v2/images/305f1036-a296-4b7a-ad9a-5bff6ecc6243/file Accept: */* {{(pid=78132) process_request /opt/stack/glance/glance/api/middleware/version_negotiation.py:44}}
Jul 23 03:18:48 devstack devstack@g-api.service[78132]: DEBUG glance.api.middleware.version_negotiation [None req-cf1ef911-84c5-494d-98a1-f516a3b608c2 tempest-AttachVolumeShelveTestJSON-157404675 tempest-AttachVolumeShelveTestJSON-157404675-project-member] Using url versioning {{(pid=78132) process_request /opt/stack/glance/glance/api/middleware/version_negotiation.py:57}}
Jul 23 03:18:48 devstack devstack@g-api.service[78132]: DEBUG glance.api.middleware.version_negotiation [None req-cf1ef911-84c5-494d-98a1-f516a3b608c2 tempest-AttachVolumeShelveTestJSON-157404675 tempest-AttachVolumeShelveTestJSON-157404675-project-member] Matched version: v2 {{(pid=78132) process_request /opt/stack/glance/glance/api/middleware/version_negotiation.py:69}}
Jul 23 03:18:48 devstack devstack@g-api.service[78132]: DEBUG glance.api.middleware.version_negotiation [None req-cf1ef911-84c5-494d-98a1-f516a3b608c2 tempest-AttachVolumeShelveTestJSON-157404675 tempest-AttachVolumeShelveTestJSON-157404675-project-member] new path /v2/images/305f1036-a296-4b7a-ad9a-5bff6ecc6243/file {{(pid=78132) process_request /opt/stack/glance/glance/api/middleware/version_negotiation.py:70}}
Jul 23 03:18:48 devstack devstack@g-api.service[78132]: DEBUG glance_store._drivers.filesystem [None req-cf1ef911-84c5-494d-98a1-f516a3b608c2 tempest-AttachVolumeShelveTestJSON-157404675 tempest-AttachVolumeShelveTestJSON-157404675-project-member] Found image at /opt/stack/data/glance/images/305f1036-a296-4b7a-ad9a-5bff6ecc6243. Returning in ChunkedFile. {{(pid=78132) get /opt/stack/data/venv/lib/python3.12/site-packages/glance_store/_drivers/filesystem.py:724}}
Jul 23 03:18:48 devstack devstack@g-api.service[78132]: DEBUG glance.image_cache [None req-cf1ef911-84c5-494d-98a1-f516a3b608c2 tempest-AttachVolumeShelveTestJSON-157404675 tempest-AttachVolumeShelveTestJSON-157404675-project-member] Tee'ing image '305f1036-a296-4b7a-ad9a-5bff6ecc6243' into cache {{(pid=78132) get_caching_iter /opt/stack/glance/glance/image_cache/__init__.py:356}}
Jul 23 03:18:49 devstack devstack@g-api.service[78132]: DEBUG glance.image_cache.drivers.centralized_db [None req-cf1ef911-84c5-494d-98a1-f516a3b608c2 tempest-AttachVolumeShelveTestJSON-157404675 tempest-AttachVolumeShelveTestJSON-157404675-project-member] Fetch finished, moving '/opt/stack/data/glance/cache/incomplete/305f1036-a296-4b7a-ad9a-5bff6ecc6243' to '/opt/stack/data/glance/cache/305f1036-a296-4b7a-ad9a-5bff6ecc6243' {{(pid=78132) commit /opt/stack/glance/glance/image_cache/drivers/centralized_db.py:243}}
Jul 23 03:18:49 devstack devstack@g-api.service[78132]: DEBUG glance.image_cache.drivers.centralized_db [None req-cf1ef911-84c5-494d-98a1-f516a3b608c2 tempest-AttachVolumeShelveTestJSON-157404675 tempest-AttachVolumeShelveTestJSON-157404675-project-member] Image cached successfully. {{(pid=78132) commit /opt/stack/glance/glance/image_cache/drivers/centralized_db.py:258}}
Jul 23 03:18:49 devstack devstack@g-api.service[78132]: [pid: 78132|app: 0|req: 8/17] 127.0.0.1 () {42 vars in 1071 bytes} [Thu Jul 23 03:18:48 2026] GET /v2/images/305f1036-a296-4b7a-ad9a-5bff6ecc6243/file => generated 21692416 bytes in 555 msecs (HTTP/1.1 200) 4 headers in 191 bytes (335 switches on core 0)
Jul 23 03:18:49 devstack devstack@g-api.service[78131]: DEBUG glance.api.middleware.version_negotiation [None req-cf1ef911-84c5-494d-98a1-f516a3b608c2 tempest-AttachVolumeShelveTestJSON-157404675 tempest-AttachVolumeShelveTestJSON-157404675-project-member] Determining version of request: GET /v2/images/305f1036-a296-4b7a-ad9a-5bff6ecc6243 Accept: */* {{(pid=78131) process_request /opt/stack/glance/glance/api/middleware/version_negotiation.py:44}}
Jul 23 03:18:49 devstack devstack@g-api.service[78131]: DEBUG glance.api.middleware.version_negotiation [None req-cf1ef911-84c5-494d-98a1-f516a3b608c2 tempest-AttachVolumeShelveTestJSON-157404675 tempest-AttachVolumeShelveTestJSON-157404675-project-member] Using url versioning {{(pid=78131) process_request /opt/stack/glance/glance/api/middleware/version_negotiation.py:57}}
Jul 23 03:18:49 devstack devstack@g-api.service[78131]: DEBUG glance.api.middleware.version_negotiation [None req-cf1ef911-84c5-494d-98a1-f516a3b608c2 tempest-AttachVolumeShelveTestJSON-157404675 tempest-AttachVolumeShelveTestJSON-157404675-project-member] Matched version: v2 {{(pid=78131) process_request /opt/stack/glance/glance/api/middleware/version_negotiation.py:69}}
Jul 23 03:18:49 devstack devstack@g-api.service[78131]: DEBUG glance.api.middleware.version_negotiation [None req-cf1ef911-84c5-494d-98a1-f516a3b608c2 tempest-AttachVolumeShelveTestJSON-157404675 tempest-AttachVolumeShelveTestJSON-157404675-project-member] new path /v2/images/305f1036-a296-4b7a-ad9a-5bff6ecc6243 {{(pid=78131) process_request /opt/stack/glance/glance/api/middleware/version_negotiation.py:70}}
Jul 23 03:18:49 devstack devstack@g-api.service[78131]: [pid: 78131|app: 0|req: 10/18] 127.0.0.1 () {42 vars in 1061 bytes} [Thu Jul 23 03:18:49 2026] GET /v2/images/305f1036-a296-4b7a-ad9a-5bff6ecc6243 => generated 976 bytes in 30 msecs (HTTP/1.1 200) 4 headers in 157 bytes (1 switches on core 0)
Jul 23 03:18:49 devstack devstack@g-api.service[78132]: DEBUG glance.api.middleware.version_negotiation [None req-cf1ef911-84c5-494d-98a1-f516a3b608c2 tempest-AttachVolumeShelveTestJSON-157404675 tempest-AttachVolumeShelveTestJSON-157404675-project-member] Determining version of request: GET /v2/schemas/image Accept: */* {{(pid=78132) process_request /opt/stack/glance/glance/api/middleware/version_negotiation.py:44}}
Jul 23 03:18:49 devstack devstack@g-api.service[78132]: DEBUG glance.api.middleware.version_negotiation [None req-cf1ef911-84c5-494d-98a1-f516a3b608c2 tempest-AttachVolumeShelveTestJSON-157404675 tempest-AttachVolumeShelveTestJSON-157404675-project-member] Using url versioning {{(pid=78132) process_request /opt/stack/glance/glance/api/middleware/version_negotiation.py:57}}
Jul 23 03:18:49 devstack devstack@g-api.service[78132]: DEBUG glance.api.middleware.version_negotiation [None req-cf1ef911-84c5-494d-98a1-f516a3b608c2 tempest-AttachVolumeShelveTestJSON-157404675 tempest-AttachVolumeShelveTestJSON-157404675-project-member] Matched version: v2 {{(pid=78132) process_request /opt/stack/glance/glance/api/middleware/version_negotiation.py:69}}
Jul 23 03:18:49 devstack devstack@g-api.service[78132]: DEBUG glance.api.middleware.version_negotiation [None req-cf1ef911-84c5-494d-98a1-f516a3b608c2 tempest-AttachVolumeShelveTestJSON-157404675 tempest-AttachVolumeShelveTestJSON-157404675-project-member] new path /v2/schemas/image {{(pid=78132) process_request /opt/stack/glance/glance/api/middleware/version_negotiation.py:70}}
Jul 23 03:18:49 devstack devstack@g-api.service[78132]: [pid: 78132|app: 0|req: 9/19] 127.0.0.1 () {42 vars in 1001 bytes} [Thu Jul 23 03:18:49 2026] GET /v2/schemas/image => generated 6083 bytes in 10 msecs (HTTP/1.1 200) 4 headers in 158 bytes (1 switches on core 0)
Jul 23 03:18:55 devstack devstack@g-api.service[78131]: DEBUG glance.api.middleware.version_negotiation [None req-cf1ef911-84c5-494d-98a1-f516a3b608c2 tempest-AttachVolumeShelveTestJSON-157404675 tempest-AttachVolumeShelveTestJSON-157404675-project-member] Determining version of request: GET /v2/images/305f1036-a296-4b7a-ad9a-5bff6ecc6243 Accept: */* {{(pid=78131) process_request /opt/stack/glance/glance/api/middleware/version_negotiation.py:44}}
Jul 23 03:18:55 devstack devstack@g-api.service[78131]: DEBUG glance.api.middleware.version_negotiation [None req-cf1ef911-84c5-494d-98a1-f516a3b608c2 tempest-AttachVolumeShelveTestJSON-157404675 tempest-AttachVolumeShelveTestJSON-157404675-project-member] Using url versioning {{(pid=78131) process_request /opt/stack/glance/glance/api/middleware/version_negotiation.py:57}}
Jul 23 03:18:55 devstack devstack@g-api.service[78131]: DEBUG glance.api.middleware.version_negotiation [None req-cf1ef911-84c5-494d-98a1-f516a3b608c2 tempest-AttachVolumeShelveTestJSON-157404675 tempest-AttachVolumeShelveTestJSON-157404675-project-member] Matched version: v2 {{(pid=78131) process_request /opt/stack/glance/glance/api/middleware/version_negotiation.py:69}}
Jul 23 03:18:55 devstack devstack@g-api.service[78131]: DEBUG glance.api.middleware.version_negotiation [None req-cf1ef911-84c5-494d-98a1-f516a3b608c2 tempest-AttachVolumeShelveTestJSON-157404675 tempest-AttachVolumeShelveTestJSON-157404675-project-member] new path /v2/images/305f1036-a296-4b7a-ad9a-5bff6ecc6243 {{(pid=78131) process_request /opt/stack/glance/glance/api/middleware/version_negotiation.py:70}}
Jul 23 03:18:55 devstack devstack@g-api.service[78131]: [pid: 78131|app: 0|req: 11/20] 127.0.0.1 () {42 vars in 1061 bytes} [Thu Jul 23 03:18:55 2026] GET /v2/images/305f1036-a296-4b7a-ad9a-5bff6ecc6243 => generated 976 bytes in 49 msecs (HTTP/1.1 200) 4 headers in 157 bytes (1 switches on core 0)
Jul 23 03:18:55 devstack devstack@g-api.service[78132]: DEBUG glance.api.middleware.version_negotiation [None req-cf1ef911-84c5-494d-98a1-f516a3b608c2 tempest-AttachVolumeShelveTestJSON-157404675 tempest-AttachVolumeShelveTestJSON-157404675-project-member] Determining version of request: GET /v2/schemas/image Accept: */* {{(pid=78132) process_request /opt/stack/glance/glance/api/middleware/version_negotiation.py:44}}
Jul 23 03:18:55 devstack devstack@g-api.service[78132]: DEBUG glance.api.middleware.version_negotiation [None req-cf1ef911-84c5-494d-98a1-f516a3b608c2 tempest-AttachVolumeShelveTestJSON-157404675 tempest-AttachVolumeShelveTestJSON-157404675-project-member] Using url versioning {{(pid=78132) process_request /opt/stack/glance/glance/api/middleware/version_negotiation.py:57}}
Jul 23 03:18:55 devstack devstack@g-api.service[78132]: DEBUG glance.api.middleware.version_negotiation [None req-cf1ef911-84c5-494d-98a1-f516a3b608c2 tempest-AttachVolumeShelveTestJSON-157404675 tempest-AttachVolumeShelveTestJSON-157404675-project-member] Matched version: v2 {{(pid=78132) process_request /opt/stack/glance/glance/api/middleware/version_negotiation.py:69}}
Jul 23 03:18:55 devstack devstack@g-api.service[78132]: DEBUG glance.api.middleware.version_negotiation [None req-cf1ef911-84c5-494d-98a1-f516a3b608c2 tempest-AttachVolumeShelveTestJSON-157404675 tempest-AttachVolumeShelveTestJSON-157404675-project-member] new path /v2/schemas/image {{(pid=78132) process_request /opt/stack/glance/glance/api/middleware/version_negotiation.py:70}}
Jul 23 03:18:55 devstack devstack@g-api.service[78132]: [pid: 78132|app: 0|req: 10/21] 127.0.0.1 () {42 vars in 1001 bytes} [Thu Jul 23 03:18:55 2026] GET /v2/schemas/image => generated 6083 bytes in 20 msecs (HTTP/1.1 200) 4 headers in 158 bytes (1 switches on core 0)
Jul 23 03:18:59 devstack devstack@g-api.service[78131]: DEBUG glance.api.middleware.version_negotiation [None req-e58df59f-59b9-4425-8592-d9b8acf4d981 tempest-VolumesAdminNegativeTest-50850033 tempest-VolumesAdminNegativeTest-50850033-project-member] Determining version of request: GET / Accept: application/json {{(pid=78131) process_request /opt/stack/glance/glance/api/middleware/version_negotiation.py:44}}
Jul 23 03:18:59 devstack devstack@g-api.service[78131]: DEBUG glance.api.middleware.version_negotiation [None req-e58df59f-59b9-4425-8592-d9b8acf4d981 tempest-VolumesAdminNegativeTest-50850033 tempest-VolumesAdminNegativeTest-50850033-project-member] Using url versioning {{(pid=78131) process_request /opt/stack/glance/glance/api/middleware/version_negotiation.py:57}}
Jul 23 03:18:59 devstack devstack@g-api.service[78131]: DEBUG glance.api.middleware.version_negotiation [None req-e58df59f-59b9-4425-8592-d9b8acf4d981 tempest-VolumesAdminNegativeTest-50850033 tempest-VolumesAdminNegativeTest-50850033-project-member] Unknown version. Returning version choices. {{(pid=78131) process_request /opt/stack/glance/glance/api/middleware/version_negotiation.py:64}}
Jul 23 03:18:59 devstack devstack@g-api.service[78131]: [pid: 78131|app: 0|req: 12/22] 127.0.0.1 () {34 vars in 505 bytes} [Thu Jul 23 03:18:59 2026] GET / => generated 1571 bytes in 4 msecs (HTTP/1.1 300) 3 headers in 106 bytes (1 switches on core 0)
Jul 23 03:18:59 devstack devstack@g-api.service[78132]: DEBUG glance.api.middleware.version_negotiation [None req-e58df59f-59b9-4425-8592-d9b8acf4d981 tempest-VolumesAdminNegativeTest-50850033 tempest-VolumesAdminNegativeTest-50850033-project-member] Determining version of request: GET /v2/images/305f1036-a296-4b7a-ad9a-5bff6ecc6243 Accept: */* {{(pid=78132) process_request /opt/stack/glance/glance/api/middleware/version_negotiation.py:44}}
Jul 23 03:18:59 devstack devstack@g-api.service[78132]: DEBUG glance.api.middleware.version_negotiation [None req-e58df59f-59b9-4425-8592-d9b8acf4d981 tempest-VolumesAdminNegativeTest-50850033 tempest-VolumesAdminNegativeTest-50850033-project-member] Using url versioning {{(pid=78132) process_request /opt/stack/glance/glance/api/middleware/version_negotiation.py:57}}
Jul 23 03:18:59 devstack devstack@g-api.service[78132]: DEBUG glance.api.middleware.version_negotiation [None req-e58df59f-59b9-4425-8592-d9b8acf4d981 tempest-VolumesAdminNegativeTest-50850033 tempest-VolumesAdminNegativeTest-50850033-project-member] Matched version: v2 {{(pid=78132) process_request /opt/stack/glance/glance/api/middleware/version_negotiation.py:69}}
Jul 23 03:18:59 devstack devstack@g-api.service[78132]: DEBUG glance.api.middleware.version_negotiation [None req-e58df59f-59b9-4425-8592-d9b8acf4d981 tempest-VolumesAdminNegativeTest-50850033 tempest-VolumesAdminNegativeTest-50850033-project-member] new path /v2/images/305f1036-a296-4b7a-ad9a-5bff6ecc6243 {{(pid=78132) process_request /opt/stack/glance/glance/api/middleware/version_negotiation.py:70}}
Jul 23 03:18:59 devstack devstack@g-api.service[78132]: [pid: 78132|app: 0|req: 11/23] 127.0.0.1 () {42 vars in 1061 bytes} [Thu Jul 23 03:18:59 2026] GET /v2/images/305f1036-a296-4b7a-ad9a-5bff6ecc6243 => generated 976 bytes in 39 msecs (HTTP/1.1 200) 4 headers in 157 bytes (1 switches on core 0)
Jul 23 03:18:59 devstack devstack@g-api.service[78131]: DEBUG glance.api.middleware.version_negotiation [None req-e58df59f-59b9-4425-8592-d9b8acf4d981 tempest-VolumesAdminNegativeTest-50850033 tempest-VolumesAdminNegativeTest-50850033-project-member] Determining version of request: GET /v2/schemas/image Accept: */* {{(pid=78131) process_request /opt/stack/glance/glance/api/middleware/version_negotiation.py:44}}
Jul 23 03:18:59 devstack devstack@g-api.service[78131]: DEBUG glance.api.middleware.version_negotiation [None req-e58df59f-59b9-4425-8592-d9b8acf4d981 tempest-VolumesAdminNegativeTest-50850033 tempest-VolumesAdminNegativeTest-50850033-project-member] Using url versioning {{(pid=78131) process_request /opt/stack/glance/glance/api/middleware/version_negotiation.py:57}}
Jul 23 03:18:59 devstack devstack@g-api.service[78131]: DEBUG glance.api.middleware.version_negotiation [None req-e58df59f-59b9-4425-8592-d9b8acf4d981 tempest-VolumesAdminNegativeTest-50850033 tempest-VolumesAdminNegativeTest-50850033-project-member] Matched version: v2 {{(pid=78131) process_request /opt/stack/glance/glance/api/middleware/version_negotiation.py:69}}
Jul 23 03:18:59 devstack devstack@g-api.service[78131]: DEBUG glance.api.middleware.version_negotiation [None req-e58df59f-59b9-4425-8592-d9b8acf4d981 tempest-VolumesAdminNegativeTest-50850033 tempest-VolumesAdminNegativeTest-50850033-project-member] new path /v2/schemas/image {{(pid=78131) process_request /opt/stack/glance/glance/api/middleware/version_negotiation.py:70}}
Jul 23 03:18:59 devstack devstack@g-api.service[78131]: [pid: 78131|app: 0|req: 13/24] 127.0.0.1 () {42 vars in 1001 bytes} [Thu Jul 23 03:18:59 2026] GET /v2/schemas/image => generated 6083 bytes in 7 msecs (HTTP/1.1 200) 4 headers in 158 bytes (1 switches on core 0)
Jul 23 03:19:05 devstack devstack@g-api.service[78131]: DEBUG dbcounter [-] [78131] Writing DB stats glance:SELECT=6 {{(pid=78131) stat_writer /opt/stack/data/venv/lib/python3.12/site-packages/dbcounter.py:115}}
Jul 23 03:19:09 devstack devstack@g-api.service[78132]: DEBUG dbcounter [-] [78132] Writing DB stats glance:SELECT=7,glance:INSERT=1 {{(pid=78132) stat_writer /opt/stack/data/venv/lib/python3.12/site-packages/dbcounter.py:115}}
Jul 23 03:19:41 devstack devstack@g-api.service[78132]: DEBUG glance.api.middleware.version_negotiation [None req-686eebe4-605e-48c0-8ffd-7015e8251f56 tempest-TaggedAttachmentsTest-1173861246 tempest-TaggedAttachmentsTest-1173861246-project-member] Determining version of request: GET /v2/schemas/image Accept: */* {{(pid=78132) process_request /opt/stack/glance/glance/api/middleware/version_negotiation.py:44}}
Jul 23 03:19:41 devstack devstack@g-api.service[78132]: DEBUG glance.api.middleware.version_negotiation [None req-686eebe4-605e-48c0-8ffd-7015e8251f56 tempest-TaggedAttachmentsTest-1173861246 tempest-TaggedAttachmentsTest-1173861246-project-member] Using url versioning {{(pid=78132) process_request /opt/stack/glance/glance/api/middleware/version_negotiation.py:57}}
