Feb 16 19:17:28 devstack devstack@n-api.service[58545]: DEBUG oslo_concurrency.lockutils [None req-45104f31-e3c2-42d0-ba63-ad8acadb5e3a tempest-ServerRescueNegativeTestJSON-805501650 tempest-ServerRescueNegativeTestJSON-805501650-project-member] Acquiring lock "00000000-0000-0000-0000-000000000000" by "nova.context.set_target_cell..get_or_set_cached_cell_and_set_connections" {{(pid=58545) inner /opt/stack/data/venv/lib/python3.10/site-packages/oslo_concurrency/lockutils.py:506}}
Feb 16 19:17:28 devstack devstack@n-api.service[58545]: DEBUG oslo_concurrency.lockutils [None req-45104f31-e3c2-42d0-ba63-ad8acadb5e3a tempest-ServerRescueNegativeTestJSON-805501650 tempest-ServerRescueNegativeTestJSON-805501650-project-member] Lock "00000000-0000-0000-0000-000000000000" acquired by "nova.context.set_target_cell..get_or_set_cached_cell_and_set_connections" :: waited 0.000s {{(pid=58545) inner /opt/stack/data/venv/lib/python3.10/site-packages/oslo_concurrency/lockutils.py:519}}
Feb 16 19:17:28 devstack devstack@n-api.service[58545]: DEBUG oslo_concurrency.lockutils [None req-45104f31-e3c2-42d0-ba63-ad8acadb5e3a tempest-ServerRescueNegativeTestJSON-805501650 tempest-ServerRescueNegativeTestJSON-805501650-project-member] Lock "00000000-0000-0000-0000-000000000000" "released" by "nova.context.set_target_cell..get_or_set_cached_cell_and_set_connections" :: held 0.000s {{(pid=58545) inner /opt/stack/data/venv/lib/python3.10/site-packages/oslo_concurrency/lockutils.py:538}}
Feb 16 19:17:28 devstack devstack@n-api.service[58545]: DEBUG oslo_concurrency.lockutils [None req-45104f31-e3c2-42d0-ba63-ad8acadb5e3a tempest-ServerRescueNegativeTestJSON-805501650 tempest-ServerRescueNegativeTestJSON-805501650-project-member] Acquiring lock "94ecca2f-8b63-439c-b30c-a1e3e1952ef5" by "nova.context.set_target_cell..get_or_set_cached_cell_and_set_connections" {{(pid=58545) inner /opt/stack/data/venv/lib/python3.10/site-packages/oslo_concurrency/lockutils.py:506}}
Feb 16 19:17:28 devstack devstack@n-api.service[58545]: DEBUG oslo_concurrency.lockutils [None req-45104f31-e3c2-42d0-ba63-ad8acadb5e3a tempest-ServerRescueNegativeTestJSON-805501650 tempest-ServerRescueNegativeTestJSON-805501650-project-member] Lock "94ecca2f-8b63-439c-b30c-a1e3e1952ef5" acquired by "nova.context.set_target_cell..get_or_set_cached_cell_and_set_connections" :: waited 0.000s {{(pid=58545) inner /opt/stack/data/venv/lib/python3.10/site-packages/oslo_concurrency/lockutils.py:519}}
Feb 16 19:17:28 devstack devstack@n-api.service[58545]: DEBUG oslo_concurrency.lockutils [None req-45104f31-e3c2-42d0-ba63-ad8acadb5e3a tempest-ServerRescueNegativeTestJSON-805501650 tempest-ServerRescueNegativeTestJSON-805501650-project-member] Lock "94ecca2f-8b63-439c-b30c-a1e3e1952ef5" "released" by "nova.context.set_target_cell..get_or_set_cached_cell_and_set_connections" :: held 0.000s {{(pid=58545) inner /opt/stack/data/venv/lib/python3.10/site-packages/oslo_concurrency/lockutils.py:538}}
Feb 16 19:17:28 devstack devstack@n-api.service[58545]: DEBUG nova.network.neutron [None req-45104f31-e3c2-42d0-ba63-ad8acadb5e3a tempest-ServerRescueNegativeTestJSON-805501650 tempest-ServerRescueNegativeTestJSON-805501650-project-member] validate_networks() for [('acc1f963-6b18-4a10-a25c-f86d3ca9a073', None, None, None, None, None)] {{(pid=58545) validate_networks /opt/stack/nova/nova/network/neutron.py:2685}}
Feb 16 19:17:28 devstack devstack@n-api.service[58545]: WARNING neutronclient.v2_0.client [None req-45104f31-e3c2-42d0-ba63-ad8acadb5e3a tempest-ServerRescueNegativeTestJSON-805501650 tempest-ServerRescueNegativeTestJSON-805501650-project-member] The python binding code in neutronclient is deprecated in favor of OpenstackSDK, please use that as this will be removed in a future release.
Feb 16 19:17:28 devstack devstack@n-api.service[58544]: DEBUG nova.api.openstack.wsgi [None req-f9c77046-caa7-4927-aea0-4ced7c6bf1b8 tempest-VolumesSnapshotsTestJSON-1396103737 tempest-VolumesSnapshotsTestJSON-1396103737-project-member] Calling method '>' {{(pid=58544) _process_stack /opt/stack/nova/nova/api/openstack/wsgi.py:551}}
Feb 16 19:17:28 devstack devstack@n-api.service[58544]: INFO nova.api.openstack.requestlog [None req-f9c77046-caa7-4927-aea0-4ced7c6bf1b8 tempest-VolumesSnapshotsTestJSON-1396103737 tempest-VolumesSnapshotsTestJSON-1396103737-project-member] 192.168.122.248 "GET /compute/v2.1/os-volumes/0e62cca3-cade-4b14-884d-eb7bf26481d8" status: 200 len: 343 microversion: 2.1 time: 0.045688
Feb 16 19:17:28 devstack devstack@n-api.service[58544]: [pid: 58544|app: 0|req: 58/127] 192.168.122.248 () {58 vars in 1260 bytes} [Mon Feb 16 19:17:28 2026] GET /compute/v2.1/os-volumes/0e62cca3-cade-4b14-884d-eb7bf26481d8 => generated 343 bytes in 47 msecs (HTTP/1.1 200) 9 headers in 357 bytes (1 switches on core 0)
Feb 16 19:17:28 devstack devstack@n-api.service[58545]: WARNING neutronclient.v2_0.client [None req-45104f31-e3c2-42d0-ba63-ad8acadb5e3a tempest-ServerRescueNegativeTestJSON-805501650 tempest-ServerRescueNegativeTestJSON-805501650-project-member] The python binding code in neutronclient is deprecated in favor of OpenstackSDK, please use that as this will be removed in a future release.
Feb 16 19:17:28 devstack devstack@n-api.service[58545]: DEBUG nova.virt.hardware [None req-45104f31-e3c2-42d0-ba63-ad8acadb5e3a tempest-ServerRescueNegativeTestJSON-805501650 tempest-ServerRescueNegativeTestJSON-805501650-project-member] Flavor limits 0:0:0 {{(pid=58545) get_cpu_topology_constraints /opt/stack/nova/nova/virt/hardware.py:356}}
Feb 16 19:17:28 devstack devstack@n-api.service[58545]: DEBUG nova.virt.hardware [None req-45104f31-e3c2-42d0-ba63-ad8acadb5e3a tempest-ServerRescueNegativeTestJSON-805501650 tempest-ServerRescueNegativeTestJSON-805501650-project-member] Image limits 0:0:0 {{(pid=58545) get_cpu_topology_constraints /opt/stack/nova/nova/virt/hardware.py:360}}
Feb 16 19:17:28 devstack devstack@n-api.service[58545]: DEBUG nova.virt.hardware [None req-45104f31-e3c2-42d0-ba63-ad8acadb5e3a tempest-ServerRescueNegativeTestJSON-805501650 tempest-ServerRescueNegativeTestJSON-805501650-project-member] Flavor pref 0:0:0 {{(pid=58545) get_cpu_topology_constraints /opt/stack/nova/nova/virt/hardware.py:396}}
Feb 16 19:17:28 devstack devstack@n-api.service[58545]: DEBUG nova.virt.hardware [None req-45104f31-e3c2-42d0-ba63-ad8acadb5e3a tempest-ServerRescueNegativeTestJSON-805501650 tempest-ServerRescueNegativeTestJSON-805501650-project-member] Image pref 0:0:0 {{(pid=58545) get_cpu_topology_constraints /opt/stack/nova/nova/virt/hardware.py:400}}
Feb 16 19:17:28 devstack devstack@n-api.service[58545]: DEBUG nova.virt.hardware [None req-45104f31-e3c2-42d0-ba63-ad8acadb5e3a tempest-ServerRescueNegativeTestJSON-805501650 tempest-ServerRescueNegativeTestJSON-805501650-project-member] Chose sockets=0, cores=0, threads=0; limits were sockets=65536, cores=65536, threads=65536 {{(pid=58545) get_cpu_topology_constraints /opt/stack/nova/nova/virt/hardware.py:438}}
Feb 16 19:17:28 devstack devstack@n-api.service[58545]: DEBUG oslo_concurrency.lockutils [None req-45104f31-e3c2-42d0-ba63-ad8acadb5e3a tempest-ServerRescueNegativeTestJSON-805501650 tempest-ServerRescueNegativeTestJSON-805501650-project-member] Acquiring lock "00000000-0000-0000-0000-000000000000" by "nova.context.set_target_cell..get_or_set_cached_cell_and_set_connections" {{(pid=58545) inner /opt/stack/data/venv/lib/python3.10/site-packages/oslo_concurrency/lockutils.py:506}}
Feb 16 19:17:28 devstack devstack@n-api.service[58545]: DEBUG oslo_concurrency.lockutils [None req-45104f31-e3c2-42d0-ba63-ad8acadb5e3a tempest-ServerRescueNegativeTestJSON-805501650 tempest-ServerRescueNegativeTestJSON-805501650-project-member] Lock "00000000-0000-0000-0000-000000000000" acquired by "nova.context.set_target_cell..get_or_set_cached_cell_and_set_connections" :: waited 0.000s {{(pid=58545) inner /opt/stack/data/venv/lib/python3.10/site-packages/oslo_concurrency/lockutils.py:519}}
Feb 16 19:17:28 devstack devstack@n-api.service[58545]: DEBUG oslo_concurrency.lockutils [None req-45104f31-e3c2-42d0-ba63-ad8acadb5e3a tempest-ServerRescueNegativeTestJSON-805501650 tempest-ServerRescueNegativeTestJSON-805501650-project-member] Lock "00000000-0000-0000-0000-000000000000" "released" by "nova.context.set_target_cell..get_or_set_cached_cell_and_set_connections" :: held 0.000s {{(pid=58545) inner /opt/stack/data/venv/lib/python3.10/site-packages/oslo_concurrency/lockutils.py:538}}
Feb 16 19:17:28 devstack devstack@n-api.service[58545]: DEBUG oslo_concurrency.lockutils [None req-45104f31-e3c2-42d0-ba63-ad8acadb5e3a tempest-ServerRescueNegativeTestJSON-805501650 tempest-ServerRescueNegativeTestJSON-805501650-project-member] Acquiring lock "94ecca2f-8b63-439c-b30c-a1e3e1952ef5" by "nova.context.set_target_cell..get_or_set_cached_cell_and_set_connections" {{(pid=58545) inner /opt/stack/data/venv/lib/python3.10/site-packages/oslo_concurrency/lockutils.py:506}}
Feb 16 19:17:28 devstack devstack@n-api.service[58545]: DEBUG oslo_concurrency.lockutils [None req-45104f31-e3c2-42d0-ba63-ad8acadb5e3a tempest-ServerRescueNegativeTestJSON-805501650 tempest-ServerRescueNegativeTestJSON-805501650-project-member] Lock "94ecca2f-8b63-439c-b30c-a1e3e1952ef5" acquired by "nova.context.set_target_cell..get_or_set_cached_cell_and_set_connections" :: waited 0.000s {{(pid=58545) inner /opt/stack/data/venv/lib/python3.10/site-packages/oslo_concurrency/lockutils.py:519}}
Feb 16 19:17:28 devstack devstack@n-api.service[58545]: DEBUG oslo_concurrency.lockutils [None req-45104f31-e3c2-42d0-ba63-ad8acadb5e3a tempest-ServerRescueNegativeTestJSON-805501650 tempest-ServerRescueNegativeTestJSON-805501650-project-member] Lock "94ecca2f-8b63-439c-b30c-a1e3e1952ef5" "released" by "nova.context.set_target_cell..get_or_set_cached_cell_and_set_connections" :: held 0.000s {{(pid=58545) inner /opt/stack/data/venv/lib/python3.10/site-packages/oslo_concurrency/lockutils.py:538}}
Feb 16 19:17:28 devstack devstack@n-api.service[58545]: DEBUG nova.quota [None req-45104f31-e3c2-42d0-ba63-ad8acadb5e3a tempest-ServerRescueNegativeTestJSON-805501650 tempest-ServerRescueNegativeTestJSON-805501650-project-member] Getting quotas for project 252e0419d73544d8af95d1cdbf9d3fa1. Resources: {'instances', 'cores', 'ram'} {{(pid=58545) _get_quotas /opt/stack/nova/nova/quota.py:392}}
Feb 16 19:17:28 devstack devstack@n-api.service[58545]: DEBUG nova.quota [None req-45104f31-e3c2-42d0-ba63-ad8acadb5e3a tempest-ServerRescueNegativeTestJSON-805501650 tempest-ServerRescueNegativeTestJSON-805501650-project-member] Getting quotas for user f3e8024d6b924fccb2ba18fb04294850 and project 252e0419d73544d8af95d1cdbf9d3fa1. Resources: {'instances', 'cores', 'ram'} {{(pid=58545) _get_quotas /opt/stack/nova/nova/quota.py:382}}
Feb 16 19:17:28 devstack devstack@n-api.service[58545]: DEBUG nova.compute.api [None req-45104f31-e3c2-42d0-ba63-ad8acadb5e3a tempest-ServerRescueNegativeTestJSON-805501650 tempest-ServerRescueNegativeTestJSON-805501650-project-member] Going to run 1 instances... {{(pid=58545) _provision_instances /opt/stack/nova/nova/compute/api.py:1438}}
Feb 16 19:17:28 devstack devstack@n-api.service[58545]: DEBUG nova.compute.api [None req-45104f31-e3c2-42d0-ba63-ad8acadb5e3a tempest-ServerRescueNegativeTestJSON-805501650 tempest-ServerRescueNegativeTestJSON-805501650-project-member] [instance: 563533d2-b867-40d1-bf1e-1bf8a04855bf] block_device_mapping [BlockDeviceMapping(attachment_id=,boot_index=0,connection_info=None,created_at=,delete_on_termination=True,deleted=,deleted_at=,destination_type='local',device_name=None,device_type='disk',disk_bus=None,encrypted=False,encryption_format=None,encryption_options=None,encryption_secret_uuid=None,guest_format=None,id=,image_id='5f0cfe6d-e343-402e-9e10-90739fa10460',instance=,instance_uuid=,no_device=False,snapshot_id=None,source_type='image',tag=None,updated_at=,uuid=,volume_id=None,volume_size=None,volume_type=None)] {{(pid=58545) _bdm_validate_set_size_and_instance /opt/stack/nova/nova/compute/api.py:1906}}
Feb 16 19:17:28 devstack devstack@n-api.service[58545]: INFO nova.api.openstack.requestlog [None req-45104f31-e3c2-42d0-ba63-ad8acadb5e3a tempest-ServerRescueNegativeTestJSON-805501650 tempest-ServerRescueNegativeTestJSON-805501650-project-member] 192.168.122.248 "POST /compute/v2.1/servers" status: 202 len: 391 microversion: 2.1 time: 0.526989
Feb 16 19:17:28 devstack devstack@n-api.service[58545]: [pid: 58545|app: 0|req: 70/128] 192.168.122.248 () {60 vars in 1162 bytes} [Mon Feb 16 19:17:28 2026] POST /compute/v2.1/servers => generated 391 bytes in 528 msecs (HTTP/1.1 202) 10 headers in 455 bytes (1 switches on core 0)
Feb 16 19:17:28 devstack devstack@n-api.service[58544]: DEBUG nova.api.openstack.wsgi [None req-919f168e-88b1-4cde-b317-677a71f040dc tempest-ServerRescueNegativeTestJSON-805501650 tempest-ServerRescueNegativeTestJSON-805501650-project-member] Calling method '>' {{(pid=58544) _process_stack /opt/stack/nova/nova/api/openstack/wsgi.py:551}}
Feb 16 19:17:28 devstack devstack@n-api.service[58544]: DEBUG nova.compute.api [None req-919f168e-88b1-4cde-b317-677a71f040dc tempest-ServerRescueNegativeTestJSON-805501650 tempest-ServerRescueNegativeTestJSON-805501650-project-member] [instance: 563533d2-b867-40d1-bf1e-1bf8a04855bf] Fetching instance by UUID {{(pid=58544) get /opt/stack/nova/nova/compute/api.py:3019}}
Feb 16 19:17:28 devstack devstack@n-api.service[58544]: WARNING neutronclient.v2_0.client [None req-919f168e-88b1-4cde-b317-677a71f040dc tempest-ServerRescueNegativeTestJSON-805501650 tempest-ServerRescueNegativeTestJSON-805501650-project-member] The python binding code in neutronclient is deprecated in favor of OpenstackSDK, please use that as this will be removed in a future release.
Feb 16 19:17:28 devstack devstack@n-api.service[58544]: DEBUG nova.policy [None req-919f168e-88b1-4cde-b317-677a71f040dc tempest-ServerRescueNegativeTestJSON-805501650 tempest-ServerRescueNegativeTestJSON-805501650-project-member] Policy check for os_compute_api:os-extended-server-attributes failed with credentials {'is_admin': False, 'user_id': 'f3e8024d6b924fccb2ba18fb04294850', 'user_domain_id': 'default', 'system_scope': None, 'domain_id': None, 'project_id': '252e0419d73544d8af95d1cdbf9d3fa1', 'project_domain_id': 'default', 'roles': ['member', 'reader'], 'is_admin_project': True, 'service_user_id': None, 'service_user_domain_id': None, 'service_project_id': None, 'service_project_domain_id': None, 'service_roles': []} {{(pid=58544) authorize /opt/stack/nova/nova/policy.py:192}}
Feb 16 19:17:28 devstack devstack@n-api.service[58544]: INFO nova.api.openstack.requestlog [None req-919f168e-88b1-4cde-b317-677a71f040dc tempest-ServerRescueNegativeTestJSON-805501650 tempest-ServerRescueNegativeTestJSON-805501650-project-member] 192.168.122.248 "GET /compute/v2.1/servers/563533d2-b867-40d1-bf1e-1bf8a04855bf" status: 200 len: 1235 microversion: 2.1 time: 0.078460
Feb 16 19:17:28 devstack devstack@n-api.service[58544]: [pid: 58544|app: 0|req: 59/129] 192.168.122.248 () {58 vars in 1251 bytes} [Mon Feb 16 19:17:28 2026] GET /compute/v2.1/servers/563533d2-b867-40d1-bf1e-1bf8a04855bf => generated 1235 bytes in 80 msecs (HTTP/1.1 200) 9 headers in 358 bytes (1 switches on core 0)
Feb 16 19:17:29 devstack devstack@n-api.service[58545]: DEBUG nova.api.openstack.wsgi [None req-f6121767-926e-4ba6-bc58-c72b78851fd3 tempest-ServerRescueNegativeTestJSON-805501650 tempest-ServerRescueNegativeTestJSON-805501650-project-member] Action: 'create', calling method: >, body: {"server": {"name": "tempest-ServerRescueNegativeTestJSON-server-1835949834", "imageRef": "5f0cfe6d-e343-402e-9e10-90739fa10460", "flavorRef": "42", "adminPass": "***", "networks": [{"uuid": "}]}} {{(pid=58545) _process_stack /opt/stack/nova/nova/api/openstack/wsgi.py:549}}
Feb 16 19:17:29 devstack devstack@n-api.service[58545]: DEBUG oslo_concurrency.lockutils [None req-f6121767-926e-4ba6-bc58-c72b78851fd3 tempest-ServerRescueNegativeTestJSON-805501650 tempest-ServerRescueNegativeTestJSON-805501650-project-member] Acquiring lock "00000000-0000-0000-0000-000000000000" by "nova.context.set_target_cell..get_or_set_cached_cell_and_set_connections" {{(pid=58545) inner /opt/stack/data/venv/lib/python3.10/site-packages/oslo_concurrency/lockutils.py:506}}
Feb 16 19:17:29 devstack devstack@n-api.service[58545]: DEBUG oslo_concurrency.lockutils [None req-f6121767-926e-4ba6-bc58-c72b78851fd3 tempest-ServerRescueNegativeTestJSON-805501650 tempest-ServerRescueNegativeTestJSON-805501650-project-member] Lock "00000000-0000-0000-0000-000000000000" acquired by "nova.context.set_target_cell..get_or_set_cached_cell_and_set_connections" :: waited 0.001s {{(pid=58545) inner /opt/stack/data/venv/lib/python3.10/site-packages/oslo_concurrency/lockutils.py:519}}
Feb 16 19:17:29 devstack devstack@n-api.service[58545]: DEBUG oslo_concurrency.lockutils [None req-f6121767-926e-4ba6-bc58-c72b78851fd3 tempest-ServerRescueNegativeTestJSON-805501650 tempest-ServerRescueNegativeTestJSON-805501650-project-member] Lock "00000000-0000-0000-0000-000000000000" "released" by "nova.context.set_target_cell..get_or_set_cached_cell_and_set_connections" :: held 0.000s {{(pid=58545) inner /opt/stack/data/venv/lib/python3.10/site-packages/oslo_concurrency/lockutils.py:538}}
Feb 16 19:17:29 devstack devstack@n-api.service[58545]: DEBUG oslo_concurrency.lockutils [None req-f6121767-926e-4ba6-bc58-c72b78851fd3 tempest-ServerRescueNegativeTestJSON-805501650 tempest-ServerRescueNegativeTestJSON-805501650-project-member] Acquiring lock "94ecca2f-8b63-439c-b30c-a1e3e1952ef5" by "nova.context.set_target_cell..get_or_set_cached_cell_and_set_connections" {{(pid=58545) inner /opt/stack/data/venv/lib/python3.10/site-packages/oslo_concurrency/lockutils.py:506}}
Feb 16 19:17:29 devstack devstack@n-api.service[58545]: DEBUG oslo_concurrency.lockutils [None req-f6121767-926e-4ba6-bc58-c72b78851fd3 tempest-ServerRescueNegativeTestJSON-805501650 tempest-ServerRescueNegativeTestJSON-805501650-project-member] Lock "94ecca2f-8b63-439c-b30c-a1e3e1952ef5" acquired by "nova.context.set_target_cell..get_or_set_cached_cell_and_set_connections" :: waited 0.000s {{(pid=58545) inner /opt/stack/data/venv/lib/python3.10/site-packages/oslo_concurrency/lockutils.py:519}}
Feb 16 19:17:29 devstack devstack@n-api.service[58545]: DEBUG oslo_concurrency.lockutils [None req-f6121767-926e-4ba6-bc58-c72b78851fd3 tempest-ServerRescueNegativeTestJSON-805501650 tempest-ServerRescueNegativeTestJSON-805501650-project-member] Lock "94ecca2f-8b63-439c-b30c-a1e3e1952ef5" "released" by "nova.context.set_target_cell..get_or_set_cached_cell_and_set_connections" :: held 0.000s {{(pid=58545) inner /opt/stack/data/venv/lib/python3.10/site-packages/oslo_concurrency/lockutils.py:538}}
Feb 16 19:17:29 devstack devstack@n-api.service[58545]: DEBUG nova.network.neutron [None req-f6121767-926e-4ba6-bc58-c72b78851fd3 tempest-ServerRescueNegativeTestJSON-805501650 tempest-ServerRescueNegativeTestJSON-805501650-project-member] validate_networks() for [('acc1f963-6b18-4a10-a25c-f86d3ca9a073', None, None, None, None, None)] {{(pid=58545) validate_networks /opt/stack/nova/nova/network/neutron.py:2685}}
Feb 16 19:17:29 devstack devstack@n-api.service[58545]: WARNING neutronclient.v2_0.client [None req-f6121767-926e-4ba6-bc58-c72b78851fd3 tempest-ServerRescueNegativeTestJSON-805501650 tempest-ServerRescueNegativeTestJSON-805501650-project-member] The python binding code in neutronclient is deprecated in favor of OpenstackSDK, please use that as this will be removed in a future release.
Feb 16 19:17:29 devstack devstack@n-api.service[58545]: WARNING neutronclient.v2_0.client [None req-f6121767-926e-4ba6-bc58-c72b78851fd3 tempest-ServerRescueNegativeTestJSON-805501650 tempest-ServerRescueNegativeTestJSON-805501650-project-member] The python binding code in neutronclient is deprecated in favor of OpenstackSDK, please use that as this will be removed in a future release.
Feb 16 19:17:29 devstack devstack@n-api.service[58545]: DEBUG nova.virt.hardware [None req-f6121767-926e-4ba6-bc58-c72b78851fd3 tempest-ServerRescueNegativeTestJSON-805501650 tempest-ServerRescueNegativeTestJSON-805501650-project-member] Flavor limits 0:0:0 {{(pid=58545) get_cpu_topology_constraints /opt/stack/nova/nova/virt/hardware.py:356}}
Feb 16 19:17:29 devstack devstack@n-api.service[58545]: DEBUG nova.virt.hardware [None req-f6121767-926e-4ba6-bc58-c72b78851fd3 tempest-ServerRescueNegativeTestJSON-805501650 tempest-ServerRescueNegativeTestJSON-805501650-project-member] Image limits 0:0:0 {{(pid=58545) get_cpu_topology_constraints /opt/stack/nova/nova/virt/hardware.py:360}}
Feb 16 19:17:29 devstack devstack@n-api.service[58545]: DEBUG nova.virt.hardware [None req-f6121767-926e-4ba6-bc58-c72b78851fd3 tempest-ServerRescueNegativeTestJSON-805501650 tempest-ServerRescueNegativeTestJSON-805501650-project-member] Flavor pref 0:0:0 {{(pid=58545) get_cpu_topology_constraints /opt/stack/nova/nova/virt/hardware.py:396}}
Feb 16 19:17:29 devstack devstack@n-api.service[58545]: DEBUG nova.virt.hardware [None req-f6121767-926e-4ba6-bc58-c72b78851fd3 tempest-ServerRescueNegativeTestJSON-805501650 tempest-ServerRescueNegativeTestJSON-805501650-project-member] Image pref 0:0:0 {{(pid=58545) get_cpu_topology_constraints /opt/stack/nova/nova/virt/hardware.py:400}}
Feb 16 19:17:29 devstack devstack@n-api.service[58545]: DEBUG nova.virt.hardware [None req-f6121767-926e-4ba6-bc58-c72b78851fd3 tempest-ServerRescueNegativeTestJSON-805501650 tempest-ServerRescueNegativeTestJSON-805501650-project-member] Chose sockets=0, cores=0, threads=0; limits were sockets=65536, cores=65536, threads=65536 {{(pid=58545) get_cpu_topology_constraints /opt/stack/nova/nova/virt/hardware.py:438}}
Feb 16 19:17:29 devstack devstack@n-api.service[58545]: DEBUG oslo_concurrency.lockutils [None req-f6121767-926e-4ba6-bc58-c72b78851fd3 tempest-ServerRescueNegativeTestJSON-805501650 tempest-ServerRescueNegativeTestJSON-805501650-project-member] Acquiring lock "00000000-0000-0000-0000-000000000000" by "nova.context.set_target_cell..get_or_set_cached_cell_and_set_connections" {{(pid=58545) inner /opt/stack/data/venv/lib/python3.10/site-packages/oslo_concurrency/lockutils.py:506}}
Feb 16 19:17:29 devstack devstack@n-api.service[58545]: DEBUG oslo_concurrency.lockutils [None req-f6121767-926e-4ba6-bc58-c72b78851fd3 tempest-ServerRescueNegativeTestJSON-805501650 tempest-ServerRescueNegativeTestJSON-805501650-project-member] Lock "00000000-0000-0000-0000-000000000000" acquired by "nova.context.set_target_cell..get_or_set_cached_cell_and_set_connections" :: waited 0.000s {{(pid=58545) inner /opt/stack/data/venv/lib/python3.10/site-packages/oslo_concurrency/lockutils.py:519}}
Feb 16 19:17:29 devstack devstack@n-api.service[58545]: DEBUG oslo_concurrency.lockutils [None req-f6121767-926e-4ba6-bc58-c72b78851fd3 tempest-ServerRescueNegativeTestJSON-805501650 tempest-ServerRescueNegativeTestJSON-805501650-project-member] Lock "00000000-0000-0000-0000-000000000000" "released" by "nova.context.set_target_cell..get_or_set_cached_cell_and_set_connections" :: held 0.001s {{(pid=58545) inner /opt/stack/data/venv/lib/python3.10/site-packages/oslo_concurrency/lockutils.py:538}}
Feb 16 19:17:29 devstack devstack@n-api.service[58545]: DEBUG oslo_concurrency.lockutils [None req-f6121767-926e-4ba6-bc58-c72b78851fd3 tempest-ServerRescueNegativeTestJSON-805501650 tempest-ServerRescueNegativeTestJSON-805501650-project-member] Acquiring lock "94ecca2f-8b63-439c-b30c-a1e3e1952ef5" by "nova.context.set_target_cell..get_or_set_cached_cell_and_set_connections" {{(pid=58545) inner /opt/stack/data/venv/lib/python3.10/site-packages/oslo_concurrency/lockutils.py:506}}
Feb 16 19:17:29 devstack devstack@n-api.service[58545]: DEBUG oslo_concurrency.lockutils [None req-f6121767-926e-4ba6-bc58-c72b78851fd3 tempest-ServerRescueNegativeTestJSON-805501650 tempest-ServerRescueNegativeTestJSON-805501650-project-member] Lock "94ecca2f-8b63-439c-b30c-a1e3e1952ef5" acquired by "nova.context.set_target_cell..get_or_set_cached_cell_and_set_connections" :: waited 0.002s {{(pid=58545) inner /opt/stack/data/venv/lib/python3.10/site-packages/oslo_concurrency/lockutils.py:519}}
Feb 16 19:17:29 devstack devstack@n-api.service[58545]: DEBUG oslo_concurrency.lockutils [None req-f6121767-926e-4ba6-bc58-c72b78851fd3 tempest-ServerRescueNegativeTestJSON-805501650 tempest-ServerRescueNegativeTestJSON-805501650-project-member] Lock "94ecca2f-8b63-439c-b30c-a1e3e1952ef5" "released" by "nova.context.set_target_cell..get_or_set_cached_cell_and_set_connections" :: held 0.001s {{(pid=58545) inner /opt/stack/data/venv/lib/python3.10/site-packages/oslo_concurrency/lockutils.py:538}}
Feb 16 19:17:29 devstack devstack@n-api.service[58545]: DEBUG nova.quota [None req-f6121767-926e-4ba6-bc58-c72b78851fd3 tempest-ServerRescueNegativeTestJSON-805501650 tempest-ServerRescueNegativeTestJSON-805501650-project-member] Getting quotas for project 252e0419d73544d8af95d1cdbf9d3fa1. Resources: {'instances', 'cores', 'ram'} {{(pid=58545) _get_quotas /opt/stack/nova/nova/quota.py:392}}
Feb 16 19:17:29 devstack devstack@n-api.service[58545]: DEBUG nova.quota [None req-f6121767-926e-4ba6-bc58-c72b78851fd3 tempest-ServerRescueNegativeTestJSON-805501650 tempest-ServerRescueNegativeTestJSON-805501650-project-member] Getting quotas for user f3e8024d6b924fccb2ba18fb04294850 and project 252e0419d73544d8af95d1cdbf9d3fa1. Resources: {'instances', 'cores', 'ram'} {{(pid=58545) _get_quotas /opt/stack/nova/nova/quota.py:382}}
Feb 16 19:17:29 devstack devstack@n-api.service[58545]: DEBUG nova.compute.api [None req-f6121767-926e-4ba6-bc58-c72b78851fd3 tempest-ServerRescueNegativeTestJSON-805501650 tempest-ServerRescueNegativeTestJSON-805501650-project-member] Going to run 1 instances... {{(pid=58545) _provision_instances /opt/stack/nova/nova/compute/api.py:1438}}
Feb 16 19:17:29 devstack devstack@n-api.service[58545]: DEBUG nova.compute.api [None req-f6121767-926e-4ba6-bc58-c72b78851fd3 tempest-ServerRescueNegativeTestJSON-805501650 tempest-ServerRescueNegativeTestJSON-805501650-project-member] [instance: 30df9385-f886-441c-a1f9-a9e6fa94e2f5] block_device_mapping [BlockDeviceMapping(attachment_id=,boot_index=0,connection_info=None,created_at=,delete_on_termination=True,deleted=,deleted_at=,destination_type='local',device_name=None,device_type='disk',disk_bus=None,encrypted=False,encryption_format=None,encryption_options=None,encryption_secret_uuid=None,guest_format=None,id=,image_id='5f0cfe6d-e343-402e-9e10-90739fa10460',instance=,instance_uuid=,no_device=False,snapshot_id=None,source_type='image',tag=None,updated_at=,uuid=,volume_id=None,volume_size=None,volume_type=None)] {{(pid=58545) _bdm_validate_set_size_and_instance /opt/stack/nova/nova/compute/api.py:1906}}
Feb 16 19:17:29 devstack devstack@n-api.service[58545]: INFO nova.api.openstack.requestlog [None req-f6121767-926e-4ba6-bc58-c72b78851fd3 tempest-ServerRescueNegativeTestJSON-805501650 tempest-ServerRescueNegativeTestJSON-805501650-project-member] 192.168.122.248 "POST /compute/v2.1/servers" status: 202 len: 391 microversion: 2.1 time: 0.451504
Feb 16 19:17:29 devstack devstack@n-api.service[58545]: [pid: 58545|app: 0|req: 71/130] 192.168.122.248 () {60 vars in 1162 bytes} [Mon Feb 16 19:17:29 2026] POST /compute/v2.1/servers => generated 391 bytes in 453 msecs (HTTP/1.1 202) 10 headers in 455 bytes (1 switches on core 0)
Feb 16 19:17:29 devstack devstack@n-api.service[58544]: DEBUG nova.api.openstack.wsgi [None req-8ead6ab7-4d11-4e41-8284-bd1d68e4174d tempest-ServerRescueNegativeTestJSON-805501650 tempest-ServerRescueNegativeTestJSON-805501650-project-member] Calling method '>' {{(pid=58544) _process_stack /opt/stack/nova/nova/api/openstack/wsgi.py:551}}
Feb 16 19:17:29 devstack devstack@n-api.service[58544]: DEBUG nova.compute.api [None req-8ead6ab7-4d11-4e41-8284-bd1d68e4174d tempest-ServerRescueNegativeTestJSON-805501650 tempest-ServerRescueNegativeTestJSON-805501650-project-member] [instance: 30df9385-f886-441c-a1f9-a9e6fa94e2f5] Fetching instance by UUID {{(pid=58544) get /opt/stack/nova/nova/compute/api.py:3019}}
Feb 16 19:17:29 devstack devstack@n-api.service[58544]: WARNING neutronclient.v2_0.client [None req-8ead6ab7-4d11-4e41-8284-bd1d68e4174d tempest-ServerRescueNegativeTestJSON-805501650 tempest-ServerRescueNegativeTestJSON-805501650-project-member] The python binding code in neutronclient is deprecated in favor of OpenstackSDK, please use that as this will be removed in a future release.
Feb 16 19:17:29 devstack devstack@n-api.service[58544]: DEBUG nova.policy [None req-8ead6ab7-4d11-4e41-8284-bd1d68e4174d tempest-ServerRescueNegativeTestJSON-805501650 tempest-ServerRescueNegativeTestJSON-805501650-project-member] Policy check for os_compute_api:os-extended-server-attributes failed with credentials {'is_admin': False, 'user_id': 'f3e8024d6b924fccb2ba18fb04294850', 'user_domain_id': 'default', 'system_scope': None, 'domain_id': None, 'project_id': '252e0419d73544d8af95d1cdbf9d3fa1', 'project_domain_id': 'default', 'roles': ['member', 'reader'], 'is_admin_project': True, 'service_user_id': None, 'service_user_domain_id': None, 'service_project_id': None, 'service_project_domain_id': None, 'service_roles': []} {{(pid=58544) authorize /opt/stack/nova/nova/policy.py:192}}
Feb 16 19:17:29 devstack devstack@n-api.service[58544]: INFO nova.api.openstack.requestlog [None req-8ead6ab7-4d11-4e41-8284-bd1d68e4174d tempest-ServerRescueNegativeTestJSON-805501650 tempest-ServerRescueNegativeTestJSON-805501650-project-member] 192.168.122.248 "GET /compute/v2.1/servers/30df9385-f886-441c-a1f9-a9e6fa94e2f5" status: 200 len: 1236 microversion: 2.1 time: 0.091792
Feb 16 19:17:29 devstack devstack@n-api.service[58544]: [pid: 58544|app: 0|req: 60/131] 192.168.122.248 () {58 vars in 1251 bytes} [Mon Feb 16 19:17:29 2026] GET /compute/v2.1/servers/30df9385-f886-441c-a1f9-a9e6fa94e2f5 => generated 1236 bytes in 93 msecs (HTTP/1.1 200) 9 headers in 358 bytes (1 switches on core 0)
Feb 16 19:17:29 devstack devstack@n-api.service[58545]: DEBUG nova.api.openstack.wsgi [None req-63a46ff4-b915-451f-bf9e-c1796cedc11f tempest-VolumesSnapshotsTestJSON-1396103737 tempest-VolumesSnapshotsTestJSON-1396103737-project-member] Calling method '>' {{(pid=58545) _process_stack /opt/stack/nova/nova/api/openstack/wsgi.py:551}}
Feb 16 19:17:29 devstack devstack@n-api.service[58545]: INFO nova.api.openstack.requestlog [None req-63a46ff4-b915-451f-bf9e-c1796cedc11f tempest-VolumesSnapshotsTestJSON-1396103737 tempest-VolumesSnapshotsTestJSON-1396103737-project-member] 192.168.122.248 "GET /compute/v2.1/os-volumes/0e62cca3-cade-4b14-884d-eb7bf26481d8" status: 200 len: 343 microversion: 2.1 time: 0.066312
Feb 16 19:17:29 devstack devstack@n-api.service[58545]: [pid: 58545|app: 0|req: 72/132] 192.168.122.248 () {58 vars in 1260 bytes} [Mon Feb 16 19:17:29 2026] GET /compute/v2.1/os-volumes/0e62cca3-cade-4b14-884d-eb7bf26481d8 => generated 343 bytes in 67 msecs (HTTP/1.1 200) 9 headers in 357 bytes (1 switches on core 0)
Feb 16 19:17:30 devstack devstack@n-api.service[58544]: DEBUG nova.api.openstack.wsgi [None req-ca15fc06-653d-4fae-a4a4-da89f2cd3739 tempest-ServerRescueNegativeTestJSON-805501650 tempest-ServerRescueNegativeTestJSON-805501650-project-member] Calling method '>' {{(pid=58544) _process_stack /opt/stack/nova/nova/api/openstack/wsgi.py:551}}
Feb 16 19:17:30 devstack devstack@n-api.service[58544]: DEBUG nova.compute.api [None req-ca15fc06-653d-4fae-a4a4-da89f2cd3739 tempest-ServerRescueNegativeTestJSON-805501650 tempest-ServerRescueNegativeTestJSON-805501650-project-member] [instance: 30df9385-f886-441c-a1f9-a9e6fa94e2f5] Fetching instance by UUID {{(pid=58544) get /opt/stack/nova/nova/compute/api.py:3019}}
Feb 16 19:17:30 devstack devstack@n-api.service[58544]: DEBUG oslo_concurrency.lockutils [None req-ca15fc06-653d-4fae-a4a4-da89f2cd3739 tempest-ServerRescueNegativeTestJSON-805501650 tempest-ServerRescueNegativeTestJSON-805501650-project-member] Acquiring lock "94ecca2f-8b63-439c-b30c-a1e3e1952ef5" by "nova.context.set_target_cell..get_or_set_cached_cell_and_set_connections" {{(pid=58544) inner /opt/stack/data/venv/lib/python3.10/site-packages/oslo_concurrency/lockutils.py:506}}
Feb 16 19:17:30 devstack devstack@n-api.service[58544]: DEBUG oslo_concurrency.lockutils [None req-ca15fc06-653d-4fae-a4a4-da89f2cd3739 tempest-ServerRescueNegativeTestJSON-805501650 tempest-ServerRescueNegativeTestJSON-805501650-project-member] Lock "94ecca2f-8b63-439c-b30c-a1e3e1952ef5" acquired by "nova.context.set_target_cell..get_or_set_cached_cell_and_set_connections" :: waited 0.001s {{(pid=58544) inner /opt/stack/data/venv/lib/python3.10/site-packages/oslo_concurrency/lockutils.py:519}}
Feb 16 19:17:30 devstack devstack@n-api.service[58544]: DEBUG oslo_concurrency.lockutils [None req-ca15fc06-653d-4fae-a4a4-da89f2cd3739 tempest-ServerRescueNegativeTestJSON-805501650 tempest-ServerRescueNegativeTestJSON-805501650-project-member] Lock "94ecca2f-8b63-439c-b30c-a1e3e1952ef5" "released" by "nova.context.set_target_cell..get_or_set_cached_cell_and_set_connections" :: held 0.000s {{(pid=58544) inner /opt/stack/data/venv/lib/python3.10/site-packages/oslo_concurrency/lockutils.py:538}}
Feb 16 19:17:30 devstack devstack@n-api.service[58544]: DEBUG oslo_concurrency.lockutils [None req-ca15fc06-653d-4fae-a4a4-da89f2cd3739 tempest-ServerRescueNegativeTestJSON-805501650 tempest-ServerRescueNegativeTestJSON-805501650-project-member] Acquiring lock "94ecca2f-8b63-439c-b30c-a1e3e1952ef5" by "nova.context.set_target_cell..get_or_set_cached_cell_and_set_connections" {{(pid=58544) inner /opt/stack/data/venv/lib/python3.10/site-packages/oslo_concurrency/lockutils.py:506}}
Feb 16 19:17:30 devstack devstack@n-api.service[58544]: DEBUG oslo_concurrency.lockutils [None req-ca15fc06-653d-4fae-a4a4-da89f2cd3739 tempest-ServerRescueNegativeTestJSON-805501650 tempest-ServerRescueNegativeTestJSON-805501650-project-member] Lock "94ecca2f-8b63-439c-b30c-a1e3e1952ef5" acquired by "nova.context.set_target_cell..get_or_set_cached_cell_and_set_connections" :: waited 0.000s {{(pid=58544) inner /opt/stack/data/venv/lib/python3.10/site-packages/oslo_concurrency/lockutils.py:519}}
Feb 16 19:17:30 devstack devstack@n-api.service[58544]: DEBUG oslo_concurrency.lockutils [None req-ca15fc06-653d-4fae-a4a4-da89f2cd3739 tempest-ServerRescueNegativeTestJSON-805501650 tempest-ServerRescueNegativeTestJSON-805501650-project-member] Lock "94ecca2f-8b63-439c-b30c-a1e3e1952ef5" "released" by "nova.context.set_target_cell..get_or_set_cached_cell_and_set_connections" :: held 0.000s {{(pid=58544) inner /opt/stack/data/venv/lib/python3.10/site-packages/oslo_concurrency/lockutils.py:538}}
Feb 16 19:17:30 devstack devstack@n-api.service[58544]: WARNING neutronclient.v2_0.client [None req-ca15fc06-653d-4fae-a4a4-da89f2cd3739 tempest-ServerRescueNegativeTestJSON-805501650 tempest-ServerRescueNegativeTestJSON-805501650-project-member] The python binding code in neutronclient is deprecated in favor of OpenstackSDK, please use that as this will be removed in a future release.
Feb 16 19:17:30 devstack devstack@n-api.service[58545]: DEBUG nova.api.openstack.wsgi [None req-34693c58-0391-4f37-9e94-c379fe91111a tempest-VolumesSnapshotsTestJSON-1396103737 tempest-VolumesSnapshotsTestJSON-1396103737-project-member] Calling method '>' {{(pid=58545) _process_stack /opt/stack/nova/nova/api/openstack/wsgi.py:551}}
Feb 16 19:17:30 devstack devstack@n-api.service[58544]: DEBUG nova.policy [None req-ca15fc06-653d-4fae-a4a4-da89f2cd3739 tempest-ServerRescueNegativeTestJSON-805501650 tempest-ServerRescueNegativeTestJSON-805501650-project-member] Policy check for os_compute_api:os-extended-server-attributes failed with credentials {'is_admin': False, 'user_id': 'f3e8024d6b924fccb2ba18fb04294850', 'user_domain_id': 'default', 'system_scope': None, 'domain_id': None, 'project_id': '252e0419d73544d8af95d1cdbf9d3fa1', 'project_domain_id': 'default', 'roles': ['member', 'reader'], 'is_admin_project': True, 'service_user_id': None, 'service_user_domain_id': None, 'service_project_id': None, 'service_project_domain_id': None, 'service_roles': []} {{(pid=58544) authorize /opt/stack/nova/nova/policy.py:192}}
Feb 16 19:17:30 devstack devstack@n-api.service[58544]: INFO nova.api.openstack.requestlog [None req-ca15fc06-653d-4fae-a4a4-da89f2cd3739 tempest-ServerRescueNegativeTestJSON-805501650 tempest-ServerRescueNegativeTestJSON-805501650-project-member] 192.168.122.248 "GET /compute/v2.1/servers/30df9385-f886-441c-a1f9-a9e6fa94e2f5" status: 200 len: 1240 microversion: 2.1 time: 0.155699
Feb 16 19:17:30 devstack devstack@n-api.service[58544]: [pid: 58544|app: 0|req: 61/133] 192.168.122.248 () {58 vars in 1251 bytes} [Mon Feb 16 19:17:30 2026] GET /compute/v2.1/servers/30df9385-f886-441c-a1f9-a9e6fa94e2f5 => generated 1240 bytes in 157 msecs (HTTP/1.1 200) 9 headers in 358 bytes (1 switches on core 0)
Feb 16 19:17:30 devstack devstack@n-api.service[58545]: INFO nova.api.openstack.requestlog [None req-34693c58-0391-4f37-9e94-c379fe91111a tempest-VolumesSnapshotsTestJSON-1396103737 tempest-VolumesSnapshotsTestJSON-1396103737-project-member] 192.168.122.248 "GET /compute/v2.1/os-volumes/0e62cca3-cade-4b14-884d-eb7bf26481d8" status: 200 len: 343 microversion: 2.1 time: 0.078714
Feb 16 19:17:30 devstack devstack@n-api.service[58545]: [pid: 58545|app: 0|req: 73/134] 192.168.122.248 () {58 vars in 1260 bytes} [Mon Feb 16 19:17:30 2026] GET /compute/v2.1/os-volumes/0e62cca3-cade-4b14-884d-eb7bf26481d8 => generated 343 bytes in 81 msecs (HTTP/1.1 200) 9 headers in 357 bytes (1 switches on core 0)
Feb 16 19:17:31 devstack devstack@n-api.service[58544]: DEBUG nova.api.openstack.wsgi [None req-76d1e509-52bd-4855-ac4f-9ad6c3702ceb tempest-ServerRescueNegativeTestJSON-805501650 tempest-ServerRescueNegativeTestJSON-805501650-project-member] Calling method '>' {{(pid=58544) _process_stack /opt/stack/nova/nova/api/openstack/wsgi.py:551}}
Feb 16 19:17:31 devstack devstack@n-api.service[58544]: DEBUG nova.compute.api [None req-76d1e509-52bd-4855-ac4f-9ad6c3702ceb tempest-ServerRescueNegativeTestJSON-805501650 tempest-ServerRescueNegativeTestJSON-805501650-project-member] [instance: 30df9385-f886-441c-a1f9-a9e6fa94e2f5] Fetching instance by UUID {{(pid=58544) get /opt/stack/nova/nova/compute/api.py:3019}}
Feb 16 19:17:31 devstack devstack@n-api.service[58545]: DEBUG nova.api.openstack.wsgi [None req-f83b4fbf-2fcd-4e83-8259-312af3a1bc7e tempest-VolumesSnapshotsTestJSON-1396103737 tempest-VolumesSnapshotsTestJSON-1396103737-project-member] Calling method '>' {{(pid=58545) _process_stack /opt/stack/nova/nova/api/openstack/wsgi.py:551}}
Feb 16 19:17:31 devstack devstack@n-api.service[58544]: DEBUG oslo_concurrency.lockutils [None req-76d1e509-52bd-4855-ac4f-9ad6c3702ceb tempest-ServerRescueNegativeTestJSON-805501650 tempest-ServerRescueNegativeTestJSON-805501650-project-member] Acquiring lock "94ecca2f-8b63-439c-b30c-a1e3e1952ef5" by "nova.context.set_target_cell..get_or_set_cached_cell_and_set_connections" {{(pid=58544) inner /opt/stack/data/venv/lib/python3.10/site-packages/oslo_concurrency/lockutils.py:506}}
Feb 16 19:17:31 devstack devstack@n-api.service[58544]: DEBUG oslo_concurrency.lockutils [None req-76d1e509-52bd-4855-ac4f-9ad6c3702ceb tempest-ServerRescueNegativeTestJSON-805501650 tempest-ServerRescueNegativeTestJSON-805501650-project-member] Lock "94ecca2f-8b63-439c-b30c-a1e3e1952ef5" acquired by "nova.context.set_target_cell..get_or_set_cached_cell_and_set_connections" :: waited 0.005s {{(pid=58544) inner /opt/stack/data/venv/lib/python3.10/site-packages/oslo_concurrency/lockutils.py:519}}
Feb 16 19:17:31 devstack devstack@n-api.service[58544]: DEBUG oslo_concurrency.lockutils [None req-76d1e509-52bd-4855-ac4f-9ad6c3702ceb tempest-ServerRescueNegativeTestJSON-805501650 tempest-ServerRescueNegativeTestJSON-805501650-project-member] Lock "94ecca2f-8b63-439c-b30c-a1e3e1952ef5" "released" by "nova.context.set_target_cell..get_or_set_cached_cell_and_set_connections" :: held 0.001s {{(pid=58544) inner /opt/stack/data/venv/lib/python3.10/site-packages/oslo_concurrency/lockutils.py:538}}
Feb 16 19:17:31 devstack devstack@n-api.service[58544]: DEBUG oslo_concurrency.lockutils [None req-76d1e509-52bd-4855-ac4f-9ad6c3702ceb tempest-ServerRescueNegativeTestJSON-805501650 tempest-ServerRescueNegativeTestJSON-805501650-project-member] Acquiring lock "94ecca2f-8b63-439c-b30c-a1e3e1952ef5" by "nova.context.set_target_cell..get_or_set_cached_cell_and_set_connections" {{(pid=58544) inner /opt/stack/data/venv/lib/python3.10/site-packages/oslo_concurrency/lockutils.py:506}}
Feb 16 19:17:31 devstack devstack@n-api.service[58544]: DEBUG oslo_concurrency.lockutils [None req-76d1e509-52bd-4855-ac4f-9ad6c3702ceb tempest-ServerRescueNegativeTestJSON-805501650 tempest-ServerRescueNegativeTestJSON-805501650-project-member] Lock "94ecca2f-8b63-439c-b30c-a1e3e1952ef5" acquired by "nova.context.set_target_cell..get_or_set_cached_cell_and_set_connections" :: waited 0.001s {{(pid=58544) inner /opt/stack/data/venv/lib/python3.10/site-packages/oslo_concurrency/lockutils.py:519}}
Feb 16 19:17:31 devstack devstack@n-api.service[58544]: DEBUG oslo_concurrency.lockutils [None req-76d1e509-52bd-4855-ac4f-9ad6c3702ceb tempest-ServerRescueNegativeTestJSON-805501650 tempest-ServerRescueNegativeTestJSON-805501650-project-member] Lock "94ecca2f-8b63-439c-b30c-a1e3e1952ef5" "released" by "nova.context.set_target_cell..get_or_set_cached_cell_and_set_connections" :: held 0.002s {{(pid=58544) inner /opt/stack/data/venv/lib/python3.10/site-packages/oslo_concurrency/lockutils.py:538}}
Feb 16 19:17:31 devstack devstack@n-api.service[58544]: WARNING neutronclient.v2_0.client [None req-76d1e509-52bd-4855-ac4f-9ad6c3702ceb tempest-ServerRescueNegativeTestJSON-805501650 tempest-ServerRescueNegativeTestJSON-805501650-project-member] The python binding code in neutronclient is deprecated in favor of OpenstackSDK, please use that as this will be removed in a future release.
Feb 16 19:17:31 devstack devstack@n-api.service[58545]: INFO nova.api.openstack.requestlog [None req-f83b4fbf-2fcd-4e83-8259-312af3a1bc7e tempest-VolumesSnapshotsTestJSON-1396103737 tempest-VolumesSnapshotsTestJSON-1396103737-project-member] 192.168.122.248 "GET /compute/v2.1/os-volumes/0e62cca3-cade-4b14-884d-eb7bf26481d8" status: 200 len: 343 microversion: 2.1 time: 0.151918
Feb 16 19:17:31 devstack devstack@n-api.service[58545]: [pid: 58545|app: 0|req: 74/135] 192.168.122.248 () {58 vars in 1260 bytes} [Mon Feb 16 19:17:31 2026] GET /compute/v2.1/os-volumes/0e62cca3-cade-4b14-884d-eb7bf26481d8 => generated 343 bytes in 158 msecs (HTTP/1.1 200) 9 headers in 357 bytes (1 switches on core 0)
Feb 16 19:17:31 devstack devstack@n-api.service[58544]: DEBUG nova.policy [None req-76d1e509-52bd-4855-ac4f-9ad6c3702ceb tempest-ServerRescueNegativeTestJSON-805501650 tempest-ServerRescueNegativeTestJSON-805501650-project-member] Policy check for os_compute_api:os-extended-server-attributes failed with credentials {'is_admin': False, 'user_id': 'f3e8024d6b924fccb2ba18fb04294850', 'user_domain_id': 'default', 'system_scope': None, 'domain_id': None, 'project_id': '252e0419d73544d8af95d1cdbf9d3fa1', 'project_domain_id': 'default', 'roles': ['member', 'reader'], 'is_admin_project': True, 'service_user_id': None, 'service_user_domain_id': None, 'service_project_id': None, 'service_project_domain_id': None, 'service_roles': []} {{(pid=58544) authorize /opt/stack/nova/nova/policy.py:192}}
Feb 16 19:17:32 devstack devstack@n-api.service[58544]: INFO nova.api.openstack.requestlog [None req-76d1e509-52bd-4855-ac4f-9ad6c3702ceb tempest-ServerRescueNegativeTestJSON-805501650 tempest-ServerRescueNegativeTestJSON-805501650-project-member] 192.168.122.248 "GET /compute/v2.1/servers/30df9385-f886-441c-a1f9-a9e6fa94e2f5" status: 200 len: 1232 microversion: 2.1 time: 0.255045
Feb 16 19:17:32 devstack devstack@n-api.service[58544]: [pid: 58544|app: 0|req: 62/136] 192.168.122.248 () {58 vars in 1251 bytes} [Mon Feb 16 19:17:31 2026] GET /compute/v2.1/servers/30df9385-f886-441c-a1f9-a9e6fa94e2f5 => generated 1232 bytes in 257 msecs (HTTP/1.1 200) 9 headers in 358 bytes (1 switches on core 0)
Feb 16 19:17:32 devstack devstack@n-api.service[58545]: DEBUG nova.api.openstack.wsgi [None req-9d2ebf3c-d101-4ed8-b45c-97da622bfd58 tempest-VolumesSnapshotsTestJSON-1396103737 tempest-VolumesSnapshotsTestJSON-1396103737-project-member] Calling method '>' {{(pid=58545) _process_stack /opt/stack/nova/nova/api/openstack/wsgi.py:551}}
Feb 16 19:17:33 devstack devstack@n-api.service[58544]: DEBUG nova.api.openstack.wsgi [None req-e758f950-bd8b-45af-b4a2-e1cec03372d4 tempest-ServerRescueNegativeTestJSON-805501650 tempest-ServerRescueNegativeTestJSON-805501650-project-member] Calling method '>' {{(pid=58544) _process_stack /opt/stack/nova/nova/api/openstack/wsgi.py:551}}
Feb 16 19:17:33 devstack devstack@n-api.service[58544]: DEBUG nova.compute.api [None req-e758f950-bd8b-45af-b4a2-e1cec03372d4 tempest-ServerRescueNegativeTestJSON-805501650 tempest-ServerRescueNegativeTestJSON-805501650-project-member] [instance: 30df9385-f886-441c-a1f9-a9e6fa94e2f5] Fetching instance by UUID {{(pid=58544) get /opt/stack/nova/nova/compute/api.py:3019}}
Feb 16 19:17:33 devstack devstack@n-api.service[58545]: INFO nova.api.openstack.requestlog [None req-9d2ebf3c-d101-4ed8-b45c-97da622bfd58 tempest-VolumesSnapshotsTestJSON-1396103737 tempest-VolumesSnapshotsTestJSON-1396103737-project-member] 192.168.122.248 "GET /compute/v2.1/os-volumes/0e62cca3-cade-4b14-884d-eb7bf26481d8" status: 200 len: 343 microversion: 2.1 time: 0.113068
Feb 16 19:17:33 devstack devstack@n-api.service[58545]: [pid: 58545|app: 0|req: 75/137] 192.168.122.248 () {58 vars in 1260 bytes} [Mon Feb 16 19:17:32 2026] GET /compute/v2.1/os-volumes/0e62cca3-cade-4b14-884d-eb7bf26481d8 => generated 343 bytes in 115 msecs (HTTP/1.1 200) 9 headers in 357 bytes (1 switches on core 0)
Feb 16 19:17:33 devstack devstack@n-api.service[58544]: DEBUG oslo_concurrency.lockutils [None req-e758f950-bd8b-45af-b4a2-e1cec03372d4 tempest-ServerRescueNegativeTestJSON-805501650 tempest-ServerRescueNegativeTestJSON-805501650-project-member] Acquiring lock "94ecca2f-8b63-439c-b30c-a1e3e1952ef5" by "nova.context.set_target_cell..get_or_set_cached_cell_and_set_connections" {{(pid=58544) inner /opt/stack/data/venv/lib/python3.10/site-packages/oslo_concurrency/lockutils.py:506}}
Feb 16 19:17:33 devstack devstack@n-api.service[58544]: DEBUG oslo_concurrency.lockutils [None req-e758f950-bd8b-45af-b4a2-e1cec03372d4 tempest-ServerRescueNegativeTestJSON-805501650 tempest-ServerRescueNegativeTestJSON-805501650-project-member] Lock "94ecca2f-8b63-439c-b30c-a1e3e1952ef5" acquired by "nova.context.set_target_cell..get_or_set_cached_cell_and_set_connections" :: waited 0.003s {{(pid=58544) inner /opt/stack/data/venv/lib/python3.10/site-packages/oslo_concurrency/lockutils.py:519}}
Feb 16 19:17:33 devstack devstack@n-api.service[58544]: DEBUG oslo_concurrency.lockutils [None req-e758f950-bd8b-45af-b4a2-e1cec03372d4 tempest-ServerRescueNegativeTestJSON-805501650 tempest-ServerRescueNegativeTestJSON-805501650-project-member] Lock "94ecca2f-8b63-439c-b30c-a1e3e1952ef5" "released" by "nova.context.set_target_cell..get_or_set_cached_cell_and_set_connections" :: held 0.001s {{(pid=58544) inner /opt/stack/data/venv/lib/python3.10/site-packages/oslo_concurrency/lockutils.py:538}}
Feb 16 19:17:33 devstack devstack@n-api.service[58544]: DEBUG oslo_concurrency.lockutils [None req-e758f950-bd8b-45af-b4a2-e1cec03372d4 tempest-ServerRescueNegativeTestJSON-805501650 tempest-ServerRescueNegativeTestJSON-805501650-project-member] Acquiring lock "94ecca2f-8b63-439c-b30c-a1e3e1952ef5" by "nova.context.set_target_cell..get_or_set_cached_cell_and_set_connections" {{(pid=58544) inner /opt/stack/data/venv/lib/python3.10/site-packages/oslo_concurrency/lockutils.py:506}}
Feb 16 19:17:33 devstack devstack@n-api.service[58544]: DEBUG oslo_concurrency.lockutils [None req-e758f950-bd8b-45af-b4a2-e1cec03372d4 tempest-ServerRescueNegativeTestJSON-805501650 tempest-ServerRescueNegativeTestJSON-805501650-project-member] Lock "94ecca2f-8b63-439c-b30c-a1e3e1952ef5" acquired by "nova.context.set_target_cell..get_or_set_cached_cell_and_set_connections" :: waited 0.001s {{(pid=58544) inner /opt/stack/data/venv/lib/python3.10/site-packages/oslo_concurrency/lockutils.py:519}}
Feb 16 19:17:33 devstack devstack@n-api.service[58544]: DEBUG oslo_concurrency.lockutils [None req-e758f950-bd8b-45af-b4a2-e1cec03372d4 tempest-ServerRescueNegativeTestJSON-805501650 tempest-ServerRescueNegativeTestJSON-805501650-project-member] Lock "94ecca2f-8b63-439c-b30c-a1e3e1952ef5" "released" by "nova.context.set_target_cell..get_or_set_cached_cell_and_set_connections" :: held 0.001s {{(pid=58544) inner /opt/stack/data/venv/lib/python3.10/site-packages/oslo_concurrency/lockutils.py:538}}
Feb 16 19:17:33 devstack devstack@n-api.service[58545]: DEBUG nova.api.openstack.wsgi [None req-c5b66e16-df57-4070-babb-afe22480d584 tempest-DeleteServersTestJSON-284540076 tempest-DeleteServersTestJSON-284540076-project-member] Action: 'create', calling method: >, body: {"volumeAttachment": {"volumeId": "bbbe5eb0-bc83-4364-a6b6-36c23fed423f"}} {{(pid=58545) _process_stack /opt/stack/nova/nova/api/openstack/wsgi.py:549}}
Feb 16 19:17:33 devstack devstack@n-api.service[58545]: DEBUG nova.compute.api [None req-c5b66e16-df57-4070-babb-afe22480d584 tempest-DeleteServersTestJSON-284540076 tempest-DeleteServersTestJSON-284540076-project-member] [instance: cb3fbc33-405e-4a89-8c8c-11127f7731a7] Fetching instance by UUID {{(pid=58545) get /opt/stack/nova/nova/compute/api.py:3019}}
