Apr 10 16:17:15 devstack cinder-volume[82117]: DEBUG cinder.coordination [None req-77d7cd7d-00f2-4583-88fb-c612e0a69137 tempest-VolumeQuotasAdminTestJSON-1756073371 None] Lock "cinder-quobyte-dd235c81-fd5e-4392-b5db-6caff92e0117" released by "delete_volume" :: held 1.688s {{(pid=82117) __release /opt/stack/cinder/cinder/coordination.py:152}}
Apr 10 16:17:15 devstack cinder-volume[82117]: DEBUG cinder.quota [None req-77d7cd7d-00f2-4583-88fb-c612e0a69137 tempest-VolumeQuotasAdminTestJSON-1756073371 None] Created reservations ['ea784cc1-bc59-425f-b785-1140273be3f6', '4bec63cb-3087-487f-9bf4-b22a61a7463c', '2cc9b846-5549-4e94-a769-5fe348b891a9', '924d4c03-aa1f-4324-a4a6-ea15751ae465'] {{(pid=82117) reserve /opt/stack/cinder/cinder/quota.py:752}}
Apr 10 16:17:15 devstack cinder-volume[82117]: DEBUG oslo_concurrency.lockutils [None req-77d7cd7d-00f2-4583-88fb-c612e0a69137 tempest-VolumeQuotasAdminTestJSON-1756073371 None] Acquiring lock "quobyte_ensure" by "cinder.volume.drivers.quobyte.QuobyteDriver._ensure_shares_mounted" {{(pid=82117) inner /opt/stack/data/venv/lib/python3.10/site-packages/oslo_concurrency/lockutils.py:506}}
Apr 10 16:17:15 devstack cinder-volume[82117]: DEBUG oslo_concurrency.lockutils [None req-77d7cd7d-00f2-4583-88fb-c612e0a69137 tempest-VolumeQuotasAdminTestJSON-1756073371 None] Lock "quobyte_ensure" acquired by "cinder.volume.drivers.quobyte.QuobyteDriver._ensure_shares_mounted" :: waited 0.008s {{(pid=82117) inner /opt/stack/data/venv/lib/python3.10/site-packages/oslo_concurrency/lockutils.py:519}}
Apr 10 16:17:15 devstack cinder-volume[82117]: DEBUG cinder.volume.drivers.quobyte [None req-77d7cd7d-00f2-4583-88fb-c612e0a69137 tempest-VolumeQuotasAdminTestJSON-1756073371 None] Quobyte Volume URL set to: {'osci02.corp.quobyte.com/cinder-vol-4bb65b64-20a4-4779-ab0a-b3470db7be79': None} {{(pid=82117) _load_shares_config /opt/stack/cinder/cinder/volume/drivers/quobyte.py:617}}
Apr 10 16:17:15 devstack cinder-volume[82117]: DEBUG cinder.volume.drivers.quobyte [None req-77d7cd7d-00f2-4583-88fb-c612e0a69137 tempest-VolumeQuotasAdminTestJSON-1756073371 None] Available shares ['osci02.corp.quobyte.com/cinder-vol-4bb65b64-20a4-4779-ab0a-b3470db7be79'] {{(pid=82117) _ensure_shares_mounted /opt/stack/cinder/cinder/volume/drivers/quobyte.py:647}}
Apr 10 16:17:15 devstack cinder-volume[82117]: DEBUG oslo_concurrency.lockutils [None req-77d7cd7d-00f2-4583-88fb-c612e0a69137 tempest-VolumeQuotasAdminTestJSON-1756073371 None] Lock "quobyte_ensure" "released" by "cinder.volume.drivers.quobyte.QuobyteDriver._ensure_shares_mounted" :: held 0.015s {{(pid=82117) inner /opt/stack/data/venv/lib/python3.10/site-packages/oslo_concurrency/lockutils.py:538}}
Apr 10 16:17:15 devstack cinder-volume[82117]: DEBUG oslo_concurrency.processutils [None req-77d7cd7d-00f2-4583-88fb-c612e0a69137 tempest-VolumeQuotasAdminTestJSON-1756073371 None] Running cmd (subprocess): sudo cinder-rootwrap /etc/cinder/rootwrap.conf df --portability --block-size 1 /opt/stack/data/cinder/mnt/4af0d0322c9aba7b72da8137f245e22b {{(pid=82117) execute /opt/stack/data/venv/lib/python3.10/site-packages/oslo_concurrency/processutils.py:440}}
Apr 10 16:17:15 devstack cinder-volume[82117]: DEBUG oslo_concurrency.lockutils [None req-8b214faa-6f15-4853-a676-d7c4905abce6 tempest-VolumesDeleteCascade-698994740 None] Acquiring lock "quobyte" by "cinder.volume.drivers.quobyte.QuobyteDriver.create_snapshot" {{(pid=82117) inner /opt/stack/data/venv/lib/python3.10/site-packages/oslo_concurrency/lockutils.py:506}}
Apr 10 16:17:15 devstack sudo[85507]: quobyte : PWD=/ ; USER=root ; COMMAND=/opt/stack/data/venv/bin/cinder-rootwrap /etc/cinder/rootwrap.conf df --portability --block-size 1 /opt/stack/data/cinder/mnt/4af0d0322c9aba7b72da8137f245e22b
Apr 10 16:17:15 devstack cinder-volume[82117]: DEBUG oslo_concurrency.lockutils [None req-8b214faa-6f15-4853-a676-d7c4905abce6 tempest-VolumesDeleteCascade-698994740 None] Lock "quobyte" acquired by "cinder.volume.drivers.quobyte.QuobyteDriver.create_snapshot" :: waited 0.001s {{(pid=82117) inner /opt/stack/data/venv/lib/python3.10/site-packages/oslo_concurrency/lockutils.py:519}}
Apr 10 16:17:15 devstack sudo[85507]: pam_unix(sudo:session): session opened for user root(uid=0) by (uid=1000)
Apr 10 16:17:15 devstack cinder-volume[82117]: DEBUG cinder.volume.drivers.remotefs [None req-8b214faa-6f15-4853-a676-d7c4905abce6 tempest-VolumesDeleteCascade-698994740 None] Creating offline snapshot 5a4438e0-e58a-41c2-9c4f-ffaf0ac11e96 of volume f6cc5122-5bcc-4bfc-83f2-fef6ff3ac2c3 {{(pid=82117) _create_snapshot /opt/stack/cinder/cinder/volume/drivers/remotefs.py:1815}}
Apr 10 16:17:15 devstack cinder-volume[82117]: DEBUG oslo.privsep.daemon [-] privsep: reply[415fdc16-6ac3-4f05-a0de-fb9d255a6659]: (4, 'qcow2') {{(pid=83033) _call_back /opt/stack/data/venv/lib/python3.10/site-packages/oslo_privsep/daemon.py:573}}
Apr 10 16:17:15 devstack cinder-volume[82117]: DEBUG oslo_concurrency.processutils [None req-8b214faa-6f15-4853-a676-d7c4905abce6 tempest-VolumesDeleteCascade-698994740 None] Running cmd (subprocess): /opt/stack/data/venv/bin/python3.10 -m oslo_concurrency.prlimit --as=1073741824 --cpu=60 -- sudo cinder-rootwrap /etc/cinder/rootwrap.conf env LC_ALL=C qemu-img info -f qcow2 --output=json --force-share /opt/stack/data/cinder/mnt/4af0d0322c9aba7b72da8137f245e22b/volume-f6cc5122-5bcc-4bfc-83f2-fef6ff3ac2c3 {{(pid=82117) execute /opt/stack/data/venv/lib/python3.10/site-packages/oslo_concurrency/processutils.py:440}}
Apr 10 16:17:15 devstack sudo[85512]: quobyte : PWD=/ ; USER=root ; COMMAND=/opt/stack/data/venv/bin/cinder-rootwrap /etc/cinder/rootwrap.conf env LC_ALL=C qemu-img info -f qcow2 --output=json --force-share /opt/stack/data/cinder/mnt/4af0d0322c9aba7b72da8137f245e22b/volume-f6cc5122-5bcc-4bfc-83f2-fef6ff3ac2c3
Apr 10 16:17:15 devstack sudo[85512]: pam_unix(sudo:session): session opened for user root(uid=0) by (uid=1000)
Apr 10 16:17:16 devstack sudo[85502]: pam_unix(sudo:session): session closed for user root
Apr 10 16:17:16 devstack cinder-volume[82117]: DEBUG oslo_concurrency.processutils [None req-0151c799-c746-41e8-9c02-46dc2258d68a None None] CMD "sudo cinder-rootwrap /etc/cinder/rootwrap.conf df --portability --block-size 1 /opt/stack/data/cinder/mnt/4af0d0322c9aba7b72da8137f245e22b" returned: 0 in 1.016s {{(pid=82117) execute /opt/stack/data/venv/lib/python3.10/site-packages/oslo_concurrency/processutils.py:468}}
Apr 10 16:17:16 devstack cinder-volume[82117]: DEBUG cinder.manager [None req-0151c799-c746-41e8-9c02-46dc2258d68a None None] Notifying Schedulers of capabilities ... {{(pid=82117) _publish_service_capabilities /opt/stack/cinder/cinder/manager.py:202}}
Apr 10 16:17:16 devstack sudo[85507]: pam_unix(sudo:session): session closed for user root
Apr 10 16:17:16 devstack cinder-volume[82117]: DEBUG oslo_concurrency.processutils [None req-77d7cd7d-00f2-4583-88fb-c612e0a69137 tempest-VolumeQuotasAdminTestJSON-1756073371 None] CMD "sudo cinder-rootwrap /etc/cinder/rootwrap.conf df --portability --block-size 1 /opt/stack/data/cinder/mnt/4af0d0322c9aba7b72da8137f245e22b" returned: 0 in 0.984s {{(pid=82117) execute /opt/stack/data/venv/lib/python3.10/site-packages/oslo_concurrency/processutils.py:468}}
Apr 10 16:17:16 devstack cinder-volume[82117]: DEBUG cinder.manager [None req-77d7cd7d-00f2-4583-88fb-c612e0a69137 tempest-VolumeQuotasAdminTestJSON-1756073371 None] Notifying Schedulers of capabilities ... {{(pid=82117) _publish_service_capabilities /opt/stack/cinder/cinder/manager.py:202}}
Apr 10 16:17:16 devstack cinder-volume[82117]: INFO cinder.volume.manager [None req-77d7cd7d-00f2-4583-88fb-c612e0a69137 tempest-VolumeQuotasAdminTestJSON-1756073371 None] Deleted volume successfully.
Apr 10 16:17:16 devstack cinder-volume[82117]: DEBUG cinder.coordination [None req-77d7cd7d-00f2-4583-88fb-c612e0a69137 tempest-VolumeQuotasAdminTestJSON-1756073371 None] Lock "cinder-dd235c81-fd5e-4392-b5db-6caff92e0117-delete_volume" released by "delete_volume" :: held 3.087s {{(pid=82117) __release /opt/stack/cinder/cinder/coordination.py:152}}
Apr 10 16:17:17 devstack sudo[85512]: pam_unix(sudo:session): session closed for user root
Apr 10 16:17:17 devstack cinder-volume[82117]: DEBUG oslo_concurrency.processutils [None req-8b214faa-6f15-4853-a676-d7c4905abce6 tempest-VolumesDeleteCascade-698994740 None] CMD "/opt/stack/data/venv/bin/python3.10 -m oslo_concurrency.prlimit --as=1073741824 --cpu=60 -- sudo cinder-rootwrap /etc/cinder/rootwrap.conf env LC_ALL=C qemu-img info -f qcow2 --output=json --force-share /opt/stack/data/cinder/mnt/4af0d0322c9aba7b72da8137f245e22b/volume-f6cc5122-5bcc-4bfc-83f2-fef6ff3ac2c3" returned: 0 in 1.262s {{(pid=82117) execute /opt/stack/data/venv/lib/python3.10/site-packages/oslo_concurrency/processutils.py:468}}
Apr 10 16:17:17 devstack cinder-volume[82117]: DEBUG oslo_concurrency.processutils [None req-8b214faa-6f15-4853-a676-d7c4905abce6 tempest-VolumesDeleteCascade-698994740 None] Running cmd (subprocess): sudo cinder-rootwrap /etc/cinder/rootwrap.conf qemu-img create -f qcow2 -o backing_file=/opt/stack/data/cinder/mnt/4af0d0322c9aba7b72da8137f245e22b/volume-f6cc5122-5bcc-4bfc-83f2-fef6ff3ac2c3,backing_fmt=qcow2 /opt/stack/data/cinder/mnt/4af0d0322c9aba7b72da8137f245e22b/volume-f6cc5122-5bcc-4bfc-83f2-fef6ff3ac2c3.5a4438e0-e58a-41c2-9c4f-ffaf0ac11e96 1G {{(pid=82117) execute /opt/stack/data/venv/lib/python3.10/site-packages/oslo_concurrency/processutils.py:440}}
Apr 10 16:17:17 devstack sudo[85522]: quobyte : PWD=/ ; USER=root ; COMMAND=/opt/stack/data/venv/bin/cinder-rootwrap /etc/cinder/rootwrap.conf qemu-img create -f qcow2 -o backing_file=/opt/stack/data/cinder/mnt/4af0d0322c9aba7b72da8137f245e22b/volume-f6cc5122-5bcc-4bfc-83f2-fef6ff3ac2c3,backing_fmt=qcow2 /opt/stack/data/cinder/mnt/4af0d0322c9aba7b72da8137f245e22b/volume-f6cc5122-5bcc-4bfc-83f2-fef6ff3ac2c3.5a4438e0-e58a-41c2-9c4f-ffaf0ac11e96 1G
Apr 10 16:17:17 devstack sudo[85522]: pam_unix(sudo:session): session opened for user root(uid=0) by (uid=1000)
Apr 10 16:17:17 devstack sudo[85522]: pam_unix(sudo:session): session closed for user root
Apr 10 16:17:17 devstack cinder-volume[82117]: DEBUG oslo_concurrency.processutils [None req-8b214faa-6f15-4853-a676-d7c4905abce6 tempest-VolumesDeleteCascade-698994740 None] CMD "sudo cinder-rootwrap /etc/cinder/rootwrap.conf qemu-img create -f qcow2 -o backing_file=/opt/stack/data/cinder/mnt/4af0d0322c9aba7b72da8137f245e22b/volume-f6cc5122-5bcc-4bfc-83f2-fef6ff3ac2c3,backing_fmt=qcow2 /opt/stack/data/cinder/mnt/4af0d0322c9aba7b72da8137f245e22b/volume-f6cc5122-5bcc-4bfc-83f2-fef6ff3ac2c3.5a4438e0-e58a-41c2-9c4f-ffaf0ac11e96 1G" returned: 0 in 0.832s {{(pid=82117) execute /opt/stack/data/venv/lib/python3.10/site-packages/oslo_concurrency/processutils.py:468}}
Apr 10 16:17:17 devstack cinder-volume[82117]: DEBUG oslo_concurrency.processutils [None req-8b214faa-6f15-4853-a676-d7c4905abce6 tempest-VolumesDeleteCascade-698994740 None] Running cmd (subprocess): sudo cinder-rootwrap /etc/cinder/rootwrap.conf qemu-img rebase -u -b volume-f6cc5122-5bcc-4bfc-83f2-fef6ff3ac2c3 -F qcow2 /opt/stack/data/cinder/mnt/4af0d0322c9aba7b72da8137f245e22b/volume-f6cc5122-5bcc-4bfc-83f2-fef6ff3ac2c3.5a4438e0-e58a-41c2-9c4f-ffaf0ac11e96 {{(pid=82117) execute /opt/stack/data/venv/lib/python3.10/site-packages/oslo_concurrency/processutils.py:440}}
Apr 10 16:17:17 devstack sudo[85528]: quobyte : PWD=/ ; USER=root ; COMMAND=/opt/stack/data/venv/bin/cinder-rootwrap /etc/cinder/rootwrap.conf qemu-img rebase -u -b volume-f6cc5122-5bcc-4bfc-83f2-fef6ff3ac2c3 -F qcow2 /opt/stack/data/cinder/mnt/4af0d0322c9aba7b72da8137f245e22b/volume-f6cc5122-5bcc-4bfc-83f2-fef6ff3ac2c3.5a4438e0-e58a-41c2-9c4f-ffaf0ac11e96
Apr 10 16:17:17 devstack sudo[85528]: pam_unix(sudo:session): session opened for user root(uid=0) by (uid=1000)
Apr 10 16:17:18 devstack sudo[85528]: pam_unix(sudo:session): session closed for user root
Apr 10 16:17:18 devstack cinder-volume[82117]: DEBUG oslo_concurrency.processutils [None req-8b214faa-6f15-4853-a676-d7c4905abce6 tempest-VolumesDeleteCascade-698994740 None] CMD "sudo cinder-rootwrap /etc/cinder/rootwrap.conf qemu-img rebase -u -b volume-f6cc5122-5bcc-4bfc-83f2-fef6ff3ac2c3 -F qcow2 /opt/stack/data/cinder/mnt/4af0d0322c9aba7b72da8137f245e22b/volume-f6cc5122-5bcc-4bfc-83f2-fef6ff3ac2c3.5a4438e0-e58a-41c2-9c4f-ffaf0ac11e96" returned: 0 in 0.669s {{(pid=82117) execute /opt/stack/data/venv/lib/python3.10/site-packages/oslo_concurrency/processutils.py:468}}
Apr 10 16:17:18 devstack cinder-volume[82117]: WARNING cinder.volume.drivers.remotefs [None req-8b214faa-6f15-4853-a676-d7c4905abce6 tempest-VolumesDeleteCascade-698994740 None] /opt/stack/data/cinder/mnt/4af0d0322c9aba7b72da8137f245e22b/volume-f6cc5122-5bcc-4bfc-83f2-fef6ff3ac2c3.5a4438e0-e58a-41c2-9c4f-ffaf0ac11e96 is being set with open permissions: ugo+rw
Apr 10 16:17:18 devstack cinder-volume[82117]: DEBUG oslo_concurrency.processutils [None req-8b214faa-6f15-4853-a676-d7c4905abce6 tempest-VolumesDeleteCascade-698994740 None] Running cmd (subprocess): sudo cinder-rootwrap /etc/cinder/rootwrap.conf chmod ugo+rw /opt/stack/data/cinder/mnt/4af0d0322c9aba7b72da8137f245e22b/volume-f6cc5122-5bcc-4bfc-83f2-fef6ff3ac2c3.5a4438e0-e58a-41c2-9c4f-ffaf0ac11e96 {{(pid=82117) execute /opt/stack/data/venv/lib/python3.10/site-packages/oslo_concurrency/processutils.py:440}}
Apr 10 16:17:18 devstack sudo[85534]: quobyte : PWD=/ ; USER=root ; COMMAND=/opt/stack/data/venv/bin/cinder-rootwrap /etc/cinder/rootwrap.conf chmod ugo+rw /opt/stack/data/cinder/mnt/4af0d0322c9aba7b72da8137f245e22b/volume-f6cc5122-5bcc-4bfc-83f2-fef6ff3ac2c3.5a4438e0-e58a-41c2-9c4f-ffaf0ac11e96
Apr 10 16:17:18 devstack sudo[85534]: pam_unix(sudo:session): session opened for user root(uid=0) by (uid=1000)
Apr 10 16:17:19 devstack sudo[85534]: pam_unix(sudo:session): session closed for user root
Apr 10 16:17:19 devstack cinder-volume[82117]: DEBUG oslo_concurrency.processutils [None req-8b214faa-6f15-4853-a676-d7c4905abce6 tempest-VolumesDeleteCascade-698994740 None] CMD "sudo cinder-rootwrap /etc/cinder/rootwrap.conf chmod ugo+rw /opt/stack/data/cinder/mnt/4af0d0322c9aba7b72da8137f245e22b/volume-f6cc5122-5bcc-4bfc-83f2-fef6ff3ac2c3.5a4438e0-e58a-41c2-9c4f-ffaf0ac11e96" returned: 0 in 0.524s {{(pid=82117) execute /opt/stack/data/venv/lib/python3.10/site-packages/oslo_concurrency/processutils.py:468}}
Apr 10 16:17:19 devstack cinder-volume[82117]: DEBUG oslo_concurrency.processutils [None req-8b214faa-6f15-4853-a676-d7c4905abce6 tempest-VolumesDeleteCascade-698994740 None] Running cmd (subprocess): sudo cinder-rootwrap /etc/cinder/rootwrap.conf truncate -s0 /opt/stack/data/cinder/mnt/4af0d0322c9aba7b72da8137f245e22b/volume-f6cc5122-5bcc-4bfc-83f2-fef6ff3ac2c3.info {{(pid=82117) execute /opt/stack/data/venv/lib/python3.10/site-packages/oslo_concurrency/processutils.py:440}}
Apr 10 16:17:19 devstack sudo[85537]: quobyte : PWD=/ ; USER=root ; COMMAND=/opt/stack/data/venv/bin/cinder-rootwrap /etc/cinder/rootwrap.conf truncate -s0 /opt/stack/data/cinder/mnt/4af0d0322c9aba7b72da8137f245e22b/volume-f6cc5122-5bcc-4bfc-83f2-fef6ff3ac2c3.info
Apr 10 16:17:19 devstack sudo[85537]: pam_unix(sudo:session): session opened for user root(uid=0) by (uid=1000)
Apr 10 16:17:19 devstack sudo[85537]: pam_unix(sudo:session): session closed for user root
Apr 10 16:17:19 devstack cinder-volume[82117]: DEBUG oslo_concurrency.processutils [None req-8b214faa-6f15-4853-a676-d7c4905abce6 tempest-VolumesDeleteCascade-698994740 None] CMD "sudo cinder-rootwrap /etc/cinder/rootwrap.conf truncate -s0 /opt/stack/data/cinder/mnt/4af0d0322c9aba7b72da8137f245e22b/volume-f6cc5122-5bcc-4bfc-83f2-fef6ff3ac2c3.info" returned: 0 in 0.608s {{(pid=82117) execute /opt/stack/data/venv/lib/python3.10/site-packages/oslo_concurrency/processutils.py:468}}
Apr 10 16:17:19 devstack cinder-volume[82117]: WARNING cinder.volume.drivers.remotefs [None req-8b214faa-6f15-4853-a676-d7c4905abce6 tempest-VolumesDeleteCascade-698994740 None] /opt/stack/data/cinder/mnt/4af0d0322c9aba7b72da8137f245e22b/volume-f6cc5122-5bcc-4bfc-83f2-fef6ff3ac2c3.info is being set with open permissions: ugo+rw
Apr 10 16:17:19 devstack cinder-volume[82117]: DEBUG oslo_concurrency.processutils [None req-8b214faa-6f15-4853-a676-d7c4905abce6 tempest-VolumesDeleteCascade-698994740 None] Running cmd (subprocess): sudo cinder-rootwrap /etc/cinder/rootwrap.conf chmod ugo+rw /opt/stack/data/cinder/mnt/4af0d0322c9aba7b72da8137f245e22b/volume-f6cc5122-5bcc-4bfc-83f2-fef6ff3ac2c3.info {{(pid=82117) execute /opt/stack/data/venv/lib/python3.10/site-packages/oslo_concurrency/processutils.py:440}}
Apr 10 16:17:19 devstack sudo[85540]: quobyte : PWD=/ ; USER=root ; COMMAND=/opt/stack/data/venv/bin/cinder-rootwrap /etc/cinder/rootwrap.conf chmod ugo+rw /opt/stack/data/cinder/mnt/4af0d0322c9aba7b72da8137f245e22b/volume-f6cc5122-5bcc-4bfc-83f2-fef6ff3ac2c3.info
Apr 10 16:17:19 devstack sudo[85540]: pam_unix(sudo:session): session opened for user root(uid=0) by (uid=1000)
Apr 10 16:17:20 devstack sudo[85540]: pam_unix(sudo:session): session closed for user root
Apr 10 16:17:20 devstack cinder-volume[82117]: DEBUG oslo_concurrency.processutils [None req-8b214faa-6f15-4853-a676-d7c4905abce6 tempest-VolumesDeleteCascade-698994740 None] CMD "sudo cinder-rootwrap /etc/cinder/rootwrap.conf chmod ugo+rw /opt/stack/data/cinder/mnt/4af0d0322c9aba7b72da8137f245e22b/volume-f6cc5122-5bcc-4bfc-83f2-fef6ff3ac2c3.info" returned: 0 in 0.521s {{(pid=82117) execute /opt/stack/data/venv/lib/python3.10/site-packages/oslo_concurrency/processutils.py:468}}
Apr 10 16:17:20 devstack cinder-volume[82117]: DEBUG oslo_concurrency.lockutils [None req-8b214faa-6f15-4853-a676-d7c4905abce6 tempest-VolumesDeleteCascade-698994740 None] Lock "quobyte" "released" by "cinder.volume.drivers.quobyte.QuobyteDriver.create_snapshot" :: held 4.516s {{(pid=82117) inner /opt/stack/data/venv/lib/python3.10/site-packages/oslo_concurrency/lockutils.py:538}}
Apr 10 16:17:20 devstack cinder-volume[82117]: INFO cinder.volume.manager [None req-8b214faa-6f15-4853-a676-d7c4905abce6 tempest-VolumesDeleteCascade-698994740 None] Create snapshot completed successfully
Apr 10 16:17:21 devstack cinder-volume[82117]: DEBUG oslo_concurrency.lockutils [None req-0d1db5b5-ccc5-45ad-a3f7-81d471fc0676 tempest-VolumesDeleteCascade-698994740 None] Acquiring lock "quobyte" by "cinder.volume.drivers.quobyte.QuobyteDriver.create_snapshot" {{(pid=82117) inner /opt/stack/data/venv/lib/python3.10/site-packages/oslo_concurrency/lockutils.py:506}}
Apr 10 16:17:21 devstack cinder-volume[82117]: DEBUG oslo_concurrency.lockutils [None req-0d1db5b5-ccc5-45ad-a3f7-81d471fc0676 tempest-VolumesDeleteCascade-698994740 None] Lock "quobyte" acquired by "cinder.volume.drivers.quobyte.QuobyteDriver.create_snapshot" :: waited 0.001s {{(pid=82117) inner /opt/stack/data/venv/lib/python3.10/site-packages/oslo_concurrency/lockutils.py:519}}
Apr 10 16:17:21 devstack cinder-volume[82117]: DEBUG cinder.volume.drivers.remotefs [None req-0d1db5b5-ccc5-45ad-a3f7-81d471fc0676 tempest-VolumesDeleteCascade-698994740 None] Creating offline snapshot 1e8176a7-1862-49b8-8acb-48c445fb9fdc of volume f6cc5122-5bcc-4bfc-83f2-fef6ff3ac2c3 {{(pid=82117) _create_snapshot /opt/stack/cinder/cinder/volume/drivers/remotefs.py:1815}}
Apr 10 16:17:21 devstack cinder-volume[82117]: DEBUG oslo.privsep.daemon [-] privsep: reply[df401a11-ab06-419d-b113-aba268c125ad]: (4, 'qcow2') {{(pid=83033) _call_back /opt/stack/data/venv/lib/python3.10/site-packages/oslo_privsep/daemon.py:573}}
Apr 10 16:17:21 devstack cinder-volume[82117]: DEBUG oslo_concurrency.processutils [None req-0d1db5b5-ccc5-45ad-a3f7-81d471fc0676 tempest-VolumesDeleteCascade-698994740 None] Running cmd (subprocess): /opt/stack/data/venv/bin/python3.10 -m oslo_concurrency.prlimit --as=1073741824 --cpu=60 -- sudo cinder-rootwrap /etc/cinder/rootwrap.conf env LC_ALL=C qemu-img info -f qcow2 --output=json --force-share /opt/stack/data/cinder/mnt/4af0d0322c9aba7b72da8137f245e22b/volume-f6cc5122-5bcc-4bfc-83f2-fef6ff3ac2c3.5a4438e0-e58a-41c2-9c4f-ffaf0ac11e96 {{(pid=82117) execute /opt/stack/data/venv/lib/python3.10/site-packages/oslo_concurrency/processutils.py:440}}
Apr 10 16:17:21 devstack sudo[85543]: quobyte : PWD=/ ; USER=root ; COMMAND=/opt/stack/data/venv/bin/cinder-rootwrap /etc/cinder/rootwrap.conf env LC_ALL=C qemu-img info -f qcow2 --output=json --force-share /opt/stack/data/cinder/mnt/4af0d0322c9aba7b72da8137f245e22b/volume-f6cc5122-5bcc-4bfc-83f2-fef6ff3ac2c3.5a4438e0-e58a-41c2-9c4f-ffaf0ac11e96
Apr 10 16:17:21 devstack sudo[85543]: pam_unix(sudo:session): session opened for user root(uid=0) by (uid=1000)
Apr 10 16:17:21 devstack sudo[85543]: pam_unix(sudo:session): session closed for user root
Apr 10 16:17:21 devstack cinder-volume[82117]: DEBUG oslo_concurrency.processutils [None req-0d1db5b5-ccc5-45ad-a3f7-81d471fc0676 tempest-VolumesDeleteCascade-698994740 None] CMD "/opt/stack/data/venv/bin/python3.10 -m oslo_concurrency.prlimit --as=1073741824 --cpu=60 -- sudo cinder-rootwrap /etc/cinder/rootwrap.conf env LC_ALL=C qemu-img info -f qcow2 --output=json --force-share /opt/stack/data/cinder/mnt/4af0d0322c9aba7b72da8137f245e22b/volume-f6cc5122-5bcc-4bfc-83f2-fef6ff3ac2c3.5a4438e0-e58a-41c2-9c4f-ffaf0ac11e96" returned: 0 in 0.741s {{(pid=82117) execute /opt/stack/data/venv/lib/python3.10/site-packages/oslo_concurrency/processutils.py:468}}
Apr 10 16:17:21 devstack cinder-volume[82117]: DEBUG cinder.volume.drivers.remotefs [None req-0d1db5b5-ccc5-45ad-a3f7-81d471fc0676 tempest-VolumesDeleteCascade-698994740 None] Fetching qemu-img info with special backing_file_template: (/opt/stack/data/cinder/mnt/[0-9a-f]+/)?(volume-f6cc5122-5bcc-4bfc-83f2-fef6ff3ac2c3(.(tmp-snap-)?[0-9a-f-]+)?|volume_from_snapshot_cache/(tmp-snap-)?[0-9a-f-]+(.(child-|parent-)[0-9a-f-]+)?)$ {{(pid=82117) _qemu_img_info_base /opt/stack/cinder/cinder/volume/drivers/remotefs.py:896}}
Apr 10 16:17:21 devstack cinder-volume[82117]: DEBUG oslo_concurrency.processutils [None req-0d1db5b5-ccc5-45ad-a3f7-81d471fc0676 tempest-VolumesDeleteCascade-698994740 None] Running cmd (subprocess): sudo cinder-rootwrap /etc/cinder/rootwrap.conf qemu-img create -f qcow2 -o backing_file=/opt/stack/data/cinder/mnt/4af0d0322c9aba7b72da8137f245e22b/volume-f6cc5122-5bcc-4bfc-83f2-fef6ff3ac2c3.5a4438e0-e58a-41c2-9c4f-ffaf0ac11e96,backing_fmt=qcow2 /opt/stack/data/cinder/mnt/4af0d0322c9aba7b72da8137f245e22b/volume-f6cc5122-5bcc-4bfc-83f2-fef6ff3ac2c3.1e8176a7-1862-49b8-8acb-48c445fb9fdc 1G {{(pid=82117) execute /opt/stack/data/venv/lib/python3.10/site-packages/oslo_concurrency/processutils.py:440}}
Apr 10 16:17:21 devstack sudo[85573]: quobyte : PWD=/ ; USER=root ; COMMAND=/opt/stack/data/venv/bin/cinder-rootwrap /etc/cinder/rootwrap.conf qemu-img create -f qcow2 -o backing_file=/opt/stack/data/cinder/mnt/4af0d0322c9aba7b72da8137f245e22b/volume-f6cc5122-5bcc-4bfc-83f2-fef6ff3ac2c3.5a4438e0-e58a-41c2-9c4f-ffaf0ac11e96,backing_fmt=qcow2 /opt/stack/data/cinder/mnt/4af0d0322c9aba7b72da8137f245e22b/volume-f6cc5122-5bcc-4bfc-83f2-fef6ff3ac2c3.1e8176a7-1862-49b8-8acb-48c445fb9fdc 1G
Apr 10 16:17:21 devstack sudo[85573]: pam_unix(sudo:session): session opened for user root(uid=0) by (uid=1000)
Apr 10 16:17:22 devstack cinder-volume[82117]: DEBUG cinder.volume.flows.manager.create_volume [None req-6587626e-c279-4ba2-b837-c9618a174b7b tempest-VolumeRetypeWithoutMigrationTest-1733815530 None] Volume reschedule parameters: True retry: {'num_attempts': 1, 'backends': ['devstack@QuobyteHD#QuobyteHD'], 'hosts': ['devstack@QuobyteHD#QuobyteHD']} {{(pid=82117) get_flow /opt/stack/cinder/cinder/volume/flows/manager/create_volume.py:1395}}
Apr 10 16:17:22 devstack cinder-volume[82117]: DEBUG cinder.volume.manager [None req-6587626e-c279-4ba2-b837-c9618a174b7b tempest-VolumeRetypeWithoutMigrationTest-1733815530 None] Flow 'volume_create_manager' (f6f92986-2115-4d87-9144-c9f0804d155e) transitioned into state 'RUNNING' from state 'PENDING' {{(pid=82117) _flow_receiver /opt/stack/data/venv/lib/python3.10/site-packages/taskflow/listeners/logging.py:145}}
Apr 10 16:17:22 devstack cinder-volume[82117]: DEBUG cinder.volume.manager [None req-6587626e-c279-4ba2-b837-c9618a174b7b tempest-VolumeRetypeWithoutMigrationTest-1733815530 None] Task 'cinder.volume.flows.manager.create_volume.ExtractVolumeRefTask;volume:create' (280fd376-51d8-4c70-acae-f82c258f06b7) transitioned into state 'RUNNING' from state 'PENDING' {{(pid=82117) _task_receiver /opt/stack/data/venv/lib/python3.10/site-packages/taskflow/listeners/logging.py:194}}
Apr 10 16:17:22 devstack cinder-volume[82117]: DEBUG cinder.volume.manager [None req-6587626e-c279-4ba2-b837-c9618a174b7b tempest-VolumeRetypeWithoutMigrationTest-1733815530 None] Task 'cinder.volume.flows.manager.create_volume.ExtractVolumeRefTask;volume:create' (280fd376-51d8-4c70-acae-f82c258f06b7) transitioned into state 'SUCCESS' from state 'RUNNING' with result 'Volume(_name_id=None,admin_metadata=,attach_status='detached',availability_zone='nova',bootable=False,cluster=,cluster_name=None,consistencygroup=,consistencygroup_id=None,created_at=2026-04-10T14:17:22Z,deleted=False,deleted_at=None,display_description=None,display_name='tempest-VolumeRetypeWithoutMigrationTest-Volume-1122365318',ec2_id=None,encryption_key_id=None,glance_metadata=,group=,group_id=None,host='devstack@QuobyteHD#QuobyteHD',id=bbe655dc-ebef-4712-86ac-f833440a017e,launched_at=None,metadata={},migration_status=None,multiattach=False,previous_status=None,project_id='73d18383ab0541108e07c916aeb41a2c',provider_auth=None,provider_geometry=None,provider_id=None,provider_location=None,replication_driver_data=None,replication_extended_status=None,replication_status=None,scheduled_at=2026-04-10T14:17:22Z,service_uuid=None,shared_targets=True,size=1,snapshot_id=None,snapshots=,source_volid=None,status='creating',terminated_at=None,updated_at=2026-04-10T14:17:22Z,use_quota=True,user_id='4e28bf299be1443582571bfe85c7d37f',volume_attachment=VolumeAttachmentList,volume_type=VolumeType(eb2a85b3-33d6-4fae-b38a-5c6170c98f62),volume_type_id=eb2a85b3-33d6-4fae-b38a-5c6170c98f62)' {{(pid=82117) _task_receiver /opt/stack/data/venv/lib/python3.10/site-packages/taskflow/listeners/logging.py:182}}
Apr 10 16:17:22 devstack cinder-volume[82117]: DEBUG cinder.volume.manager [None req-6587626e-c279-4ba2-b837-c9618a174b7b tempest-VolumeRetypeWithoutMigrationTest-1733815530 None] Task 'cinder.volume.flows.manager.create_volume.OnFailureRescheduleTask;volume:create' (a798d75f-3a48-48a1-8eca-5ff4f2e042b2) transitioned into state 'RUNNING' from state 'PENDING' {{(pid=82117) _task_receiver /opt/stack/data/venv/lib/python3.10/site-packages/taskflow/listeners/logging.py:194}}
Apr 10 16:17:22 devstack cinder-volume[82117]: DEBUG cinder.volume.manager [None req-6587626e-c279-4ba2-b837-c9618a174b7b tempest-VolumeRetypeWithoutMigrationTest-1733815530 None] Task 'cinder.volume.flows.manager.create_volume.OnFailureRescheduleTask;volume:create' (a798d75f-3a48-48a1-8eca-5ff4f2e042b2) transitioned into state 'SUCCESS' from state 'RUNNING' with result 'None' {{(pid=82117) _task_receiver /opt/stack/data/venv/lib/python3.10/site-packages/taskflow/listeners/logging.py:182}}
Apr 10 16:17:22 devstack cinder-volume[82117]: DEBUG cinder.volume.manager [None req-6587626e-c279-4ba2-b837-c9618a174b7b tempest-VolumeRetypeWithoutMigrationTest-1733815530 None] Task 'cinder.volume.flows.manager.create_volume.ExtractVolumeSpecTask;volume:create' (3cd029db-a208-4893-abef-7e177cb3213c) transitioned into state 'RUNNING' from state 'PENDING' {{(pid=82117) _task_receiver /opt/stack/data/venv/lib/python3.10/site-packages/taskflow/listeners/logging.py:194}}
Apr 10 16:17:22 devstack cinder-volume[82117]: DEBUG cinder.volume.manager [None req-6587626e-c279-4ba2-b837-c9618a174b7b tempest-VolumeRetypeWithoutMigrationTest-1733815530 None] Task 'cinder.volume.flows.manager.create_volume.ExtractVolumeSpecTask;volume:create' (3cd029db-a208-4893-abef-7e177cb3213c) transitioned into state 'SUCCESS' from state 'RUNNING' with result '{'status': 'creating', 'type': 'raw', 'volume_id': 'bbe655dc-ebef-4712-86ac-f833440a017e', 'volume_name': 'volume-bbe655dc-ebef-4712-86ac-f833440a017e', 'volume_size': 1}' {{(pid=82117) _task_receiver /opt/stack/data/venv/lib/python3.10/site-packages/taskflow/listeners/logging.py:182}}
Apr 10 16:17:22 devstack cinder-volume[82117]: DEBUG cinder.volume.manager [None req-6587626e-c279-4ba2-b837-c9618a174b7b tempest-VolumeRetypeWithoutMigrationTest-1733815530 None] Task 'cinder.volume.flows.manager.create_volume.NotifyVolumeActionTask;volume:create, create.start' (cc6cbf11-56ff-4e79-80b9-db498fb1a44e) transitioned into state 'RUNNING' from state 'PENDING' {{(pid=82117) _task_receiver /opt/stack/data/venv/lib/python3.10/site-packages/taskflow/listeners/logging.py:194}}
Apr 10 16:17:22 devstack cinder-volume[82117]: DEBUG cinder.volume.manager [None req-6587626e-c279-4ba2-b837-c9618a174b7b tempest-VolumeRetypeWithoutMigrationTest-1733815530 None] Task 'cinder.volume.flows.manager.create_volume.NotifyVolumeActionTask;volume:create, create.start' (cc6cbf11-56ff-4e79-80b9-db498fb1a44e) transitioned into state 'SUCCESS' from state 'RUNNING' with result 'None' {{(pid=82117) _task_receiver /opt/stack/data/venv/lib/python3.10/site-packages/taskflow/listeners/logging.py:182}}
Apr 10 16:17:22 devstack cinder-volume[82117]: DEBUG cinder.volume.manager [None req-6587626e-c279-4ba2-b837-c9618a174b7b tempest-VolumeRetypeWithoutMigrationTest-1733815530 None] Task 'cinder.volume.flows.manager.create_volume.CreateVolumeFromSpecTask;volume:create' (c52217ab-e6e3-472f-9b9b-4b34148e8e1d) transitioned into state 'RUNNING' from state 'PENDING' {{(pid=82117) _task_receiver /opt/stack/data/venv/lib/python3.10/site-packages/taskflow/listeners/logging.py:194}}
Apr 10 16:17:22 devstack cinder-volume[82117]: INFO cinder.volume.flows.manager.create_volume [None req-6587626e-c279-4ba2-b837-c9618a174b7b tempest-VolumeRetypeWithoutMigrationTest-1733815530 None] Volume bbe655dc-ebef-4712-86ac-f833440a017e: being created as raw with specification: {'status': 'creating', 'volume_name': 'volume-bbe655dc-ebef-4712-86ac-f833440a017e', 'volume_size': 1}
Apr 10 16:17:22 devstack cinder-volume[82117]: DEBUG oslo_concurrency.lockutils [None req-6587626e-c279-4ba2-b837-c9618a174b7b tempest-VolumeRetypeWithoutMigrationTest-1733815530 None] Acquiring lock "quobyte" by "cinder.volume.drivers.quobyte.QuobyteDriver.create_volume" {{(pid=82117) inner /opt/stack/data/venv/lib/python3.10/site-packages/oslo_concurrency/lockutils.py:506}}
Apr 10 16:17:22 devstack sudo[85573]: pam_unix(sudo:session): session closed for user root
Apr 10 16:17:22 devstack cinder-volume[82117]: DEBUG oslo_concurrency.processutils [None req-0d1db5b5-ccc5-45ad-a3f7-81d471fc0676 tempest-VolumesDeleteCascade-698994740 None] CMD "sudo cinder-rootwrap /etc/cinder/rootwrap.conf qemu-img create -f qcow2 -o backing_file=/opt/stack/data/cinder/mnt/4af0d0322c9aba7b72da8137f245e22b/volume-f6cc5122-5bcc-4bfc-83f2-fef6ff3ac2c3.5a4438e0-e58a-41c2-9c4f-ffaf0ac11e96,backing_fmt=qcow2 /opt/stack/data/cinder/mnt/4af0d0322c9aba7b72da8137f245e22b/volume-f6cc5122-5bcc-4bfc-83f2-fef6ff3ac2c3.1e8176a7-1862-49b8-8acb-48c445fb9fdc 1G" returned: 0 in 0.740s {{(pid=82117) execute /opt/stack/data/venv/lib/python3.10/site-packages/oslo_concurrency/processutils.py:468}}
Apr 10 16:17:22 devstack cinder-volume[82117]: DEBUG oslo_concurrency.processutils [None req-0d1db5b5-ccc5-45ad-a3f7-81d471fc0676 tempest-VolumesDeleteCascade-698994740 None] Running cmd (subprocess): sudo cinder-rootwrap /etc/cinder/rootwrap.conf qemu-img rebase -u -b volume-f6cc5122-5bcc-4bfc-83f2-fef6ff3ac2c3.5a4438e0-e58a-41c2-9c4f-ffaf0ac11e96 -F qcow2 /opt/stack/data/cinder/mnt/4af0d0322c9aba7b72da8137f245e22b/volume-f6cc5122-5bcc-4bfc-83f2-fef6ff3ac2c3.1e8176a7-1862-49b8-8acb-48c445fb9fdc {{(pid=82117) execute /opt/stack/data/venv/lib/python3.10/site-packages/oslo_concurrency/processutils.py:440}}
Apr 10 16:17:22 devstack sudo[85579]: quobyte : PWD=/ ; USER=root ; COMMAND=/opt/stack/data/venv/bin/cinder-rootwrap /etc/cinder/rootwrap.conf qemu-img rebase -u -b volume-f6cc5122-5bcc-4bfc-83f2-fef6ff3ac2c3.5a4438e0-e58a-41c2-9c4f-ffaf0ac11e96 -F qcow2 /opt/stack/data/cinder/mnt/4af0d0322c9aba7b72da8137f245e22b/volume-f6cc5122-5bcc-4bfc-83f2-fef6ff3ac2c3.1e8176a7-1862-49b8-8acb-48c445fb9fdc
Apr 10 16:17:22 devstack sudo[85579]: pam_unix(sudo:session): session opened for user root(uid=0) by (uid=1000)
Apr 10 16:17:23 devstack sudo[85579]: pam_unix(sudo:session): session closed for user root
Apr 10 16:17:23 devstack cinder-volume[82117]: DEBUG oslo_concurrency.processutils [None req-0d1db5b5-ccc5-45ad-a3f7-81d471fc0676 tempest-VolumesDeleteCascade-698994740 None] CMD "sudo cinder-rootwrap /etc/cinder/rootwrap.conf qemu-img rebase -u -b volume-f6cc5122-5bcc-4bfc-83f2-fef6ff3ac2c3.5a4438e0-e58a-41c2-9c4f-ffaf0ac11e96 -F qcow2 /opt/stack/data/cinder/mnt/4af0d0322c9aba7b72da8137f245e22b/volume-f6cc5122-5bcc-4bfc-83f2-fef6ff3ac2c3.1e8176a7-1862-49b8-8acb-48c445fb9fdc" returned: 0 in 0.647s {{(pid=82117) execute /opt/stack/data/venv/lib/python3.10/site-packages/oslo_concurrency/processutils.py:468}}
Apr 10 16:17:23 devstack cinder-volume[82117]: WARNING cinder.volume.drivers.remotefs [None req-0d1db5b5-ccc5-45ad-a3f7-81d471fc0676 tempest-VolumesDeleteCascade-698994740 None] /opt/stack/data/cinder/mnt/4af0d0322c9aba7b72da8137f245e22b/volume-f6cc5122-5bcc-4bfc-83f2-fef6ff3ac2c3.1e8176a7-1862-49b8-8acb-48c445fb9fdc is being set with open permissions: ugo+rw
Apr 10 16:17:23 devstack cinder-volume[82117]: DEBUG oslo_concurrency.processutils [None req-0d1db5b5-ccc5-45ad-a3f7-81d471fc0676 tempest-VolumesDeleteCascade-698994740 None] Running cmd (subprocess): sudo cinder-rootwrap /etc/cinder/rootwrap.conf chmod ugo+rw /opt/stack/data/cinder/mnt/4af0d0322c9aba7b72da8137f245e22b/volume-f6cc5122-5bcc-4bfc-83f2-fef6ff3ac2c3.1e8176a7-1862-49b8-8acb-48c445fb9fdc {{(pid=82117) execute /opt/stack/data/venv/lib/python3.10/site-packages/oslo_concurrency/processutils.py:440}}
Apr 10 16:17:23 devstack sudo[85587]: quobyte : PWD=/ ; USER=root ; COMMAND=/opt/stack/data/venv/bin/cinder-rootwrap /etc/cinder/rootwrap.conf chmod ugo+rw /opt/stack/data/cinder/mnt/4af0d0322c9aba7b72da8137f245e22b/volume-f6cc5122-5bcc-4bfc-83f2-fef6ff3ac2c3.1e8176a7-1862-49b8-8acb-48c445fb9fdc
Apr 10 16:17:23 devstack sudo[85587]: pam_unix(sudo:session): session opened for user root(uid=0) by (uid=1000)
Apr 10 16:17:23 devstack sudo[85587]: pam_unix(sudo:session): session closed for user root
Apr 10 16:17:23 devstack cinder-volume[82117]: DEBUG oslo_concurrency.processutils [None req-0d1db5b5-ccc5-45ad-a3f7-81d471fc0676 tempest-VolumesDeleteCascade-698994740 None] CMD "sudo cinder-rootwrap /etc/cinder/rootwrap.conf chmod ugo+rw /opt/stack/data/cinder/mnt/4af0d0322c9aba7b72da8137f245e22b/volume-f6cc5122-5bcc-4bfc-83f2-fef6ff3ac2c3.1e8176a7-1862-49b8-8acb-48c445fb9fdc" returned: 0 in 0.521s {{(pid=82117) execute /opt/stack/data/venv/lib/python3.10/site-packages/oslo_concurrency/processutils.py:468}}
Apr 10 16:17:23 devstack cinder-volume[82117]: DEBUG oslo_concurrency.lockutils [None req-0d1db5b5-ccc5-45ad-a3f7-81d471fc0676 tempest-VolumesDeleteCascade-698994740 None] Lock "quobyte" "released" by "cinder.volume.drivers.quobyte.QuobyteDriver.create_snapshot" :: held 2.734s {{(pid=82117) inner /opt/stack/data/venv/lib/python3.10/site-packages/oslo_concurrency/lockutils.py:538}}
Apr 10 16:17:23 devstack cinder-volume[82117]: DEBUG oslo_concurrency.lockutils [None req-6587626e-c279-4ba2-b837-c9618a174b7b tempest-VolumeRetypeWithoutMigrationTest-1733815530 None] Lock "quobyte" acquired by "cinder.volume.drivers.quobyte.QuobyteDriver.create_volume" :: waited 1.236s {{(pid=82117) inner /opt/stack/data/venv/lib/python3.10/site-packages/oslo_concurrency/lockutils.py:519}}
Apr 10 16:17:23 devstack cinder-volume[82117]: DEBUG cinder.volume.drivers.quobyte [None req-6587626e-c279-4ba2-b837-c9618a174b7b tempest-VolumeRetypeWithoutMigrationTest-1733815530 None] ==> create_volume: call "{'self': , 'volume': Volume(_name_id=None,admin_metadata=,attach_status='detached',availability_zone='nova',bootable=False,cluster=,cluster_name=None,consistencygroup=,consistencygroup_id=None,created_at=2026-04-10T14:17:22Z,deleted=False,deleted_at=None,display_description=None,display_name='tempest-VolumeRetypeWithoutMigrationTest-Volume-1122365318',ec2_id=None,encryption_key_id=None,glance_metadata=,group=,group_id=None,host='devstack@QuobyteHD#QuobyteHD',id=bbe655dc-ebef-4712-86ac-f833440a017e,launched_at=None,metadata={},migration_status=None,multiattach=False,previous_status=None,project_id='73d18383ab0541108e07c916aeb41a2c',provider_auth=None,provider_geometry=None,provider_id=None,provider_location=None,replication_driver_data=None,replication_extended_status=None,replication_status=None,scheduled_at=2026-04-10T14:17:22Z,service_uuid=None,shared_targets=True,size=1,snapshot_id=None,snapshots=,source_volid=None,status='creating',terminated_at=None,updated_at=2026-04-10T14:17:22Z,use_quota=True,user_id='4e28bf299be1443582571bfe85c7d37f',volume_attachment=VolumeAttachmentList,volume_type=VolumeType(eb2a85b3-33d6-4fae-b38a-5c6170c98f62),volume_type_id=eb2a85b3-33d6-4fae-b38a-5c6170c98f62)}" {{(pid=82117) trace_logging_wrapper /opt/stack/cinder/cinder/volume/volume_utils.py:1498}}
Apr 10 16:17:23 devstack cinder-volume[82117]: DEBUG cinder.volume.drivers.remotefs [None req-6587626e-c279-4ba2-b837-c9618a174b7b tempest-VolumeRetypeWithoutMigrationTest-1733815530 None] Creating volume bbe655dc-ebef-4712-86ac-f833440a017e {{(pid=82117) create_volume /opt/stack/cinder/cinder/volume/drivers/remotefs.py:292}}
Apr 10 16:17:23 devstack cinder-volume[82117]: DEBUG oslo_concurrency.lockutils [None req-6587626e-c279-4ba2-b837-c9618a174b7b tempest-VolumeRetypeWithoutMigrationTest-1733815530 None] Acquiring lock "quobyte_ensure" by "cinder.volume.drivers.quobyte.QuobyteDriver._ensure_shares_mounted" {{(pid=82117) inner /opt/stack/data/venv/lib/python3.10/site-packages/oslo_concurrency/lockutils.py:506}}
Apr 10 16:17:23 devstack cinder-volume[82117]: DEBUG oslo_concurrency.lockutils [None req-6587626e-c279-4ba2-b837-c9618a174b7b tempest-VolumeRetypeWithoutMigrationTest-1733815530 None] Lock "quobyte_ensure" acquired by "cinder.volume.drivers.quobyte.QuobyteDriver._ensure_shares_mounted" :: waited 0.000s {{(pid=82117) inner /opt/stack/data/venv/lib/python3.10/site-packages/oslo_concurrency/lockutils.py:519}}
Apr 10 16:17:23 devstack cinder-volume[82117]: DEBUG cinder.volume.drivers.quobyte [None req-6587626e-c279-4ba2-b837-c9618a174b7b tempest-VolumeRetypeWithoutMigrationTest-1733815530 None] Quobyte Volume URL set to: {'osci02.corp.quobyte.com/cinder-vol-4bb65b64-20a4-4779-ab0a-b3470db7be79': None} {{(pid=82117) _load_shares_config /opt/stack/cinder/cinder/volume/drivers/quobyte.py:617}}
Apr 10 16:17:23 devstack cinder-volume[82117]: DEBUG cinder.volume.drivers.quobyte [None req-6587626e-c279-4ba2-b837-c9618a174b7b tempest-VolumeRetypeWithoutMigrationTest-1733815530 None] Available shares ['osci02.corp.quobyte.com/cinder-vol-4bb65b64-20a4-4779-ab0a-b3470db7be79'] {{(pid=82117) _ensure_shares_mounted /opt/stack/cinder/cinder/volume/drivers/quobyte.py:647}}
Apr 10 16:17:23 devstack cinder-volume[82117]: DEBUG oslo_concurrency.lockutils [None req-6587626e-c279-4ba2-b837-c9618a174b7b tempest-VolumeRetypeWithoutMigrationTest-1733815530 None] Lock "quobyte_ensure" "released" by "cinder.volume.drivers.quobyte.QuobyteDriver._ensure_shares_mounted" :: held 0.005s {{(pid=82117) inner /opt/stack/data/venv/lib/python3.10/site-packages/oslo_concurrency/lockutils.py:538}}
Apr 10 16:17:23 devstack cinder-volume[82117]: DEBUG cinder.volume.drivers.quobyte [None req-6587626e-c279-4ba2-b837-c9618a174b7b tempest-VolumeRetypeWithoutMigrationTest-1733815530 None] Selected osci02.corp.quobyte.com/cinder-vol-4bb65b64-20a4-4779-ab0a-b3470db7be79 as target Quobyte volume. {{(pid=82117) _find_share /opt/stack/cinder/cinder/volume/drivers/quobyte.py:668}}
Apr 10 16:17:23 devstack cinder-volume[82117]: INFO cinder.volume.drivers.remotefs [None req-6587626e-c279-4ba2-b837-c9618a174b7b tempest-VolumeRetypeWithoutMigrationTest-1733815530 None] casted to osci02.corp.quobyte.com/cinder-vol-4bb65b64-20a4-4779-ab0a-b3470db7be79
Apr 10 16:17:23 devstack cinder-volume[82117]: DEBUG oslo_concurrency.processutils [None req-6587626e-c279-4ba2-b837-c9618a174b7b tempest-VolumeRetypeWithoutMigrationTest-1733815530 None] Running cmd (subprocess): sudo cinder-rootwrap /etc/cinder/rootwrap.conf qemu-img create -f qcow2 -o preallocation=metadata /opt/stack/data/cinder/mnt/4af0d0322c9aba7b72da8137f245e22b/volume-bbe655dc-ebef-4712-86ac-f833440a017e 1073741824 {{(pid=82117) execute /opt/stack/data/venv/lib/python3.10/site-packages/oslo_concurrency/processutils.py:440}}
Apr 10 16:17:23 devstack sudo[85624]: quobyte : PWD=/ ; USER=root ; COMMAND=/opt/stack/data/venv/bin/cinder-rootwrap /etc/cinder/rootwrap.conf qemu-img create -f qcow2 -o preallocation=metadata /opt/stack/data/cinder/mnt/4af0d0322c9aba7b72da8137f245e22b/volume-bbe655dc-ebef-4712-86ac-f833440a017e 1073741824
Apr 10 16:17:23 devstack sudo[85624]: pam_unix(sudo:session): session opened for user root(uid=0) by (uid=1000)
Apr 10 16:17:23 devstack cinder-volume[82117]: INFO cinder.volume.manager [None req-0d1db5b5-ccc5-45ad-a3f7-81d471fc0676 tempest-VolumesDeleteCascade-698994740 None] Create snapshot completed successfully
Apr 10 16:17:24 devstack cinder-volume[82117]: DEBUG cinder.coordination [None req-7a5e2063-5070-4158-9600-ba53048044b7 tempest-VolumesDeleteCascade-698994740 None] Acquiring lock "cinder-f6cc5122-5bcc-4bfc-83f2-fef6ff3ac2c3-delete_volume" by "delete_volume" {{(pid=82117) __acquire /opt/stack/cinder/cinder/coordination.py:138}}
Apr 10 16:17:24 devstack cinder-volume[82117]: DEBUG cinder.coordination [None req-7a5e2063-5070-4158-9600-ba53048044b7 tempest-VolumesDeleteCascade-698994740 None] Lock "cinder-f6cc5122-5bcc-4bfc-83f2-fef6ff3ac2c3-delete_volume" acquired by "delete_volume" :: waited 0.010s {{(pid=82117) __acquire /opt/stack/cinder/cinder/coordination.py:141}}
Apr 10 16:17:24 devstack cinder-volume[82117]: DEBUG cinder.volume.manager [None req-7a5e2063-5070-4158-9600-ba53048044b7 tempest-VolumesDeleteCascade-698994740 None] Performing cascade delete. {{(pid=82117) delete_volume /opt/stack/cinder/cinder/volume/manager.py:995}}
Apr 10 16:17:24 devstack cinder-volume[82117]: DEBUG cinder.coordination [None req-7a5e2063-5070-4158-9600-ba53048044b7 tempest-VolumesDeleteCascade-698994740 None] Acquiring lock "cinder-1e8176a7-1862-49b8-8acb-48c445fb9fdc-delete_snapshot" by "delete_snapshot" {{(pid=82117) __acquire /opt/stack/cinder/cinder/coordination.py:138}}
Apr 10 16:17:24 devstack cinder-volume[82117]: DEBUG cinder.coordination [None req-7a5e2063-5070-4158-9600-ba53048044b7 tempest-VolumesDeleteCascade-698994740 None] Lock "cinder-1e8176a7-1862-49b8-8acb-48c445fb9fdc-delete_snapshot" acquired by "delete_snapshot" :: waited 0.014s {{(pid=82117) __acquire /opt/stack/cinder/cinder/coordination.py:141}}
Apr 10 16:17:24 devstack cinder-volume[82117]: DEBUG cinder.coordination [None req-7a5e2063-5070-4158-9600-ba53048044b7 tempest-VolumesDeleteCascade-698994740 None] Acquiring lock "cinder-quobyte-f6cc5122-5bcc-4bfc-83f2-fef6ff3ac2c3" by "delete_snapshot" {{(pid=82117) __acquire /opt/stack/cinder/cinder/coordination.py:138}}
Apr 10 16:17:24 devstack cinder-volume[82117]: DEBUG cinder.coordination [None req-7a5e2063-5070-4158-9600-ba53048044b7 tempest-VolumesDeleteCascade-698994740 None] Lock "cinder-quobyte-f6cc5122-5bcc-4bfc-83f2-fef6ff3ac2c3" acquired by "delete_snapshot" :: waited 0.013s {{(pid=82117) __acquire /opt/stack/cinder/cinder/coordination.py:141}}
Apr 10 16:17:24 devstack cinder-volume[82117]: DEBUG cinder.coordination [None req-7a5e2063-5070-4158-9600-ba53048044b7 tempest-VolumesDeleteCascade-698994740 None] Acquiring lock "cinder-quobyte-1e8176a7-1862-49b8-8acb-48c445fb9fdc" by "_delete_snapshot" {{(pid=82117) __acquire /opt/stack/cinder/cinder/coordination.py:138}}
Apr 10 16:17:24 devstack cinder-volume[82117]: DEBUG cinder.coordination [None req-7a5e2063-5070-4158-9600-ba53048044b7 tempest-VolumesDeleteCascade-698994740 None] Lock "cinder-quobyte-1e8176a7-1862-49b8-8acb-48c445fb9fdc" acquired by "_delete_snapshot" :: waited 0.007s {{(pid=82117) __acquire /opt/stack/cinder/cinder/coordination.py:141}}
Apr 10 16:17:24 devstack cinder-volume[82117]: DEBUG cinder.volume.drivers.remotefs [None req-7a5e2063-5070-4158-9600-ba53048044b7 tempest-VolumesDeleteCascade-698994740 None] Deleting offline snapshot 1e8176a7-1862-49b8-8acb-48c445fb9fdc of volume f6cc5122-5bcc-4bfc-83f2-fef6ff3ac2c3 {{(pid=82117) _delete_snapshot /opt/stack/cinder/cinder/volume/drivers/remotefs.py:1288}}
Apr 10 16:17:24 devstack sudo[85624]: pam_unix(sudo:session): session closed for user root
Apr 10 16:17:24 devstack cinder-volume[82117]: DEBUG cinder.volume.drivers.remotefs [None req-7a5e2063-5070-4158-9600-ba53048044b7 tempest-VolumesDeleteCascade-698994740 None] snapshot_file for this snap is: volume-f6cc5122-5bcc-4bfc-83f2-fef6ff3ac2c3.1e8176a7-1862-49b8-8acb-48c445fb9fdc {{(pid=82117) _delete_snapshot /opt/stack/cinder/cinder/volume/drivers/remotefs.py:1317}}
Apr 10 16:17:24 devstack cinder-volume[82117]: DEBUG oslo_concurrency.processutils [None req-6587626e-c279-4ba2-b837-c9618a174b7b tempest-VolumeRetypeWithoutMigrationTest-1733815530 None] CMD "sudo cinder-rootwrap /etc/cinder/rootwrap.conf qemu-img create -f qcow2 -o preallocation=metadata /opt/stack/data/cinder/mnt/4af0d0322c9aba7b72da8137f245e22b/volume-bbe655dc-ebef-4712-86ac-f833440a017e 1073741824" returned: 0 in 0.526s {{(pid=82117) execute /opt/stack/data/venv/lib/python3.10/site-packages/oslo_concurrency/processutils.py:468}}
Apr 10 16:17:24 devstack cinder-volume[82117]: DEBUG oslo.privsep.daemon [-] privsep: reply[2306a7c8-0543-45d5-9997-a8f1ffd7c63c]: (4, 'qcow2') {{(pid=83033) _call_back /opt/stack/data/venv/lib/python3.10/site-packages/oslo_privsep/daemon.py:573}}
Apr 10 16:17:24 devstack cinder-volume[82117]: DEBUG oslo_concurrency.processutils [None req-7a5e2063-5070-4158-9600-ba53048044b7 tempest-VolumesDeleteCascade-698994740 None] Running cmd (subprocess): /opt/stack/data/venv/bin/python3.10 -m oslo_concurrency.prlimit --as=1073741824 --cpu=60 -- sudo cinder-rootwrap /etc/cinder/rootwrap.conf env LC_ALL=C qemu-img info -f qcow2 --output=json --force-share /opt/stack/data/cinder/mnt/4af0d0322c9aba7b72da8137f245e22b/volume-f6cc5122-5bcc-4bfc-83f2-fef6ff3ac2c3.1e8176a7-1862-49b8-8acb-48c445fb9fdc {{(pid=82117) execute /opt/stack/data/venv/lib/python3.10/site-packages/oslo_concurrency/processutils.py:440}}
Apr 10 16:17:24 devstack cinder-volume[82117]: DEBUG oslo_concurrency.processutils [None req-6587626e-c279-4ba2-b837-c9618a174b7b tempest-VolumeRetypeWithoutMigrationTest-1733815530 None] Running cmd (subprocess): sudo cinder-rootwrap /etc/cinder/rootwrap.conf chmod ugo+rw /opt/stack/data/cinder/mnt/4af0d0322c9aba7b72da8137f245e22b/volume-bbe655dc-ebef-4712-86ac-f833440a017e {{(pid=82117) execute /opt/stack/data/venv/lib/python3.10/site-packages/oslo_concurrency/processutils.py:440}}
Apr 10 16:17:24 devstack sudo[85634]: quobyte : PWD=/ ; USER=root ; COMMAND=/opt/stack/data/venv/bin/cinder-rootwrap /etc/cinder/rootwrap.conf chmod ugo+rw /opt/stack/data/cinder/mnt/4af0d0322c9aba7b72da8137f245e22b/volume-bbe655dc-ebef-4712-86ac-f833440a017e
Apr 10 16:17:24 devstack sudo[85634]: pam_unix(sudo:session): session opened for user root(uid=0) by (uid=1000)
Apr 10 16:17:24 devstack sudo[85633]: quobyte : PWD=/ ; USER=root ; COMMAND=/opt/stack/data/venv/bin/cinder-rootwrap /etc/cinder/rootwrap.conf env LC_ALL=C qemu-img info -f qcow2 --output=json --force-share /opt/stack/data/cinder/mnt/4af0d0322c9aba7b72da8137f245e22b/volume-f6cc5122-5bcc-4bfc-83f2-fef6ff3ac2c3.1e8176a7-1862-49b8-8acb-48c445fb9fdc
Apr 10 16:17:24 devstack sudo[85633]: pam_unix(sudo:session): session opened for user root(uid=0) by (uid=1000)
Apr 10 16:17:24 devstack sudo[85634]: pam_unix(sudo:session): session closed for user root
Apr 10 16:17:24 devstack cinder-volume[82117]: DEBUG oslo_concurrency.processutils [None req-6587626e-c279-4ba2-b837-c9618a174b7b tempest-VolumeRetypeWithoutMigrationTest-1733815530 None] CMD "sudo cinder-rootwrap /etc/cinder/rootwrap.conf chmod ugo+rw /opt/stack/data/cinder/mnt/4af0d0322c9aba7b72da8137f245e22b/volume-bbe655dc-ebef-4712-86ac-f833440a017e" returned: 0 in 0.444s {{(pid=82117) execute /opt/stack/data/venv/lib/python3.10/site-packages/oslo_concurrency/processutils.py:468}}
Apr 10 16:17:24 devstack cinder-volume[82117]: DEBUG cinder.volume.drivers.quobyte [None req-6587626e-c279-4ba2-b837-c9618a174b7b tempest-VolumeRetypeWithoutMigrationTest-1733815530 None] <== create_volume: return (1009ms) {'provider_location': 'osci02.corp.quobyte.com/cinder-vol-4bb65b64-20a4-4779-ab0a-b3470db7be79'} {{(pid=82117) trace_logging_wrapper /opt/stack/cinder/cinder/volume/volume_utils.py:1523}}
Apr 10 16:17:24 devstack cinder-volume[82117]: DEBUG oslo_concurrency.lockutils [None req-6587626e-c279-4ba2-b837-c9618a174b7b tempest-VolumeRetypeWithoutMigrationTest-1733815530 None] Lock "quobyte" "released" by "cinder.volume.drivers.quobyte.QuobyteDriver.create_volume" :: held 1.014s {{(pid=82117) inner /opt/stack/data/venv/lib/python3.10/site-packages/oslo_concurrency/lockutils.py:538}}
Apr 10 16:17:24 devstack sudo[85633]: pam_unix(sudo:session): session closed for user root
