Jul 01 19:56:55 devstack cinder-volume[85763]: DEBUG cinder.volume.drivers.quobyte [None req-90f2037b-5b44-49cf-b5c2-137caa3567b6 tempest-GroupSnapshotsTest-1844845997 None] ==> create_volume: call "{'self': , 'volume': Volume(_name_id=None,admin_metadata=,attach_status='detached',availability_zone='nova',bootable=False,cluster=,cluster_name=None,consistencygroup=,consistencygroup_id=fc5d9f3e-2836-4a5f-844f-da762cb79dff,created_at=2026-07-01T17:56:55Z,deleted=False,deleted_at=None,display_description=None,display_name='tempest-volume-1699193358',ec2_id=None,encryption_key_id=None,glance_metadata=,group=,group_id=fc5d9f3e-2836-4a5f-844f-da762cb79dff,host='devstack@QuobyteHD#QuobyteHD',id=862f1045-f133-4bd0-83dd-03b71e1aa509,launched_at=None,metadata={},migration_status=None,multiattach=False,previous_status=None,project_id='bc0c34354b594908bca1ecc7ace83334',provider_auth=None,provider_geometry=None,provider_id=None,provider_location=None,replication_driver_data=None,replication_extended_status=None,replication_status=None,scheduled_at=2026-07-01T17:56:56Z,service_uuid=None,shared_targets=True,size=1,snapshot_id=None,snapshots=,source_volid=None,status='creating',terminated_at=None,updated_at=2026-07-01T17:56:56Z,use_quota=True,user_id='c0124c6daac74155b523b13dd043aeb5',volume_attachment=VolumeAttachmentList,volume_type=VolumeType(ae9fae36-d81f-4816-9522-4c0d28a90fec),volume_type_id=ae9fae36-d81f-4816-9522-4c0d28a90fec)}" {{(pid=85763) trace_logging_wrapper /opt/stack/cinder/cinder/volume/volume_utils.py:1497}}
Jul 01 19:56:55 devstack cinder-volume[85763]: DEBUG cinder.volume.drivers.remotefs [None req-90f2037b-5b44-49cf-b5c2-137caa3567b6 tempest-GroupSnapshotsTest-1844845997 None] Creating volume 862f1045-f133-4bd0-83dd-03b71e1aa509 {{(pid=85763) create_volume /opt/stack/cinder/cinder/volume/drivers/remotefs.py:292}}
Jul 01 19:56:55 devstack cinder-volume[85763]: DEBUG oslo_concurrency.lockutils [None req-90f2037b-5b44-49cf-b5c2-137caa3567b6 tempest-GroupSnapshotsTest-1844845997 None] Acquiring lock "quobyte_ensure" by "cinder.volume.drivers.quobyte.QuobyteDriver._ensure_shares_mounted" {{(pid=85763) inner /opt/stack/data/venv/lib/python3.12/site-packages/oslo_concurrency/lockutils.py:511}}
Jul 01 19:56:55 devstack cinder-volume[85763]: DEBUG oslo_concurrency.lockutils [None req-90f2037b-5b44-49cf-b5c2-137caa3567b6 tempest-GroupSnapshotsTest-1844845997 None] Lock "quobyte_ensure" acquired by "cinder.volume.drivers.quobyte.QuobyteDriver._ensure_shares_mounted" :: waited 0.001s {{(pid=85763) inner /opt/stack/data/venv/lib/python3.12/site-packages/oslo_concurrency/lockutils.py:524}}
Jul 01 19:56:55 devstack cinder-volume[85763]: DEBUG cinder.volume.drivers.quobyte [None req-90f2037b-5b44-49cf-b5c2-137caa3567b6 tempest-GroupSnapshotsTest-1844845997 None] Quobyte Volume URL set to: {'osci02.corp.quobyte.com/cinder-vol-ce3dd1a0-d5dd-45ea-abe1-15e5d42b9069': None} {{(pid=85763) _load_shares_config /opt/stack/cinder/cinder/volume/drivers/quobyte.py:617}}
Jul 01 19:56:55 devstack cinder-volume[85763]: DEBUG cinder.volume.drivers.quobyte [None req-90f2037b-5b44-49cf-b5c2-137caa3567b6 tempest-GroupSnapshotsTest-1844845997 None] Available shares ['osci02.corp.quobyte.com/cinder-vol-ce3dd1a0-d5dd-45ea-abe1-15e5d42b9069'] {{(pid=85763) _ensure_shares_mounted /opt/stack/cinder/cinder/volume/drivers/quobyte.py:647}}
Jul 01 19:56:55 devstack cinder-volume[85763]: DEBUG oslo_concurrency.lockutils [None req-90f2037b-5b44-49cf-b5c2-137caa3567b6 tempest-GroupSnapshotsTest-1844845997 None] Lock "quobyte_ensure" "released" by "cinder.volume.drivers.quobyte.QuobyteDriver._ensure_shares_mounted" :: held 0.006s {{(pid=85763) inner /opt/stack/data/venv/lib/python3.12/site-packages/oslo_concurrency/lockutils.py:543}}
Jul 01 19:56:55 devstack cinder-volume[85763]: DEBUG cinder.volume.drivers.quobyte [None req-90f2037b-5b44-49cf-b5c2-137caa3567b6 tempest-GroupSnapshotsTest-1844845997 None] Selected osci02.corp.quobyte.com/cinder-vol-ce3dd1a0-d5dd-45ea-abe1-15e5d42b9069 as target Quobyte volume. {{(pid=85763) _find_share /opt/stack/cinder/cinder/volume/drivers/quobyte.py:668}}
Jul 01 19:56:55 devstack cinder-volume[85763]: INFO cinder.volume.drivers.remotefs [None req-90f2037b-5b44-49cf-b5c2-137caa3567b6 tempest-GroupSnapshotsTest-1844845997 None] casted to osci02.corp.quobyte.com/cinder-vol-ce3dd1a0-d5dd-45ea-abe1-15e5d42b9069
Jul 01 19:56:55 devstack cinder-volume[85763]: DEBUG oslo_concurrency.processutils [None req-90f2037b-5b44-49cf-b5c2-137caa3567b6 tempest-GroupSnapshotsTest-1844845997 None] Running cmd (subprocess): sudo cinder-rootwrap /etc/cinder/rootwrap.conf qemu-img create -f qcow2 -o preallocation=metadata /opt/stack/data/cinder/mnt/604a179c578847b8c362ed0548977c02/volume-862f1045-f133-4bd0-83dd-03b71e1aa509 1073741824 {{(pid=85763) execute /opt/stack/data/venv/lib/python3.12/site-packages/oslo_concurrency/processutils.py:440}}
Jul 01 19:56:55 devstack sudo[90553]: quobyte : PWD=/ ; USER=root ; COMMAND=/opt/stack/data/venv/bin/cinder-rootwrap /etc/cinder/rootwrap.conf qemu-img create -f qcow2 -o preallocation=metadata /opt/stack/data/cinder/mnt/604a179c578847b8c362ed0548977c02/volume-862f1045-f133-4bd0-83dd-03b71e1aa509 1073741824
Jul 01 19:56:55 devstack sudo[90553]: pam_unix(sudo:session): session opened for user root(uid=0) by (uid=1000)
Jul 01 19:56:56 devstack sudo[90553]: pam_unix(sudo:session): session closed for user root
Jul 01 19:56:56 devstack cinder-volume[85763]: DEBUG oslo_concurrency.processutils [None req-90f2037b-5b44-49cf-b5c2-137caa3567b6 tempest-GroupSnapshotsTest-1844845997 None] CMD "sudo cinder-rootwrap /etc/cinder/rootwrap.conf qemu-img create -f qcow2 -o preallocation=metadata /opt/stack/data/cinder/mnt/604a179c578847b8c362ed0548977c02/volume-862f1045-f133-4bd0-83dd-03b71e1aa509 1073741824" returned: 0 in 1.001s {{(pid=85763) execute /opt/stack/data/venv/lib/python3.12/site-packages/oslo_concurrency/processutils.py:468}}
Jul 01 19:56:56 devstack cinder-volume[85763]: DEBUG oslo_concurrency.processutils [None req-90f2037b-5b44-49cf-b5c2-137caa3567b6 tempest-GroupSnapshotsTest-1844845997 None] Running cmd (subprocess): sudo cinder-rootwrap /etc/cinder/rootwrap.conf chmod ugo+rw /opt/stack/data/cinder/mnt/604a179c578847b8c362ed0548977c02/volume-862f1045-f133-4bd0-83dd-03b71e1aa509 {{(pid=85763) execute /opt/stack/data/venv/lib/python3.12/site-packages/oslo_concurrency/processutils.py:440}}
Jul 01 19:56:56 devstack sudo[90558]: quobyte : PWD=/ ; USER=root ; COMMAND=/opt/stack/data/venv/bin/cinder-rootwrap /etc/cinder/rootwrap.conf chmod ugo+rw /opt/stack/data/cinder/mnt/604a179c578847b8c362ed0548977c02/volume-862f1045-f133-4bd0-83dd-03b71e1aa509
Jul 01 19:56:56 devstack sudo[90558]: pam_unix(sudo:session): session opened for user root(uid=0) by (uid=1000)
Jul 01 19:56:57 devstack sudo[90558]: pam_unix(sudo:session): session closed for user root
Jul 01 19:56:57 devstack cinder-volume[85763]: DEBUG oslo_concurrency.processutils [None req-90f2037b-5b44-49cf-b5c2-137caa3567b6 tempest-GroupSnapshotsTest-1844845997 None] CMD "sudo cinder-rootwrap /etc/cinder/rootwrap.conf chmod ugo+rw /opt/stack/data/cinder/mnt/604a179c578847b8c362ed0548977c02/volume-862f1045-f133-4bd0-83dd-03b71e1aa509" returned: 0 in 1.117s {{(pid=85763) execute /opt/stack/data/venv/lib/python3.12/site-packages/oslo_concurrency/processutils.py:468}}
Jul 01 19:56:57 devstack cinder-volume[85763]: DEBUG cinder.volume.drivers.quobyte [None req-90f2037b-5b44-49cf-b5c2-137caa3567b6 tempest-GroupSnapshotsTest-1844845997 None] <== create_volume: return (2175ms) {'provider_location': 'osci02.corp.quobyte.com/cinder-vol-ce3dd1a0-d5dd-45ea-abe1-15e5d42b9069'} {{(pid=85763) trace_logging_wrapper /opt/stack/cinder/cinder/volume/volume_utils.py:1522}}
Jul 01 19:56:57 devstack cinder-volume[85763]: DEBUG oslo_concurrency.lockutils [None req-90f2037b-5b44-49cf-b5c2-137caa3567b6 tempest-GroupSnapshotsTest-1844845997 None] Lock "quobyte" "released" by "cinder.volume.drivers.quobyte.QuobyteDriver.create_volume" :: held 2.184s {{(pid=85763) inner /opt/stack/data/venv/lib/python3.12/site-packages/oslo_concurrency/lockutils.py:543}}
Jul 01 19:56:57 devstack cinder-volume[85763]: DEBUG cinder.volume.manager [None req-90f2037b-5b44-49cf-b5c2-137caa3567b6 tempest-GroupSnapshotsTest-1844845997 None] Task 'cinder.volume.flows.manager.create_volume.CreateVolumeFromSpecTask;volume:create' (1d835c30-9ea9-4bde-9485-4cdca2eb995c) transitioned into state 'SUCCESS' from state 'RUNNING' with result '{'status': 'creating', 'volume_name': 'volume-862f1045-f133-4bd0-83dd-03b71e1aa509', 'volume_size': 1}' {{(pid=85763) _task_receiver /opt/stack/data/venv/lib/python3.12/site-packages/taskflow/listeners/logging.py:218}}
Jul 01 19:56:57 devstack cinder-volume[85763]: DEBUG cinder.volume.manager [None req-90f2037b-5b44-49cf-b5c2-137caa3567b6 tempest-GroupSnapshotsTest-1844845997 None] Task 'cinder.volume.flows.manager.create_volume.CreateVolumeOnFinishTask;volume:create, create.end' (2170876d-7cba-4134-8cba-1688c4297559) transitioned into state 'RUNNING' from state 'PENDING' {{(pid=85763) _task_receiver /opt/stack/data/venv/lib/python3.12/site-packages/taskflow/listeners/logging.py:242}}
Jul 01 19:56:57 devstack cinder-volume[85763]: INFO cinder.volume.flows.manager.create_volume [None req-90f2037b-5b44-49cf-b5c2-137caa3567b6 tempest-GroupSnapshotsTest-1844845997 None] Volume volume-862f1045-f133-4bd0-83dd-03b71e1aa509 (862f1045-f133-4bd0-83dd-03b71e1aa509): created successfully
Jul 01 19:56:57 devstack cinder-volume[85763]: DEBUG cinder.volume.manager [None req-90f2037b-5b44-49cf-b5c2-137caa3567b6 tempest-GroupSnapshotsTest-1844845997 None] Task 'cinder.volume.flows.manager.create_volume.CreateVolumeOnFinishTask;volume:create, create.end' (2170876d-7cba-4134-8cba-1688c4297559) transitioned into state 'SUCCESS' from state 'RUNNING' with result 'None' {{(pid=85763) _task_receiver /opt/stack/data/venv/lib/python3.12/site-packages/taskflow/listeners/logging.py:218}}
Jul 01 19:56:57 devstack cinder-volume[85763]: DEBUG cinder.volume.manager [None req-90f2037b-5b44-49cf-b5c2-137caa3567b6 tempest-GroupSnapshotsTest-1844845997 None] Flow 'volume_create_manager' (480c18ce-3443-4a46-8b1e-347b6f43dc22) transitioned into state 'SUCCESS' from state 'RUNNING' {{(pid=85763) _flow_receiver /opt/stack/data/venv/lib/python3.12/site-packages/taskflow/listeners/logging.py:160}}
Jul 01 19:56:57 devstack cinder-volume[85763]: INFO cinder.volume.manager [None req-90f2037b-5b44-49cf-b5c2-137caa3567b6 tempest-GroupSnapshotsTest-1844845997 None] Created volume successfully.
Jul 01 19:56:59 devstack cinder-volume[85763]: INFO cinder.volume.manager [None req-7ab781e9-bb27-401f-9d9d-57ea951c06ca tempest-GroupSnapshotsTest-1844845997 None] Update group completed successfully.
Jul 01 19:57:00 devstack cinder-volume[85763]: INFO cinder.volume.manager [None req-20795544-0fd0-4ff1-94c3-42b0c0a0257f tempest-GroupSnapshotsTest-1844845997 None] Update group completed successfully.
Jul 01 19:57:01 devstack cinder-volume[85763]: INFO cinder.volume.manager [None req-b1a6cd24-ef93-4a52-9bd5-e1e282c3fef9 tempest-GroupSnapshotsTest-1844845997 None] Update group completed successfully.
Jul 01 19:57:02 devstack cinder-volume[85763]: DEBUG oslo_concurrency.lockutils [req-10c7dcdc-d253-4d4b-b1dc-005485e410b0 req-ea35c3eb-d2bf-48d3-8cfa-1675bfd1f401 tempest-ServerActionsTestOtherA-2083822095 None] Acquiring lock "quobyte" by "cinder.volume.drivers.quobyte.QuobyteDriver.initialize_connection" {{(pid=85763) inner /opt/stack/data/venv/lib/python3.12/site-packages/oslo_concurrency/lockutils.py:511}}
Jul 01 19:57:02 devstack cinder-volume[85763]: DEBUG oslo_concurrency.lockutils [req-10c7dcdc-d253-4d4b-b1dc-005485e410b0 req-ea35c3eb-d2bf-48d3-8cfa-1675bfd1f401 tempest-ServerActionsTestOtherA-2083822095 None] Lock "quobyte" acquired by "cinder.volume.drivers.quobyte.QuobyteDriver.initialize_connection" :: waited 0.001s {{(pid=85763) inner /opt/stack/data/venv/lib/python3.12/site-packages/oslo_concurrency/lockutils.py:524}}
Jul 01 19:57:02 devstack cinder-volume[85763]: DEBUG oslo.privsep.daemon [-] privsep: reply[a2475265-3ae3-49de-92be-2cbb4ec3aebb]: (4, 'qcow2') {{(pid=86787) _call_back /opt/stack/data/venv/lib/python3.12/site-packages/oslo_privsep/daemon.py:580}}
Jul 01 19:57:02 devstack cinder-volume[85763]: DEBUG oslo_concurrency.processutils [req-10c7dcdc-d253-4d4b-b1dc-005485e410b0 req-ea35c3eb-d2bf-48d3-8cfa-1675bfd1f401 tempest-ServerActionsTestOtherA-2083822095 None] Running cmd (subprocess): /opt/stack/data/venv/bin/python3.12 -m oslo_concurrency.prlimit --as=1073741824 --cpu=60 -- sudo cinder-rootwrap /etc/cinder/rootwrap.conf env LC_ALL=C qemu-img info -f qcow2 --output=json --force-share /opt/stack/data/cinder/mnt/604a179c578847b8c362ed0548977c02/volume-6155a77d-5edf-45aa-a0a6-290c44ca40ea {{(pid=85763) execute /opt/stack/data/venv/lib/python3.12/site-packages/oslo_concurrency/processutils.py:440}}
Jul 01 19:57:02 devstack cinder-volume[85763]: INFO cinder.volume.manager [None req-61d041b3-799e-4dd3-a4eb-1942c6eb529e tempest-GroupSnapshotsTest-1844845997 None] Update group completed successfully.
Jul 01 19:57:03 devstack sudo[90631]: quobyte : PWD=/ ; USER=root ; COMMAND=/opt/stack/data/venv/bin/cinder-rootwrap /etc/cinder/rootwrap.conf env LC_ALL=C qemu-img info -f qcow2 --output=json --force-share /opt/stack/data/cinder/mnt/604a179c578847b8c362ed0548977c02/volume-6155a77d-5edf-45aa-a0a6-290c44ca40ea
Jul 01 19:57:03 devstack sudo[90631]: pam_unix(sudo:session): session opened for user root(uid=0) by (uid=1000)
Jul 01 19:57:04 devstack sudo[90631]: pam_unix(sudo:session): session closed for user root
Jul 01 19:57:04 devstack cinder-volume[85763]: DEBUG oslo_concurrency.processutils [req-10c7dcdc-d253-4d4b-b1dc-005485e410b0 req-ea35c3eb-d2bf-48d3-8cfa-1675bfd1f401 tempest-ServerActionsTestOtherA-2083822095 None] CMD "/opt/stack/data/venv/bin/python3.12 -m oslo_concurrency.prlimit --as=1073741824 --cpu=60 -- sudo cinder-rootwrap /etc/cinder/rootwrap.conf env LC_ALL=C qemu-img info -f qcow2 --output=json --force-share /opt/stack/data/cinder/mnt/604a179c578847b8c362ed0548977c02/volume-6155a77d-5edf-45aa-a0a6-290c44ca40ea" returned: 0 in 1.114s {{(pid=85763) execute /opt/stack/data/venv/lib/python3.12/site-packages/oslo_concurrency/processutils.py:468}}
Jul 01 19:57:04 devstack cinder-volume[85763]: DEBUG oslo_concurrency.lockutils [req-10c7dcdc-d253-4d4b-b1dc-005485e410b0 req-ea35c3eb-d2bf-48d3-8cfa-1675bfd1f401 tempest-ServerActionsTestOtherA-2083822095 None] Lock "quobyte" "released" by "cinder.volume.drivers.quobyte.QuobyteDriver.initialize_connection" :: held 1.140s {{(pid=85763) inner /opt/stack/data/venv/lib/python3.12/site-packages/oslo_concurrency/lockutils.py:543}}
Jul 01 19:57:04 devstack cinder-volume[85763]: DEBUG cinder.volume.manager [req-10c7dcdc-d253-4d4b-b1dc-005485e410b0 req-ea35c3eb-d2bf-48d3-8cfa-1675bfd1f401 tempest-ServerActionsTestOtherA-2083822095 None] Connection info returned from driver {'export': 'osci02.corp.quobyte.com/cinder-vol-ce3dd1a0-d5dd-45ea-abe1-15e5d42b9069', 'name': 'volume-6155a77d-5edf-45aa-a0a6-290c44ca40ea', 'options': None, 'format': 'qcow2', 'qos_specs': None, 'access_mode': 'rw', 'encrypted': False, 'cacheable': False, 'driver_volume_type': 'quobyte', 'mount_point_base': '/opt/stack/data/cinder/mnt', 'attachment_id': 'aa9f002b-5b9c-413c-b0e6-05f7a63378c3', 'enforce_multipath': True} {{(pid=85763) _connection_create /opt/stack/cinder/cinder/volume/manager.py:4924}}
Jul 01 19:57:04 devstack cinder-volume[85763]: DEBUG oslo_service.periodic_task [None req-3d8da49f-bc45-4f6e-9686-8e9570c26b4b None None] Running periodic task VolumeManager.publish_service_capabilities {{(pid=85763) run_periodic_tasks /opt/stack/data/venv/lib/python3.12/site-packages/oslo_service/periodic_task.py:225}}
Jul 01 19:57:04 devstack cinder-volume[85763]: DEBUG oslo_concurrency.lockutils [None req-3d8da49f-bc45-4f6e-9686-8e9570c26b4b None None] Acquiring lock "quobyte_ensure" by "cinder.volume.drivers.quobyte.QuobyteDriver._ensure_shares_mounted" {{(pid=85763) inner /opt/stack/data/venv/lib/python3.12/site-packages/oslo_concurrency/lockutils.py:511}}
Jul 01 19:57:04 devstack cinder-volume[85763]: DEBUG oslo_concurrency.lockutils [None req-3d8da49f-bc45-4f6e-9686-8e9570c26b4b None None] Lock "quobyte_ensure" acquired by "cinder.volume.drivers.quobyte.QuobyteDriver._ensure_shares_mounted" :: waited 0.000s {{(pid=85763) inner /opt/stack/data/venv/lib/python3.12/site-packages/oslo_concurrency/lockutils.py:524}}
Jul 01 19:57:04 devstack cinder-volume[85763]: DEBUG cinder.volume.drivers.quobyte [None req-3d8da49f-bc45-4f6e-9686-8e9570c26b4b None None] Quobyte Volume URL set to: {'osci02.corp.quobyte.com/cinder-vol-ce3dd1a0-d5dd-45ea-abe1-15e5d42b9069': None} {{(pid=85763) _load_shares_config /opt/stack/cinder/cinder/volume/drivers/quobyte.py:617}}
Jul 01 19:57:04 devstack cinder-volume[85763]: DEBUG cinder.volume.drivers.quobyte [None req-3d8da49f-bc45-4f6e-9686-8e9570c26b4b None None] Available shares ['osci02.corp.quobyte.com/cinder-vol-ce3dd1a0-d5dd-45ea-abe1-15e5d42b9069'] {{(pid=85763) _ensure_shares_mounted /opt/stack/cinder/cinder/volume/drivers/quobyte.py:647}}
Jul 01 19:57:04 devstack cinder-volume[85763]: DEBUG oslo_concurrency.lockutils [None req-3d8da49f-bc45-4f6e-9686-8e9570c26b4b None None] Lock "quobyte_ensure" "released" by "cinder.volume.drivers.quobyte.QuobyteDriver._ensure_shares_mounted" :: held 0.013s {{(pid=85763) inner /opt/stack/data/venv/lib/python3.12/site-packages/oslo_concurrency/lockutils.py:543}}
Jul 01 19:57:04 devstack cinder-volume[85763]: DEBUG oslo_concurrency.processutils [None req-3d8da49f-bc45-4f6e-9686-8e9570c26b4b None None] Running cmd (subprocess): sudo cinder-rootwrap /etc/cinder/rootwrap.conf df --portability --block-size 1 /opt/stack/data/cinder/mnt/604a179c578847b8c362ed0548977c02 {{(pid=85763) execute /opt/stack/data/venv/lib/python3.12/site-packages/oslo_concurrency/processutils.py:440}}
Jul 01 19:57:04 devstack sudo[90700]: quobyte : PWD=/ ; USER=root ; COMMAND=/opt/stack/data/venv/bin/cinder-rootwrap /etc/cinder/rootwrap.conf df --portability --block-size 1 /opt/stack/data/cinder/mnt/604a179c578847b8c362ed0548977c02
Jul 01 19:57:04 devstack cinder-volume[85763]: INFO cinder.volume.manager [req-10c7dcdc-d253-4d4b-b1dc-005485e410b0 req-ea35c3eb-d2bf-48d3-8cfa-1675bfd1f401 tempest-ServerActionsTestOtherA-2083822095 None] attachment_update completed successfully.
Jul 01 19:57:04 devstack sudo[90700]: pam_unix(sudo:session): session opened for user root(uid=0) by (uid=1000)
Jul 01 19:57:05 devstack sudo[90700]: pam_unix(sudo:session): session closed for user root
Jul 01 19:57:05 devstack cinder-volume[85763]: DEBUG oslo_concurrency.processutils [None req-3d8da49f-bc45-4f6e-9686-8e9570c26b4b None None] CMD "sudo cinder-rootwrap /etc/cinder/rootwrap.conf df --portability --block-size 1 /opt/stack/data/cinder/mnt/604a179c578847b8c362ed0548977c02" returned: 0 in 0.980s {{(pid=85763) execute /opt/stack/data/venv/lib/python3.12/site-packages/oslo_concurrency/processutils.py:468}}
Jul 01 19:57:05 devstack cinder-volume[85763]: DEBUG cinder.manager [None req-3d8da49f-bc45-4f6e-9686-8e9570c26b4b None None] Notifying Schedulers of capabilities ... {{(pid=85763) _publish_service_capabilities /opt/stack/cinder/cinder/manager.py:219}}
Jul 01 19:57:05 devstack cinder-volume[85763]: DEBUG oslo_service.periodic_task [None req-3d8da49f-bc45-4f6e-9686-8e9570c26b4b None None] Running periodic task VolumeManager._thread_info {{(pid=85763) run_periodic_tasks /opt/stack/data/venv/lib/python3.12/site-packages/oslo_service/periodic_task.py:225}}
Jul 01 19:57:05 devstack cinder-volume[85763]: DEBUG cinder.volume.manager [None req-3d8da49f-bc45-4f6e-9686-8e9570c26b4b None None] thread count: 8 {{(pid=85763) _thread_info /opt/stack/cinder/cinder/volume/manager.py:5472}}
Jul 01 19:57:05 devstack cinder-volume[85763]: DEBUG cinder.volume.manager [None req-3d8da49f-bc45-4f6e-9686-8e9570c26b4b None None] thread info: [<_MainThread(MainThread, started 125939125538944)>, , , , , , , ] {{(pid=85763) _thread_info /opt/stack/cinder/cinder/volume/manager.py:5473}}
Jul 01 19:57:05 devstack cinder-volume[85763]: INFO cinder.volume.manager [None req-168e25da-833f-40cd-b017-b8083dacd6ae tempest-GroupSnapshotsTest-1844845997 None] GroupSnapshot dbfdf42a-f3b3-4090-9586-744ba804d397: creating.
Jul 01 19:57:05 devstack cinder-volume[85763]: DEBUG cinder.volume.manager [None req-168e25da-833f-40cd-b017-b8083dacd6ae tempest-GroupSnapshotsTest-1844845997 None] Group snapshot dbfdf42a-f3b3-4090-9586-744ba804d397: creating. {{(pid=85763) create_group_snapshot /opt/stack/cinder/cinder/volume/manager.py:4175}}
Jul 01 19:57:05 devstack cinder-volume[85763]: DEBUG oslo_concurrency.lockutils [None req-168e25da-833f-40cd-b017-b8083dacd6ae tempest-GroupSnapshotsTest-1844845997 None] Acquiring lock "quobyte" by "cinder.volume.drivers.quobyte.QuobyteDriver.create_snapshot" {{(pid=85763) inner /opt/stack/data/venv/lib/python3.12/site-packages/oslo_concurrency/lockutils.py:511}}
Jul 01 19:57:05 devstack cinder-volume[85763]: DEBUG oslo_concurrency.lockutils [None req-168e25da-833f-40cd-b017-b8083dacd6ae tempest-GroupSnapshotsTest-1844845997 None] Lock "quobyte" acquired by "cinder.volume.drivers.quobyte.QuobyteDriver.create_snapshot" :: waited 0.001s {{(pid=85763) inner /opt/stack/data/venv/lib/python3.12/site-packages/oslo_concurrency/lockutils.py:524}}
Jul 01 19:57:05 devstack cinder-volume[85763]: DEBUG cinder.volume.drivers.remotefs [None req-168e25da-833f-40cd-b017-b8083dacd6ae tempest-GroupSnapshotsTest-1844845997 None] Creating offline snapshot 742fd847-9a9c-4237-b1e5-e69a3e67958c of volume 862f1045-f133-4bd0-83dd-03b71e1aa509 {{(pid=85763) _create_snapshot /opt/stack/cinder/cinder/volume/drivers/remotefs.py:1816}}
Jul 01 19:57:05 devstack cinder-volume[85763]: DEBUG oslo.privsep.daemon [-] privsep: reply[14b43a0b-a062-45ce-95e4-bd00f2798310]: (4, 'qcow2') {{(pid=86787) _call_back /opt/stack/data/venv/lib/python3.12/site-packages/oslo_privsep/daemon.py:580}}
Jul 01 19:57:05 devstack cinder-volume[85763]: DEBUG oslo_concurrency.processutils [None req-168e25da-833f-40cd-b017-b8083dacd6ae tempest-GroupSnapshotsTest-1844845997 None] Running cmd (subprocess): /opt/stack/data/venv/bin/python3.12 -m oslo_concurrency.prlimit --as=1073741824 --cpu=60 -- sudo cinder-rootwrap /etc/cinder/rootwrap.conf env LC_ALL=C qemu-img info -f qcow2 --output=json --force-share /opt/stack/data/cinder/mnt/604a179c578847b8c362ed0548977c02/volume-862f1045-f133-4bd0-83dd-03b71e1aa509 {{(pid=85763) execute /opt/stack/data/venv/lib/python3.12/site-packages/oslo_concurrency/processutils.py:440}}
Jul 01 19:57:05 devstack sudo[90748]: quobyte : PWD=/ ; USER=root ; COMMAND=/opt/stack/data/venv/bin/cinder-rootwrap /etc/cinder/rootwrap.conf env LC_ALL=C qemu-img info -f qcow2 --output=json --force-share /opt/stack/data/cinder/mnt/604a179c578847b8c362ed0548977c02/volume-862f1045-f133-4bd0-83dd-03b71e1aa509
Jul 01 19:57:05 devstack sudo[90748]: pam_unix(sudo:session): session opened for user root(uid=0) by (uid=1000)
Jul 01 19:57:06 devstack sudo[90748]: pam_unix(sudo:session): session closed for user root
Jul 01 19:57:06 devstack cinder-volume[85763]: DEBUG oslo_concurrency.processutils [None req-168e25da-833f-40cd-b017-b8083dacd6ae tempest-GroupSnapshotsTest-1844845997 None] CMD "/opt/stack/data/venv/bin/python3.12 -m oslo_concurrency.prlimit --as=1073741824 --cpu=60 -- sudo cinder-rootwrap /etc/cinder/rootwrap.conf env LC_ALL=C qemu-img info -f qcow2 --output=json --force-share /opt/stack/data/cinder/mnt/604a179c578847b8c362ed0548977c02/volume-862f1045-f133-4bd0-83dd-03b71e1aa509" returned: 0 in 0.859s {{(pid=85763) execute /opt/stack/data/venv/lib/python3.12/site-packages/oslo_concurrency/processutils.py:468}}
Jul 01 19:57:06 devstack cinder-volume[85763]: DEBUG oslo_concurrency.processutils [None req-168e25da-833f-40cd-b017-b8083dacd6ae tempest-GroupSnapshotsTest-1844845997 None] Running cmd (subprocess): sudo cinder-rootwrap /etc/cinder/rootwrap.conf qemu-img create -f qcow2 -o backing_file=/opt/stack/data/cinder/mnt/604a179c578847b8c362ed0548977c02/volume-862f1045-f133-4bd0-83dd-03b71e1aa509,backing_fmt=qcow2 /opt/stack/data/cinder/mnt/604a179c578847b8c362ed0548977c02/volume-862f1045-f133-4bd0-83dd-03b71e1aa509.742fd847-9a9c-4237-b1e5-e69a3e67958c 1G {{(pid=85763) execute /opt/stack/data/venv/lib/python3.12/site-packages/oslo_concurrency/processutils.py:440}}
Jul 01 19:57:06 devstack sudo[90755]: quobyte : PWD=/ ; USER=root ; COMMAND=/opt/stack/data/venv/bin/cinder-rootwrap /etc/cinder/rootwrap.conf qemu-img create -f qcow2 -o backing_file=/opt/stack/data/cinder/mnt/604a179c578847b8c362ed0548977c02/volume-862f1045-f133-4bd0-83dd-03b71e1aa509,backing_fmt=qcow2 /opt/stack/data/cinder/mnt/604a179c578847b8c362ed0548977c02/volume-862f1045-f133-4bd0-83dd-03b71e1aa509.742fd847-9a9c-4237-b1e5-e69a3e67958c 1G
Jul 01 19:57:06 devstack sudo[90755]: pam_unix(sudo:session): session opened for user root(uid=0) by (uid=1000)
Jul 01 19:57:07 devstack sudo[90755]: pam_unix(sudo:session): session closed for user root
Jul 01 19:57:07 devstack cinder-volume[85763]: DEBUG oslo_concurrency.processutils [None req-168e25da-833f-40cd-b017-b8083dacd6ae tempest-GroupSnapshotsTest-1844845997 None] CMD "sudo cinder-rootwrap /etc/cinder/rootwrap.conf qemu-img create -f qcow2 -o backing_file=/opt/stack/data/cinder/mnt/604a179c578847b8c362ed0548977c02/volume-862f1045-f133-4bd0-83dd-03b71e1aa509,backing_fmt=qcow2 /opt/stack/data/cinder/mnt/604a179c578847b8c362ed0548977c02/volume-862f1045-f133-4bd0-83dd-03b71e1aa509.742fd847-9a9c-4237-b1e5-e69a3e67958c 1G" returned: 0 in 0.951s {{(pid=85763) execute /opt/stack/data/venv/lib/python3.12/site-packages/oslo_concurrency/processutils.py:468}}
Jul 01 19:57:07 devstack cinder-volume[85763]: DEBUG oslo_concurrency.processutils [None req-168e25da-833f-40cd-b017-b8083dacd6ae tempest-GroupSnapshotsTest-1844845997 None] Running cmd (subprocess): sudo cinder-rootwrap /etc/cinder/rootwrap.conf qemu-img rebase -u -b volume-862f1045-f133-4bd0-83dd-03b71e1aa509 -F qcow2 /opt/stack/data/cinder/mnt/604a179c578847b8c362ed0548977c02/volume-862f1045-f133-4bd0-83dd-03b71e1aa509.742fd847-9a9c-4237-b1e5-e69a3e67958c {{(pid=85763) execute /opt/stack/data/venv/lib/python3.12/site-packages/oslo_concurrency/processutils.py:440}}
Jul 01 19:57:07 devstack sudo[90765]: quobyte : PWD=/ ; USER=root ; COMMAND=/opt/stack/data/venv/bin/cinder-rootwrap /etc/cinder/rootwrap.conf qemu-img rebase -u -b volume-862f1045-f133-4bd0-83dd-03b71e1aa509 -F qcow2 /opt/stack/data/cinder/mnt/604a179c578847b8c362ed0548977c02/volume-862f1045-f133-4bd0-83dd-03b71e1aa509.742fd847-9a9c-4237-b1e5-e69a3e67958c
Jul 01 19:57:07 devstack sudo[90765]: pam_unix(sudo:session): session opened for user root(uid=0) by (uid=1000)
Jul 01 19:57:07 devstack sudo[90765]: pam_unix(sudo:session): session closed for user root
Jul 01 19:57:07 devstack cinder-volume[85763]: DEBUG oslo_concurrency.processutils [None req-168e25da-833f-40cd-b017-b8083dacd6ae tempest-GroupSnapshotsTest-1844845997 None] CMD "sudo cinder-rootwrap /etc/cinder/rootwrap.conf qemu-img rebase -u -b volume-862f1045-f133-4bd0-83dd-03b71e1aa509 -F qcow2 /opt/stack/data/cinder/mnt/604a179c578847b8c362ed0548977c02/volume-862f1045-f133-4bd0-83dd-03b71e1aa509.742fd847-9a9c-4237-b1e5-e69a3e67958c" returned: 0 in 0.728s {{(pid=85763) execute /opt/stack/data/venv/lib/python3.12/site-packages/oslo_concurrency/processutils.py:468}}
Jul 01 19:57:07 devstack cinder-volume[85763]: WARNING cinder.volume.drivers.remotefs [None req-168e25da-833f-40cd-b017-b8083dacd6ae tempest-GroupSnapshotsTest-1844845997 None] /opt/stack/data/cinder/mnt/604a179c578847b8c362ed0548977c02/volume-862f1045-f133-4bd0-83dd-03b71e1aa509.742fd847-9a9c-4237-b1e5-e69a3e67958c is being set with open permissions: ugo+rw: NotImplementedError
Jul 01 19:57:07 devstack cinder-volume[85763]: DEBUG oslo_concurrency.processutils [None req-168e25da-833f-40cd-b017-b8083dacd6ae tempest-GroupSnapshotsTest-1844845997 None] Running cmd (subprocess): sudo cinder-rootwrap /etc/cinder/rootwrap.conf chmod ugo+rw /opt/stack/data/cinder/mnt/604a179c578847b8c362ed0548977c02/volume-862f1045-f133-4bd0-83dd-03b71e1aa509.742fd847-9a9c-4237-b1e5-e69a3e67958c {{(pid=85763) execute /opt/stack/data/venv/lib/python3.12/site-packages/oslo_concurrency/processutils.py:440}}
Jul 01 19:57:07 devstack sudo[90770]: quobyte : PWD=/ ; USER=root ; COMMAND=/opt/stack/data/venv/bin/cinder-rootwrap /etc/cinder/rootwrap.conf chmod ugo+rw /opt/stack/data/cinder/mnt/604a179c578847b8c362ed0548977c02/volume-862f1045-f133-4bd0-83dd-03b71e1aa509.742fd847-9a9c-4237-b1e5-e69a3e67958c
Jul 01 19:57:07 devstack sudo[90770]: pam_unix(sudo:session): session opened for user root(uid=0) by (uid=1000)
Jul 01 19:57:08 devstack sudo[90770]: pam_unix(sudo:session): session closed for user root
Jul 01 19:57:08 devstack cinder-volume[85763]: DEBUG oslo_concurrency.processutils [None req-168e25da-833f-40cd-b017-b8083dacd6ae tempest-GroupSnapshotsTest-1844845997 None] CMD "sudo cinder-rootwrap /etc/cinder/rootwrap.conf chmod ugo+rw /opt/stack/data/cinder/mnt/604a179c578847b8c362ed0548977c02/volume-862f1045-f133-4bd0-83dd-03b71e1aa509.742fd847-9a9c-4237-b1e5-e69a3e67958c" returned: 0 in 0.714s {{(pid=85763) execute /opt/stack/data/venv/lib/python3.12/site-packages/oslo_concurrency/processutils.py:468}}
Jul 01 19:57:08 devstack cinder-volume[85763]: DEBUG oslo_concurrency.processutils [None req-168e25da-833f-40cd-b017-b8083dacd6ae tempest-GroupSnapshotsTest-1844845997 None] Running cmd (subprocess): sudo cinder-rootwrap /etc/cinder/rootwrap.conf truncate -s0 /opt/stack/data/cinder/mnt/604a179c578847b8c362ed0548977c02/volume-862f1045-f133-4bd0-83dd-03b71e1aa509.info {{(pid=85763) execute /opt/stack/data/venv/lib/python3.12/site-packages/oslo_concurrency/processutils.py:440}}
Jul 01 19:57:08 devstack sudo[90788]: quobyte : PWD=/ ; USER=root ; COMMAND=/opt/stack/data/venv/bin/cinder-rootwrap /etc/cinder/rootwrap.conf truncate -s0 /opt/stack/data/cinder/mnt/604a179c578847b8c362ed0548977c02/volume-862f1045-f133-4bd0-83dd-03b71e1aa509.info
Jul 01 19:57:08 devstack sudo[90788]: pam_unix(sudo:session): session opened for user root(uid=0) by (uid=1000)
Jul 01 19:57:10 devstack sudo[90788]: pam_unix(sudo:session): session closed for user root
Jul 01 19:57:10 devstack cinder-volume[85763]: DEBUG oslo_concurrency.processutils [None req-168e25da-833f-40cd-b017-b8083dacd6ae tempest-GroupSnapshotsTest-1844845997 None] CMD "sudo cinder-rootwrap /etc/cinder/rootwrap.conf truncate -s0 /opt/stack/data/cinder/mnt/604a179c578847b8c362ed0548977c02/volume-862f1045-f133-4bd0-83dd-03b71e1aa509.info" returned: 0 in 1.533s {{(pid=85763) execute /opt/stack/data/venv/lib/python3.12/site-packages/oslo_concurrency/processutils.py:468}}
Jul 01 19:57:10 devstack cinder-volume[85763]: WARNING cinder.volume.drivers.remotefs [None req-168e25da-833f-40cd-b017-b8083dacd6ae tempest-GroupSnapshotsTest-1844845997 None] /opt/stack/data/cinder/mnt/604a179c578847b8c362ed0548977c02/volume-862f1045-f133-4bd0-83dd-03b71e1aa509.info is being set with open permissions: ugo+rw: NotImplementedError
Jul 01 19:57:10 devstack cinder-volume[85763]: DEBUG oslo_concurrency.processutils [None req-168e25da-833f-40cd-b017-b8083dacd6ae tempest-GroupSnapshotsTest-1844845997 None] Running cmd (subprocess): sudo cinder-rootwrap /etc/cinder/rootwrap.conf chmod ugo+rw /opt/stack/data/cinder/mnt/604a179c578847b8c362ed0548977c02/volume-862f1045-f133-4bd0-83dd-03b71e1aa509.info {{(pid=85763) execute /opt/stack/data/venv/lib/python3.12/site-packages/oslo_concurrency/processutils.py:440}}
Jul 01 19:57:10 devstack sudo[90817]: quobyte : PWD=/ ; USER=root ; COMMAND=/opt/stack/data/venv/bin/cinder-rootwrap /etc/cinder/rootwrap.conf chmod ugo+rw /opt/stack/data/cinder/mnt/604a179c578847b8c362ed0548977c02/volume-862f1045-f133-4bd0-83dd-03b71e1aa509.info
Jul 01 19:57:10 devstack sudo[90817]: pam_unix(sudo:session): session opened for user root(uid=0) by (uid=1000)
Jul 01 19:57:11 devstack sudo[90817]: pam_unix(sudo:session): session closed for user root
Jul 01 19:57:11 devstack cinder-volume[85763]: DEBUG oslo_concurrency.processutils [None req-168e25da-833f-40cd-b017-b8083dacd6ae tempest-GroupSnapshotsTest-1844845997 None] CMD "sudo cinder-rootwrap /etc/cinder/rootwrap.conf chmod ugo+rw /opt/stack/data/cinder/mnt/604a179c578847b8c362ed0548977c02/volume-862f1045-f133-4bd0-83dd-03b71e1aa509.info" returned: 0 in 1.783s {{(pid=85763) execute /opt/stack/data/venv/lib/python3.12/site-packages/oslo_concurrency/processutils.py:468}}
Jul 01 19:57:11 devstack cinder-volume[85763]: DEBUG oslo_concurrency.lockutils [None req-168e25da-833f-40cd-b017-b8083dacd6ae tempest-GroupSnapshotsTest-1844845997 None] Lock "quobyte" "released" by "cinder.volume.drivers.quobyte.QuobyteDriver.create_snapshot" :: held 6.758s {{(pid=85763) inner /opt/stack/data/venv/lib/python3.12/site-packages/oslo_concurrency/lockutils.py:543}}
Jul 01 19:57:11 devstack cinder-volume[85763]: DEBUG oslo_concurrency.lockutils [None req-168e25da-833f-40cd-b017-b8083dacd6ae tempest-GroupSnapshotsTest-1844845997 None] Acquiring lock "quobyte" by "cinder.volume.drivers.quobyte.QuobyteDriver.create_snapshot" {{(pid=85763) inner /opt/stack/data/venv/lib/python3.12/site-packages/oslo_concurrency/lockutils.py:511}}
Jul 01 19:57:11 devstack cinder-volume[85763]: DEBUG oslo_concurrency.lockutils [None req-168e25da-833f-40cd-b017-b8083dacd6ae tempest-GroupSnapshotsTest-1844845997 None] Lock "quobyte" acquired by "cinder.volume.drivers.quobyte.QuobyteDriver.create_snapshot" :: waited 0.001s {{(pid=85763) inner /opt/stack/data/venv/lib/python3.12/site-packages/oslo_concurrency/lockutils.py:524}}
Jul 01 19:57:12 devstack cinder-volume[85763]: DEBUG cinder.volume.drivers.remotefs [None req-168e25da-833f-40cd-b017-b8083dacd6ae tempest-GroupSnapshotsTest-1844845997 None] Creating offline snapshot b4315903-11b7-4e31-a265-48e6dd690773 of volume 486b9337-0dab-4d7f-8a84-e33b5a0d6a58 {{(pid=85763) _create_snapshot /opt/stack/cinder/cinder/volume/drivers/remotefs.py:1816}}
Jul 01 19:57:12 devstack cinder-volume[85763]: DEBUG oslo.privsep.daemon [-] privsep: reply[c20ab825-a8bd-4731-a03a-55ab2c9d31b2]: (4, 'qcow2') {{(pid=86787) _call_back /opt/stack/data/venv/lib/python3.12/site-packages/oslo_privsep/daemon.py:580}}
Jul 01 19:57:12 devstack cinder-volume[85763]: DEBUG oslo_concurrency.processutils [None req-168e25da-833f-40cd-b017-b8083dacd6ae tempest-GroupSnapshotsTest-1844845997 None] Running cmd (subprocess): /opt/stack/data/venv/bin/python3.12 -m oslo_concurrency.prlimit --as=1073741824 --cpu=60 -- sudo cinder-rootwrap /etc/cinder/rootwrap.conf env LC_ALL=C qemu-img info -f qcow2 --output=json --force-share /opt/stack/data/cinder/mnt/604a179c578847b8c362ed0548977c02/volume-486b9337-0dab-4d7f-8a84-e33b5a0d6a58 {{(pid=85763) execute /opt/stack/data/venv/lib/python3.12/site-packages/oslo_concurrency/processutils.py:440}}
Jul 01 19:57:12 devstack sudo[90832]: quobyte : PWD=/ ; USER=root ; COMMAND=/opt/stack/data/venv/bin/cinder-rootwrap /etc/cinder/rootwrap.conf env LC_ALL=C qemu-img info -f qcow2 --output=json --force-share /opt/stack/data/cinder/mnt/604a179c578847b8c362ed0548977c02/volume-486b9337-0dab-4d7f-8a84-e33b5a0d6a58
Jul 01 19:57:12 devstack sudo[90832]: pam_unix(sudo:session): session opened for user root(uid=0) by (uid=1000)
Jul 01 19:57:12 devstack sudo[90832]: pam_unix(sudo:session): session closed for user root
Jul 01 19:57:12 devstack cinder-volume[85763]: DEBUG oslo_concurrency.processutils [None req-168e25da-833f-40cd-b017-b8083dacd6ae tempest-GroupSnapshotsTest-1844845997 None] CMD "/opt/stack/data/venv/bin/python3.12 -m oslo_concurrency.prlimit --as=1073741824 --cpu=60 -- sudo cinder-rootwrap /etc/cinder/rootwrap.conf env LC_ALL=C qemu-img info -f qcow2 --output=json --force-share /opt/stack/data/cinder/mnt/604a179c578847b8c362ed0548977c02/volume-486b9337-0dab-4d7f-8a84-e33b5a0d6a58" returned: 0 in 0.897s {{(pid=85763) execute /opt/stack/data/venv/lib/python3.12/site-packages/oslo_concurrency/processutils.py:468}}
Jul 01 19:57:12 devstack cinder-volume[85763]: DEBUG oslo_concurrency.processutils [None req-168e25da-833f-40cd-b017-b8083dacd6ae tempest-GroupSnapshotsTest-1844845997 None] Running cmd (subprocess): sudo cinder-rootwrap /etc/cinder/rootwrap.conf qemu-img create -f qcow2 -o backing_file=/opt/stack/data/cinder/mnt/604a179c578847b8c362ed0548977c02/volume-486b9337-0dab-4d7f-8a84-e33b5a0d6a58,backing_fmt=qcow2 /opt/stack/data/cinder/mnt/604a179c578847b8c362ed0548977c02/volume-486b9337-0dab-4d7f-8a84-e33b5a0d6a58.b4315903-11b7-4e31-a265-48e6dd690773 1G {{(pid=85763) execute /opt/stack/data/venv/lib/python3.12/site-packages/oslo_concurrency/processutils.py:440}}
Jul 01 19:57:13 devstack sudo[90842]: quobyte : PWD=/ ; USER=root ; COMMAND=/opt/stack/data/venv/bin/cinder-rootwrap /etc/cinder/rootwrap.conf qemu-img create -f qcow2 -o backing_file=/opt/stack/data/cinder/mnt/604a179c578847b8c362ed0548977c02/volume-486b9337-0dab-4d7f-8a84-e33b5a0d6a58,backing_fmt=qcow2 /opt/stack/data/cinder/mnt/604a179c578847b8c362ed0548977c02/volume-486b9337-0dab-4d7f-8a84-e33b5a0d6a58.b4315903-11b7-4e31-a265-48e6dd690773 1G
Jul 01 19:57:13 devstack sudo[90842]: pam_unix(sudo:session): session opened for user root(uid=0) by (uid=1000)
Jul 01 19:57:14 devstack cinder-volume[85763]: INFO cinder.volume.manager [req-6343fd94-2774-4421-a1f8-ef4caa6fbbda req-d460cfb8-37c0-413d-9302-a82abde090c9 tempest-ServerActionsTestOtherA-2083822095 None] Terminate volume connection completed successfully.
Jul 01 19:57:14 devstack cinder-volume[85763]: DEBUG cinder.volume.manager [req-6343fd94-2774-4421-a1f8-ef4caa6fbbda req-d460cfb8-37c0-413d-9302-a82abde090c9 tempest-ServerActionsTestOtherA-2083822095 None] Deleting attachment aa9f002b-5b9c-413c-b0e6-05f7a63378c3. {{(pid=85763) attachment_delete /opt/stack/cinder/cinder/volume/manager.py:5055}}
Jul 01 19:57:14 devstack cinder-volume[85763]: DEBUG oslo_concurrency.processutils [None req-168e25da-833f-40cd-b017-b8083dacd6ae tempest-GroupSnapshotsTest-1844845997 None] CMD "sudo cinder-rootwrap /etc/cinder/rootwrap.conf qemu-img create -f qcow2 -o backing_file=/opt/stack/data/cinder/mnt/604a179c578847b8c362ed0548977c02/volume-486b9337-0dab-4d7f-8a84-e33b5a0d6a58,backing_fmt=qcow2 /opt/stack/data/cinder/mnt/604a179c578847b8c362ed0548977c02/volume-486b9337-0dab-4d7f-8a84-e33b5a0d6a58.b4315903-11b7-4e31-a265-48e6dd690773 1G" returned: 0 in 1.958s {{(pid=85763) execute /opt/stack/data/venv/lib/python3.12/site-packages/oslo_concurrency/processutils.py:468}}
Jul 01 19:57:14 devstack cinder-volume[85763]: DEBUG oslo_concurrency.processutils [None req-168e25da-833f-40cd-b017-b8083dacd6ae tempest-GroupSnapshotsTest-1844845997 None] Running cmd (subprocess): sudo cinder-rootwrap /etc/cinder/rootwrap.conf qemu-img rebase -u -b volume-486b9337-0dab-4d7f-8a84-e33b5a0d6a58 -F qcow2 /opt/stack/data/cinder/mnt/604a179c578847b8c362ed0548977c02/volume-486b9337-0dab-4d7f-8a84-e33b5a0d6a58.b4315903-11b7-4e31-a265-48e6dd690773 {{(pid=85763) execute /opt/stack/data/venv/lib/python3.12/site-packages/oslo_concurrency/processutils.py:440}}
Jul 01 19:57:14 devstack sudo[90842]: pam_unix(sudo:session): session closed for user root
Jul 01 19:57:14 devstack sudo[90898]: quobyte : PWD=/ ; USER=root ; COMMAND=/opt/stack/data/venv/bin/cinder-rootwrap /etc/cinder/rootwrap.conf qemu-img rebase -u -b volume-486b9337-0dab-4d7f-8a84-e33b5a0d6a58 -F qcow2 /opt/stack/data/cinder/mnt/604a179c578847b8c362ed0548977c02/volume-486b9337-0dab-4d7f-8a84-e33b5a0d6a58.b4315903-11b7-4e31-a265-48e6dd690773
Jul 01 19:57:14 devstack sudo[90898]: pam_unix(sudo:session): session opened for user root(uid=0) by (uid=1000)
Jul 01 19:57:16 devstack sudo[90898]: pam_unix(sudo:session): session closed for user root
Jul 01 19:57:16 devstack cinder-volume[85763]: DEBUG oslo_concurrency.processutils [None req-168e25da-833f-40cd-b017-b8083dacd6ae tempest-GroupSnapshotsTest-1844845997 None] CMD "sudo cinder-rootwrap /etc/cinder/rootwrap.conf qemu-img rebase -u -b volume-486b9337-0dab-4d7f-8a84-e33b5a0d6a58 -F qcow2 /opt/stack/data/cinder/mnt/604a179c578847b8c362ed0548977c02/volume-486b9337-0dab-4d7f-8a84-e33b5a0d6a58.b4315903-11b7-4e31-a265-48e6dd690773" returned: 0 in 1.351s {{(pid=85763) execute /opt/stack/data/venv/lib/python3.12/site-packages/oslo_concurrency/processutils.py:468}}
Jul 01 19:57:16 devstack cinder-volume[85763]: WARNING cinder.volume.drivers.remotefs [None req-168e25da-833f-40cd-b017-b8083dacd6ae tempest-GroupSnapshotsTest-1844845997 None] /opt/stack/data/cinder/mnt/604a179c578847b8c362ed0548977c02/volume-486b9337-0dab-4d7f-8a84-e33b5a0d6a58.b4315903-11b7-4e31-a265-48e6dd690773 is being set with open permissions: ugo+rw: NotImplementedError
Jul 01 19:57:16 devstack cinder-volume[85763]: DEBUG oslo_concurrency.processutils [None req-168e25da-833f-40cd-b017-b8083dacd6ae tempest-GroupSnapshotsTest-1844845997 None] Running cmd (subprocess): sudo cinder-rootwrap /etc/cinder/rootwrap.conf chmod ugo+rw /opt/stack/data/cinder/mnt/604a179c578847b8c362ed0548977c02/volume-486b9337-0dab-4d7f-8a84-e33b5a0d6a58.b4315903-11b7-4e31-a265-48e6dd690773 {{(pid=85763) execute /opt/stack/data/venv/lib/python3.12/site-packages/oslo_concurrency/processutils.py:440}}
Jul 01 19:57:16 devstack sudo[90907]: quobyte : PWD=/ ; USER=root ; COMMAND=/opt/stack/data/venv/bin/cinder-rootwrap /etc/cinder/rootwrap.conf chmod ugo+rw /opt/stack/data/cinder/mnt/604a179c578847b8c362ed0548977c02/volume-486b9337-0dab-4d7f-8a84-e33b5a0d6a58.b4315903-11b7-4e31-a265-48e6dd690773
Jul 01 19:57:16 devstack sudo[90907]: pam_unix(sudo:session): session opened for user root(uid=0) by (uid=1000)
Jul 01 19:57:16 devstack sudo[90907]: pam_unix(sudo:session): session closed for user root
Jul 01 19:57:16 devstack cinder-volume[85763]: DEBUG oslo_concurrency.processutils [None req-168e25da-833f-40cd-b017-b8083dacd6ae tempest-GroupSnapshotsTest-1844845997 None] CMD "sudo cinder-rootwrap /etc/cinder/rootwrap.conf chmod ugo+rw /opt/stack/data/cinder/mnt/604a179c578847b8c362ed0548977c02/volume-486b9337-0dab-4d7f-8a84-e33b5a0d6a58.b4315903-11b7-4e31-a265-48e6dd690773" returned: 0 in 0.693s {{(pid=85763) execute /opt/stack/data/venv/lib/python3.12/site-packages/oslo_concurrency/processutils.py:468}}
Jul 01 19:57:16 devstack cinder-volume[85763]: DEBUG oslo_concurrency.processutils [None req-168e25da-833f-40cd-b017-b8083dacd6ae tempest-GroupSnapshotsTest-1844845997 None] Running cmd (subprocess): sudo cinder-rootwrap /etc/cinder/rootwrap.conf truncate -s0 /opt/stack/data/cinder/mnt/604a179c578847b8c362ed0548977c02/volume-486b9337-0dab-4d7f-8a84-e33b5a0d6a58.info {{(pid=85763) execute /opt/stack/data/venv/lib/python3.12/site-packages/oslo_concurrency/processutils.py:440}}
Jul 01 19:57:17 devstack sudo[90918]: quobyte : PWD=/ ; USER=root ; COMMAND=/opt/stack/data/venv/bin/cinder-rootwrap /etc/cinder/rootwrap.conf truncate -s0 /opt/stack/data/cinder/mnt/604a179c578847b8c362ed0548977c02/volume-486b9337-0dab-4d7f-8a84-e33b5a0d6a58.info
Jul 01 19:57:17 devstack sudo[90918]: pam_unix(sudo:session): session opened for user root(uid=0) by (uid=1000)
Jul 01 19:57:17 devstack cinder-volume[85763]: DEBUG oslo_concurrency.lockutils [req-6343fd94-2774-4421-a1f8-ef4caa6fbbda req-0784a8c1-ca0e-4a04-8ed1-acf171292bf6 tempest-ServerActionsTestOtherA-2083822095 None] Acquiring lock "quobyte" by "cinder.volume.drivers.quobyte.QuobyteDriver.initialize_connection" {{(pid=85763) inner /opt/stack/data/venv/lib/python3.12/site-packages/oslo_concurrency/lockutils.py:511}}
Jul 01 19:57:17 devstack sudo[90918]: pam_unix(sudo:session): session closed for user root
Jul 01 19:57:17 devstack cinder-volume[85763]: DEBUG oslo_concurrency.processutils [None req-168e25da-833f-40cd-b017-b8083dacd6ae tempest-GroupSnapshotsTest-1844845997 None] CMD "sudo cinder-rootwrap /etc/cinder/rootwrap.conf truncate -s0 /opt/stack/data/cinder/mnt/604a179c578847b8c362ed0548977c02/volume-486b9337-0dab-4d7f-8a84-e33b5a0d6a58.info" returned: 0 in 0.828s {{(pid=85763) execute /opt/stack/data/venv/lib/python3.12/site-packages/oslo_concurrency/processutils.py:468}}
Jul 01 19:57:17 devstack cinder-volume[85763]: WARNING cinder.volume.drivers.remotefs [None req-168e25da-833f-40cd-b017-b8083dacd6ae tempest-GroupSnapshotsTest-1844845997 None] /opt/stack/data/cinder/mnt/604a179c578847b8c362ed0548977c02/volume-486b9337-0dab-4d7f-8a84-e33b5a0d6a58.info is being set with open permissions: ugo+rw: NotImplementedError
Jul 01 19:57:17 devstack cinder-volume[85763]: DEBUG oslo_concurrency.processutils [None req-168e25da-833f-40cd-b017-b8083dacd6ae tempest-GroupSnapshotsTest-1844845997 None] Running cmd (subprocess): sudo cinder-rootwrap /etc/cinder/rootwrap.conf chmod ugo+rw /opt/stack/data/cinder/mnt/604a179c578847b8c362ed0548977c02/volume-486b9337-0dab-4d7f-8a84-e33b5a0d6a58.info {{(pid=85763) execute /opt/stack/data/venv/lib/python3.12/site-packages/oslo_concurrency/processutils.py:440}}
Jul 01 19:57:17 devstack sudo[90922]: quobyte : PWD=/ ; USER=root ; COMMAND=/opt/stack/data/venv/bin/cinder-rootwrap /etc/cinder/rootwrap.conf chmod ugo+rw /opt/stack/data/cinder/mnt/604a179c578847b8c362ed0548977c02/volume-486b9337-0dab-4d7f-8a84-e33b5a0d6a58.info
Jul 01 19:57:17 devstack sudo[90922]: pam_unix(sudo:session): session opened for user root(uid=0) by (uid=1000)
Jul 01 19:57:18 devstack sudo[90922]: pam_unix(sudo:session): session closed for user root
Jul 01 19:57:18 devstack cinder-volume[85763]: DEBUG oslo_concurrency.processutils [None req-168e25da-833f-40cd-b017-b8083dacd6ae tempest-GroupSnapshotsTest-1844845997 None] CMD "sudo cinder-rootwrap /etc/cinder/rootwrap.conf chmod ugo+rw /opt/stack/data/cinder/mnt/604a179c578847b8c362ed0548977c02/volume-486b9337-0dab-4d7f-8a84-e33b5a0d6a58.info" returned: 0 in 0.755s {{(pid=85763) execute /opt/stack/data/venv/lib/python3.12/site-packages/oslo_concurrency/processutils.py:468}}
Jul 01 19:57:18 devstack cinder-volume[85763]: DEBUG oslo_concurrency.lockutils [None req-168e25da-833f-40cd-b017-b8083dacd6ae tempest-GroupSnapshotsTest-1844845997 None] Lock "quobyte" "released" by "cinder.volume.drivers.quobyte.QuobyteDriver.create_snapshot" :: held 6.601s {{(pid=85763) inner /opt/stack/data/venv/lib/python3.12/site-packages/oslo_concurrency/lockutils.py:543}}
Jul 01 19:57:18 devstack cinder-volume[85763]: DEBUG oslo_concurrency.lockutils [req-6343fd94-2774-4421-a1f8-ef4caa6fbbda req-0784a8c1-ca0e-4a04-8ed1-acf171292bf6 tempest-ServerActionsTestOtherA-2083822095 None] Lock "quobyte" acquired by "cinder.volume.drivers.quobyte.QuobyteDriver.initialize_connection" :: waited 1.446s {{(pid=85763) inner /opt/stack/data/venv/lib/python3.12/site-packages/oslo_concurrency/lockutils.py:524}}
Jul 01 19:57:18 devstack cinder-volume[85763]: DEBUG oslo.privsep.daemon [-] privsep: reply[a30226a0-ed1b-4859-a88d-38755e52917f]: (4, 'qcow2') {{(pid=86787) _call_back /opt/stack/data/venv/lib/python3.12/site-packages/oslo_privsep/daemon.py:580}}
Jul 01 19:57:18 devstack cinder-volume[85763]: DEBUG oslo_concurrency.processutils [req-6343fd94-2774-4421-a1f8-ef4caa6fbbda req-0784a8c1-ca0e-4a04-8ed1-acf171292bf6 tempest-ServerActionsTestOtherA-2083822095 None] Running cmd (subprocess): /opt/stack/data/venv/bin/python3.12 -m oslo_concurrency.prlimit --as=1073741824 --cpu=60 -- sudo cinder-rootwrap /etc/cinder/rootwrap.conf env LC_ALL=C qemu-img info -f qcow2 --output=json --force-share /opt/stack/data/cinder/mnt/604a179c578847b8c362ed0548977c02/volume-6155a77d-5edf-45aa-a0a6-290c44ca40ea {{(pid=85763) execute /opt/stack/data/venv/lib/python3.12/site-packages/oslo_concurrency/processutils.py:440}}
Jul 01 19:57:18 devstack sudo[90949]: quobyte : PWD=/ ; USER=root ; COMMAND=/opt/stack/data/venv/bin/cinder-rootwrap /etc/cinder/rootwrap.conf env LC_ALL=C qemu-img info -f qcow2 --output=json --force-share /opt/stack/data/cinder/mnt/604a179c578847b8c362ed0548977c02/volume-6155a77d-5edf-45aa-a0a6-290c44ca40ea
Jul 01 19:57:18 devstack sudo[90949]: pam_unix(sudo:session): session opened for user root(uid=0) by (uid=1000)
Jul 01 19:57:18 devstack cinder-volume[85763]: INFO cinder.volume.manager [None req-168e25da-833f-40cd-b017-b8083dacd6ae tempest-GroupSnapshotsTest-1844845997 None] group_snapshot dbfdf42a-f3b3-4090-9586-744ba804d397: created successfully
Jul 01 19:57:19 devstack sudo[90949]: pam_unix(sudo:session): session closed for user root
Jul 01 19:57:19 devstack cinder-volume[85763]: DEBUG oslo_concurrency.processutils [req-6343fd94-2774-4421-a1f8-ef4caa6fbbda req-0784a8c1-ca0e-4a04-8ed1-acf171292bf6 tempest-ServerActionsTestOtherA-2083822095 None] CMD "/opt/stack/data/venv/bin/python3.12 -m oslo_concurrency.prlimit --as=1073741824 --cpu=60 -- sudo cinder-rootwrap /etc/cinder/rootwrap.conf env LC_ALL=C qemu-img info -f qcow2 --output=json --force-share /opt/stack/data/cinder/mnt/604a179c578847b8c362ed0548977c02/volume-6155a77d-5edf-45aa-a0a6-290c44ca40ea" returned: 0 in 0.862s {{(pid=85763) execute /opt/stack/data/venv/lib/python3.12/site-packages/oslo_concurrency/processutils.py:468}}
Jul 01 19:57:19 devstack cinder-volume[85763]: DEBUG oslo_concurrency.lockutils [req-6343fd94-2774-4421-a1f8-ef4caa6fbbda req-0784a8c1-ca0e-4a04-8ed1-acf171292bf6 tempest-ServerActionsTestOtherA-2083822095 None] Lock "quobyte" "released" by "cinder.volume.drivers.quobyte.QuobyteDriver.initialize_connection" :: held 0.889s {{(pid=85763) inner /opt/stack/data/venv/lib/python3.12/site-packages/oslo_concurrency/lockutils.py:543}}
Jul 01 19:57:19 devstack cinder-volume[85763]: INFO cinder.volume.manager [None req-af8606b3-22cc-4394-86aa-742ba22707d9 tempest-GroupSnapshotsTest-1844845997 None] group_snapshot dbfdf42a-f3b3-4090-9586-744ba804d397: deleting
