Apr 25 02:07:24 devstack devstack@n-api.service[59483]: DEBUG oslo_concurrency.lockutils [None req-b3ff7120-38cd-4c38-919f-11c4fe3077c5 tempest-ServerBootFromVolumeStableRescueTest-941098874 tempest-ServerBootFromVolumeStableRescueTest-941098874-project-member] Acquiring lock "29f9259b-1949-48c4-bd51-6465ff5bf12c" by "nova.context.set_target_cell..get_or_set_cached_cell_and_set_connections" {{(pid=59483) inner /opt/stack/data/venv/lib/python3.10/site-packages/oslo_concurrency/lockutils.py:506}}
Apr 25 02:07:24 devstack devstack@n-api.service[59483]: DEBUG oslo_concurrency.lockutils [None req-b3ff7120-38cd-4c38-919f-11c4fe3077c5 tempest-ServerBootFromVolumeStableRescueTest-941098874 tempest-ServerBootFromVolumeStableRescueTest-941098874-project-member] Lock "29f9259b-1949-48c4-bd51-6465ff5bf12c" acquired by "nova.context.set_target_cell..get_or_set_cached_cell_and_set_connections" :: waited 0.001s {{(pid=59483) inner /opt/stack/data/venv/lib/python3.10/site-packages/oslo_concurrency/lockutils.py:519}}
Apr 25 02:07:24 devstack devstack@n-api.service[59483]: DEBUG oslo_concurrency.lockutils [None req-b3ff7120-38cd-4c38-919f-11c4fe3077c5 tempest-ServerBootFromVolumeStableRescueTest-941098874 tempest-ServerBootFromVolumeStableRescueTest-941098874-project-member] Lock "29f9259b-1949-48c4-bd51-6465ff5bf12c" "released" by "nova.context.set_target_cell..get_or_set_cached_cell_and_set_connections" :: held 0.001s {{(pid=59483) inner /opt/stack/data/venv/lib/python3.10/site-packages/oslo_concurrency/lockutils.py:538}}
Apr 25 02:07:24 devstack devstack@n-api.service[59483]: WARNING neutronclient.v2_0.client [None req-b3ff7120-38cd-4c38-919f-11c4fe3077c5 tempest-ServerBootFromVolumeStableRescueTest-941098874 tempest-ServerBootFromVolumeStableRescueTest-941098874-project-member] The python binding code in neutronclient is deprecated in favor of OpenstackSDK, please use that as this will be removed in a future release.
Apr 25 02:07:24 devstack devstack@n-api.service[59483]: DEBUG nova.policy [None req-b3ff7120-38cd-4c38-919f-11c4fe3077c5 tempest-ServerBootFromVolumeStableRescueTest-941098874 tempest-ServerBootFromVolumeStableRescueTest-941098874-project-member] Policy check for os_compute_api:os-extended-server-attributes failed with credentials {'is_admin': False, 'user_id': '671c4999f79f4f90abc57962a434db4c', 'user_domain_id': 'default', 'system_scope': None, 'domain_id': None, 'project_id': '29d777411bcb46479cc191512d9073f7', 'project_domain_id': 'default', 'roles': ['member', 'reader'], 'is_admin_project': True, 'service_user_id': None, 'service_user_domain_id': None, 'service_project_id': None, 'service_project_domain_id': None, 'service_roles': []} {{(pid=59483) authorize /opt/stack/nova/nova/policy.py:192}}
Apr 25 02:07:24 devstack devstack@n-api.service[59483]: DEBUG nova.policy [None req-b3ff7120-38cd-4c38-919f-11c4fe3077c5 tempest-ServerBootFromVolumeStableRescueTest-941098874 tempest-ServerBootFromVolumeStableRescueTest-941098874-project-member] Policy check for os_compute_api:servers:show:host_status failed with credentials {'is_admin': False, 'user_id': '671c4999f79f4f90abc57962a434db4c', 'user_domain_id': 'default', 'system_scope': None, 'domain_id': None, 'project_id': '29d777411bcb46479cc191512d9073f7', 'project_domain_id': 'default', 'roles': ['member', 'reader'], 'is_admin_project': True, 'service_user_id': None, 'service_user_domain_id': None, 'service_project_id': None, 'service_project_domain_id': None, 'service_roles': []} {{(pid=59483) authorize /opt/stack/nova/nova/policy.py:192}}
Apr 25 02:07:24 devstack devstack@n-api.service[59483]: DEBUG nova.policy [None req-b3ff7120-38cd-4c38-919f-11c4fe3077c5 tempest-ServerBootFromVolumeStableRescueTest-941098874 tempest-ServerBootFromVolumeStableRescueTest-941098874-project-member] Policy check for os_compute_api:servers:show:host_status:unknown-only failed with credentials {'is_admin': False, 'user_id': '671c4999f79f4f90abc57962a434db4c', 'user_domain_id': 'default', 'system_scope': None, 'domain_id': None, 'project_id': '29d777411bcb46479cc191512d9073f7', 'project_domain_id': 'default', 'roles': ['member', 'reader'], 'is_admin_project': True, 'service_user_id': None, 'service_user_domain_id': None, 'service_project_id': None, 'service_project_domain_id': None, 'service_roles': []} {{(pid=59483) authorize /opt/stack/nova/nova/policy.py:192}}
Apr 25 02:07:24 devstack devstack@n-api.service[59483]: INFO nova.api.openstack.requestlog [None req-b3ff7120-38cd-4c38-919f-11c4fe3077c5 tempest-ServerBootFromVolumeStableRescueTest-941098874 tempest-ServerBootFromVolumeStableRescueTest-941098874-project-member] 192.168.122.254 "GET /compute/v2.1/servers/099a7289-9c30-4cf8-9810-735e30f74e4c" status: 200 len: 1462 microversion: 2.87 time: 0.125158
Apr 25 02:07:24 devstack devstack@n-api.service[59483]: [pid: 59483|app: 0|req: 111/224] 192.168.122.254 () {60 vars in 1290 bytes} [Sat Apr 25 02:07:24 2026] GET /compute/v2.1/servers/099a7289-9c30-4cf8-9810-735e30f74e4c => generated 1462 bytes in 127 msecs (HTTP/1.1 200) 9 headers in 360 bytes (1 switches on core 0)
Apr 25 02:07:25 devstack devstack@n-api.service[59482]: DEBUG nova.api.openstack.wsgi [None req-8fe8ebca-1873-43c4-a7c1-fcaa72a717fc tempest-VolumesSnapshotsTestJSON-32561031 tempest-VolumesSnapshotsTestJSON-32561031-project-member] Calling method '>' {{(pid=59482) _process_stack /opt/stack/nova/nova/api/openstack/wsgi.py:551}}
Apr 25 02:07:25 devstack devstack@n-api.service[59482]: INFO nova.api.openstack.wsgi [None req-8fe8ebca-1873-43c4-a7c1-fcaa72a717fc tempest-VolumesSnapshotsTestJSON-32561031 tempest-VolumesSnapshotsTestJSON-32561031-project-member] HTTP exception thrown: Snapshot 2278a9ae-3bcd-4b88-ae7a-677544672688 could not be found.
Apr 25 02:07:25 devstack devstack@n-api.service[59482]: DEBUG nova.api.openstack.wsgi [None req-8fe8ebca-1873-43c4-a7c1-fcaa72a717fc tempest-VolumesSnapshotsTestJSON-32561031 tempest-VolumesSnapshotsTestJSON-32561031-project-member] Returning 404 to user: Snapshot 2278a9ae-3bcd-4b88-ae7a-677544672688 could not be found. {{(pid=59482) __call__ /opt/stack/nova/nova/api/openstack/wsgi.py:908}}
Apr 25 02:07:25 devstack devstack@n-api.service[59482]: INFO nova.api.openstack.requestlog [None req-8fe8ebca-1873-43c4-a7c1-fcaa72a717fc tempest-VolumesSnapshotsTestJSON-32561031 tempest-VolumesSnapshotsTestJSON-32561031-project-member] 192.168.122.254 "GET /compute/v2.1/os-snapshots/2278a9ae-3bcd-4b88-ae7a-677544672688" status: 404 len: 111 microversion: 2.1 time: 0.037672
Apr 25 02:07:25 devstack devstack@n-api.service[59482]: [pid: 59482|app: 0|req: 114/225] 192.168.122.254 () {58 vars in 1264 bytes} [Sat Apr 25 02:07:25 2026] GET /compute/v2.1/os-snapshots/2278a9ae-3bcd-4b88-ae7a-677544672688 => generated 111 bytes in 38 msecs (HTTP/1.1 404) 9 headers in 379 bytes (1 switches on core 0)
Apr 25 02:07:25 devstack devstack@n-api.service[59483]: DEBUG nova.api.openstack.wsgi [None req-46c60673-4dec-4ec7-a9ef-072a8c1cbb64 tempest-VolumesSnapshotsTestJSON-32561031 tempest-VolumesSnapshotsTestJSON-32561031-project-member] Calling method '>' {{(pid=59483) _process_stack /opt/stack/nova/nova/api/openstack/wsgi.py:551}}
Apr 25 02:07:25 devstack devstack@n-api.service[59482]: DEBUG nova.api.openstack.wsgi [None req-a33fa3bd-f727-4d7f-b7b7-e07fbc17ebb6 tempest-ServerRescueNegativeTestJSON-570017206 tempest-ServerRescueNegativeTestJSON-570017206-project-member] Calling method '>' {{(pid=59482) _process_stack /opt/stack/nova/nova/api/openstack/wsgi.py:551}}
Apr 25 02:07:25 devstack devstack@n-api.service[59482]: DEBUG nova.compute.api [None req-a33fa3bd-f727-4d7f-b7b7-e07fbc17ebb6 tempest-ServerRescueNegativeTestJSON-570017206 tempest-ServerRescueNegativeTestJSON-570017206-project-member] [instance: 252eda67-80b1-47e4-8540-d5d0343b9643] Fetching instance by UUID {{(pid=59482) get /opt/stack/nova/nova/compute/api.py:3056}}
Apr 25 02:07:25 devstack devstack@n-api.service[59482]: DEBUG oslo_concurrency.lockutils [None req-a33fa3bd-f727-4d7f-b7b7-e07fbc17ebb6 tempest-ServerRescueNegativeTestJSON-570017206 tempest-ServerRescueNegativeTestJSON-570017206-project-member] Acquiring lock "29f9259b-1949-48c4-bd51-6465ff5bf12c" by "nova.context.set_target_cell..get_or_set_cached_cell_and_set_connections" {{(pid=59482) inner /opt/stack/data/venv/lib/python3.10/site-packages/oslo_concurrency/lockutils.py:506}}
Apr 25 02:07:25 devstack devstack@n-api.service[59482]: DEBUG oslo_concurrency.lockutils [None req-a33fa3bd-f727-4d7f-b7b7-e07fbc17ebb6 tempest-ServerRescueNegativeTestJSON-570017206 tempest-ServerRescueNegativeTestJSON-570017206-project-member] Lock "29f9259b-1949-48c4-bd51-6465ff5bf12c" acquired by "nova.context.set_target_cell..get_or_set_cached_cell_and_set_connections" :: waited 0.001s {{(pid=59482) inner /opt/stack/data/venv/lib/python3.10/site-packages/oslo_concurrency/lockutils.py:519}}
Apr 25 02:07:25 devstack devstack@n-api.service[59482]: DEBUG oslo_concurrency.lockutils [None req-a33fa3bd-f727-4d7f-b7b7-e07fbc17ebb6 tempest-ServerRescueNegativeTestJSON-570017206 tempest-ServerRescueNegativeTestJSON-570017206-project-member] Lock "29f9259b-1949-48c4-bd51-6465ff5bf12c" "released" by "nova.context.set_target_cell..get_or_set_cached_cell_and_set_connections" :: held 0.003s {{(pid=59482) inner /opt/stack/data/venv/lib/python3.10/site-packages/oslo_concurrency/lockutils.py:538}}
Apr 25 02:07:25 devstack devstack@n-api.service[59482]: DEBUG oslo_concurrency.lockutils [None req-a33fa3bd-f727-4d7f-b7b7-e07fbc17ebb6 tempest-ServerRescueNegativeTestJSON-570017206 tempest-ServerRescueNegativeTestJSON-570017206-project-member] Acquiring lock "29f9259b-1949-48c4-bd51-6465ff5bf12c" by "nova.context.set_target_cell..get_or_set_cached_cell_and_set_connections" {{(pid=59482) inner /opt/stack/data/venv/lib/python3.10/site-packages/oslo_concurrency/lockutils.py:506}}
Apr 25 02:07:25 devstack devstack@n-api.service[59482]: DEBUG oslo_concurrency.lockutils [None req-a33fa3bd-f727-4d7f-b7b7-e07fbc17ebb6 tempest-ServerRescueNegativeTestJSON-570017206 tempest-ServerRescueNegativeTestJSON-570017206-project-member] Lock "29f9259b-1949-48c4-bd51-6465ff5bf12c" acquired by "nova.context.set_target_cell..get_or_set_cached_cell_and_set_connections" :: waited 0.000s {{(pid=59482) inner /opt/stack/data/venv/lib/python3.10/site-packages/oslo_concurrency/lockutils.py:519}}
Apr 25 02:07:25 devstack devstack@n-api.service[59482]: DEBUG oslo_concurrency.lockutils [None req-a33fa3bd-f727-4d7f-b7b7-e07fbc17ebb6 tempest-ServerRescueNegativeTestJSON-570017206 tempest-ServerRescueNegativeTestJSON-570017206-project-member] Lock "29f9259b-1949-48c4-bd51-6465ff5bf12c" "released" by "nova.context.set_target_cell..get_or_set_cached_cell_and_set_connections" :: held 0.000s {{(pid=59482) inner /opt/stack/data/venv/lib/python3.10/site-packages/oslo_concurrency/lockutils.py:538}}
Apr 25 02:07:25 devstack devstack@n-api.service[59483]: INFO nova.api.openstack.requestlog [None req-46c60673-4dec-4ec7-a9ef-072a8c1cbb64 tempest-VolumesSnapshotsTestJSON-32561031 tempest-VolumesSnapshotsTestJSON-32561031-project-member] 192.168.122.254 "DELETE /compute/v2.1/os-volumes/7763e6bc-5400-4ee6-91ff-bae11414c7a9" status: 202 len: 0 microversion: 2.1 time: 0.190419
Apr 25 02:07:25 devstack devstack@n-api.service[59483]: [pid: 59483|app: 0|req: 112/226] 192.168.122.254 () {58 vars in 1261 bytes} [Sat Apr 25 02:07:25 2026] DELETE /compute/v2.1/os-volumes/7763e6bc-5400-4ee6-91ff-bae11414c7a9 => generated 0 bytes in 205 msecs (HTTP/1.1 202) 9 headers in 361 bytes (1 switches on core 0)
Apr 25 02:07:25 devstack devstack@n-api.service[59483]: DEBUG nova.api.openstack.wsgi [None req-dc082e01-9f1e-48c9-a715-dbdf5c378ee6 tempest-VolumesSnapshotsTestJSON-32561031 tempest-VolumesSnapshotsTestJSON-32561031-project-member] Calling method '>' {{(pid=59483) _process_stack /opt/stack/nova/nova/api/openstack/wsgi.py:551}}
Apr 25 02:07:25 devstack devstack@n-api.service[59482]: WARNING neutronclient.v2_0.client [None req-a33fa3bd-f727-4d7f-b7b7-e07fbc17ebb6 tempest-ServerRescueNegativeTestJSON-570017206 tempest-ServerRescueNegativeTestJSON-570017206-project-member] The python binding code in neutronclient is deprecated in favor of OpenstackSDK, please use that as this will be removed in a future release.
Apr 25 02:07:25 devstack devstack@n-api.service[59482]: DEBUG nova.policy [None req-a33fa3bd-f727-4d7f-b7b7-e07fbc17ebb6 tempest-ServerRescueNegativeTestJSON-570017206 tempest-ServerRescueNegativeTestJSON-570017206-project-member] Policy check for os_compute_api:os-extended-server-attributes failed with credentials {'is_admin': False, 'user_id': '9be9071365e24a9e86e4f175613dc071', 'user_domain_id': 'default', 'system_scope': None, 'domain_id': None, 'project_id': '90279a1369cb4745b2f87c24d4c728da', 'project_domain_id': 'default', 'roles': ['member', 'reader'], 'is_admin_project': True, 'service_user_id': None, 'service_user_domain_id': None, 'service_project_id': None, 'service_project_domain_id': None, 'service_roles': []} {{(pid=59482) authorize /opt/stack/nova/nova/policy.py:192}}
Apr 25 02:07:25 devstack devstack@n-api.service[59483]: INFO nova.api.openstack.requestlog [None req-dc082e01-9f1e-48c9-a715-dbdf5c378ee6 tempest-VolumesSnapshotsTestJSON-32561031 tempest-VolumesSnapshotsTestJSON-32561031-project-member] 192.168.122.254 "GET /compute/v2.1/os-volumes/7763e6bc-5400-4ee6-91ff-bae11414c7a9" status: 200 len: 343 microversion: 2.1 time: 0.101365
Apr 25 02:07:25 devstack devstack@n-api.service[59483]: [pid: 59483|app: 0|req: 113/227] 192.168.122.254 () {58 vars in 1258 bytes} [Sat Apr 25 02:07:25 2026] GET /compute/v2.1/os-volumes/7763e6bc-5400-4ee6-91ff-bae11414c7a9 => generated 343 bytes in 104 msecs (HTTP/1.1 200) 9 headers in 357 bytes (1 switches on core 0)
Apr 25 02:07:25 devstack devstack@n-api.service[59482]: INFO nova.api.openstack.requestlog [None req-a33fa3bd-f727-4d7f-b7b7-e07fbc17ebb6 tempest-ServerRescueNegativeTestJSON-570017206 tempest-ServerRescueNegativeTestJSON-570017206-project-member] 192.168.122.254 "GET /compute/v2.1/servers/252eda67-80b1-47e4-8540-d5d0343b9643" status: 200 len: 1231 microversion: 2.1 time: 0.224394
Apr 25 02:07:25 devstack devstack@n-api.service[59482]: [pid: 59482|app: 0|req: 115/228] 192.168.122.254 () {58 vars in 1249 bytes} [Sat Apr 25 02:07:25 2026] GET /compute/v2.1/servers/252eda67-80b1-47e4-8540-d5d0343b9643 => generated 1231 bytes in 226 msecs (HTTP/1.1 200) 9 headers in 358 bytes (1 switches on core 0)
Apr 25 02:07:25 devstack devstack@n-api.service[59483]: DEBUG nova.api.openstack.wsgi [None req-7503af5a-a16a-40fe-a1b2-9e98ecf81b97 tempest-ServerBootFromVolumeStableRescueTest-941098874 tempest-ServerBootFromVolumeStableRescueTest-941098874-project-member] Calling method '>' {{(pid=59483) _process_stack /opt/stack/nova/nova/api/openstack/wsgi.py:551}}
Apr 25 02:07:25 devstack devstack@n-api.service[59483]: DEBUG nova.compute.api [None req-7503af5a-a16a-40fe-a1b2-9e98ecf81b97 tempest-ServerBootFromVolumeStableRescueTest-941098874 tempest-ServerBootFromVolumeStableRescueTest-941098874-project-member] [instance: 099a7289-9c30-4cf8-9810-735e30f74e4c] Fetching instance by UUID {{(pid=59483) get /opt/stack/nova/nova/compute/api.py:3056}}
Apr 25 02:07:25 devstack devstack@n-api.service[59483]: DEBUG oslo_concurrency.lockutils [None req-7503af5a-a16a-40fe-a1b2-9e98ecf81b97 tempest-ServerBootFromVolumeStableRescueTest-941098874 tempest-ServerBootFromVolumeStableRescueTest-941098874-project-member] Acquiring lock "29f9259b-1949-48c4-bd51-6465ff5bf12c" by "nova.context.set_target_cell..get_or_set_cached_cell_and_set_connections" {{(pid=59483) inner /opt/stack/data/venv/lib/python3.10/site-packages/oslo_concurrency/lockutils.py:506}}
Apr 25 02:07:25 devstack devstack@n-api.service[59483]: DEBUG oslo_concurrency.lockutils [None req-7503af5a-a16a-40fe-a1b2-9e98ecf81b97 tempest-ServerBootFromVolumeStableRescueTest-941098874 tempest-ServerBootFromVolumeStableRescueTest-941098874-project-member] Lock "29f9259b-1949-48c4-bd51-6465ff5bf12c" acquired by "nova.context.set_target_cell..get_or_set_cached_cell_and_set_connections" :: waited 0.002s {{(pid=59483) inner /opt/stack/data/venv/lib/python3.10/site-packages/oslo_concurrency/lockutils.py:519}}
Apr 25 02:07:25 devstack devstack@n-api.service[59483]: DEBUG oslo_concurrency.lockutils [None req-7503af5a-a16a-40fe-a1b2-9e98ecf81b97 tempest-ServerBootFromVolumeStableRescueTest-941098874 tempest-ServerBootFromVolumeStableRescueTest-941098874-project-member] Lock "29f9259b-1949-48c4-bd51-6465ff5bf12c" "released" by "nova.context.set_target_cell..get_or_set_cached_cell_and_set_connections" :: held 0.000s {{(pid=59483) inner /opt/stack/data/venv/lib/python3.10/site-packages/oslo_concurrency/lockutils.py:538}}
Apr 25 02:07:25 devstack devstack@n-api.service[59483]: DEBUG oslo_concurrency.lockutils [None req-7503af5a-a16a-40fe-a1b2-9e98ecf81b97 tempest-ServerBootFromVolumeStableRescueTest-941098874 tempest-ServerBootFromVolumeStableRescueTest-941098874-project-member] Acquiring lock "29f9259b-1949-48c4-bd51-6465ff5bf12c" by "nova.context.set_target_cell..get_or_set_cached_cell_and_set_connections" {{(pid=59483) inner /opt/stack/data/venv/lib/python3.10/site-packages/oslo_concurrency/lockutils.py:506}}
Apr 25 02:07:25 devstack devstack@n-api.service[59483]: DEBUG oslo_concurrency.lockutils [None req-7503af5a-a16a-40fe-a1b2-9e98ecf81b97 tempest-ServerBootFromVolumeStableRescueTest-941098874 tempest-ServerBootFromVolumeStableRescueTest-941098874-project-member] Lock "29f9259b-1949-48c4-bd51-6465ff5bf12c" acquired by "nova.context.set_target_cell..get_or_set_cached_cell_and_set_connections" :: waited 0.000s {{(pid=59483) inner /opt/stack/data/venv/lib/python3.10/site-packages/oslo_concurrency/lockutils.py:519}}
Apr 25 02:07:25 devstack devstack@n-api.service[59483]: DEBUG oslo_concurrency.lockutils [None req-7503af5a-a16a-40fe-a1b2-9e98ecf81b97 tempest-ServerBootFromVolumeStableRescueTest-941098874 tempest-ServerBootFromVolumeStableRescueTest-941098874-project-member] Lock "29f9259b-1949-48c4-bd51-6465ff5bf12c" "released" by "nova.context.set_target_cell..get_or_set_cached_cell_and_set_connections" :: held 0.000s {{(pid=59483) inner /opt/stack/data/venv/lib/python3.10/site-packages/oslo_concurrency/lockutils.py:538}}
Apr 25 02:07:25 devstack devstack@n-api.service[59483]: WARNING neutronclient.v2_0.client [None req-7503af5a-a16a-40fe-a1b2-9e98ecf81b97 tempest-ServerBootFromVolumeStableRescueTest-941098874 tempest-ServerBootFromVolumeStableRescueTest-941098874-project-member] The python binding code in neutronclient is deprecated in favor of OpenstackSDK, please use that as this will be removed in a future release.
Apr 25 02:07:25 devstack devstack@n-api.service[59483]: DEBUG nova.policy [None req-7503af5a-a16a-40fe-a1b2-9e98ecf81b97 tempest-ServerBootFromVolumeStableRescueTest-941098874 tempest-ServerBootFromVolumeStableRescueTest-941098874-project-member] Policy check for os_compute_api:os-extended-server-attributes failed with credentials {'is_admin': False, 'user_id': '671c4999f79f4f90abc57962a434db4c', 'user_domain_id': 'default', 'system_scope': None, 'domain_id': None, 'project_id': '29d777411bcb46479cc191512d9073f7', 'project_domain_id': 'default', 'roles': ['member', 'reader'], 'is_admin_project': True, 'service_user_id': None, 'service_user_domain_id': None, 'service_project_id': None, 'service_project_domain_id': None, 'service_roles': []} {{(pid=59483) authorize /opt/stack/nova/nova/policy.py:192}}
Apr 25 02:07:25 devstack devstack@n-api.service[59483]: DEBUG nova.policy [None req-7503af5a-a16a-40fe-a1b2-9e98ecf81b97 tempest-ServerBootFromVolumeStableRescueTest-941098874 tempest-ServerBootFromVolumeStableRescueTest-941098874-project-member] Policy check for os_compute_api:servers:show:host_status failed with credentials {'is_admin': False, 'user_id': '671c4999f79f4f90abc57962a434db4c', 'user_domain_id': 'default', 'system_scope': None, 'domain_id': None, 'project_id': '29d777411bcb46479cc191512d9073f7', 'project_domain_id': 'default', 'roles': ['member', 'reader'], 'is_admin_project': True, 'service_user_id': None, 'service_user_domain_id': None, 'service_project_id': None, 'service_project_domain_id': None, 'service_roles': []} {{(pid=59483) authorize /opt/stack/nova/nova/policy.py:192}}
Apr 25 02:07:25 devstack devstack@n-api.service[59483]: DEBUG nova.policy [None req-7503af5a-a16a-40fe-a1b2-9e98ecf81b97 tempest-ServerBootFromVolumeStableRescueTest-941098874 tempest-ServerBootFromVolumeStableRescueTest-941098874-project-member] Policy check for os_compute_api:servers:show:host_status:unknown-only failed with credentials {'is_admin': False, 'user_id': '671c4999f79f4f90abc57962a434db4c', 'user_domain_id': 'default', 'system_scope': None, 'domain_id': None, 'project_id': '29d777411bcb46479cc191512d9073f7', 'project_domain_id': 'default', 'roles': ['member', 'reader'], 'is_admin_project': True, 'service_user_id': None, 'service_user_domain_id': None, 'service_project_id': None, 'service_project_domain_id': None, 'service_roles': []} {{(pid=59483) authorize /opt/stack/nova/nova/policy.py:192}}
Apr 25 02:07:25 devstack devstack@n-api.service[59483]: INFO nova.api.openstack.requestlog [None req-7503af5a-a16a-40fe-a1b2-9e98ecf81b97 tempest-ServerBootFromVolumeStableRescueTest-941098874 tempest-ServerBootFromVolumeStableRescueTest-941098874-project-member] 192.168.122.254 "GET /compute/v2.1/servers/099a7289-9c30-4cf8-9810-735e30f74e4c" status: 200 len: 1470 microversion: 2.87 time: 0.110935
Apr 25 02:07:25 devstack devstack@n-api.service[59483]: [pid: 59483|app: 0|req: 114/229] 192.168.122.254 () {60 vars in 1290 bytes} [Sat Apr 25 02:07:25 2026] GET /compute/v2.1/servers/099a7289-9c30-4cf8-9810-735e30f74e4c => generated 1470 bytes in 116 msecs (HTTP/1.1 200) 9 headers in 360 bytes (1 switches on core 0)
Apr 25 02:07:26 devstack devstack@n-api.service[59482]: DEBUG nova.api.openstack.wsgi [None req-b086568d-a846-4202-a9a5-822380a488c6 tempest-VolumesSnapshotsTestJSON-32561031 tempest-VolumesSnapshotsTestJSON-32561031-project-member] Calling method '>' {{(pid=59482) _process_stack /opt/stack/nova/nova/api/openstack/wsgi.py:551}}
Apr 25 02:07:26 devstack devstack@n-api.service[59483]: DEBUG nova.api.openstack.wsgi [None req-94285c37-e8d0-4561-81b4-43b46995543d tempest-ServerRescueNegativeTestJSON-570017206 tempest-ServerRescueNegativeTestJSON-570017206-project-member] Calling method '>' {{(pid=59483) _process_stack /opt/stack/nova/nova/api/openstack/wsgi.py:551}}
Apr 25 02:07:26 devstack devstack@n-api.service[59483]: DEBUG nova.compute.api [None req-94285c37-e8d0-4561-81b4-43b46995543d tempest-ServerRescueNegativeTestJSON-570017206 tempest-ServerRescueNegativeTestJSON-570017206-project-member] [instance: 252eda67-80b1-47e4-8540-d5d0343b9643] Fetching instance by UUID {{(pid=59483) get /opt/stack/nova/nova/compute/api.py:3056}}
Apr 25 02:07:26 devstack devstack@n-api.service[59483]: DEBUG oslo_concurrency.lockutils [None req-94285c37-e8d0-4561-81b4-43b46995543d tempest-ServerRescueNegativeTestJSON-570017206 tempest-ServerRescueNegativeTestJSON-570017206-project-member] Acquiring lock "29f9259b-1949-48c4-bd51-6465ff5bf12c" by "nova.context.set_target_cell..get_or_set_cached_cell_and_set_connections" {{(pid=59483) inner /opt/stack/data/venv/lib/python3.10/site-packages/oslo_concurrency/lockutils.py:506}}
Apr 25 02:07:26 devstack devstack@n-api.service[59483]: DEBUG oslo_concurrency.lockutils [None req-94285c37-e8d0-4561-81b4-43b46995543d tempest-ServerRescueNegativeTestJSON-570017206 tempest-ServerRescueNegativeTestJSON-570017206-project-member] Lock "29f9259b-1949-48c4-bd51-6465ff5bf12c" acquired by "nova.context.set_target_cell..get_or_set_cached_cell_and_set_connections" :: waited 0.000s {{(pid=59483) inner /opt/stack/data/venv/lib/python3.10/site-packages/oslo_concurrency/lockutils.py:519}}
Apr 25 02:07:26 devstack devstack@n-api.service[59483]: DEBUG oslo_concurrency.lockutils [None req-94285c37-e8d0-4561-81b4-43b46995543d tempest-ServerRescueNegativeTestJSON-570017206 tempest-ServerRescueNegativeTestJSON-570017206-project-member] Lock "29f9259b-1949-48c4-bd51-6465ff5bf12c" "released" by "nova.context.set_target_cell..get_or_set_cached_cell_and_set_connections" :: held 0.001s {{(pid=59483) inner /opt/stack/data/venv/lib/python3.10/site-packages/oslo_concurrency/lockutils.py:538}}
Apr 25 02:07:26 devstack devstack@n-api.service[59483]: DEBUG oslo_concurrency.lockutils [None req-94285c37-e8d0-4561-81b4-43b46995543d tempest-ServerRescueNegativeTestJSON-570017206 tempest-ServerRescueNegativeTestJSON-570017206-project-member] Acquiring lock "29f9259b-1949-48c4-bd51-6465ff5bf12c" by "nova.context.set_target_cell..get_or_set_cached_cell_and_set_connections" {{(pid=59483) inner /opt/stack/data/venv/lib/python3.10/site-packages/oslo_concurrency/lockutils.py:506}}
Apr 25 02:07:26 devstack devstack@n-api.service[59483]: DEBUG oslo_concurrency.lockutils [None req-94285c37-e8d0-4561-81b4-43b46995543d tempest-ServerRescueNegativeTestJSON-570017206 tempest-ServerRescueNegativeTestJSON-570017206-project-member] Lock "29f9259b-1949-48c4-bd51-6465ff5bf12c" acquired by "nova.context.set_target_cell..get_or_set_cached_cell_and_set_connections" :: waited 0.000s {{(pid=59483) inner /opt/stack/data/venv/lib/python3.10/site-packages/oslo_concurrency/lockutils.py:519}}
Apr 25 02:07:26 devstack devstack@n-api.service[59483]: DEBUG oslo_concurrency.lockutils [None req-94285c37-e8d0-4561-81b4-43b46995543d tempest-ServerRescueNegativeTestJSON-570017206 tempest-ServerRescueNegativeTestJSON-570017206-project-member] Lock "29f9259b-1949-48c4-bd51-6465ff5bf12c" "released" by "nova.context.set_target_cell..get_or_set_cached_cell_and_set_connections" :: held 0.000s {{(pid=59483) inner /opt/stack/data/venv/lib/python3.10/site-packages/oslo_concurrency/lockutils.py:538}}
Apr 25 02:07:26 devstack devstack@n-api.service[59483]: WARNING neutronclient.v2_0.client [None req-94285c37-e8d0-4561-81b4-43b46995543d tempest-ServerRescueNegativeTestJSON-570017206 tempest-ServerRescueNegativeTestJSON-570017206-project-member] The python binding code in neutronclient is deprecated in favor of OpenstackSDK, please use that as this will be removed in a future release.
Apr 25 02:07:26 devstack devstack@n-api.service[59482]: INFO nova.api.openstack.requestlog [None req-b086568d-a846-4202-a9a5-822380a488c6 tempest-VolumesSnapshotsTestJSON-32561031 tempest-VolumesSnapshotsTestJSON-32561031-project-member] 192.168.122.254 "GET /compute/v2.1/os-volumes/7763e6bc-5400-4ee6-91ff-bae11414c7a9" status: 200 len: 343 microversion: 2.1 time: 0.069566
Apr 25 02:07:26 devstack devstack@n-api.service[59482]: [pid: 59482|app: 0|req: 116/230] 192.168.122.254 () {58 vars in 1258 bytes} [Sat Apr 25 02:07:26 2026] GET /compute/v2.1/os-volumes/7763e6bc-5400-4ee6-91ff-bae11414c7a9 => generated 343 bytes in 81 msecs (HTTP/1.1 200) 9 headers in 357 bytes (1 switches on core 0)
Apr 25 02:07:26 devstack devstack@n-api.service[59483]: DEBUG nova.policy [None req-94285c37-e8d0-4561-81b4-43b46995543d tempest-ServerRescueNegativeTestJSON-570017206 tempest-ServerRescueNegativeTestJSON-570017206-project-member] Policy check for os_compute_api:os-extended-server-attributes failed with credentials {'is_admin': False, 'user_id': '9be9071365e24a9e86e4f175613dc071', 'user_domain_id': 'default', 'system_scope': None, 'domain_id': None, 'project_id': '90279a1369cb4745b2f87c24d4c728da', 'project_domain_id': 'default', 'roles': ['member', 'reader'], 'is_admin_project': True, 'service_user_id': None, 'service_user_domain_id': None, 'service_project_id': None, 'service_project_domain_id': None, 'service_roles': []} {{(pid=59483) authorize /opt/stack/nova/nova/policy.py:192}}
Apr 25 02:07:26 devstack devstack@n-api.service[59483]: INFO nova.api.openstack.requestlog [None req-94285c37-e8d0-4561-81b4-43b46995543d tempest-ServerRescueNegativeTestJSON-570017206 tempest-ServerRescueNegativeTestJSON-570017206-project-member] 192.168.122.254 "GET /compute/v2.1/servers/252eda67-80b1-47e4-8540-d5d0343b9643" status: 200 len: 1231 microversion: 2.1 time: 0.116802
Apr 25 02:07:26 devstack devstack@n-api.service[59482]: DEBUG nova.api.openstack.wsgi [None req-7c3a6620-07a5-4b64-92a0-6756c75a9baf tempest-ServerBootFromVolumeStableRescueTest-941098874 tempest-ServerBootFromVolumeStableRescueTest-941098874-project-member] Calling method '>' {{(pid=59482) _process_stack /opt/stack/nova/nova/api/openstack/wsgi.py:551}}
Apr 25 02:07:26 devstack devstack@n-api.service[59482]: DEBUG nova.compute.api [None req-7c3a6620-07a5-4b64-92a0-6756c75a9baf tempest-ServerBootFromVolumeStableRescueTest-941098874 tempest-ServerBootFromVolumeStableRescueTest-941098874-project-member] [instance: 099a7289-9c30-4cf8-9810-735e30f74e4c] Fetching instance by UUID {{(pid=59482) get /opt/stack/nova/nova/compute/api.py:3056}}
Apr 25 02:07:26 devstack devstack@n-api.service[59483]: [pid: 59483|app: 0|req: 115/231] 192.168.122.254 () {58 vars in 1249 bytes} [Sat Apr 25 02:07:26 2026] GET /compute/v2.1/servers/252eda67-80b1-47e4-8540-d5d0343b9643 => generated 1231 bytes in 133 msecs (HTTP/1.1 200) 9 headers in 358 bytes (1 switches on core 0)
Apr 25 02:07:26 devstack devstack@n-api.service[59482]: DEBUG oslo_concurrency.lockutils [None req-7c3a6620-07a5-4b64-92a0-6756c75a9baf tempest-ServerBootFromVolumeStableRescueTest-941098874 tempest-ServerBootFromVolumeStableRescueTest-941098874-project-member] Acquiring lock "29f9259b-1949-48c4-bd51-6465ff5bf12c" by "nova.context.set_target_cell..get_or_set_cached_cell_and_set_connections" {{(pid=59482) inner /opt/stack/data/venv/lib/python3.10/site-packages/oslo_concurrency/lockutils.py:506}}
Apr 25 02:07:26 devstack devstack@n-api.service[59482]: DEBUG oslo_concurrency.lockutils [None req-7c3a6620-07a5-4b64-92a0-6756c75a9baf tempest-ServerBootFromVolumeStableRescueTest-941098874 tempest-ServerBootFromVolumeStableRescueTest-941098874-project-member] Lock "29f9259b-1949-48c4-bd51-6465ff5bf12c" acquired by "nova.context.set_target_cell..get_or_set_cached_cell_and_set_connections" :: waited 0.001s {{(pid=59482) inner /opt/stack/data/venv/lib/python3.10/site-packages/oslo_concurrency/lockutils.py:519}}
Apr 25 02:07:26 devstack devstack@n-api.service[59482]: DEBUG oslo_concurrency.lockutils [None req-7c3a6620-07a5-4b64-92a0-6756c75a9baf tempest-ServerBootFromVolumeStableRescueTest-941098874 tempest-ServerBootFromVolumeStableRescueTest-941098874-project-member] Lock "29f9259b-1949-48c4-bd51-6465ff5bf12c" "released" by "nova.context.set_target_cell..get_or_set_cached_cell_and_set_connections" :: held 0.001s {{(pid=59482) inner /opt/stack/data/venv/lib/python3.10/site-packages/oslo_concurrency/lockutils.py:538}}
Apr 25 02:07:26 devstack devstack@n-api.service[59482]: DEBUG oslo_concurrency.lockutils [None req-7c3a6620-07a5-4b64-92a0-6756c75a9baf tempest-ServerBootFromVolumeStableRescueTest-941098874 tempest-ServerBootFromVolumeStableRescueTest-941098874-project-member] Acquiring lock "29f9259b-1949-48c4-bd51-6465ff5bf12c" by "nova.context.set_target_cell..get_or_set_cached_cell_and_set_connections" {{(pid=59482) inner /opt/stack/data/venv/lib/python3.10/site-packages/oslo_concurrency/lockutils.py:506}}
Apr 25 02:07:26 devstack devstack@n-api.service[59482]: DEBUG oslo_concurrency.lockutils [None req-7c3a6620-07a5-4b64-92a0-6756c75a9baf tempest-ServerBootFromVolumeStableRescueTest-941098874 tempest-ServerBootFromVolumeStableRescueTest-941098874-project-member] Lock "29f9259b-1949-48c4-bd51-6465ff5bf12c" acquired by "nova.context.set_target_cell..get_or_set_cached_cell_and_set_connections" :: waited 0.002s {{(pid=59482) inner /opt/stack/data/venv/lib/python3.10/site-packages/oslo_concurrency/lockutils.py:519}}
Apr 25 02:07:26 devstack devstack@n-api.service[59482]: DEBUG oslo_concurrency.lockutils [None req-7c3a6620-07a5-4b64-92a0-6756c75a9baf tempest-ServerBootFromVolumeStableRescueTest-941098874 tempest-ServerBootFromVolumeStableRescueTest-941098874-project-member] Lock "29f9259b-1949-48c4-bd51-6465ff5bf12c" "released" by "nova.context.set_target_cell..get_or_set_cached_cell_and_set_connections" :: held 0.001s {{(pid=59482) inner /opt/stack/data/venv/lib/python3.10/site-packages/oslo_concurrency/lockutils.py:538}}
Apr 25 02:07:26 devstack devstack@n-api.service[59482]: WARNING neutronclient.v2_0.client [None req-7c3a6620-07a5-4b64-92a0-6756c75a9baf tempest-ServerBootFromVolumeStableRescueTest-941098874 tempest-ServerBootFromVolumeStableRescueTest-941098874-project-member] The python binding code in neutronclient is deprecated in favor of OpenstackSDK, please use that as this will be removed in a future release.
Apr 25 02:07:26 devstack devstack@n-api.service[59482]: DEBUG nova.policy [None req-7c3a6620-07a5-4b64-92a0-6756c75a9baf tempest-ServerBootFromVolumeStableRescueTest-941098874 tempest-ServerBootFromVolumeStableRescueTest-941098874-project-member] Policy check for os_compute_api:os-extended-server-attributes failed with credentials {'is_admin': False, 'user_id': '671c4999f79f4f90abc57962a434db4c', 'user_domain_id': 'default', 'system_scope': None, 'domain_id': None, 'project_id': '29d777411bcb46479cc191512d9073f7', 'project_domain_id': 'default', 'roles': ['member', 'reader'], 'is_admin_project': True, 'service_user_id': None, 'service_user_domain_id': None, 'service_project_id': None, 'service_project_domain_id': None, 'service_roles': []} {{(pid=59482) authorize /opt/stack/nova/nova/policy.py:192}}
Apr 25 02:07:26 devstack devstack@n-api.service[59482]: DEBUG nova.policy [None req-7c3a6620-07a5-4b64-92a0-6756c75a9baf tempest-ServerBootFromVolumeStableRescueTest-941098874 tempest-ServerBootFromVolumeStableRescueTest-941098874-project-member] Policy check for os_compute_api:servers:show:host_status failed with credentials {'is_admin': False, 'user_id': '671c4999f79f4f90abc57962a434db4c', 'user_domain_id': 'default', 'system_scope': None, 'domain_id': None, 'project_id': '29d777411bcb46479cc191512d9073f7', 'project_domain_id': 'default', 'roles': ['member', 'reader'], 'is_admin_project': True, 'service_user_id': None, 'service_user_domain_id': None, 'service_project_id': None, 'service_project_domain_id': None, 'service_roles': []} {{(pid=59482) authorize /opt/stack/nova/nova/policy.py:192}}
Apr 25 02:07:26 devstack devstack@n-api.service[59482]: DEBUG nova.policy [None req-7c3a6620-07a5-4b64-92a0-6756c75a9baf tempest-ServerBootFromVolumeStableRescueTest-941098874 tempest-ServerBootFromVolumeStableRescueTest-941098874-project-member] Policy check for os_compute_api:servers:show:host_status:unknown-only failed with credentials {'is_admin': False, 'user_id': '671c4999f79f4f90abc57962a434db4c', 'user_domain_id': 'default', 'system_scope': None, 'domain_id': None, 'project_id': '29d777411bcb46479cc191512d9073f7', 'project_domain_id': 'default', 'roles': ['member', 'reader'], 'is_admin_project': True, 'service_user_id': None, 'service_user_domain_id': None, 'service_project_id': None, 'service_project_domain_id': None, 'service_roles': []} {{(pid=59482) authorize /opt/stack/nova/nova/policy.py:192}}
Apr 25 02:07:27 devstack devstack@n-api.service[59482]: INFO nova.api.openstack.requestlog [None req-7c3a6620-07a5-4b64-92a0-6756c75a9baf tempest-ServerBootFromVolumeStableRescueTest-941098874 tempest-ServerBootFromVolumeStableRescueTest-941098874-project-member] 192.168.122.254 "GET /compute/v2.1/servers/099a7289-9c30-4cf8-9810-735e30f74e4c" status: 200 len: 1522 microversion: 2.87 time: 0.294719
Apr 25 02:07:27 devstack devstack@n-api.service[59482]: [pid: 59482|app: 0|req: 117/232] 192.168.122.254 () {60 vars in 1290 bytes} [Sat Apr 25 02:07:26 2026] GET /compute/v2.1/servers/099a7289-9c30-4cf8-9810-735e30f74e4c => generated 1522 bytes in 297 msecs (HTTP/1.1 200) 9 headers in 360 bytes (1 switches on core 0)
Apr 25 02:07:27 devstack devstack@n-api.service[59483]: DEBUG nova.api.openstack.wsgi [req-8a9eff78-03db-485e-a9ce-55514fc0ba75 req-7cf54dca-a05d-4f72-a90a-ec08f662caac service nova] Action: 'create', calling method: >, body: {"events": [{"name": "network-changed", "server_uuid": "099a7289-9c30-4cf8-9810-735e30f74e4c", "tag": "af7da1fc-7e13-4c4a-9caa-b6ef047425da"}]} {{(pid=59483) _process_stack /opt/stack/nova/nova/api/openstack/wsgi.py:549}}
Apr 25 02:07:27 devstack devstack@n-api.service[59483]: DEBUG oslo_concurrency.lockutils [req-8a9eff78-03db-485e-a9ce-55514fc0ba75 req-7cf54dca-a05d-4f72-a90a-ec08f662caac service nova] Acquiring lock "29f9259b-1949-48c4-bd51-6465ff5bf12c" by "nova.context.set_target_cell..get_or_set_cached_cell_and_set_connections" {{(pid=59483) inner /opt/stack/data/venv/lib/python3.10/site-packages/oslo_concurrency/lockutils.py:506}}
Apr 25 02:07:27 devstack devstack@n-api.service[59483]: DEBUG oslo_concurrency.lockutils [req-8a9eff78-03db-485e-a9ce-55514fc0ba75 req-7cf54dca-a05d-4f72-a90a-ec08f662caac service nova] Lock "29f9259b-1949-48c4-bd51-6465ff5bf12c" acquired by "nova.context.set_target_cell..get_or_set_cached_cell_and_set_connections" :: waited 0.001s {{(pid=59483) inner /opt/stack/data/venv/lib/python3.10/site-packages/oslo_concurrency/lockutils.py:519}}
Apr 25 02:07:27 devstack devstack@n-api.service[59483]: DEBUG oslo_concurrency.lockutils [req-8a9eff78-03db-485e-a9ce-55514fc0ba75 req-7cf54dca-a05d-4f72-a90a-ec08f662caac service nova] Lock "29f9259b-1949-48c4-bd51-6465ff5bf12c" "released" by "nova.context.set_target_cell..get_or_set_cached_cell_and_set_connections" :: held 0.000s {{(pid=59483) inner /opt/stack/data/venv/lib/python3.10/site-packages/oslo_concurrency/lockutils.py:538}}
Apr 25 02:07:27 devstack devstack@n-api.service[59483]: INFO nova.api.openstack.compute.server_external_events [req-8a9eff78-03db-485e-a9ce-55514fc0ba75 req-7cf54dca-a05d-4f72-a90a-ec08f662caac service nova] Creating event network-changed:af7da1fc-7e13-4c4a-9caa-b6ef047425da for instance 099a7289-9c30-4cf8-9810-735e30f74e4c on devstack
Apr 25 02:07:27 devstack devstack@n-api.service[59483]: DEBUG nova.compute.rpcapi [req-8a9eff78-03db-485e-a9ce-55514fc0ba75 req-7cf54dca-a05d-4f72-a90a-ec08f662caac service nova] RPC: Sending the message to topic: compute-alt {{(pid=59483) prepare_for_alt_rpcserver /opt/stack/nova/nova/compute/rpcapi.py:595}}
Apr 25 02:07:27 devstack devstack@n-api.service[59482]: DEBUG nova.api.openstack.wsgi [None req-20f04eff-c441-45ca-a432-6ad1bf85f412 tempest-VolumesSnapshotsTestJSON-32561031 tempest-VolumesSnapshotsTestJSON-32561031-project-member] Calling method '>' {{(pid=59482) _process_stack /opt/stack/nova/nova/api/openstack/wsgi.py:551}}
Apr 25 02:07:27 devstack devstack@n-api.service[59483]: INFO nova.api.openstack.requestlog [req-8a9eff78-03db-485e-a9ce-55514fc0ba75 req-7cf54dca-a05d-4f72-a90a-ec08f662caac service nova] 192.168.122.254 "POST /compute/v2.1/os-server-external-events" status: 200 len: 179 microversion: 2.1 time: 0.047155
Apr 25 02:07:27 devstack devstack@n-api.service[59483]: [pid: 59483|app: 0|req: 116/233] 192.168.122.254 () {64 vars in 1332 bytes} [Sat Apr 25 02:07:27 2026] POST /compute/v2.1/os-server-external-events => generated 179 bytes in 49 msecs (HTTP/1.1 200) 9 headers in 357 bytes (1 switches on core 0)
Apr 25 02:07:27 devstack devstack@n-api.service[59482]: INFO nova.api.openstack.wsgi [None req-20f04eff-c441-45ca-a432-6ad1bf85f412 tempest-VolumesSnapshotsTestJSON-32561031 tempest-VolumesSnapshotsTestJSON-32561031-project-member] HTTP exception thrown: Volume 7763e6bc-5400-4ee6-91ff-bae11414c7a9 could not be found.
Apr 25 02:07:27 devstack devstack@n-api.service[59482]: DEBUG nova.api.openstack.wsgi [None req-20f04eff-c441-45ca-a432-6ad1bf85f412 tempest-VolumesSnapshotsTestJSON-32561031 tempest-VolumesSnapshotsTestJSON-32561031-project-member] Returning 404 to user: Volume 7763e6bc-5400-4ee6-91ff-bae11414c7a9 could not be found. {{(pid=59482) __call__ /opt/stack/nova/nova/api/openstack/wsgi.py:908}}
Apr 25 02:07:27 devstack devstack@n-api.service[59482]: INFO nova.api.openstack.requestlog [None req-20f04eff-c441-45ca-a432-6ad1bf85f412 tempest-VolumesSnapshotsTestJSON-32561031 tempest-VolumesSnapshotsTestJSON-32561031-project-member] 192.168.122.254 "GET /compute/v2.1/os-volumes/7763e6bc-5400-4ee6-91ff-bae11414c7a9" status: 404 len: 109 microversion: 2.1 time: 0.060723
Apr 25 02:07:27 devstack devstack@n-api.service[59482]: [pid: 59482|app: 0|req: 118/234] 192.168.122.254 () {58 vars in 1258 bytes} [Sat Apr 25 02:07:27 2026] GET /compute/v2.1/os-volumes/7763e6bc-5400-4ee6-91ff-bae11414c7a9 => generated 109 bytes in 62 msecs (HTTP/1.1 404) 9 headers in 379 bytes (1 switches on core 0)
Apr 25 02:07:27 devstack devstack@n-api.service[59483]: DEBUG nova.api.openstack.wsgi [None req-6e3ff391-4d18-4cf2-ac62-d02486b7b392 tempest-ServerRescueNegativeTestJSON-570017206 tempest-ServerRescueNegativeTestJSON-570017206-project-member] Calling method '>' {{(pid=59483) _process_stack /opt/stack/nova/nova/api/openstack/wsgi.py:551}}
Apr 25 02:07:27 devstack devstack@n-api.service[59483]: DEBUG nova.compute.api [None req-6e3ff391-4d18-4cf2-ac62-d02486b7b392 tempest-ServerRescueNegativeTestJSON-570017206 tempest-ServerRescueNegativeTestJSON-570017206-project-member] [instance: 252eda67-80b1-47e4-8540-d5d0343b9643] Fetching instance by UUID {{(pid=59483) get /opt/stack/nova/nova/compute/api.py:3056}}
Apr 25 02:07:27 devstack devstack@n-api.service[59482]: DEBUG nova.api.openstack.wsgi [None req-ee1e757f-37dc-4281-b22b-8f8c7966868b tempest-VolumesSnapshotsTestJSON-32561031 tempest-VolumesSnapshotsTestJSON-32561031-project-member] Calling method '>' {{(pid=59482) _process_stack /opt/stack/nova/nova/api/openstack/wsgi.py:551}}
Apr 25 02:07:27 devstack devstack@n-api.service[59483]: DEBUG oslo_concurrency.lockutils [None req-6e3ff391-4d18-4cf2-ac62-d02486b7b392 tempest-ServerRescueNegativeTestJSON-570017206 tempest-ServerRescueNegativeTestJSON-570017206-project-member] Acquiring lock "29f9259b-1949-48c4-bd51-6465ff5bf12c" by "nova.context.set_target_cell..get_or_set_cached_cell_and_set_connections" {{(pid=59483) inner /opt/stack/data/venv/lib/python3.10/site-packages/oslo_concurrency/lockutils.py:506}}
Apr 25 02:07:27 devstack devstack@n-api.service[59483]: DEBUG oslo_concurrency.lockutils [None req-6e3ff391-4d18-4cf2-ac62-d02486b7b392 tempest-ServerRescueNegativeTestJSON-570017206 tempest-ServerRescueNegativeTestJSON-570017206-project-member] Lock "29f9259b-1949-48c4-bd51-6465ff5bf12c" acquired by "nova.context.set_target_cell..get_or_set_cached_cell_and_set_connections" :: waited 0.000s {{(pid=59483) inner /opt/stack/data/venv/lib/python3.10/site-packages/oslo_concurrency/lockutils.py:519}}
Apr 25 02:07:27 devstack devstack@n-api.service[59483]: DEBUG oslo_concurrency.lockutils [None req-6e3ff391-4d18-4cf2-ac62-d02486b7b392 tempest-ServerRescueNegativeTestJSON-570017206 tempest-ServerRescueNegativeTestJSON-570017206-project-member] Lock "29f9259b-1949-48c4-bd51-6465ff5bf12c" "released" by "nova.context.set_target_cell..get_or_set_cached_cell_and_set_connections" :: held 0.002s {{(pid=59483) inner /opt/stack/data/venv/lib/python3.10/site-packages/oslo_concurrency/lockutils.py:538}}
Apr 25 02:07:27 devstack devstack@n-api.service[59483]: DEBUG oslo_concurrency.lockutils [None req-6e3ff391-4d18-4cf2-ac62-d02486b7b392 tempest-ServerRescueNegativeTestJSON-570017206 tempest-ServerRescueNegativeTestJSON-570017206-project-member] Acquiring lock "29f9259b-1949-48c4-bd51-6465ff5bf12c" by "nova.context.set_target_cell..get_or_set_cached_cell_and_set_connections" {{(pid=59483) inner /opt/stack/data/venv/lib/python3.10/site-packages/oslo_concurrency/lockutils.py:506}}
Apr 25 02:07:27 devstack devstack@n-api.service[59483]: DEBUG oslo_concurrency.lockutils [None req-6e3ff391-4d18-4cf2-ac62-d02486b7b392 tempest-ServerRescueNegativeTestJSON-570017206 tempest-ServerRescueNegativeTestJSON-570017206-project-member] Lock "29f9259b-1949-48c4-bd51-6465ff5bf12c" acquired by "nova.context.set_target_cell..get_or_set_cached_cell_and_set_connections" :: waited 0.000s {{(pid=59483) inner /opt/stack/data/venv/lib/python3.10/site-packages/oslo_concurrency/lockutils.py:519}}
Apr 25 02:07:27 devstack devstack@n-api.service[59483]: DEBUG oslo_concurrency.lockutils [None req-6e3ff391-4d18-4cf2-ac62-d02486b7b392 tempest-ServerRescueNegativeTestJSON-570017206 tempest-ServerRescueNegativeTestJSON-570017206-project-member] Lock "29f9259b-1949-48c4-bd51-6465ff5bf12c" "released" by "nova.context.set_target_cell..get_or_set_cached_cell_and_set_connections" :: held 0.000s {{(pid=59483) inner /opt/stack/data/venv/lib/python3.10/site-packages/oslo_concurrency/lockutils.py:538}}
Apr 25 02:07:27 devstack devstack@n-api.service[59482]: INFO nova.api.openstack.wsgi [None req-ee1e757f-37dc-4281-b22b-8f8c7966868b tempest-VolumesSnapshotsTestJSON-32561031 tempest-VolumesSnapshotsTestJSON-32561031-project-member] HTTP exception thrown: Volume 7763e6bc-5400-4ee6-91ff-bae11414c7a9 could not be found.
Apr 25 02:07:27 devstack devstack@n-api.service[59482]: DEBUG nova.api.openstack.wsgi [None req-ee1e757f-37dc-4281-b22b-8f8c7966868b tempest-VolumesSnapshotsTestJSON-32561031 tempest-VolumesSnapshotsTestJSON-32561031-project-member] Returning 404 to user: Volume 7763e6bc-5400-4ee6-91ff-bae11414c7a9 could not be found. {{(pid=59482) __call__ /opt/stack/nova/nova/api/openstack/wsgi.py:908}}
Apr 25 02:07:27 devstack devstack@n-api.service[59482]: INFO nova.api.openstack.requestlog [None req-ee1e757f-37dc-4281-b22b-8f8c7966868b tempest-VolumesSnapshotsTestJSON-32561031 tempest-VolumesSnapshotsTestJSON-32561031-project-member] 192.168.122.254 "DELETE /compute/v2.1/os-volumes/7763e6bc-5400-4ee6-91ff-bae11414c7a9" status: 404 len: 109 microversion: 2.1 time: 0.068079
Apr 25 02:07:27 devstack devstack@n-api.service[59482]: [pid: 59482|app: 0|req: 119/235] 192.168.122.254 () {58 vars in 1261 bytes} [Sat Apr 25 02:07:27 2026] DELETE /compute/v2.1/os-volumes/7763e6bc-5400-4ee6-91ff-bae11414c7a9 => generated 109 bytes in 74 msecs (HTTP/1.1 404) 9 headers in 379 bytes (1 switches on core 0)
Apr 25 02:07:27 devstack devstack@n-api.service[59482]: DEBUG nova.api.openstack.wsgi [None req-5d25c28f-95d9-4f3d-b059-abdfe45d217d tempest-VolumesSnapshotsTestJSON-32561031 tempest-VolumesSnapshotsTestJSON-32561031-project-member] Calling method '>' {{(pid=59482) _process_stack /opt/stack/nova/nova/api/openstack/wsgi.py:551}}
Apr 25 02:07:27 devstack devstack@n-api.service[59483]: WARNING neutronclient.v2_0.client [None req-6e3ff391-4d18-4cf2-ac62-d02486b7b392 tempest-ServerRescueNegativeTestJSON-570017206 tempest-ServerRescueNegativeTestJSON-570017206-project-member] The python binding code in neutronclient is deprecated in favor of OpenstackSDK, please use that as this will be removed in a future release.
Apr 25 02:07:27 devstack devstack@n-api.service[59482]: INFO nova.api.openstack.wsgi [None req-5d25c28f-95d9-4f3d-b059-abdfe45d217d tempest-VolumesSnapshotsTestJSON-32561031 tempest-VolumesSnapshotsTestJSON-32561031-project-member] HTTP exception thrown: Volume 7763e6bc-5400-4ee6-91ff-bae11414c7a9 could not be found.
Apr 25 02:07:27 devstack devstack@n-api.service[59482]: DEBUG nova.api.openstack.wsgi [None req-5d25c28f-95d9-4f3d-b059-abdfe45d217d tempest-VolumesSnapshotsTestJSON-32561031 tempest-VolumesSnapshotsTestJSON-32561031-project-member] Returning 404 to user: Volume 7763e6bc-5400-4ee6-91ff-bae11414c7a9 could not be found. {{(pid=59482) __call__ /opt/stack/nova/nova/api/openstack/wsgi.py:908}}
Apr 25 02:07:27 devstack devstack@n-api.service[59482]: INFO nova.api.openstack.requestlog [None req-5d25c28f-95d9-4f3d-b059-abdfe45d217d tempest-VolumesSnapshotsTestJSON-32561031 tempest-VolumesSnapshotsTestJSON-32561031-project-member] 192.168.122.254 "GET /compute/v2.1/os-volumes/7763e6bc-5400-4ee6-91ff-bae11414c7a9" status: 404 len: 109 microversion: 2.1 time: 0.042418
Apr 25 02:07:27 devstack devstack@n-api.service[59482]: [pid: 59482|app: 0|req: 120/236] 192.168.122.254 () {58 vars in 1258 bytes} [Sat Apr 25 02:07:27 2026] GET /compute/v2.1/os-volumes/7763e6bc-5400-4ee6-91ff-bae11414c7a9 => generated 109 bytes in 47 msecs (HTTP/1.1 404) 9 headers in 379 bytes (1 switches on core 0)
Apr 25 02:07:27 devstack devstack@n-api.service[59483]: DEBUG nova.policy [None req-6e3ff391-4d18-4cf2-ac62-d02486b7b392 tempest-ServerRescueNegativeTestJSON-570017206 tempest-ServerRescueNegativeTestJSON-570017206-project-member] Policy check for os_compute_api:os-extended-server-attributes failed with credentials {'is_admin': False, 'user_id': '9be9071365e24a9e86e4f175613dc071', 'user_domain_id': 'default', 'system_scope': None, 'domain_id': None, 'project_id': '90279a1369cb4745b2f87c24d4c728da', 'project_domain_id': 'default', 'roles': ['member', 'reader'], 'is_admin_project': True, 'service_user_id': None, 'service_user_domain_id': None, 'service_project_id': None, 'service_project_domain_id': None, 'service_roles': []} {{(pid=59483) authorize /opt/stack/nova/nova/policy.py:192}}
Apr 25 02:07:27 devstack devstack@n-api.service[59483]: INFO nova.api.openstack.requestlog [None req-6e3ff391-4d18-4cf2-ac62-d02486b7b392 tempest-ServerRescueNegativeTestJSON-570017206 tempest-ServerRescueNegativeTestJSON-570017206-project-member] 192.168.122.254 "GET /compute/v2.1/servers/252eda67-80b1-47e4-8540-d5d0343b9643" status: 200 len: 1287 microversion: 2.1 time: 0.167095
Apr 25 02:07:27 devstack devstack@n-api.service[59483]: [pid: 59483|app: 0|req: 117/237] 192.168.122.254 () {58 vars in 1249 bytes} [Sat Apr 25 02:07:27 2026] GET /compute/v2.1/servers/252eda67-80b1-47e4-8540-d5d0343b9643 => generated 1287 bytes in 168 msecs (HTTP/1.1 200) 9 headers in 358 bytes (1 switches on core 0)
Apr 25 02:07:28 devstack devstack@n-api.service[59482]: DEBUG nova.api.openstack.wsgi [None req-06bb2c54-f32d-4e72-bf99-29205257d6e0 tempest-ServerBootFromVolumeStableRescueTest-941098874 tempest-ServerBootFromVolumeStableRescueTest-941098874-project-member] Calling method '>' {{(pid=59482) _process_stack /opt/stack/nova/nova/api/openstack/wsgi.py:551}}
