Jun 29 03:03:25 devstack sudo[97979]: quobyte : PWD=/ ; USER=root ; COMMAND=/opt/stack/data/venv/bin/cinder-rootwrap /etc/cinder/rootwrap.conf chmod ugo+rw /opt/stack/data/cinder/mnt/523973c4254249fd6570952df3cbe788/volume-598fba88-ca57-4da2-8316-a4ebb4f3e284.1fa2e242-9803-4292-ab8c-1091431301f5
Jun 29 03:03:25 devstack sudo[97979]: pam_unix(sudo:session): session opened for user root(uid=0) by (uid=1000)
Jun 29 03:03:26 devstack sudo[97979]: pam_unix(sudo:session): session closed for user root
Jun 29 03:03:26 devstack cinder-volume[93518]: DEBUG oslo_concurrency.processutils [None req-53d758dc-ec04-41b1-b16e-796ac3b70da4 tempest-GroupSnapshotsTest-1168059695 None] CMD "sudo cinder-rootwrap /etc/cinder/rootwrap.conf chmod ugo+rw /opt/stack/data/cinder/mnt/523973c4254249fd6570952df3cbe788/volume-598fba88-ca57-4da2-8316-a4ebb4f3e284.1fa2e242-9803-4292-ab8c-1091431301f5" returned: 0 in 0.677s {{(pid=93518) execute /opt/stack/data/venv/lib/python3.12/site-packages/oslo_concurrency/processutils.py:468}}
Jun 29 03:03:26 devstack cinder-volume[93518]: DEBUG oslo_concurrency.processutils [None req-53d758dc-ec04-41b1-b16e-796ac3b70da4 tempest-GroupSnapshotsTest-1168059695 None] Running cmd (subprocess): sudo cinder-rootwrap /etc/cinder/rootwrap.conf truncate -s0 /opt/stack/data/cinder/mnt/523973c4254249fd6570952df3cbe788/volume-598fba88-ca57-4da2-8316-a4ebb4f3e284.info {{(pid=93518) execute /opt/stack/data/venv/lib/python3.12/site-packages/oslo_concurrency/processutils.py:440}}
Jun 29 03:03:26 devstack sudo[97982]: quobyte : PWD=/ ; USER=root ; COMMAND=/opt/stack/data/venv/bin/cinder-rootwrap /etc/cinder/rootwrap.conf truncate -s0 /opt/stack/data/cinder/mnt/523973c4254249fd6570952df3cbe788/volume-598fba88-ca57-4da2-8316-a4ebb4f3e284.info
Jun 29 03:03:26 devstack sudo[97982]: pam_unix(sudo:session): session opened for user root(uid=0) by (uid=1000)
Jun 29 03:03:26 devstack sudo[97982]: pam_unix(sudo:session): session closed for user root
Jun 29 03:03:26 devstack cinder-volume[93518]: DEBUG oslo_concurrency.processutils [None req-53d758dc-ec04-41b1-b16e-796ac3b70da4 tempest-GroupSnapshotsTest-1168059695 None] CMD "sudo cinder-rootwrap /etc/cinder/rootwrap.conf truncate -s0 /opt/stack/data/cinder/mnt/523973c4254249fd6570952df3cbe788/volume-598fba88-ca57-4da2-8316-a4ebb4f3e284.info" returned: 0 in 0.669s {{(pid=93518) execute /opt/stack/data/venv/lib/python3.12/site-packages/oslo_concurrency/processutils.py:468}}
Jun 29 03:03:26 devstack cinder-volume[93518]: WARNING cinder.volume.drivers.remotefs [None req-53d758dc-ec04-41b1-b16e-796ac3b70da4 tempest-GroupSnapshotsTest-1168059695 None] /opt/stack/data/cinder/mnt/523973c4254249fd6570952df3cbe788/volume-598fba88-ca57-4da2-8316-a4ebb4f3e284.info is being set with open permissions: ugo+rw: NotImplementedError
Jun 29 03:03:26 devstack cinder-volume[93518]: DEBUG oslo_concurrency.processutils [None req-53d758dc-ec04-41b1-b16e-796ac3b70da4 tempest-GroupSnapshotsTest-1168059695 None] Running cmd (subprocess): sudo cinder-rootwrap /etc/cinder/rootwrap.conf chmod ugo+rw /opt/stack/data/cinder/mnt/523973c4254249fd6570952df3cbe788/volume-598fba88-ca57-4da2-8316-a4ebb4f3e284.info {{(pid=93518) execute /opt/stack/data/venv/lib/python3.12/site-packages/oslo_concurrency/processutils.py:440}}
Jun 29 03:03:26 devstack sudo[97986]: quobyte : PWD=/ ; USER=root ; COMMAND=/opt/stack/data/venv/bin/cinder-rootwrap /etc/cinder/rootwrap.conf chmod ugo+rw /opt/stack/data/cinder/mnt/523973c4254249fd6570952df3cbe788/volume-598fba88-ca57-4da2-8316-a4ebb4f3e284.info
Jun 29 03:03:26 devstack sudo[97986]: pam_unix(sudo:session): session opened for user root(uid=0) by (uid=1000)
Jun 29 03:03:27 devstack sudo[97986]: pam_unix(sudo:session): session closed for user root
Jun 29 03:03:27 devstack cinder-volume[93518]: DEBUG oslo_concurrency.processutils [None req-53d758dc-ec04-41b1-b16e-796ac3b70da4 tempest-GroupSnapshotsTest-1168059695 None] CMD "sudo cinder-rootwrap /etc/cinder/rootwrap.conf chmod ugo+rw /opt/stack/data/cinder/mnt/523973c4254249fd6570952df3cbe788/volume-598fba88-ca57-4da2-8316-a4ebb4f3e284.info" returned: 0 in 0.665s {{(pid=93518) execute /opt/stack/data/venv/lib/python3.12/site-packages/oslo_concurrency/processutils.py:468}}
Jun 29 03:03:27 devstack cinder-volume[93518]: DEBUG oslo_concurrency.lockutils [None req-53d758dc-ec04-41b1-b16e-796ac3b70da4 tempest-GroupSnapshotsTest-1168059695 None] Lock "quobyte" "released" by "cinder.volume.drivers.quobyte.QuobyteDriver.create_snapshot" :: held 5.426s {{(pid=93518) inner /opt/stack/data/venv/lib/python3.12/site-packages/oslo_concurrency/lockutils.py:543}}
Jun 29 03:03:27 devstack cinder-volume[93518]: DEBUG oslo_concurrency.lockutils [None req-53d758dc-ec04-41b1-b16e-796ac3b70da4 tempest-GroupSnapshotsTest-1168059695 None] Acquiring lock "quobyte" by "cinder.volume.drivers.quobyte.QuobyteDriver.create_snapshot" {{(pid=93518) inner /opt/stack/data/venv/lib/python3.12/site-packages/oslo_concurrency/lockutils.py:511}}
Jun 29 03:03:27 devstack cinder-volume[93518]: DEBUG oslo_concurrency.lockutils [None req-53d758dc-ec04-41b1-b16e-796ac3b70da4 tempest-GroupSnapshotsTest-1168059695 None] Lock "quobyte" acquired by "cinder.volume.drivers.quobyte.QuobyteDriver.create_snapshot" :: waited 0.000s {{(pid=93518) inner /opt/stack/data/venv/lib/python3.12/site-packages/oslo_concurrency/lockutils.py:524}}
Jun 29 03:03:27 devstack cinder-volume[93518]: DEBUG cinder.volume.drivers.remotefs [None req-53d758dc-ec04-41b1-b16e-796ac3b70da4 tempest-GroupSnapshotsTest-1168059695 None] Creating offline snapshot 40d5b9da-0f94-4d4b-9fc6-7b091c0c33cc of volume fdb69e03-1e58-4ad8-adee-5971b780447b {{(pid=93518) _create_snapshot /opt/stack/cinder/cinder/volume/drivers/remotefs.py:1816}}
Jun 29 03:03:27 devstack cinder-volume[93518]: DEBUG oslo.privsep.daemon [-] privsep: reply[602ed407-3161-44ec-a1d5-be1cbfb1daed]: (4, 'qcow2') {{(pid=94847) _call_back /opt/stack/data/venv/lib/python3.12/site-packages/oslo_privsep/daemon.py:580}}
Jun 29 03:03:27 devstack cinder-volume[93518]: DEBUG oslo_concurrency.processutils [None req-53d758dc-ec04-41b1-b16e-796ac3b70da4 tempest-GroupSnapshotsTest-1168059695 None] Running cmd (subprocess): /opt/stack/data/venv/bin/python3.12 -m oslo_concurrency.prlimit --as=1073741824 --cpu=60 -- sudo cinder-rootwrap /etc/cinder/rootwrap.conf env LC_ALL=C qemu-img info -f qcow2 --output=json --force-share /opt/stack/data/cinder/mnt/523973c4254249fd6570952df3cbe788/volume-fdb69e03-1e58-4ad8-adee-5971b780447b {{(pid=93518) execute /opt/stack/data/venv/lib/python3.12/site-packages/oslo_concurrency/processutils.py:440}}
Jun 29 03:03:27 devstack sudo[97989]: quobyte : PWD=/ ; USER=root ; COMMAND=/opt/stack/data/venv/bin/cinder-rootwrap /etc/cinder/rootwrap.conf env LC_ALL=C qemu-img info -f qcow2 --output=json --force-share /opt/stack/data/cinder/mnt/523973c4254249fd6570952df3cbe788/volume-fdb69e03-1e58-4ad8-adee-5971b780447b
Jun 29 03:03:27 devstack sudo[97989]: pam_unix(sudo:session): session opened for user root(uid=0) by (uid=1000)
Jun 29 03:03:28 devstack sudo[97989]: pam_unix(sudo:session): session closed for user root
Jun 29 03:03:28 devstack cinder-volume[93518]: DEBUG oslo_concurrency.processutils [None req-53d758dc-ec04-41b1-b16e-796ac3b70da4 tempest-GroupSnapshotsTest-1168059695 None] CMD "/opt/stack/data/venv/bin/python3.12 -m oslo_concurrency.prlimit --as=1073741824 --cpu=60 -- sudo cinder-rootwrap /etc/cinder/rootwrap.conf env LC_ALL=C qemu-img info -f qcow2 --output=json --force-share /opt/stack/data/cinder/mnt/523973c4254249fd6570952df3cbe788/volume-fdb69e03-1e58-4ad8-adee-5971b780447b" returned: 0 in 0.801s {{(pid=93518) execute /opt/stack/data/venv/lib/python3.12/site-packages/oslo_concurrency/processutils.py:468}}
Jun 29 03:03:28 devstack cinder-volume[93518]: DEBUG oslo_concurrency.processutils [None req-53d758dc-ec04-41b1-b16e-796ac3b70da4 tempest-GroupSnapshotsTest-1168059695 None] Running cmd (subprocess): sudo cinder-rootwrap /etc/cinder/rootwrap.conf qemu-img create -f qcow2 -o backing_file=/opt/stack/data/cinder/mnt/523973c4254249fd6570952df3cbe788/volume-fdb69e03-1e58-4ad8-adee-5971b780447b,backing_fmt=qcow2 /opt/stack/data/cinder/mnt/523973c4254249fd6570952df3cbe788/volume-fdb69e03-1e58-4ad8-adee-5971b780447b.40d5b9da-0f94-4d4b-9fc6-7b091c0c33cc 1G {{(pid=93518) execute /opt/stack/data/venv/lib/python3.12/site-packages/oslo_concurrency/processutils.py:440}}
Jun 29 03:03:28 devstack sudo[97994]: quobyte : PWD=/ ; USER=root ; COMMAND=/opt/stack/data/venv/bin/cinder-rootwrap /etc/cinder/rootwrap.conf qemu-img create -f qcow2 -o backing_file=/opt/stack/data/cinder/mnt/523973c4254249fd6570952df3cbe788/volume-fdb69e03-1e58-4ad8-adee-5971b780447b,backing_fmt=qcow2 /opt/stack/data/cinder/mnt/523973c4254249fd6570952df3cbe788/volume-fdb69e03-1e58-4ad8-adee-5971b780447b.40d5b9da-0f94-4d4b-9fc6-7b091c0c33cc 1G
Jun 29 03:03:28 devstack sudo[97994]: pam_unix(sudo:session): session opened for user root(uid=0) by (uid=1000)
Jun 29 03:03:29 devstack sudo[97994]: pam_unix(sudo:session): session closed for user root
Jun 29 03:03:29 devstack cinder-volume[93518]: DEBUG oslo_concurrency.processutils [None req-53d758dc-ec04-41b1-b16e-796ac3b70da4 tempest-GroupSnapshotsTest-1168059695 None] CMD "sudo cinder-rootwrap /etc/cinder/rootwrap.conf qemu-img create -f qcow2 -o backing_file=/opt/stack/data/cinder/mnt/523973c4254249fd6570952df3cbe788/volume-fdb69e03-1e58-4ad8-adee-5971b780447b,backing_fmt=qcow2 /opt/stack/data/cinder/mnt/523973c4254249fd6570952df3cbe788/volume-fdb69e03-1e58-4ad8-adee-5971b780447b.40d5b9da-0f94-4d4b-9fc6-7b091c0c33cc 1G" returned: 0 in 0.810s {{(pid=93518) execute /opt/stack/data/venv/lib/python3.12/site-packages/oslo_concurrency/processutils.py:468}}
Jun 29 03:03:29 devstack cinder-volume[93518]: DEBUG oslo_concurrency.processutils [None req-53d758dc-ec04-41b1-b16e-796ac3b70da4 tempest-GroupSnapshotsTest-1168059695 None] Running cmd (subprocess): sudo cinder-rootwrap /etc/cinder/rootwrap.conf qemu-img rebase -u -b volume-fdb69e03-1e58-4ad8-adee-5971b780447b -F qcow2 /opt/stack/data/cinder/mnt/523973c4254249fd6570952df3cbe788/volume-fdb69e03-1e58-4ad8-adee-5971b780447b.40d5b9da-0f94-4d4b-9fc6-7b091c0c33cc {{(pid=93518) execute /opt/stack/data/venv/lib/python3.12/site-packages/oslo_concurrency/processutils.py:440}}
Jun 29 03:03:29 devstack sudo[97999]: quobyte : PWD=/ ; USER=root ; COMMAND=/opt/stack/data/venv/bin/cinder-rootwrap /etc/cinder/rootwrap.conf qemu-img rebase -u -b volume-fdb69e03-1e58-4ad8-adee-5971b780447b -F qcow2 /opt/stack/data/cinder/mnt/523973c4254249fd6570952df3cbe788/volume-fdb69e03-1e58-4ad8-adee-5971b780447b.40d5b9da-0f94-4d4b-9fc6-7b091c0c33cc
Jun 29 03:03:29 devstack sudo[97999]: pam_unix(sudo:session): session opened for user root(uid=0) by (uid=1000)
Jun 29 03:03:29 devstack sudo[97999]: pam_unix(sudo:session): session closed for user root
Jun 29 03:03:29 devstack cinder-volume[93518]: DEBUG oslo_concurrency.processutils [None req-53d758dc-ec04-41b1-b16e-796ac3b70da4 tempest-GroupSnapshotsTest-1168059695 None] CMD "sudo cinder-rootwrap /etc/cinder/rootwrap.conf qemu-img rebase -u -b volume-fdb69e03-1e58-4ad8-adee-5971b780447b -F qcow2 /opt/stack/data/cinder/mnt/523973c4254249fd6570952df3cbe788/volume-fdb69e03-1e58-4ad8-adee-5971b780447b.40d5b9da-0f94-4d4b-9fc6-7b091c0c33cc" returned: 0 in 0.759s {{(pid=93518) execute /opt/stack/data/venv/lib/python3.12/site-packages/oslo_concurrency/processutils.py:468}}
Jun 29 03:03:29 devstack cinder-volume[93518]: WARNING cinder.volume.drivers.remotefs [None req-53d758dc-ec04-41b1-b16e-796ac3b70da4 tempest-GroupSnapshotsTest-1168059695 None] /opt/stack/data/cinder/mnt/523973c4254249fd6570952df3cbe788/volume-fdb69e03-1e58-4ad8-adee-5971b780447b.40d5b9da-0f94-4d4b-9fc6-7b091c0c33cc is being set with open permissions: ugo+rw: NotImplementedError
Jun 29 03:03:29 devstack cinder-volume[93518]: DEBUG oslo_concurrency.processutils [None req-53d758dc-ec04-41b1-b16e-796ac3b70da4 tempest-GroupSnapshotsTest-1168059695 None] Running cmd (subprocess): sudo cinder-rootwrap /etc/cinder/rootwrap.conf chmod ugo+rw /opt/stack/data/cinder/mnt/523973c4254249fd6570952df3cbe788/volume-fdb69e03-1e58-4ad8-adee-5971b780447b.40d5b9da-0f94-4d4b-9fc6-7b091c0c33cc {{(pid=93518) execute /opt/stack/data/venv/lib/python3.12/site-packages/oslo_concurrency/processutils.py:440}}
Jun 29 03:03:29 devstack sudo[98027]: quobyte : PWD=/ ; USER=root ; COMMAND=/opt/stack/data/venv/bin/cinder-rootwrap /etc/cinder/rootwrap.conf chmod ugo+rw /opt/stack/data/cinder/mnt/523973c4254249fd6570952df3cbe788/volume-fdb69e03-1e58-4ad8-adee-5971b780447b.40d5b9da-0f94-4d4b-9fc6-7b091c0c33cc
Jun 29 03:03:29 devstack sudo[98027]: pam_unix(sudo:session): session opened for user root(uid=0) by (uid=1000)
Jun 29 03:03:30 devstack sudo[98027]: pam_unix(sudo:session): session closed for user root
Jun 29 03:03:30 devstack cinder-volume[93518]: DEBUG oslo_concurrency.processutils [None req-53d758dc-ec04-41b1-b16e-796ac3b70da4 tempest-GroupSnapshotsTest-1168059695 None] CMD "sudo cinder-rootwrap /etc/cinder/rootwrap.conf chmod ugo+rw /opt/stack/data/cinder/mnt/523973c4254249fd6570952df3cbe788/volume-fdb69e03-1e58-4ad8-adee-5971b780447b.40d5b9da-0f94-4d4b-9fc6-7b091c0c33cc" returned: 0 in 0.722s {{(pid=93518) execute /opt/stack/data/venv/lib/python3.12/site-packages/oslo_concurrency/processutils.py:468}}
Jun 29 03:03:30 devstack cinder-volume[93518]: DEBUG oslo_concurrency.processutils [None req-53d758dc-ec04-41b1-b16e-796ac3b70da4 tempest-GroupSnapshotsTest-1168059695 None] Running cmd (subprocess): sudo cinder-rootwrap /etc/cinder/rootwrap.conf truncate -s0 /opt/stack/data/cinder/mnt/523973c4254249fd6570952df3cbe788/volume-fdb69e03-1e58-4ad8-adee-5971b780447b.info {{(pid=93518) execute /opt/stack/data/venv/lib/python3.12/site-packages/oslo_concurrency/processutils.py:440}}
Jun 29 03:03:30 devstack sudo[98066]: quobyte : PWD=/ ; USER=root ; COMMAND=/opt/stack/data/venv/bin/cinder-rootwrap /etc/cinder/rootwrap.conf truncate -s0 /opt/stack/data/cinder/mnt/523973c4254249fd6570952df3cbe788/volume-fdb69e03-1e58-4ad8-adee-5971b780447b.info
Jun 29 03:03:30 devstack sudo[98066]: pam_unix(sudo:session): session opened for user root(uid=0) by (uid=1000)
Jun 29 03:03:31 devstack sudo[98066]: pam_unix(sudo:session): session closed for user root
Jun 29 03:03:31 devstack cinder-volume[93518]: DEBUG oslo_concurrency.processutils [None req-53d758dc-ec04-41b1-b16e-796ac3b70da4 tempest-GroupSnapshotsTest-1168059695 None] CMD "sudo cinder-rootwrap /etc/cinder/rootwrap.conf truncate -s0 /opt/stack/data/cinder/mnt/523973c4254249fd6570952df3cbe788/volume-fdb69e03-1e58-4ad8-adee-5971b780447b.info" returned: 0 in 0.663s {{(pid=93518) execute /opt/stack/data/venv/lib/python3.12/site-packages/oslo_concurrency/processutils.py:468}}
Jun 29 03:03:31 devstack cinder-volume[93518]: WARNING cinder.volume.drivers.remotefs [None req-53d758dc-ec04-41b1-b16e-796ac3b70da4 tempest-GroupSnapshotsTest-1168059695 None] /opt/stack/data/cinder/mnt/523973c4254249fd6570952df3cbe788/volume-fdb69e03-1e58-4ad8-adee-5971b780447b.info is being set with open permissions: ugo+rw: NotImplementedError
Jun 29 03:03:31 devstack cinder-volume[93518]: DEBUG oslo_concurrency.processutils [None req-53d758dc-ec04-41b1-b16e-796ac3b70da4 tempest-GroupSnapshotsTest-1168059695 None] Running cmd (subprocess): sudo cinder-rootwrap /etc/cinder/rootwrap.conf chmod ugo+rw /opt/stack/data/cinder/mnt/523973c4254249fd6570952df3cbe788/volume-fdb69e03-1e58-4ad8-adee-5971b780447b.info {{(pid=93518) execute /opt/stack/data/venv/lib/python3.12/site-packages/oslo_concurrency/processutils.py:440}}
Jun 29 03:03:31 devstack sudo[98069]: quobyte : PWD=/ ; USER=root ; COMMAND=/opt/stack/data/venv/bin/cinder-rootwrap /etc/cinder/rootwrap.conf chmod ugo+rw /opt/stack/data/cinder/mnt/523973c4254249fd6570952df3cbe788/volume-fdb69e03-1e58-4ad8-adee-5971b780447b.info
Jun 29 03:03:31 devstack sudo[98069]: pam_unix(sudo:session): session opened for user root(uid=0) by (uid=1000)
Jun 29 03:03:31 devstack sudo[98069]: pam_unix(sudo:session): session closed for user root
Jun 29 03:03:31 devstack cinder-volume[93518]: DEBUG oslo_concurrency.processutils [None req-53d758dc-ec04-41b1-b16e-796ac3b70da4 tempest-GroupSnapshotsTest-1168059695 None] CMD "sudo cinder-rootwrap /etc/cinder/rootwrap.conf chmod ugo+rw /opt/stack/data/cinder/mnt/523973c4254249fd6570952df3cbe788/volume-fdb69e03-1e58-4ad8-adee-5971b780447b.info" returned: 0 in 0.642s {{(pid=93518) execute /opt/stack/data/venv/lib/python3.12/site-packages/oslo_concurrency/processutils.py:468}}
Jun 29 03:03:31 devstack cinder-volume[93518]: DEBUG oslo_concurrency.lockutils [None req-53d758dc-ec04-41b1-b16e-796ac3b70da4 tempest-GroupSnapshotsTest-1168059695 None] Lock "quobyte" "released" by "cinder.volume.drivers.quobyte.QuobyteDriver.create_snapshot" :: held 4.501s {{(pid=93518) inner /opt/stack/data/venv/lib/python3.12/site-packages/oslo_concurrency/lockutils.py:543}}
Jun 29 03:03:31 devstack cinder-volume[93518]: DEBUG oslo_concurrency.lockutils [req-f05364d7-b309-4d88-b446-a031c376b607 req-d2bf3736-a896-4760-91b1-4ea49e572518 tempest-AttachVolumeNegativeTest-2146070891 None] Lock "quobyte" acquired by "cinder.volume.drivers.quobyte.QuobyteDriver.initialize_connection" :: waited 6.819s {{(pid=93518) inner /opt/stack/data/venv/lib/python3.12/site-packages/oslo_concurrency/lockutils.py:524}}
Jun 29 03:03:31 devstack cinder-volume[93518]: DEBUG oslo.privsep.daemon [-] privsep: reply[42305ea3-0bf6-42ff-b179-7cf618e51ae7]: (4, 'qcow2') {{(pid=94847) _call_back /opt/stack/data/venv/lib/python3.12/site-packages/oslo_privsep/daemon.py:580}}
Jun 29 03:03:31 devstack cinder-volume[93518]: DEBUG oslo_concurrency.processutils [req-f05364d7-b309-4d88-b446-a031c376b607 req-d2bf3736-a896-4760-91b1-4ea49e572518 tempest-AttachVolumeNegativeTest-2146070891 None] Running cmd (subprocess): /opt/stack/data/venv/bin/python3.12 -m oslo_concurrency.prlimit --as=1073741824 --cpu=60 -- sudo cinder-rootwrap /etc/cinder/rootwrap.conf env LC_ALL=C qemu-img info -f qcow2 --output=json --force-share /opt/stack/data/cinder/mnt/523973c4254249fd6570952df3cbe788/volume-c55d461f-eff5-4c77-a67a-4c1ec7532d02 {{(pid=93518) execute /opt/stack/data/venv/lib/python3.12/site-packages/oslo_concurrency/processutils.py:440}}
Jun 29 03:03:32 devstack sudo[98096]: quobyte : PWD=/ ; USER=root ; COMMAND=/opt/stack/data/venv/bin/cinder-rootwrap /etc/cinder/rootwrap.conf env LC_ALL=C qemu-img info -f qcow2 --output=json --force-share /opt/stack/data/cinder/mnt/523973c4254249fd6570952df3cbe788/volume-c55d461f-eff5-4c77-a67a-4c1ec7532d02
Jun 29 03:03:32 devstack sudo[98096]: pam_unix(sudo:session): session opened for user root(uid=0) by (uid=1000)
Jun 29 03:03:32 devstack cinder-volume[93518]: INFO cinder.volume.manager [None req-53d758dc-ec04-41b1-b16e-796ac3b70da4 tempest-GroupSnapshotsTest-1168059695 None] group_snapshot fc4149ce-93e2-45e3-8004-27a6608097a0: created successfully
Jun 29 03:03:32 devstack sudo[98096]: pam_unix(sudo:session): session closed for user root
Jun 29 03:03:32 devstack cinder-volume[93518]: DEBUG oslo_concurrency.processutils [req-f05364d7-b309-4d88-b446-a031c376b607 req-d2bf3736-a896-4760-91b1-4ea49e572518 tempest-AttachVolumeNegativeTest-2146070891 None] CMD "/opt/stack/data/venv/bin/python3.12 -m oslo_concurrency.prlimit --as=1073741824 --cpu=60 -- sudo cinder-rootwrap /etc/cinder/rootwrap.conf env LC_ALL=C qemu-img info -f qcow2 --output=json --force-share /opt/stack/data/cinder/mnt/523973c4254249fd6570952df3cbe788/volume-c55d461f-eff5-4c77-a67a-4c1ec7532d02" returned: 0 in 0.780s {{(pid=93518) execute /opt/stack/data/venv/lib/python3.12/site-packages/oslo_concurrency/processutils.py:468}}
Jun 29 03:03:32 devstack cinder-volume[93518]: DEBUG oslo_concurrency.lockutils [req-f05364d7-b309-4d88-b446-a031c376b607 req-d2bf3736-a896-4760-91b1-4ea49e572518 tempest-AttachVolumeNegativeTest-2146070891 None] Lock "quobyte" "released" by "cinder.volume.drivers.quobyte.QuobyteDriver.initialize_connection" :: held 0.800s {{(pid=93518) inner /opt/stack/data/venv/lib/python3.12/site-packages/oslo_concurrency/lockutils.py:543}}
Jun 29 03:03:32 devstack cinder-volume[93518]: INFO cinder.volume.manager [None req-001ffbff-b90d-4810-a736-8f99ed44a0df tempest-GroupSnapshotsTest-1168059695 None] group_snapshot fc4149ce-93e2-45e3-8004-27a6608097a0: deleting
Jun 29 03:03:32 devstack cinder-volume[93518]: DEBUG cinder.volume.manager [req-f05364d7-b309-4d88-b446-a031c376b607 req-d2bf3736-a896-4760-91b1-4ea49e572518 tempest-AttachVolumeNegativeTest-2146070891 None] Connection info returned from driver {'export': 'osci02.corp.quobyte.com/cinder-vol-fb1bb66a-85f5-410b-abbf-ac3d23d0c79c', 'name': 'volume-c55d461f-eff5-4c77-a67a-4c1ec7532d02', 'options': None, 'format': 'qcow2', 'qos_specs': None, 'access_mode': 'rw', 'encrypted': False, 'cacheable': False, 'driver_volume_type': 'quobyte', 'mount_point_base': '/opt/stack/data/cinder/mnt', 'attachment_id': '2d887a8b-5652-49a9-8791-89da4922906d', 'enforce_multipath': True} {{(pid=93518) _connection_create /opt/stack/cinder/cinder/volume/manager.py:4924}}
Jun 29 03:03:32 devstack cinder-volume[93518]: DEBUG cinder.volume.manager [None req-001ffbff-b90d-4810-a736-8f99ed44a0df tempest-GroupSnapshotsTest-1168059695 None] group_snapshot fc4149ce-93e2-45e3-8004-27a6608097a0: deleting {{(pid=93518) delete_group_snapshot /opt/stack/cinder/cinder/volume/manager.py:4350}}
Jun 29 03:03:32 devstack cinder-volume[93518]: DEBUG cinder.coordination [None req-001ffbff-b90d-4810-a736-8f99ed44a0df tempest-GroupSnapshotsTest-1168059695 None] Acquiring lock "cinder-quobyte-598fba88-ca57-4da2-8316-a4ebb4f3e284" by "delete_snapshot" {{(pid=93518) __acquire /opt/stack/cinder/cinder/coordination.py:138}}
Jun 29 03:03:32 devstack cinder-volume[93518]: DEBUG cinder.coordination [None req-001ffbff-b90d-4810-a736-8f99ed44a0df tempest-GroupSnapshotsTest-1168059695 None] Lock "cinder-quobyte-598fba88-ca57-4da2-8316-a4ebb4f3e284" acquired by "delete_snapshot" :: waited 0.023s {{(pid=93518) __acquire /opt/stack/cinder/cinder/coordination.py:141}}
Jun 29 03:03:32 devstack cinder-volume[93518]: DEBUG cinder.coordination [None req-001ffbff-b90d-4810-a736-8f99ed44a0df tempest-GroupSnapshotsTest-1168059695 None] Acquiring lock "cinder-quobyte-1fa2e242-9803-4292-ab8c-1091431301f5" by "_delete_snapshot" {{(pid=93518) __acquire /opt/stack/cinder/cinder/coordination.py:138}}
Jun 29 03:03:32 devstack cinder-volume[93518]: INFO cinder.volume.manager [req-f05364d7-b309-4d88-b446-a031c376b607 req-d2bf3736-a896-4760-91b1-4ea49e572518 tempest-AttachVolumeNegativeTest-2146070891 None] attachment_update completed successfully.
Jun 29 03:03:32 devstack cinder-volume[93518]: DEBUG cinder.coordination [None req-001ffbff-b90d-4810-a736-8f99ed44a0df tempest-GroupSnapshotsTest-1168059695 None] Lock "cinder-quobyte-1fa2e242-9803-4292-ab8c-1091431301f5" acquired by "_delete_snapshot" :: waited 0.023s {{(pid=93518) __acquire /opt/stack/cinder/cinder/coordination.py:141}}
Jun 29 03:03:32 devstack cinder-volume[93518]: DEBUG cinder.volume.drivers.remotefs [None req-001ffbff-b90d-4810-a736-8f99ed44a0df tempest-GroupSnapshotsTest-1168059695 None] Deleting offline snapshot 1fa2e242-9803-4292-ab8c-1091431301f5 of volume 598fba88-ca57-4da2-8316-a4ebb4f3e284 {{(pid=93518) _delete_snapshot /opt/stack/cinder/cinder/volume/drivers/remotefs.py:1288}}
Jun 29 03:03:32 devstack cinder-volume[93518]: DEBUG cinder.volume.drivers.remotefs [None req-001ffbff-b90d-4810-a736-8f99ed44a0df tempest-GroupSnapshotsTest-1168059695 None] snapshot_file for this snap is: volume-598fba88-ca57-4da2-8316-a4ebb4f3e284.1fa2e242-9803-4292-ab8c-1091431301f5 {{(pid=93518) _delete_snapshot /opt/stack/cinder/cinder/volume/drivers/remotefs.py:1317}}
Jun 29 03:03:32 devstack cinder-volume[93518]: DEBUG oslo.privsep.daemon [-] privsep: reply[e7b9c62d-5d28-4817-adf1-8ab7189aa12a]: (4, 'qcow2') {{(pid=94847) _call_back /opt/stack/data/venv/lib/python3.12/site-packages/oslo_privsep/daemon.py:580}}
Jun 29 03:03:32 devstack cinder-volume[93518]: DEBUG oslo_concurrency.processutils [None req-001ffbff-b90d-4810-a736-8f99ed44a0df tempest-GroupSnapshotsTest-1168059695 None] Running cmd (subprocess): /opt/stack/data/venv/bin/python3.12 -m oslo_concurrency.prlimit --as=1073741824 --cpu=60 -- sudo cinder-rootwrap /etc/cinder/rootwrap.conf env LC_ALL=C qemu-img info -f qcow2 --output=json --force-share /opt/stack/data/cinder/mnt/523973c4254249fd6570952df3cbe788/volume-598fba88-ca57-4da2-8316-a4ebb4f3e284.1fa2e242-9803-4292-ab8c-1091431301f5 {{(pid=93518) execute /opt/stack/data/venv/lib/python3.12/site-packages/oslo_concurrency/processutils.py:440}}
Jun 29 03:03:33 devstack sudo[98101]: quobyte : PWD=/ ; USER=root ; COMMAND=/opt/stack/data/venv/bin/cinder-rootwrap /etc/cinder/rootwrap.conf env LC_ALL=C qemu-img info -f qcow2 --output=json --force-share /opt/stack/data/cinder/mnt/523973c4254249fd6570952df3cbe788/volume-598fba88-ca57-4da2-8316-a4ebb4f3e284.1fa2e242-9803-4292-ab8c-1091431301f5
Jun 29 03:03:33 devstack sudo[98101]: pam_unix(sudo:session): session opened for user root(uid=0) by (uid=1000)
Jun 29 03:03:33 devstack sudo[98101]: pam_unix(sudo:session): session closed for user root
Jun 29 03:03:33 devstack cinder-volume[93518]: DEBUG oslo_concurrency.processutils [None req-001ffbff-b90d-4810-a736-8f99ed44a0df tempest-GroupSnapshotsTest-1168059695 None] CMD "/opt/stack/data/venv/bin/python3.12 -m oslo_concurrency.prlimit --as=1073741824 --cpu=60 -- sudo cinder-rootwrap /etc/cinder/rootwrap.conf env LC_ALL=C qemu-img info -f qcow2 --output=json --force-share /opt/stack/data/cinder/mnt/523973c4254249fd6570952df3cbe788/volume-598fba88-ca57-4da2-8316-a4ebb4f3e284.1fa2e242-9803-4292-ab8c-1091431301f5" returned: 0 in 0.848s {{(pid=93518) execute /opt/stack/data/venv/lib/python3.12/site-packages/oslo_concurrency/processutils.py:468}}
Jun 29 03:03:33 devstack cinder-volume[93518]: DEBUG cinder.volume.drivers.remotefs [None req-001ffbff-b90d-4810-a736-8f99ed44a0df tempest-GroupSnapshotsTest-1168059695 None] Fetching qemu-img info with special backing_file_template: (/opt/stack/data/cinder/mnt/[0-9a-f]+/)?(volume-598fba88-ca57-4da2-8316-a4ebb4f3e284(.(tmp-snap-)?[0-9a-f-]+)?|volume_from_snapshot_cache/(tmp-snap-)?[0-9a-f-]+(.(child-|parent-)[0-9a-f-]+)?)$ {{(pid=93518) _qemu_img_info_base /opt/stack/cinder/cinder/volume/drivers/remotefs.py:896}}
Jun 29 03:03:33 devstack cinder-volume[93518]: DEBUG oslo.privsep.daemon [-] privsep: reply[a72e203d-11e1-4c3d-8eb2-c33429b34222]: (4, 'qcow2') {{(pid=94847) _call_back /opt/stack/data/venv/lib/python3.12/site-packages/oslo_privsep/daemon.py:580}}
Jun 29 03:03:33 devstack cinder-volume[93518]: DEBUG oslo_concurrency.processutils [None req-001ffbff-b90d-4810-a736-8f99ed44a0df tempest-GroupSnapshotsTest-1168059695 None] Running cmd (subprocess): /opt/stack/data/venv/bin/python3.12 -m oslo_concurrency.prlimit --as=1073741824 --cpu=60 -- sudo cinder-rootwrap /etc/cinder/rootwrap.conf env LC_ALL=C qemu-img info -f qcow2 --output=json --force-share /opt/stack/data/cinder/mnt/523973c4254249fd6570952df3cbe788/volume-598fba88-ca57-4da2-8316-a4ebb4f3e284 {{(pid=93518) execute /opt/stack/data/venv/lib/python3.12/site-packages/oslo_concurrency/processutils.py:440}}
Jun 29 03:03:33 devstack sudo[98126]: quobyte : PWD=/ ; USER=root ; COMMAND=/opt/stack/data/venv/bin/cinder-rootwrap /etc/cinder/rootwrap.conf env LC_ALL=C qemu-img info -f qcow2 --output=json --force-share /opt/stack/data/cinder/mnt/523973c4254249fd6570952df3cbe788/volume-598fba88-ca57-4da2-8316-a4ebb4f3e284
Jun 29 03:03:33 devstack sudo[98126]: pam_unix(sudo:session): session opened for user root(uid=0) by (uid=1000)
Jun 29 03:03:34 devstack sudo[98126]: pam_unix(sudo:session): session closed for user root
Jun 29 03:03:34 devstack cinder-volume[93518]: DEBUG oslo_concurrency.processutils [None req-001ffbff-b90d-4810-a736-8f99ed44a0df tempest-GroupSnapshotsTest-1168059695 None] CMD "/opt/stack/data/venv/bin/python3.12 -m oslo_concurrency.prlimit --as=1073741824 --cpu=60 -- sudo cinder-rootwrap /etc/cinder/rootwrap.conf env LC_ALL=C qemu-img info -f qcow2 --output=json --force-share /opt/stack/data/cinder/mnt/523973c4254249fd6570952df3cbe788/volume-598fba88-ca57-4da2-8316-a4ebb4f3e284" returned: 0 in 0.829s {{(pid=93518) execute /opt/stack/data/venv/lib/python3.12/site-packages/oslo_concurrency/processutils.py:468}}
Jun 29 03:03:34 devstack cinder-volume[93518]: DEBUG oslo_concurrency.processutils [None req-001ffbff-b90d-4810-a736-8f99ed44a0df tempest-GroupSnapshotsTest-1168059695 None] Running cmd (subprocess): sudo cinder-rootwrap /etc/cinder/rootwrap.conf qemu-img commit -d /opt/stack/data/cinder/mnt/523973c4254249fd6570952df3cbe788/volume-598fba88-ca57-4da2-8316-a4ebb4f3e284.1fa2e242-9803-4292-ab8c-1091431301f5 {{(pid=93518) execute /opt/stack/data/venv/lib/python3.12/site-packages/oslo_concurrency/processutils.py:440}}
Jun 29 03:03:34 devstack sudo[98132]: quobyte : PWD=/ ; USER=root ; COMMAND=/opt/stack/data/venv/bin/cinder-rootwrap /etc/cinder/rootwrap.conf qemu-img commit -d /opt/stack/data/cinder/mnt/523973c4254249fd6570952df3cbe788/volume-598fba88-ca57-4da2-8316-a4ebb4f3e284.1fa2e242-9803-4292-ab8c-1091431301f5
Jun 29 03:03:34 devstack sudo[98132]: pam_unix(sudo:session): session opened for user root(uid=0) by (uid=1000)
Jun 29 03:03:35 devstack sudo[98132]: pam_unix(sudo:session): session closed for user root
Jun 29 03:03:35 devstack cinder-volume[93518]: DEBUG oslo_concurrency.processutils [None req-001ffbff-b90d-4810-a736-8f99ed44a0df tempest-GroupSnapshotsTest-1168059695 None] CMD "sudo cinder-rootwrap /etc/cinder/rootwrap.conf qemu-img commit -d /opt/stack/data/cinder/mnt/523973c4254249fd6570952df3cbe788/volume-598fba88-ca57-4da2-8316-a4ebb4f3e284.1fa2e242-9803-4292-ab8c-1091431301f5" returned: 0 in 0.733s {{(pid=93518) execute /opt/stack/data/venv/lib/python3.12/site-packages/oslo_concurrency/processutils.py:468}}
Jun 29 03:03:35 devstack cinder-volume[93518]: DEBUG oslo_concurrency.processutils [None req-001ffbff-b90d-4810-a736-8f99ed44a0df tempest-GroupSnapshotsTest-1168059695 None] Running cmd (subprocess): sudo cinder-rootwrap /etc/cinder/rootwrap.conf rm -f /opt/stack/data/cinder/mnt/523973c4254249fd6570952df3cbe788/volume-598fba88-ca57-4da2-8316-a4ebb4f3e284.1fa2e242-9803-4292-ab8c-1091431301f5 {{(pid=93518) execute /opt/stack/data/venv/lib/python3.12/site-packages/oslo_concurrency/processutils.py:440}}
Jun 29 03:03:35 devstack sudo[98137]: quobyte : PWD=/ ; USER=root ; COMMAND=/opt/stack/data/venv/bin/cinder-rootwrap /etc/cinder/rootwrap.conf rm -f /opt/stack/data/cinder/mnt/523973c4254249fd6570952df3cbe788/volume-598fba88-ca57-4da2-8316-a4ebb4f3e284.1fa2e242-9803-4292-ab8c-1091431301f5
Jun 29 03:03:35 devstack sudo[98137]: pam_unix(sudo:session): session opened for user root(uid=0) by (uid=1000)
Jun 29 03:03:36 devstack sudo[98137]: pam_unix(sudo:session): session closed for user root
Jun 29 03:03:36 devstack cinder-volume[93518]: DEBUG oslo_concurrency.processutils [None req-001ffbff-b90d-4810-a736-8f99ed44a0df tempest-GroupSnapshotsTest-1168059695 None] CMD "sudo cinder-rootwrap /etc/cinder/rootwrap.conf rm -f /opt/stack/data/cinder/mnt/523973c4254249fd6570952df3cbe788/volume-598fba88-ca57-4da2-8316-a4ebb4f3e284.1fa2e242-9803-4292-ab8c-1091431301f5" returned: 0 in 0.680s {{(pid=93518) execute /opt/stack/data/venv/lib/python3.12/site-packages/oslo_concurrency/processutils.py:468}}
Jun 29 03:03:36 devstack cinder-volume[93518]: DEBUG cinder.coordination [None req-001ffbff-b90d-4810-a736-8f99ed44a0df tempest-GroupSnapshotsTest-1168059695 None] Lock "cinder-quobyte-1fa2e242-9803-4292-ab8c-1091431301f5" released by "_delete_snapshot" :: held 3.217s {{(pid=93518) __release /opt/stack/cinder/cinder/coordination.py:152}}
Jun 29 03:03:36 devstack cinder-volume[93518]: DEBUG cinder.coordination [None req-001ffbff-b90d-4810-a736-8f99ed44a0df tempest-GroupSnapshotsTest-1168059695 None] Lock "cinder-quobyte-598fba88-ca57-4da2-8316-a4ebb4f3e284" released by "delete_snapshot" :: held 3.248s {{(pid=93518) __release /opt/stack/cinder/cinder/coordination.py:152}}
Jun 29 03:03:36 devstack cinder-volume[93518]: DEBUG cinder.coordination [None req-001ffbff-b90d-4810-a736-8f99ed44a0df tempest-GroupSnapshotsTest-1168059695 None] Acquiring lock "cinder-quobyte-fdb69e03-1e58-4ad8-adee-5971b780447b" by "delete_snapshot" {{(pid=93518) __acquire /opt/stack/cinder/cinder/coordination.py:138}}
Jun 29 03:03:36 devstack cinder-volume[93518]: DEBUG cinder.coordination [None req-001ffbff-b90d-4810-a736-8f99ed44a0df tempest-GroupSnapshotsTest-1168059695 None] Lock "cinder-quobyte-fdb69e03-1e58-4ad8-adee-5971b780447b" acquired by "delete_snapshot" :: waited 0.017s {{(pid=93518) __acquire /opt/stack/cinder/cinder/coordination.py:141}}
Jun 29 03:03:36 devstack cinder-volume[93518]: DEBUG cinder.coordination [None req-001ffbff-b90d-4810-a736-8f99ed44a0df tempest-GroupSnapshotsTest-1168059695 None] Acquiring lock "cinder-quobyte-40d5b9da-0f94-4d4b-9fc6-7b091c0c33cc" by "_delete_snapshot" {{(pid=93518) __acquire /opt/stack/cinder/cinder/coordination.py:138}}
Jun 29 03:03:36 devstack cinder-volume[93518]: DEBUG cinder.coordination [None req-001ffbff-b90d-4810-a736-8f99ed44a0df tempest-GroupSnapshotsTest-1168059695 None] Lock "cinder-quobyte-40d5b9da-0f94-4d4b-9fc6-7b091c0c33cc" acquired by "_delete_snapshot" :: waited 0.012s {{(pid=93518) __acquire /opt/stack/cinder/cinder/coordination.py:141}}
Jun 29 03:03:36 devstack cinder-volume[93518]: DEBUG cinder.volume.drivers.remotefs [None req-001ffbff-b90d-4810-a736-8f99ed44a0df tempest-GroupSnapshotsTest-1168059695 None] Deleting offline snapshot 40d5b9da-0f94-4d4b-9fc6-7b091c0c33cc of volume fdb69e03-1e58-4ad8-adee-5971b780447b {{(pid=93518) _delete_snapshot /opt/stack/cinder/cinder/volume/drivers/remotefs.py:1288}}
Jun 29 03:03:36 devstack cinder-volume[93518]: DEBUG cinder.volume.drivers.remotefs [None req-001ffbff-b90d-4810-a736-8f99ed44a0df tempest-GroupSnapshotsTest-1168059695 None] snapshot_file for this snap is: volume-fdb69e03-1e58-4ad8-adee-5971b780447b.40d5b9da-0f94-4d4b-9fc6-7b091c0c33cc {{(pid=93518) _delete_snapshot /opt/stack/cinder/cinder/volume/drivers/remotefs.py:1317}}
Jun 29 03:03:36 devstack cinder-volume[93518]: DEBUG oslo.privsep.daemon [-] privsep: reply[e4fcfb0b-aa00-4563-a400-3218ffc86ffc]: (4, 'qcow2') {{(pid=94847) _call_back /opt/stack/data/venv/lib/python3.12/site-packages/oslo_privsep/daemon.py:580}}
Jun 29 03:03:36 devstack cinder-volume[93518]: DEBUG oslo_concurrency.processutils [None req-001ffbff-b90d-4810-a736-8f99ed44a0df tempest-GroupSnapshotsTest-1168059695 None] Running cmd (subprocess): /opt/stack/data/venv/bin/python3.12 -m oslo_concurrency.prlimit --as=1073741824 --cpu=60 -- sudo cinder-rootwrap /etc/cinder/rootwrap.conf env LC_ALL=C qemu-img info -f qcow2 --output=json --force-share /opt/stack/data/cinder/mnt/523973c4254249fd6570952df3cbe788/volume-fdb69e03-1e58-4ad8-adee-5971b780447b.40d5b9da-0f94-4d4b-9fc6-7b091c0c33cc {{(pid=93518) execute /opt/stack/data/venv/lib/python3.12/site-packages/oslo_concurrency/processutils.py:440}}
Jun 29 03:03:36 devstack sudo[98140]: quobyte : PWD=/ ; USER=root ; COMMAND=/opt/stack/data/venv/bin/cinder-rootwrap /etc/cinder/rootwrap.conf env LC_ALL=C qemu-img info -f qcow2 --output=json --force-share /opt/stack/data/cinder/mnt/523973c4254249fd6570952df3cbe788/volume-fdb69e03-1e58-4ad8-adee-5971b780447b.40d5b9da-0f94-4d4b-9fc6-7b091c0c33cc
Jun 29 03:03:36 devstack sudo[98140]: pam_unix(sudo:session): session opened for user root(uid=0) by (uid=1000)
Jun 29 03:03:37 devstack sudo[98140]: pam_unix(sudo:session): session closed for user root
Jun 29 03:03:37 devstack cinder-volume[93518]: DEBUG oslo_concurrency.processutils [None req-001ffbff-b90d-4810-a736-8f99ed44a0df tempest-GroupSnapshotsTest-1168059695 None] CMD "/opt/stack/data/venv/bin/python3.12 -m oslo_concurrency.prlimit --as=1073741824 --cpu=60 -- sudo cinder-rootwrap /etc/cinder/rootwrap.conf env LC_ALL=C qemu-img info -f qcow2 --output=json --force-share /opt/stack/data/cinder/mnt/523973c4254249fd6570952df3cbe788/volume-fdb69e03-1e58-4ad8-adee-5971b780447b.40d5b9da-0f94-4d4b-9fc6-7b091c0c33cc" returned: 0 in 0.817s {{(pid=93518) execute /opt/stack/data/venv/lib/python3.12/site-packages/oslo_concurrency/processutils.py:468}}
Jun 29 03:03:37 devstack cinder-volume[93518]: DEBUG cinder.volume.drivers.remotefs [None req-001ffbff-b90d-4810-a736-8f99ed44a0df tempest-GroupSnapshotsTest-1168059695 None] Fetching qemu-img info with special backing_file_template: (/opt/stack/data/cinder/mnt/[0-9a-f]+/)?(volume-fdb69e03-1e58-4ad8-adee-5971b780447b(.(tmp-snap-)?[0-9a-f-]+)?|volume_from_snapshot_cache/(tmp-snap-)?[0-9a-f-]+(.(child-|parent-)[0-9a-f-]+)?)$ {{(pid=93518) _qemu_img_info_base /opt/stack/cinder/cinder/volume/drivers/remotefs.py:896}}
Jun 29 03:03:37 devstack cinder-volume[93518]: DEBUG oslo.privsep.daemon [-] privsep: reply[93957509-d803-41be-8ae8-5eb3683459e6]: (4, 'qcow2') {{(pid=94847) _call_back /opt/stack/data/venv/lib/python3.12/site-packages/oslo_privsep/daemon.py:580}}
Jun 29 03:03:37 devstack cinder-volume[93518]: DEBUG oslo_concurrency.processutils [None req-001ffbff-b90d-4810-a736-8f99ed44a0df tempest-GroupSnapshotsTest-1168059695 None] Running cmd (subprocess): /opt/stack/data/venv/bin/python3.12 -m oslo_concurrency.prlimit --as=1073741824 --cpu=60 -- sudo cinder-rootwrap /etc/cinder/rootwrap.conf env LC_ALL=C qemu-img info -f qcow2 --output=json --force-share /opt/stack/data/cinder/mnt/523973c4254249fd6570952df3cbe788/volume-fdb69e03-1e58-4ad8-adee-5971b780447b {{(pid=93518) execute /opt/stack/data/venv/lib/python3.12/site-packages/oslo_concurrency/processutils.py:440}}
Jun 29 03:03:37 devstack sudo[98146]: quobyte : PWD=/ ; USER=root ; COMMAND=/opt/stack/data/venv/bin/cinder-rootwrap /etc/cinder/rootwrap.conf env LC_ALL=C qemu-img info -f qcow2 --output=json --force-share /opt/stack/data/cinder/mnt/523973c4254249fd6570952df3cbe788/volume-fdb69e03-1e58-4ad8-adee-5971b780447b
Jun 29 03:03:37 devstack sudo[98146]: pam_unix(sudo:session): session opened for user root(uid=0) by (uid=1000)
Jun 29 03:03:37 devstack sudo[98146]: pam_unix(sudo:session): session closed for user root
Jun 29 03:03:37 devstack cinder-volume[93518]: DEBUG oslo_concurrency.processutils [None req-001ffbff-b90d-4810-a736-8f99ed44a0df tempest-GroupSnapshotsTest-1168059695 None] CMD "/opt/stack/data/venv/bin/python3.12 -m oslo_concurrency.prlimit --as=1073741824 --cpu=60 -- sudo cinder-rootwrap /etc/cinder/rootwrap.conf env LC_ALL=C qemu-img info -f qcow2 --output=json --force-share /opt/stack/data/cinder/mnt/523973c4254249fd6570952df3cbe788/volume-fdb69e03-1e58-4ad8-adee-5971b780447b" returned: 0 in 0.839s {{(pid=93518) execute /opt/stack/data/venv/lib/python3.12/site-packages/oslo_concurrency/processutils.py:468}}
Jun 29 03:03:37 devstack cinder-volume[93518]: DEBUG oslo_concurrency.processutils [None req-001ffbff-b90d-4810-a736-8f99ed44a0df tempest-GroupSnapshotsTest-1168059695 None] Running cmd (subprocess): sudo cinder-rootwrap /etc/cinder/rootwrap.conf qemu-img commit -d /opt/stack/data/cinder/mnt/523973c4254249fd6570952df3cbe788/volume-fdb69e03-1e58-4ad8-adee-5971b780447b.40d5b9da-0f94-4d4b-9fc6-7b091c0c33cc {{(pid=93518) execute /opt/stack/data/venv/lib/python3.12/site-packages/oslo_concurrency/processutils.py:440}}
Jun 29 03:03:37 devstack sudo[98151]: quobyte : PWD=/ ; USER=root ; COMMAND=/opt/stack/data/venv/bin/cinder-rootwrap /etc/cinder/rootwrap.conf qemu-img commit -d /opt/stack/data/cinder/mnt/523973c4254249fd6570952df3cbe788/volume-fdb69e03-1e58-4ad8-adee-5971b780447b.40d5b9da-0f94-4d4b-9fc6-7b091c0c33cc
Jun 29 03:03:37 devstack sudo[98151]: pam_unix(sudo:session): session opened for user root(uid=0) by (uid=1000)
Jun 29 03:03:38 devstack sudo[98151]: pam_unix(sudo:session): session closed for user root
Jun 29 03:03:38 devstack cinder-volume[93518]: DEBUG oslo_concurrency.processutils [None req-001ffbff-b90d-4810-a736-8f99ed44a0df tempest-GroupSnapshotsTest-1168059695 None] CMD "sudo cinder-rootwrap /etc/cinder/rootwrap.conf qemu-img commit -d /opt/stack/data/cinder/mnt/523973c4254249fd6570952df3cbe788/volume-fdb69e03-1e58-4ad8-adee-5971b780447b.40d5b9da-0f94-4d4b-9fc6-7b091c0c33cc" returned: 0 in 0.760s {{(pid=93518) execute /opt/stack/data/venv/lib/python3.12/site-packages/oslo_concurrency/processutils.py:468}}
Jun 29 03:03:38 devstack cinder-volume[93518]: DEBUG oslo_concurrency.processutils [None req-001ffbff-b90d-4810-a736-8f99ed44a0df tempest-GroupSnapshotsTest-1168059695 None] Running cmd (subprocess): sudo cinder-rootwrap /etc/cinder/rootwrap.conf rm -f /opt/stack/data/cinder/mnt/523973c4254249fd6570952df3cbe788/volume-fdb69e03-1e58-4ad8-adee-5971b780447b.40d5b9da-0f94-4d4b-9fc6-7b091c0c33cc {{(pid=93518) execute /opt/stack/data/venv/lib/python3.12/site-packages/oslo_concurrency/processutils.py:440}}
Jun 29 03:03:38 devstack sudo[98157]: quobyte : PWD=/ ; USER=root ; COMMAND=/opt/stack/data/venv/bin/cinder-rootwrap /etc/cinder/rootwrap.conf rm -f /opt/stack/data/cinder/mnt/523973c4254249fd6570952df3cbe788/volume-fdb69e03-1e58-4ad8-adee-5971b780447b.40d5b9da-0f94-4d4b-9fc6-7b091c0c33cc
Jun 29 03:03:38 devstack sudo[98157]: pam_unix(sudo:session): session opened for user root(uid=0) by (uid=1000)
Jun 29 03:03:39 devstack sudo[98157]: pam_unix(sudo:session): session closed for user root
Jun 29 03:03:39 devstack cinder-volume[93518]: DEBUG oslo_concurrency.processutils [None req-001ffbff-b90d-4810-a736-8f99ed44a0df tempest-GroupSnapshotsTest-1168059695 None] CMD "sudo cinder-rootwrap /etc/cinder/rootwrap.conf rm -f /opt/stack/data/cinder/mnt/523973c4254249fd6570952df3cbe788/volume-fdb69e03-1e58-4ad8-adee-5971b780447b.40d5b9da-0f94-4d4b-9fc6-7b091c0c33cc" returned: 0 in 0.637s {{(pid=93518) execute /opt/stack/data/venv/lib/python3.12/site-packages/oslo_concurrency/processutils.py:468}}
Jun 29 03:03:39 devstack cinder-volume[93518]: DEBUG cinder.coordination [None req-001ffbff-b90d-4810-a736-8f99ed44a0df tempest-GroupSnapshotsTest-1168059695 None] Lock "cinder-quobyte-40d5b9da-0f94-4d4b-9fc6-7b091c0c33cc" released by "_delete_snapshot" :: held 3.151s {{(pid=93518) __release /opt/stack/cinder/cinder/coordination.py:152}}
Jun 29 03:03:39 devstack cinder-volume[93518]: DEBUG cinder.coordination [None req-001ffbff-b90d-4810-a736-8f99ed44a0df tempest-GroupSnapshotsTest-1168059695 None] Lock "cinder-quobyte-fdb69e03-1e58-4ad8-adee-5971b780447b" released by "delete_snapshot" :: held 3.171s {{(pid=93518) __release /opt/stack/cinder/cinder/coordination.py:152}}
Jun 29 03:03:39 devstack cinder-volume[93518]: WARNING cinder.quota [None req-001ffbff-b90d-4810-a736-8f99ed44a0df tempest-GroupSnapshotsTest-1168059695 None] Deprecated: Default quota for resource: gigabytes_tempest-GroupSnapshotsTest-volume-type-1917369628 is set by the default quota flag: quota_gigabytes_tempest-GroupSnapshotsTest-volume-type-1917369628, it is now deprecated. Please use the default quota class for default quota.
Jun 29 03:03:39 devstack cinder-volume[93518]: WARNING cinder.quota [None req-001ffbff-b90d-4810-a736-8f99ed44a0df tempest-GroupSnapshotsTest-1168059695 None] Deprecated: Default quota for resource: snapshots_tempest-GroupSnapshotsTest-volume-type-1917369628 is set by the default quota flag: quota_snapshots_tempest-GroupSnapshotsTest-volume-type-1917369628, it is now deprecated. Please use the default quota class for default quota.
Jun 29 03:03:39 devstack cinder-volume[93518]: DEBUG cinder.quota [None req-001ffbff-b90d-4810-a736-8f99ed44a0df tempest-GroupSnapshotsTest-1168059695 None] Created reservations ['e3eb97b0-f1cb-4076-9a42-307efcc9eff6', 'd5999df0-d0cc-48c4-aabc-ebce43ec68cc', '9776bb39-d621-4602-88c9-c118cc612878', 'e285fd2c-1d91-4a5f-b163-864c2318c1bc'] {{(pid=93518) reserve /opt/stack/cinder/cinder/quota.py:752}}
Jun 29 03:03:39 devstack cinder-volume[93518]: DEBUG cinder.quota [None req-001ffbff-b90d-4810-a736-8f99ed44a0df tempest-GroupSnapshotsTest-1168059695 None] Created reservations ['c7574302-2ee6-43c2-a3c2-e49772de5897', '47a593c2-8e30-452f-83bc-dc011ef8c51a', 'ba46e75e-caee-4758-b32a-1f0ce5dcd0ea', 'da47e42c-b5f3-4136-afb6-37db3e346609'] {{(pid=93518) reserve /opt/stack/cinder/cinder/quota.py:752}}
Jun 29 03:03:39 devstack cinder-volume[93518]: INFO cinder.volume.manager [None req-001ffbff-b90d-4810-a736-8f99ed44a0df tempest-GroupSnapshotsTest-1168059695 None] group_snapshot fc4149ce-93e2-45e3-8004-27a6608097a0: deleted successfully
Jun 29 03:03:39 devstack cinder-volume[93518]: INFO cinder.volume.manager [req-7c5a3341-80d3-4e36-8f1a-fc30d2fea758 req-d2ed644c-e74a-4936-9c20-e284ced3f1db tempest-AttachVolumeNegativeTest-2146070891 None] Terminate volume connection completed successfully.
Jun 29 03:03:39 devstack cinder-volume[93518]: DEBUG cinder.volume.manager [req-7c5a3341-80d3-4e36-8f1a-fc30d2fea758 req-d2ed644c-e74a-4936-9c20-e284ced3f1db tempest-AttachVolumeNegativeTest-2146070891 None] Deleting attachment 2d887a8b-5652-49a9-8791-89da4922906d. {{(pid=93518) attachment_delete /opt/stack/cinder/cinder/volume/manager.py:5055}}
Jun 29 03:03:40 devstack cinder-volume[93518]: DEBUG cinder.coordination [None req-878e60a0-1eb4-4e40-9524-fe7fa988b5e6 tempest-GroupSnapshotsTest-1168059695 None] Acquiring lock "cinder-quobyte-598fba88-ca57-4da2-8316-a4ebb4f3e284" by "delete_volume" {{(pid=93518) __acquire /opt/stack/cinder/cinder/coordination.py:138}}
Jun 29 03:03:40 devstack cinder-volume[93518]: DEBUG cinder.coordination [None req-878e60a0-1eb4-4e40-9524-fe7fa988b5e6 tempest-GroupSnapshotsTest-1168059695 None] Lock "cinder-quobyte-598fba88-ca57-4da2-8316-a4ebb4f3e284" acquired by "delete_volume" :: waited 0.015s {{(pid=93518) __acquire /opt/stack/cinder/cinder/coordination.py:141}}
Jun 29 03:03:40 devstack cinder-volume[93518]: DEBUG oslo.privsep.daemon [-] privsep: reply[774108aa-859e-458c-bcfe-01b58a044e7a]: (4, 'qcow2') {{(pid=94847) _call_back /opt/stack/data/venv/lib/python3.12/site-packages/oslo_privsep/daemon.py:580}}
Jun 29 03:03:40 devstack cinder-volume[93518]: DEBUG oslo_concurrency.processutils [None req-878e60a0-1eb4-4e40-9524-fe7fa988b5e6 tempest-GroupSnapshotsTest-1168059695 None] Running cmd (subprocess): /opt/stack/data/venv/bin/python3.12 -m oslo_concurrency.prlimit --as=1073741824 --cpu=60 -- sudo cinder-rootwrap /etc/cinder/rootwrap.conf env LC_ALL=C qemu-img info -f qcow2 --output=json --force-share /opt/stack/data/cinder/mnt/523973c4254249fd6570952df3cbe788/volume-598fba88-ca57-4da2-8316-a4ebb4f3e284 {{(pid=93518) execute /opt/stack/data/venv/lib/python3.12/site-packages/oslo_concurrency/processutils.py:440}}
Jun 29 03:03:41 devstack sudo[98168]: quobyte : PWD=/ ; USER=root ; COMMAND=/opt/stack/data/venv/bin/cinder-rootwrap /etc/cinder/rootwrap.conf env LC_ALL=C qemu-img info -f qcow2 --output=json --force-share /opt/stack/data/cinder/mnt/523973c4254249fd6570952df3cbe788/volume-598fba88-ca57-4da2-8316-a4ebb4f3e284
Jun 29 03:03:41 devstack sudo[98168]: pam_unix(sudo:session): session opened for user root(uid=0) by (uid=1000)
Jun 29 03:03:41 devstack sudo[98168]: pam_unix(sudo:session): session closed for user root
Jun 29 03:03:41 devstack cinder-volume[93518]: DEBUG oslo_concurrency.processutils [None req-878e60a0-1eb4-4e40-9524-fe7fa988b5e6 tempest-GroupSnapshotsTest-1168059695 None] CMD "/opt/stack/data/venv/bin/python3.12 -m oslo_concurrency.prlimit --as=1073741824 --cpu=60 -- sudo cinder-rootwrap /etc/cinder/rootwrap.conf env LC_ALL=C qemu-img info -f qcow2 --output=json --force-share /opt/stack/data/cinder/mnt/523973c4254249fd6570952df3cbe788/volume-598fba88-ca57-4da2-8316-a4ebb4f3e284" returned: 0 in 0.900s {{(pid=93518) execute /opt/stack/data/venv/lib/python3.12/site-packages/oslo_concurrency/processutils.py:468}}
Jun 29 03:03:41 devstack cinder-volume[93518]: DEBUG oslo_concurrency.processutils [None req-878e60a0-1eb4-4e40-9524-fe7fa988b5e6 tempest-GroupSnapshotsTest-1168059695 None] Running cmd (subprocess): sudo cinder-rootwrap /etc/cinder/rootwrap.conf rm -f /opt/stack/data/cinder/mnt/523973c4254249fd6570952df3cbe788/volume-598fba88-ca57-4da2-8316-a4ebb4f3e284 {{(pid=93518) execute /opt/stack/data/venv/lib/python3.12/site-packages/oslo_concurrency/processutils.py:440}}
Jun 29 03:03:41 devstack sudo[98177]: quobyte : PWD=/ ; USER=root ; COMMAND=/opt/stack/data/venv/bin/cinder-rootwrap /etc/cinder/rootwrap.conf rm -f /opt/stack/data/cinder/mnt/523973c4254249fd6570952df3cbe788/volume-598fba88-ca57-4da2-8316-a4ebb4f3e284
Jun 29 03:03:41 devstack sudo[98177]: pam_unix(sudo:session): session opened for user root(uid=0) by (uid=1000)
Jun 29 03:03:42 devstack cinder-volume[93518]: INFO cinder.volume.manager [req-a8baad3f-01e8-4e64-932b-feeb02279f43 req-7307ff82-4bf5-475b-9a4c-4611d329853d tempest-ServerActionsTestOtherA-1266192730 None] Terminate volume connection completed successfully.
Jun 29 03:03:42 devstack cinder-volume[93518]: DEBUG cinder.volume.manager [req-a8baad3f-01e8-4e64-932b-feeb02279f43 req-7307ff82-4bf5-475b-9a4c-4611d329853d tempest-ServerActionsTestOtherA-1266192730 None] Deleting attachment f7bdea0b-a45e-4ff8-8437-012ecd8d0794. {{(pid=93518) attachment_delete /opt/stack/cinder/cinder/volume/manager.py:5055}}
Jun 29 03:03:42 devstack sudo[98177]: pam_unix(sudo:session): session closed for user root
Jun 29 03:03:42 devstack cinder-volume[93518]: DEBUG oslo_concurrency.processutils [None req-878e60a0-1eb4-4e40-9524-fe7fa988b5e6 tempest-GroupSnapshotsTest-1168059695 None] CMD "sudo cinder-rootwrap /etc/cinder/rootwrap.conf rm -f /opt/stack/data/cinder/mnt/523973c4254249fd6570952df3cbe788/volume-598fba88-ca57-4da2-8316-a4ebb4f3e284" returned: 0 in 0.820s {{(pid=93518) execute /opt/stack/data/venv/lib/python3.12/site-packages/oslo_concurrency/processutils.py:468}}
