Aug 04 12:13:29 devstack devstack@g-api.service[78740]: DEBUG glance.common.config [None req-a70b1747-ab6c-4540-b46f-2edee5619b73 None None] barbican_service_user.certfile = None {{(pid=78740) log_opt_values /opt/stack/data/venv/lib/python3.12/site-packages/oslo_config/cfg.py:3545}}
Aug 04 12:13:29 devstack devstack@g-api.service[78740]: DEBUG glance.common.config [None req-a70b1747-ab6c-4540-b46f-2edee5619b73 None None] barbican_service_user.collect_timing = False {{(pid=78740) log_opt_values /opt/stack/data/venv/lib/python3.12/site-packages/oslo_config/cfg.py:3545}}
Aug 04 12:13:29 devstack devstack@g-api.service[78740]: DEBUG glance.common.config [None req-a70b1747-ab6c-4540-b46f-2edee5619b73 None None] barbican_service_user.insecure = False {{(pid=78740) log_opt_values /opt/stack/data/venv/lib/python3.12/site-packages/oslo_config/cfg.py:3545}}
Aug 04 12:13:29 devstack devstack@g-api.service[78740]: DEBUG glance.common.config [None req-a70b1747-ab6c-4540-b46f-2edee5619b73 None None] barbican_service_user.keyfile = None {{(pid=78740) log_opt_values /opt/stack/data/venv/lib/python3.12/site-packages/oslo_config/cfg.py:3545}}
Aug 04 12:13:29 devstack devstack@g-api.service[78740]: DEBUG glance.common.config [None req-a70b1747-ab6c-4540-b46f-2edee5619b73 None None] barbican_service_user.split_loggers = False {{(pid=78740) log_opt_values /opt/stack/data/venv/lib/python3.12/site-packages/oslo_config/cfg.py:3545}}
Aug 04 12:13:29 devstack devstack@g-api.service[78740]: DEBUG glance.common.config [None req-a70b1747-ab6c-4540-b46f-2edee5619b73 None None] barbican_service_user.timeout = None {{(pid=78740) log_opt_values /opt/stack/data/venv/lib/python3.12/site-packages/oslo_config/cfg.py:3545}}
Aug 04 12:13:29 devstack devstack@g-api.service[78740]: DEBUG glance.common.config [None req-a70b1747-ab6c-4540-b46f-2edee5619b73 None None] database.asyncio_connection = **** {{(pid=78740) log_opt_values /opt/stack/data/venv/lib/python3.12/site-packages/oslo_config/cfg.py:3545}}
Aug 04 12:13:29 devstack devstack@g-api.service[78740]: DEBUG glance.common.config [None req-a70b1747-ab6c-4540-b46f-2edee5619b73 None None] database.asyncio_slave_connection = **** {{(pid=78740) log_opt_values /opt/stack/data/venv/lib/python3.12/site-packages/oslo_config/cfg.py:3545}}
Aug 04 12:13:29 devstack devstack@g-api.service[78740]: DEBUG glance.common.config [None req-a70b1747-ab6c-4540-b46f-2edee5619b73 None None] database.backend = sqlalchemy {{(pid=78740) log_opt_values /opt/stack/data/venv/lib/python3.12/site-packages/oslo_config/cfg.py:3545}}
Aug 04 12:13:29 devstack devstack@g-api.service[78740]: DEBUG glance.common.config [None req-a70b1747-ab6c-4540-b46f-2edee5619b73 None None] database.connection = **** {{(pid=78740) log_opt_values /opt/stack/data/venv/lib/python3.12/site-packages/oslo_config/cfg.py:3545}}
Aug 04 12:13:29 devstack devstack@g-api.service[78740]: DEBUG glance.common.config [None req-a70b1747-ab6c-4540-b46f-2edee5619b73 None None] database.connection_debug = 0 {{(pid=78740) log_opt_values /opt/stack/data/venv/lib/python3.12/site-packages/oslo_config/cfg.py:3545}}
Aug 04 12:13:29 devstack devstack@g-api.service[78740]: DEBUG glance.common.config [None req-a70b1747-ab6c-4540-b46f-2edee5619b73 None None] database.connection_parameters = {{(pid=78740) log_opt_values /opt/stack/data/venv/lib/python3.12/site-packages/oslo_config/cfg.py:3545}}
Aug 04 12:13:29 devstack devstack@g-api.service[78740]: DEBUG glance.common.config [None req-a70b1747-ab6c-4540-b46f-2edee5619b73 None None] database.connection_recycle_time = 3600 {{(pid=78740) log_opt_values /opt/stack/data/venv/lib/python3.12/site-packages/oslo_config/cfg.py:3545}}
Aug 04 12:13:29 devstack devstack@g-api.service[78740]: DEBUG glance.common.config [None req-a70b1747-ab6c-4540-b46f-2edee5619b73 None None] database.connection_trace = False {{(pid=78740) log_opt_values /opt/stack/data/venv/lib/python3.12/site-packages/oslo_config/cfg.py:3545}}
Aug 04 12:13:29 devstack devstack@g-api.service[78740]: DEBUG glance.common.config [None req-a70b1747-ab6c-4540-b46f-2edee5619b73 None None] database.db_inc_retry_interval = True {{(pid=78740) log_opt_values /opt/stack/data/venv/lib/python3.12/site-packages/oslo_config/cfg.py:3545}}
Aug 04 12:13:29 devstack devstack@g-api.service[78740]: DEBUG glance.common.config [None req-a70b1747-ab6c-4540-b46f-2edee5619b73 None None] database.db_max_retries = 20 {{(pid=78740) log_opt_values /opt/stack/data/venv/lib/python3.12/site-packages/oslo_config/cfg.py:3545}}
Aug 04 12:13:29 devstack devstack@g-api.service[78740]: DEBUG glance.common.config [None req-a70b1747-ab6c-4540-b46f-2edee5619b73 None None] database.db_max_retry_interval = 10 {{(pid=78740) log_opt_values /opt/stack/data/venv/lib/python3.12/site-packages/oslo_config/cfg.py:3545}}
Aug 04 12:13:29 devstack devstack@g-api.service[78740]: DEBUG glance.common.config [None req-a70b1747-ab6c-4540-b46f-2edee5619b73 None None] database.db_retry_interval = 1 {{(pid=78740) log_opt_values /opt/stack/data/venv/lib/python3.12/site-packages/oslo_config/cfg.py:3545}}
Aug 04 12:13:29 devstack devstack@g-api.service[78740]: DEBUG glance.common.config [None req-a70b1747-ab6c-4540-b46f-2edee5619b73 None None] database.max_overflow = 50 {{(pid=78740) log_opt_values /opt/stack/data/venv/lib/python3.12/site-packages/oslo_config/cfg.py:3545}}
Aug 04 12:13:29 devstack devstack@g-api.service[78740]: DEBUG glance.common.config [None req-a70b1747-ab6c-4540-b46f-2edee5619b73 None None] database.max_pool_size = 5 {{(pid=78740) log_opt_values /opt/stack/data/venv/lib/python3.12/site-packages/oslo_config/cfg.py:3545}}
Aug 04 12:13:29 devstack devstack@g-api.service[78740]: DEBUG glance.common.config [None req-a70b1747-ab6c-4540-b46f-2edee5619b73 None None] database.max_retries = 10 {{(pid=78740) log_opt_values /opt/stack/data/venv/lib/python3.12/site-packages/oslo_config/cfg.py:3545}}
Aug 04 12:13:29 devstack devstack@g-api.service[78740]: DEBUG glance.common.config [None req-a70b1747-ab6c-4540-b46f-2edee5619b73 None None] database.mysql_sql_mode = TRADITIONAL {{(pid=78740) log_opt_values /opt/stack/data/venv/lib/python3.12/site-packages/oslo_config/cfg.py:3545}}
Aug 04 12:13:29 devstack devstack@g-api.service[78740]: DEBUG glance.common.config [None req-a70b1747-ab6c-4540-b46f-2edee5619b73 None None] database.mysql_wsrep_sync_wait = None {{(pid=78740) log_opt_values /opt/stack/data/venv/lib/python3.12/site-packages/oslo_config/cfg.py:3545}}
Aug 04 12:13:29 devstack devstack@g-api.service[78740]: DEBUG glance.common.config [None req-a70b1747-ab6c-4540-b46f-2edee5619b73 None None] database.pool_timeout = None {{(pid=78740) log_opt_values /opt/stack/data/venv/lib/python3.12/site-packages/oslo_config/cfg.py:3545}}
Aug 04 12:13:29 devstack devstack@g-api.service[78740]: DEBUG glance.common.config [None req-a70b1747-ab6c-4540-b46f-2edee5619b73 None None] database.retry_interval = 10 {{(pid=78740) log_opt_values /opt/stack/data/venv/lib/python3.12/site-packages/oslo_config/cfg.py:3545}}
Aug 04 12:13:29 devstack devstack@g-api.service[78740]: DEBUG glance.common.config [None req-a70b1747-ab6c-4540-b46f-2edee5619b73 None None] database.slave_connection = **** {{(pid=78740) log_opt_values /opt/stack/data/venv/lib/python3.12/site-packages/oslo_config/cfg.py:3545}}
Aug 04 12:13:29 devstack devstack@g-api.service[78740]: DEBUG glance.common.config [None req-a70b1747-ab6c-4540-b46f-2edee5619b73 None None] database.sqlite_synchronous = True {{(pid=78740) log_opt_values /opt/stack/data/venv/lib/python3.12/site-packages/oslo_config/cfg.py:3545}}
Aug 04 12:13:29 devstack devstack@g-api.service[78740]: DEBUG glance.common.config [None req-a70b1747-ab6c-4540-b46f-2edee5619b73 None None] database.synchronous_reader = True {{(pid=78740) log_opt_values /opt/stack/data/venv/lib/python3.12/site-packages/oslo_config/cfg.py:3545}}
Aug 04 12:13:29 devstack devstack@g-api.service[78740]: DEBUG glance.common.config [None req-a70b1747-ab6c-4540-b46f-2edee5619b73 None None] database.use_db_reconnect = False {{(pid=78740) log_opt_values /opt/stack/data/venv/lib/python3.12/site-packages/oslo_config/cfg.py:3545}}
Aug 04 12:13:29 devstack devstack@g-api.service[78740]: DEBUG glance.common.config [None req-a70b1747-ab6c-4540-b46f-2edee5619b73 None None] healthcheck.allowed_source_ranges = [] {{(pid=78740) log_opt_values /opt/stack/data/venv/lib/python3.12/site-packages/oslo_config/cfg.py:3545}}
Aug 04 12:13:29 devstack devstack@g-api.service[78740]: DEBUG glance.common.config [None req-a70b1747-ab6c-4540-b46f-2edee5619b73 None None] healthcheck.backends = ['disable_by_file'] {{(pid=78740) log_opt_values /opt/stack/data/venv/lib/python3.12/site-packages/oslo_config/cfg.py:3545}}
Aug 04 12:13:29 devstack devstack@g-api.service[78740]: DEBUG glance.common.config [None req-a70b1747-ab6c-4540-b46f-2edee5619b73 None None] healthcheck.detailed = False {{(pid=78740) log_opt_values /opt/stack/data/venv/lib/python3.12/site-packages/oslo_config/cfg.py:3545}}
Aug 04 12:13:29 devstack devstack@g-api.service[78740]: DEBUG glance.common.config [None req-a70b1747-ab6c-4540-b46f-2edee5619b73 None None] healthcheck.disable_by_file_path = None {{(pid=78740) log_opt_values /opt/stack/data/venv/lib/python3.12/site-packages/oslo_config/cfg.py:3545}}
Aug 04 12:13:29 devstack devstack@g-api.service[78740]: DEBUG glance.common.config [None req-a70b1747-ab6c-4540-b46f-2edee5619b73 None None] healthcheck.ignore_proxied_requests = False {{(pid=78740) log_opt_values /opt/stack/data/venv/lib/python3.12/site-packages/oslo_config/cfg.py:3545}}
Aug 04 12:13:29 devstack devstack@g-api.service[78740]: DEBUG glance.common.config [None req-a70b1747-ab6c-4540-b46f-2edee5619b73 None None] ******************************************************************************** {{(pid=78740) log_opt_values /opt/stack/data/venv/lib/python3.12/site-packages/oslo_config/cfg.py:3552}}
Aug 04 12:13:29 devstack devstack@g-api.service[78740]: WSGI app 0 (mountpoint='') ready in 5 seconds on interpreter 0x7a0fb96a4668 pid: 78740 (default app)
Aug 04 12:13:33 devstack devstack@g-api.service[78739]: DEBUG glance.api.middleware.version_negotiation [None req-cf8d8821-d3ee-421b-8cb9-7a815c874f65 None None] Determining version of request: GET / Accept: application/json {{(pid=78739) process_request /opt/stack/glance/glance/api/middleware/version_negotiation.py:44}}
Aug 04 12:13:33 devstack devstack@g-api.service[78739]: DEBUG glance.api.middleware.version_negotiation [None req-cf8d8821-d3ee-421b-8cb9-7a815c874f65 None None] Using url versioning {{(pid=78739) process_request /opt/stack/glance/glance/api/middleware/version_negotiation.py:57}}
Aug 04 12:13:33 devstack devstack@g-api.service[78739]: DEBUG glance.api.middleware.version_negotiation [None req-cf8d8821-d3ee-421b-8cb9-7a815c874f65 None None] Unknown version. Returning version choices. {{(pid=78739) process_request /opt/stack/glance/glance/api/middleware/version_negotiation.py:64}}
Aug 04 12:13:33 devstack devstack@g-api.service[78739]: [pid: 78739|app: 0|req: 2/2] 127.0.0.1 () {34 vars in 519 bytes} [Tue Aug 4 12:13:33 2026] GET / => generated 1571 bytes in 2 msecs (HTTP/1.1 300) 3 headers in 106 bytes (1 switches on core 0)
Aug 04 12:13:33 devstack devstack@g-api.service[78740]: DEBUG glance.api.middleware.version_negotiation [None req-a70b1747-ab6c-4540-b46f-2edee5619b73 None None] Determining version of request: POST /v2/images Accept: */* {{(pid=78740) process_request /opt/stack/glance/glance/api/middleware/version_negotiation.py:44}}
Aug 04 12:13:33 devstack devstack@g-api.service[78740]: DEBUG glance.api.middleware.version_negotiation [None req-a70b1747-ab6c-4540-b46f-2edee5619b73 None None] Using url versioning {{(pid=78740) process_request /opt/stack/glance/glance/api/middleware/version_negotiation.py:57}}
Aug 04 12:13:33 devstack devstack@g-api.service[78740]: DEBUG glance.api.middleware.version_negotiation [None req-a70b1747-ab6c-4540-b46f-2edee5619b73 None None] Matched version: v2 {{(pid=78740) process_request /opt/stack/glance/glance/api/middleware/version_negotiation.py:69}}
Aug 04 12:13:33 devstack devstack@g-api.service[78740]: DEBUG glance.api.middleware.version_negotiation [None req-a70b1747-ab6c-4540-b46f-2edee5619b73 None None] new path /v2/images {{(pid=78740) process_request /opt/stack/glance/glance/api/middleware/version_negotiation.py:70}}
Aug 04 12:13:34 devstack devstack@g-api.service[78740]: [pid: 78740|app: 0|req: 1/3] 127.0.0.1 () {40 vars in 782 bytes} [Tue Aug 4 12:13:33 2026] POST /v2/images => generated 807 bytes in 1226 msecs (HTTP/1.1 201) 6 headers in 314 bytes (1 switches on core 0)
Aug 04 12:13:34 devstack devstack@g-api.service[78739]: DEBUG glance.api.middleware.version_negotiation [None req-cf8d8821-d3ee-421b-8cb9-7a815c874f65 None None] Determining version of request: PUT /v2/images/548f5761-1bd3-4329-ae55-bcd5aa6b3c29/file Accept: {{(pid=78739) process_request /opt/stack/glance/glance/api/middleware/version_negotiation.py:44}}
Aug 04 12:13:34 devstack devstack@g-api.service[78739]: DEBUG glance.api.middleware.version_negotiation [None req-cf8d8821-d3ee-421b-8cb9-7a815c874f65 None None] Using url versioning {{(pid=78739) process_request /opt/stack/glance/glance/api/middleware/version_negotiation.py:57}}
Aug 04 12:13:34 devstack devstack@g-api.service[78739]: DEBUG glance.api.middleware.version_negotiation [None req-cf8d8821-d3ee-421b-8cb9-7a815c874f65 None None] Matched version: v2 {{(pid=78739) process_request /opt/stack/glance/glance/api/middleware/version_negotiation.py:69}}
Aug 04 12:13:34 devstack devstack@g-api.service[78739]: DEBUG glance.api.middleware.version_negotiation [None req-cf8d8821-d3ee-421b-8cb9-7a815c874f65 None None] new path /v2/images/548f5761-1bd3-4329-ae55-bcd5aa6b3c29/file {{(pid=78739) process_request /opt/stack/glance/glance/api/middleware/version_negotiation.py:70}}
Aug 04 12:13:35 devstack devstack@g-api.service[78739]: INFO glance.api.v2.image_data [None req-96ee71be-dd21-4ce6-aca0-db83415e4150 admin admin] Unable to create trust: no such option collect_timing in group [keystone_authtoken] Use the existing user token.
Aug 04 12:13:36 devstack devstack@g-api.service[78739]: DEBUG glance.location [None req-96ee71be-dd21-4ce6-aca0-db83415e4150 admin admin] Enabling in-flight format inspection for qcow2 {{(pid=78739) set_data /opt/stack/glance/glance/location.py:596}}
Aug 04 12:13:36 devstack devstack@g-api.service[78739]: DEBUG oslo_utils.imageutils.format_inspector [None req-96ee71be-dd21-4ce6-aca0-db83415e4150 admin admin] Format inspector for vmdk does not match, excluding from consideration (Signature KDMV not found: b'QFI\xfb') {{(pid=78739) _process_chunk /opt/stack/data/venv/lib/python3.12/site-packages/oslo_utils/imageutils/format_inspector.py:1758}}
Aug 04 12:13:36 devstack devstack@g-api.service[78739]: DEBUG oslo_utils.imageutils.format_inspector [None req-96ee71be-dd21-4ce6-aca0-db83415e4150 admin admin] Format inspector for vhdx does not match, excluding from consideration (Region signature not found at 30000) {{(pid=78739) _process_chunk /opt/stack/data/venv/lib/python3.12/site-packages/oslo_utils/imageutils/format_inspector.py:1758}}
Aug 04 12:13:36 devstack devstack@g-api.service[78739]: DEBUG glance_store._drivers.filesystem [None req-96ee71be-dd21-4ce6-aca0-db83415e4150 admin admin] Wrote 21692416 bytes to /opt/stack/data/glance/images/548f5761-1bd3-4329-ae55-bcd5aa6b3c29 with checksum 87617e24a5e30cb3b87fda8c0764838f and multihash 9a9bce0083a00939ec17c11febbfc767aa211aaa54f51e75c5a8b271a9b5637c77205a518b7a2007cb391d23cceb01e0e4e8d64832317151bc85b734b92a7be0 {{(pid=78739) add /opt/stack/data/venv/lib/python3.12/site-packages/glance_store/_drivers/filesystem.py:899}}
Aug 04 12:13:36 devstack devstack@g-api.service[78739]: INFO glance.location [None req-96ee71be-dd21-4ce6-aca0-db83415e4150 admin admin] Image format matched and virtual size computed: 117440512
Aug 04 12:13:36 devstack devstack@g-api.service[78739]: DEBUG glance_store.backend [None req-96ee71be-dd21-4ce6-aca0-db83415e4150 admin admin] Skipping store.set_acls... not implemented. {{(pid=78739) set_acls /opt/stack/data/venv/lib/python3.12/site-packages/glance_store/backend.py:507}}
Aug 04 12:13:36 devstack devstack@g-api.service[78739]: [pid: 78739|app: 0|req: 3/4] 127.0.0.1 () {42 vars in 914 bytes} [Tue Aug 4 12:13:34 2026] PUT /v2/images/548f5761-1bd3-4329-ae55-bcd5aa6b3c29/file => generated 0 bytes in 1760 msecs (HTTP/1.1 204) 4 headers in 171 bytes (1 switches on core 0)
Aug 04 12:13:36 devstack devstack@g-api.service[78740]: DEBUG glance.api.middleware.version_negotiation [None req-9aaaab03-26f6-4595-9756-021b32610513 admin admin] Determining version of request: GET /v2/images/548f5761-1bd3-4329-ae55-bcd5aa6b3c29 Accept: */* {{(pid=78740) process_request /opt/stack/glance/glance/api/middleware/version_negotiation.py:44}}
Aug 04 12:13:36 devstack devstack@g-api.service[78740]: DEBUG glance.api.middleware.version_negotiation [None req-9aaaab03-26f6-4595-9756-021b32610513 admin admin] Using url versioning {{(pid=78740) process_request /opt/stack/glance/glance/api/middleware/version_negotiation.py:57}}
Aug 04 12:13:36 devstack devstack@g-api.service[78740]: DEBUG glance.api.middleware.version_negotiation [None req-9aaaab03-26f6-4595-9756-021b32610513 admin admin] Matched version: v2 {{(pid=78740) process_request /opt/stack/glance/glance/api/middleware/version_negotiation.py:69}}
Aug 04 12:13:36 devstack devstack@g-api.service[78740]: DEBUG glance.api.middleware.version_negotiation [None req-9aaaab03-26f6-4595-9756-021b32610513 admin admin] new path /v2/images/548f5761-1bd3-4329-ae55-bcd5aa6b3c29 {{(pid=78740) process_request /opt/stack/glance/glance/api/middleware/version_negotiation.py:70}}
Aug 04 12:13:36 devstack devstack@g-api.service[78740]: [pid: 78740|app: 0|req: 2/5] 127.0.0.1 () {36 vars in 802 bytes} [Tue Aug 4 12:13:36 2026] GET /v2/images/548f5761-1bd3-4329-ae55-bcd5aa6b3c29 => generated 976 bytes in 21 msecs (HTTP/1.1 200) 4 headers in 157 bytes (1 switches on core 0)
Aug 04 12:13:46 devstack devstack@g-api.service[78739]: DEBUG dbcounter [-] [78739] Writing DB stats glance:INSERT=5,glance:SELECT=16,glance:UPDATE=2 {{(pid=78739) stat_writer /opt/stack/data/venv/lib/python3.12/site-packages/dbcounter.py:115}}
Aug 04 12:13:46 devstack devstack@g-api.service[78740]: DEBUG dbcounter [-] [78740] Writing DB stats glance:INSERT=9,glance:SELECT=6 {{(pid=78740) stat_writer /opt/stack/data/venv/lib/python3.12/site-packages/dbcounter.py:115}}
Aug 04 12:14:18 devstack devstack@g-api.service[78739]: DEBUG glance.api.middleware.version_negotiation [None req-96ee71be-dd21-4ce6-aca0-db83415e4150 admin admin] Determining version of request: GET / Accept: application/json {{(pid=78739) process_request /opt/stack/glance/glance/api/middleware/version_negotiation.py:44}}
Aug 04 12:14:18 devstack devstack@g-api.service[78739]: DEBUG glance.api.middleware.version_negotiation [None req-96ee71be-dd21-4ce6-aca0-db83415e4150 admin admin] Using url versioning {{(pid=78739) process_request /opt/stack/glance/glance/api/middleware/version_negotiation.py:57}}
Aug 04 12:14:18 devstack devstack@g-api.service[78739]: DEBUG glance.api.middleware.version_negotiation [None req-96ee71be-dd21-4ce6-aca0-db83415e4150 admin admin] Unknown version. Returning version choices. {{(pid=78739) process_request /opt/stack/glance/glance/api/middleware/version_negotiation.py:64}}
Aug 04 12:14:18 devstack devstack@g-api.service[78739]: [pid: 78739|app: 0|req: 4/6] 127.0.0.1 () {34 vars in 519 bytes} [Tue Aug 4 12:14:18 2026] GET / => generated 1571 bytes in 4 msecs (HTTP/1.1 300) 3 headers in 106 bytes (1 switches on core 0)
Aug 04 12:14:18 devstack devstack@g-api.service[78740]: DEBUG glance.api.middleware.version_negotiation [None req-58437975-f57b-49c8-81fb-dc8021ef0e0a admin admin] Determining version of request: GET /v2/images Accept: application/json {{(pid=78740) process_request /opt/stack/glance/glance/api/middleware/version_negotiation.py:44}}
Aug 04 12:14:18 devstack devstack@g-api.service[78740]: DEBUG glance.api.middleware.version_negotiation [None req-58437975-f57b-49c8-81fb-dc8021ef0e0a admin admin] Using url versioning {{(pid=78740) process_request /opt/stack/glance/glance/api/middleware/version_negotiation.py:57}}
Aug 04 12:14:18 devstack devstack@g-api.service[78740]: DEBUG glance.api.middleware.version_negotiation [None req-58437975-f57b-49c8-81fb-dc8021ef0e0a admin admin] Matched version: v2 {{(pid=78740) process_request /opt/stack/glance/glance/api/middleware/version_negotiation.py:69}}
Aug 04 12:14:18 devstack devstack@g-api.service[78740]: DEBUG glance.api.middleware.version_negotiation [None req-58437975-f57b-49c8-81fb-dc8021ef0e0a admin admin] new path /v2/images {{(pid=78740) process_request /opt/stack/glance/glance/api/middleware/version_negotiation.py:70}}
Aug 04 12:14:18 devstack devstack@g-api.service[78740]: [pid: 78740|app: 0|req: 3/7] 127.0.0.1 () {36 vars in 741 bytes} [Tue Aug 4 12:14:18 2026] GET /v2/images => generated 1045 bytes in 89 msecs (HTTP/1.1 200) 4 headers in 158 bytes (1 switches on core 0)
Aug 04 12:14:28 devstack devstack@g-api.service[78739]: DEBUG glance.api.middleware.version_negotiation [None req-96ee71be-dd21-4ce6-aca0-db83415e4150 admin admin] Determining version of request: GET / Accept: application/json {{(pid=78739) process_request /opt/stack/glance/glance/api/middleware/version_negotiation.py:44}}
Aug 04 12:14:28 devstack devstack@g-api.service[78739]: DEBUG glance.api.middleware.version_negotiation [None req-96ee71be-dd21-4ce6-aca0-db83415e4150 admin admin] Using url versioning {{(pid=78739) process_request /opt/stack/glance/glance/api/middleware/version_negotiation.py:57}}
Aug 04 12:14:28 devstack devstack@g-api.service[78739]: DEBUG glance.api.middleware.version_negotiation [None req-96ee71be-dd21-4ce6-aca0-db83415e4150 admin admin] Unknown version. Returning version choices. {{(pid=78739) process_request /opt/stack/glance/glance/api/middleware/version_negotiation.py:64}}
Aug 04 12:14:28 devstack devstack@g-api.service[78739]: [pid: 78739|app: 0|req: 5/8] 127.0.0.1 () {34 vars in 519 bytes} [Tue Aug 4 12:14:28 2026] GET / => generated 1571 bytes in 2 msecs (HTTP/1.1 300) 3 headers in 106 bytes (1 switches on core 0)
Aug 04 12:14:28 devstack devstack@g-api.service[78740]: DEBUG glance.api.middleware.version_negotiation [None req-c28052b3-ef74-425f-8867-aa8fc358e416 admin admin] Determining version of request: GET /v2/images/548f5761-1bd3-4329-ae55-bcd5aa6b3c29 Accept: */* {{(pid=78740) process_request /opt/stack/glance/glance/api/middleware/version_negotiation.py:44}}
Aug 04 12:14:28 devstack devstack@g-api.service[78740]: DEBUG glance.api.middleware.version_negotiation [None req-c28052b3-ef74-425f-8867-aa8fc358e416 admin admin] Using url versioning {{(pid=78740) process_request /opt/stack/glance/glance/api/middleware/version_negotiation.py:57}}
Aug 04 12:14:28 devstack devstack@g-api.service[78740]: DEBUG glance.api.middleware.version_negotiation [None req-c28052b3-ef74-425f-8867-aa8fc358e416 admin admin] Matched version: v2 {{(pid=78740) process_request /opt/stack/glance/glance/api/middleware/version_negotiation.py:69}}
Aug 04 12:14:28 devstack devstack@g-api.service[78740]: DEBUG glance.api.middleware.version_negotiation [None req-c28052b3-ef74-425f-8867-aa8fc358e416 admin admin] new path /v2/images/548f5761-1bd3-4329-ae55-bcd5aa6b3c29 {{(pid=78740) process_request /opt/stack/glance/glance/api/middleware/version_negotiation.py:70}}
Aug 04 12:14:28 devstack devstack@g-api.service[78740]: [pid: 78740|app: 0|req: 4/9] 127.0.0.1 () {36 vars in 802 bytes} [Tue Aug 4 12:14:28 2026] GET /v2/images/548f5761-1bd3-4329-ae55-bcd5aa6b3c29 => generated 976 bytes in 72 msecs (HTTP/1.1 200) 4 headers in 157 bytes (1 switches on core 0)
Aug 04 12:14:34 devstack devstack@g-api.service[78739]: DEBUG glance.api.middleware.version_negotiation [None req-96ee71be-dd21-4ce6-aca0-db83415e4150 admin admin] Determining version of request: GET / Accept: application/json {{(pid=78739) process_request /opt/stack/glance/glance/api/middleware/version_negotiation.py:44}}
Aug 04 12:14:34 devstack devstack@g-api.service[78739]: DEBUG glance.api.middleware.version_negotiation [None req-96ee71be-dd21-4ce6-aca0-db83415e4150 admin admin] Using url versioning {{(pid=78739) process_request /opt/stack/glance/glance/api/middleware/version_negotiation.py:57}}
Aug 04 12:14:34 devstack devstack@g-api.service[78739]: DEBUG glance.api.middleware.version_negotiation [None req-96ee71be-dd21-4ce6-aca0-db83415e4150 admin admin] Unknown version. Returning version choices. {{(pid=78739) process_request /opt/stack/glance/glance/api/middleware/version_negotiation.py:64}}
Aug 04 12:14:34 devstack devstack@g-api.service[78739]: [pid: 78739|app: 0|req: 6/10] 127.0.0.1 () {34 vars in 519 bytes} [Tue Aug 4 12:14:34 2026] GET / => generated 1571 bytes in 2 msecs (HTTP/1.1 300) 3 headers in 106 bytes (1 switches on core 0)
Aug 04 12:14:34 devstack devstack@g-api.service[78740]: DEBUG glance.api.middleware.version_negotiation [None req-541c6399-e977-43f4-8d5e-4598713cc33e admin admin] Determining version of request: GET /v2/images/548f5761-1bd3-4329-ae55-bcd5aa6b3c29 Accept: */* {{(pid=78740) process_request /opt/stack/glance/glance/api/middleware/version_negotiation.py:44}}
Aug 04 12:14:34 devstack devstack@g-api.service[78740]: DEBUG glance.api.middleware.version_negotiation [None req-541c6399-e977-43f4-8d5e-4598713cc33e admin admin] Using url versioning {{(pid=78740) process_request /opt/stack/glance/glance/api/middleware/version_negotiation.py:57}}
Aug 04 12:14:34 devstack devstack@g-api.service[78740]: DEBUG glance.api.middleware.version_negotiation [None req-541c6399-e977-43f4-8d5e-4598713cc33e admin admin] Matched version: v2 {{(pid=78740) process_request /opt/stack/glance/glance/api/middleware/version_negotiation.py:69}}
Aug 04 12:14:34 devstack devstack@g-api.service[78740]: DEBUG glance.api.middleware.version_negotiation [None req-541c6399-e977-43f4-8d5e-4598713cc33e admin admin] new path /v2/images/548f5761-1bd3-4329-ae55-bcd5aa6b3c29 {{(pid=78740) process_request /opt/stack/glance/glance/api/middleware/version_negotiation.py:70}}
Aug 04 12:14:34 devstack devstack@g-api.service[78740]: [pid: 78740|app: 0|req: 5/11] 127.0.0.1 () {36 vars in 802 bytes} [Tue Aug 4 12:14:34 2026] GET /v2/images/548f5761-1bd3-4329-ae55-bcd5aa6b3c29 => generated 976 bytes in 71 msecs (HTTP/1.1 200) 4 headers in 157 bytes (1 switches on core 0)
Aug 04 12:14:44 devstack devstack@g-api.service[78740]: DEBUG dbcounter [-] [78740] Writing DB stats glance:SELECT=5 {{(pid=78740) stat_writer /opt/stack/data/venv/lib/python3.12/site-packages/dbcounter.py:115}}
Aug 04 12:15:49 devstack devstack@g-api.service[78739]: DEBUG glance.api.middleware.version_negotiation [None req-96ee71be-dd21-4ce6-aca0-db83415e4150 admin admin] Determining version of request: GET / Accept: application/json {{(pid=78739) process_request /opt/stack/glance/glance/api/middleware/version_negotiation.py:44}}
Aug 04 12:15:49 devstack devstack@g-api.service[78739]: DEBUG glance.api.middleware.version_negotiation [None req-96ee71be-dd21-4ce6-aca0-db83415e4150 admin admin] Using url versioning {{(pid=78739) process_request /opt/stack/glance/glance/api/middleware/version_negotiation.py:57}}
Aug 04 12:15:49 devstack devstack@g-api.service[78739]: DEBUG glance.api.middleware.version_negotiation [None req-96ee71be-dd21-4ce6-aca0-db83415e4150 admin admin] Unknown version. Returning version choices. {{(pid=78739) process_request /opt/stack/glance/glance/api/middleware/version_negotiation.py:64}}
Aug 04 12:15:49 devstack devstack@g-api.service[78739]: [pid: 78739|app: 0|req: 7/12] 127.0.0.1 () {36 vars in 488 bytes} [Tue Aug 4 12:15:49 2026] GET / => generated 1571 bytes in 5 msecs (HTTP/1.1 300) 3 headers in 106 bytes (1 switches on core 0)
Aug 04 12:18:43 devstack devstack@g-api.service[78740]: DEBUG glance.api.middleware.version_negotiation [None req-4ff8840e-d0df-46c7-8880-34d396f4ae95 admin admin] Determining version of request: GET / Accept: application/json {{(pid=78740) process_request /opt/stack/glance/glance/api/middleware/version_negotiation.py:44}}
Aug 04 12:18:43 devstack devstack@g-api.service[78740]: DEBUG glance.api.middleware.version_negotiation [None req-4ff8840e-d0df-46c7-8880-34d396f4ae95 admin admin] Using url versioning {{(pid=78740) process_request /opt/stack/glance/glance/api/middleware/version_negotiation.py:57}}
Aug 04 12:18:43 devstack devstack@g-api.service[78740]: DEBUG glance.api.middleware.version_negotiation [None req-4ff8840e-d0df-46c7-8880-34d396f4ae95 admin admin] Unknown version. Returning version choices. {{(pid=78740) process_request /opt/stack/glance/glance/api/middleware/version_negotiation.py:64}}
Aug 04 12:18:43 devstack devstack@g-api.service[78740]: [pid: 78740|app: 0|req: 6/13] 127.0.0.1 () {34 vars in 505 bytes} [Tue Aug 4 12:18:43 2026] GET / => generated 1571 bytes in 11 msecs (HTTP/1.1 300) 3 headers in 106 bytes (1 switches on core 0)
Aug 04 12:18:43 devstack devstack@g-api.service[78739]: DEBUG glance.api.middleware.version_negotiation [None req-96ee71be-dd21-4ce6-aca0-db83415e4150 admin admin] Determining version of request: GET /v2/images/548f5761-1bd3-4329-ae55-bcd5aa6b3c29 Accept: */* {{(pid=78739) process_request /opt/stack/glance/glance/api/middleware/version_negotiation.py:44}}
Aug 04 12:18:43 devstack devstack@g-api.service[78739]: DEBUG glance.api.middleware.version_negotiation [None req-96ee71be-dd21-4ce6-aca0-db83415e4150 admin admin] Using url versioning {{(pid=78739) process_request /opt/stack/glance/glance/api/middleware/version_negotiation.py:57}}
Aug 04 12:18:43 devstack devstack@g-api.service[78739]: DEBUG glance.api.middleware.version_negotiation [None req-96ee71be-dd21-4ce6-aca0-db83415e4150 admin admin] Matched version: v2 {{(pid=78739) process_request /opt/stack/glance/glance/api/middleware/version_negotiation.py:69}}
Aug 04 12:18:43 devstack devstack@g-api.service[78739]: DEBUG glance.api.middleware.version_negotiation [None req-96ee71be-dd21-4ce6-aca0-db83415e4150 admin admin] new path /v2/images/548f5761-1bd3-4329-ae55-bcd5aa6b3c29 {{(pid=78739) process_request /opt/stack/glance/glance/api/middleware/version_negotiation.py:70}}
Aug 04 12:18:44 devstack devstack@g-api.service[78739]: [pid: 78739|app: 0|req: 8/14] 127.0.0.1 () {42 vars in 1061 bytes} [Tue Aug 4 12:18:43 2026] GET /v2/images/548f5761-1bd3-4329-ae55-bcd5aa6b3c29 => generated 976 bytes in 303 msecs (HTTP/1.1 200) 4 headers in 157 bytes (1 switches on core 0)
Aug 04 12:18:44 devstack devstack@g-api.service[78740]: DEBUG glance.api.middleware.version_negotiation [None req-4ff8840e-d0df-46c7-8880-34d396f4ae95 admin admin] Determining version of request: GET /v2/schemas/image Accept: */* {{(pid=78740) process_request /opt/stack/glance/glance/api/middleware/version_negotiation.py:44}}
Aug 04 12:18:44 devstack devstack@g-api.service[78740]: DEBUG glance.api.middleware.version_negotiation [None req-4ff8840e-d0df-46c7-8880-34d396f4ae95 admin admin] Using url versioning {{(pid=78740) process_request /opt/stack/glance/glance/api/middleware/version_negotiation.py:57}}
Aug 04 12:18:44 devstack devstack@g-api.service[78740]: DEBUG glance.api.middleware.version_negotiation [None req-4ff8840e-d0df-46c7-8880-34d396f4ae95 admin admin] Matched version: v2 {{(pid=78740) process_request /opt/stack/glance/glance/api/middleware/version_negotiation.py:69}}
Aug 04 12:18:44 devstack devstack@g-api.service[78740]: DEBUG glance.api.middleware.version_negotiation [None req-4ff8840e-d0df-46c7-8880-34d396f4ae95 admin admin] new path /v2/schemas/image {{(pid=78740) process_request /opt/stack/glance/glance/api/middleware/version_negotiation.py:70}}
Aug 04 12:18:44 devstack devstack@g-api.service[78740]: [pid: 78740|app: 0|req: 7/15] 127.0.0.1 () {42 vars in 1001 bytes} [Tue Aug 4 12:18:44 2026] GET /v2/schemas/image => generated 6083 bytes in 10 msecs (HTTP/1.1 200) 4 headers in 158 bytes (1 switches on core 0)
Aug 04 12:18:45 devstack devstack@g-api.service[78739]: DEBUG glance.api.middleware.version_negotiation [None req-3f0162c9-a821-46f1-b488-94c446300e17 tempest-ServerActionsTestOtherA-1773772153 tempest-ServerActionsTestOtherA-1773772153-project-member] Determining version of request: GET / Accept: application/json {{(pid=78739) process_request /opt/stack/glance/glance/api/middleware/version_negotiation.py:44}}
Aug 04 12:18:45 devstack devstack@g-api.service[78739]: DEBUG glance.api.middleware.version_negotiation [None req-3f0162c9-a821-46f1-b488-94c446300e17 tempest-ServerActionsTestOtherA-1773772153 tempest-ServerActionsTestOtherA-1773772153-project-member] Using url versioning {{(pid=78739) process_request /opt/stack/glance/glance/api/middleware/version_negotiation.py:57}}
Aug 04 12:18:45 devstack devstack@g-api.service[78739]: DEBUG glance.api.middleware.version_negotiation [None req-3f0162c9-a821-46f1-b488-94c446300e17 tempest-ServerActionsTestOtherA-1773772153 tempest-ServerActionsTestOtherA-1773772153-project-member] Unknown version. Returning version choices. {{(pid=78739) process_request /opt/stack/glance/glance/api/middleware/version_negotiation.py:64}}
Aug 04 12:18:45 devstack devstack@g-api.service[78739]: [pid: 78739|app: 0|req: 9/16] 127.0.0.1 () {34 vars in 505 bytes} [Tue Aug 4 12:18:45 2026] GET / => generated 1571 bytes in 7 msecs (HTTP/1.1 300) 3 headers in 106 bytes (1 switches on core 0)
Aug 04 12:18:45 devstack devstack@g-api.service[78740]: DEBUG glance.api.middleware.version_negotiation [None req-3f0162c9-a821-46f1-b488-94c446300e17 tempest-ServerActionsTestOtherA-1773772153 tempest-ServerActionsTestOtherA-1773772153-project-member] Determining version of request: GET /v2/images/548f5761-1bd3-4329-ae55-bcd5aa6b3c29 Accept: */* {{(pid=78740) process_request /opt/stack/glance/glance/api/middleware/version_negotiation.py:44}}
Aug 04 12:18:45 devstack devstack@g-api.service[78740]: DEBUG glance.api.middleware.version_negotiation [None req-3f0162c9-a821-46f1-b488-94c446300e17 tempest-ServerActionsTestOtherA-1773772153 tempest-ServerActionsTestOtherA-1773772153-project-member] Using url versioning {{(pid=78740) process_request /opt/stack/glance/glance/api/middleware/version_negotiation.py:57}}
Aug 04 12:18:45 devstack devstack@g-api.service[78740]: DEBUG glance.api.middleware.version_negotiation [None req-3f0162c9-a821-46f1-b488-94c446300e17 tempest-ServerActionsTestOtherA-1773772153 tempest-ServerActionsTestOtherA-1773772153-project-member] Matched version: v2 {{(pid=78740) process_request /opt/stack/glance/glance/api/middleware/version_negotiation.py:69}}
Aug 04 12:18:45 devstack devstack@g-api.service[78740]: DEBUG glance.api.middleware.version_negotiation [None req-3f0162c9-a821-46f1-b488-94c446300e17 tempest-ServerActionsTestOtherA-1773772153 tempest-ServerActionsTestOtherA-1773772153-project-member] new path /v2/images/548f5761-1bd3-4329-ae55-bcd5aa6b3c29 {{(pid=78740) process_request /opt/stack/glance/glance/api/middleware/version_negotiation.py:70}}
Aug 04 12:18:46 devstack devstack@g-api.service[78740]: [pid: 78740|app: 0|req: 8/17] 127.0.0.1 () {42 vars in 1061 bytes} [Tue Aug 4 12:18:45 2026] GET /v2/images/548f5761-1bd3-4329-ae55-bcd5aa6b3c29 => generated 976 bytes in 165 msecs (HTTP/1.1 200) 4 headers in 157 bytes (1 switches on core 0)
Aug 04 12:18:46 devstack devstack@g-api.service[78739]: DEBUG glance.api.middleware.version_negotiation [None req-3f0162c9-a821-46f1-b488-94c446300e17 tempest-ServerActionsTestOtherA-1773772153 tempest-ServerActionsTestOtherA-1773772153-project-member] Determining version of request: GET /v2/schemas/image Accept: */* {{(pid=78739) process_request /opt/stack/glance/glance/api/middleware/version_negotiation.py:44}}
Aug 04 12:18:46 devstack devstack@g-api.service[78739]: DEBUG glance.api.middleware.version_negotiation [None req-3f0162c9-a821-46f1-b488-94c446300e17 tempest-ServerActionsTestOtherA-1773772153 tempest-ServerActionsTestOtherA-1773772153-project-member] Using url versioning {{(pid=78739) process_request /opt/stack/glance/glance/api/middleware/version_negotiation.py:57}}
Aug 04 12:18:46 devstack devstack@g-api.service[78739]: DEBUG glance.api.middleware.version_negotiation [None req-3f0162c9-a821-46f1-b488-94c446300e17 tempest-ServerActionsTestOtherA-1773772153 tempest-ServerActionsTestOtherA-1773772153-project-member] Matched version: v2 {{(pid=78739) process_request /opt/stack/glance/glance/api/middleware/version_negotiation.py:69}}
Aug 04 12:18:46 devstack devstack@g-api.service[78739]: DEBUG glance.api.middleware.version_negotiation [None req-3f0162c9-a821-46f1-b488-94c446300e17 tempest-ServerActionsTestOtherA-1773772153 tempest-ServerActionsTestOtherA-1773772153-project-member] new path /v2/schemas/image {{(pid=78739) process_request /opt/stack/glance/glance/api/middleware/version_negotiation.py:70}}
Aug 04 12:18:46 devstack devstack@g-api.service[78739]: [pid: 78739|app: 0|req: 10/18] 127.0.0.1 () {42 vars in 1001 bytes} [Tue Aug 4 12:18:46 2026] GET /v2/schemas/image => generated 6083 bytes in 9 msecs (HTTP/1.1 200) 4 headers in 158 bytes (1 switches on core 0)
Aug 04 12:18:54 devstack devstack@g-api.service[78739]: DEBUG dbcounter [-] [78739] Writing DB stats glance:SELECT=2 {{(pid=78739) stat_writer /opt/stack/data/venv/lib/python3.12/site-packages/dbcounter.py:115}}
Aug 04 12:18:56 devstack devstack@g-api.service[78740]: DEBUG dbcounter [-] [78740] Writing DB stats glance:SELECT=2 {{(pid=78740) stat_writer /opt/stack/data/venv/lib/python3.12/site-packages/dbcounter.py:115}}
Aug 04 12:18:59 devstack devstack@g-api.service[78740]: DEBUG glance.api.middleware.version_negotiation [None req-d8add34c-f3a6-42dd-b14e-7c6a22836894 tempest-AttachVolumeShelveTestJSON-1711993698 tempest-AttachVolumeShelveTestJSON-1711993698-project-member] Determining version of request: GET /v2/images/548f5761-1bd3-4329-ae55-bcd5aa6b3c29 Accept: */* {{(pid=78740) process_request /opt/stack/glance/glance/api/middleware/version_negotiation.py:44}}
Aug 04 12:18:59 devstack devstack@g-api.service[78740]: DEBUG glance.api.middleware.version_negotiation [None req-d8add34c-f3a6-42dd-b14e-7c6a22836894 tempest-AttachVolumeShelveTestJSON-1711993698 tempest-AttachVolumeShelveTestJSON-1711993698-project-member] Using url versioning {{(pid=78740) process_request /opt/stack/glance/glance/api/middleware/version_negotiation.py:57}}
Aug 04 12:18:59 devstack devstack@g-api.service[78740]: DEBUG glance.api.middleware.version_negotiation [None req-d8add34c-f3a6-42dd-b14e-7c6a22836894 tempest-AttachVolumeShelveTestJSON-1711993698 tempest-AttachVolumeShelveTestJSON-1711993698-project-member] Matched version: v2 {{(pid=78740) process_request /opt/stack/glance/glance/api/middleware/version_negotiation.py:69}}
Aug 04 12:18:59 devstack devstack@g-api.service[78740]: DEBUG glance.api.middleware.version_negotiation [None req-d8add34c-f3a6-42dd-b14e-7c6a22836894 tempest-AttachVolumeShelveTestJSON-1711993698 tempest-AttachVolumeShelveTestJSON-1711993698-project-member] new path /v2/images/548f5761-1bd3-4329-ae55-bcd5aa6b3c29 {{(pid=78740) process_request /opt/stack/glance/glance/api/middleware/version_negotiation.py:70}}
Aug 04 12:19:00 devstack devstack@g-api.service[78740]: [pid: 78740|app: 0|req: 9/19] 127.0.0.1 () {42 vars in 1061 bytes} [Tue Aug 4 12:18:59 2026] GET /v2/images/548f5761-1bd3-4329-ae55-bcd5aa6b3c29 => generated 976 bytes in 301 msecs (HTTP/1.1 200) 4 headers in 157 bytes (1 switches on core 0)
Aug 04 12:19:00 devstack devstack@g-api.service[78739]: DEBUG glance.api.middleware.version_negotiation [None req-d8add34c-f3a6-42dd-b14e-7c6a22836894 tempest-AttachVolumeShelveTestJSON-1711993698 tempest-AttachVolumeShelveTestJSON-1711993698-project-member] Determining version of request: GET /v2/images/548f5761-1bd3-4329-ae55-bcd5aa6b3c29/file Accept: */* {{(pid=78739) process_request /opt/stack/glance/glance/api/middleware/version_negotiation.py:44}}
Aug 04 12:19:00 devstack devstack@g-api.service[78739]: DEBUG glance.api.middleware.version_negotiation [None req-d8add34c-f3a6-42dd-b14e-7c6a22836894 tempest-AttachVolumeShelveTestJSON-1711993698 tempest-AttachVolumeShelveTestJSON-1711993698-project-member] Using url versioning {{(pid=78739) process_request /opt/stack/glance/glance/api/middleware/version_negotiation.py:57}}
Aug 04 12:19:00 devstack devstack@g-api.service[78739]: DEBUG glance.api.middleware.version_negotiation [None req-d8add34c-f3a6-42dd-b14e-7c6a22836894 tempest-AttachVolumeShelveTestJSON-1711993698 tempest-AttachVolumeShelveTestJSON-1711993698-project-member] Matched version: v2 {{(pid=78739) process_request /opt/stack/glance/glance/api/middleware/version_negotiation.py:69}}
Aug 04 12:19:00 devstack devstack@g-api.service[78739]: DEBUG glance.api.middleware.version_negotiation [None req-d8add34c-f3a6-42dd-b14e-7c6a22836894 tempest-AttachVolumeShelveTestJSON-1711993698 tempest-AttachVolumeShelveTestJSON-1711993698-project-member] new path /v2/images/548f5761-1bd3-4329-ae55-bcd5aa6b3c29/file {{(pid=78739) process_request /opt/stack/glance/glance/api/middleware/version_negotiation.py:70}}
Aug 04 12:19:00 devstack devstack@g-api.service[78739]: DEBUG glance_store._drivers.filesystem [None req-3f0162c9-a821-46f1-b488-94c446300e17 tempest-ServerActionsTestOtherA-1773772153 tempest-ServerActionsTestOtherA-1773772153-project-member] Found image at /opt/stack/data/glance/images/548f5761-1bd3-4329-ae55-bcd5aa6b3c29. Returning in ChunkedFile. {{(pid=78739) get /opt/stack/data/venv/lib/python3.12/site-packages/glance_store/_drivers/filesystem.py:724}}
Aug 04 12:19:00 devstack devstack@g-api.service[78739]: DEBUG glance.image_cache [None req-3f0162c9-a821-46f1-b488-94c446300e17 tempest-ServerActionsTestOtherA-1773772153 tempest-ServerActionsTestOtherA-1773772153-project-member] Tee'ing image '548f5761-1bd3-4329-ae55-bcd5aa6b3c29' into cache {{(pid=78739) get_caching_iter /opt/stack/glance/glance/image_cache/__init__.py:356}}
Aug 04 12:19:00 devstack devstack@g-api.service[78739]: DEBUG glance.image_cache.drivers.centralized_db [None req-3f0162c9-a821-46f1-b488-94c446300e17 tempest-ServerActionsTestOtherA-1773772153 tempest-ServerActionsTestOtherA-1773772153-project-member] Fetch finished, moving '/opt/stack/data/glance/cache/incomplete/548f5761-1bd3-4329-ae55-bcd5aa6b3c29' to '/opt/stack/data/glance/cache/548f5761-1bd3-4329-ae55-bcd5aa6b3c29' {{(pid=78739) commit /opt/stack/glance/glance/image_cache/drivers/centralized_db.py:243}}
Aug 04 12:19:00 devstack devstack@g-api.service[78739]: DEBUG glance.image_cache.drivers.centralized_db [None req-3f0162c9-a821-46f1-b488-94c446300e17 tempest-ServerActionsTestOtherA-1773772153 tempest-ServerActionsTestOtherA-1773772153-project-member] Image cached successfully. {{(pid=78739) commit /opt/stack/glance/glance/image_cache/drivers/centralized_db.py:258}}
Aug 04 12:19:00 devstack devstack@g-api.service[78739]: [pid: 78739|app: 0|req: 11/20] 127.0.0.1 () {42 vars in 1071 bytes} [Tue Aug 4 12:19:00 2026] GET /v2/images/548f5761-1bd3-4329-ae55-bcd5aa6b3c29/file => generated 21692416 bytes in 431 msecs (HTTP/1.1 200) 4 headers in 191 bytes (336 switches on core 0)
Aug 04 12:19:00 devstack devstack@g-api.service[78740]: DEBUG glance.api.middleware.version_negotiation [None req-3f0162c9-a821-46f1-b488-94c446300e17 tempest-ServerActionsTestOtherA-1773772153 tempest-ServerActionsTestOtherA-1773772153-project-member] Determining version of request: GET /v2/images/548f5761-1bd3-4329-ae55-bcd5aa6b3c29 Accept: */* {{(pid=78740) process_request /opt/stack/glance/glance/api/middleware/version_negotiation.py:44}}
Aug 04 12:19:00 devstack devstack@g-api.service[78740]: DEBUG glance.api.middleware.version_negotiation [None req-3f0162c9-a821-46f1-b488-94c446300e17 tempest-ServerActionsTestOtherA-1773772153 tempest-ServerActionsTestOtherA-1773772153-project-member] Using url versioning {{(pid=78740) process_request /opt/stack/glance/glance/api/middleware/version_negotiation.py:57}}
Aug 04 12:19:00 devstack devstack@g-api.service[78740]: DEBUG glance.api.middleware.version_negotiation [None req-3f0162c9-a821-46f1-b488-94c446300e17 tempest-ServerActionsTestOtherA-1773772153 tempest-ServerActionsTestOtherA-1773772153-project-member] Matched version: v2 {{(pid=78740) process_request /opt/stack/glance/glance/api/middleware/version_negotiation.py:69}}
Aug 04 12:19:00 devstack devstack@g-api.service[78740]: DEBUG glance.api.middleware.version_negotiation [None req-3f0162c9-a821-46f1-b488-94c446300e17 tempest-ServerActionsTestOtherA-1773772153 tempest-ServerActionsTestOtherA-1773772153-project-member] new path /v2/images/548f5761-1bd3-4329-ae55-bcd5aa6b3c29 {{(pid=78740) process_request /opt/stack/glance/glance/api/middleware/version_negotiation.py:70}}
Aug 04 12:19:00 devstack devstack@g-api.service[78740]: [pid: 78740|app: 0|req: 10/21] 127.0.0.1 () {42 vars in 1061 bytes} [Tue Aug 4 12:19:00 2026] GET /v2/images/548f5761-1bd3-4329-ae55-bcd5aa6b3c29 => generated 976 bytes in 48 msecs (HTTP/1.1 200) 4 headers in 157 bytes (1 switches on core 0)
Aug 04 12:19:00 devstack devstack@g-api.service[78739]: DEBUG glance.api.middleware.version_negotiation [None req-3f0162c9-a821-46f1-b488-94c446300e17 tempest-ServerActionsTestOtherA-1773772153 tempest-ServerActionsTestOtherA-1773772153-project-member] Determining version of request: GET /v2/schemas/image Accept: */* {{(pid=78739) process_request /opt/stack/glance/glance/api/middleware/version_negotiation.py:44}}
Aug 04 12:19:00 devstack devstack@g-api.service[78739]: DEBUG glance.api.middleware.version_negotiation [None req-3f0162c9-a821-46f1-b488-94c446300e17 tempest-ServerActionsTestOtherA-1773772153 tempest-ServerActionsTestOtherA-1773772153-project-member] Using url versioning {{(pid=78739) process_request /opt/stack/glance/glance/api/middleware/version_negotiation.py:57}}
Aug 04 12:19:00 devstack devstack@g-api.service[78739]: DEBUG glance.api.middleware.version_negotiation [None req-3f0162c9-a821-46f1-b488-94c446300e17 tempest-ServerActionsTestOtherA-1773772153 tempest-ServerActionsTestOtherA-1773772153-project-member] Matched version: v2 {{(pid=78739) process_request /opt/stack/glance/glance/api/middleware/version_negotiation.py:69}}
Aug 04 12:19:00 devstack devstack@g-api.service[78739]: DEBUG glance.api.middleware.version_negotiation [None req-3f0162c9-a821-46f1-b488-94c446300e17 tempest-ServerActionsTestOtherA-1773772153 tempest-ServerActionsTestOtherA-1773772153-project-member] new path /v2/schemas/image {{(pid=78739) process_request /opt/stack/glance/glance/api/middleware/version_negotiation.py:70}}
Aug 04 12:19:00 devstack devstack@g-api.service[78739]: [pid: 78739|app: 0|req: 12/22] 127.0.0.1 () {42 vars in 1001 bytes} [Tue Aug 4 12:19:00 2026] GET /v2/schemas/image => generated 6083 bytes in 9 msecs (HTTP/1.1 200) 4 headers in 158 bytes (1 switches on core 0)
Aug 04 12:19:10 devstack devstack@g-api.service[78739]: DEBUG dbcounter [-] [78739] Writing DB stats glance:SELECT=5,glance:INSERT=1 {{(pid=78739) stat_writer /opt/stack/data/venv/lib/python3.12/site-packages/dbcounter.py:115}}
Aug 04 12:19:10 devstack devstack@g-api.service[78740]: DEBUG dbcounter [-] [78740] Writing DB stats glance:SELECT=4 {{(pid=78740) stat_writer /opt/stack/data/venv/lib/python3.12/site-packages/dbcounter.py:115}}
Aug 04 12:19:17 devstack devstack@g-api.service[78740]: DEBUG glance.api.middleware.version_negotiation [None req-3f0162c9-a821-46f1-b488-94c446300e17 tempest-ServerActionsTestOtherA-1773772153 tempest-ServerActionsTestOtherA-1773772153-project-member] Determining version of request: GET /v2/images/548f5761-1bd3-4329-ae55-bcd5aa6b3c29 Accept: */* {{(pid=78740) process_request /opt/stack/glance/glance/api/middleware/version_negotiation.py:44}}
Aug 04 12:19:17 devstack devstack@g-api.service[78740]: DEBUG glance.api.middleware.version_negotiation [None req-3f0162c9-a821-46f1-b488-94c446300e17 tempest-ServerActionsTestOtherA-1773772153 tempest-ServerActionsTestOtherA-1773772153-project-member] Using url versioning {{(pid=78740) process_request /opt/stack/glance/glance/api/middleware/version_negotiation.py:57}}
Aug 04 12:19:17 devstack devstack@g-api.service[78740]: DEBUG glance.api.middleware.version_negotiation [None req-3f0162c9-a821-46f1-b488-94c446300e17 tempest-ServerActionsTestOtherA-1773772153 tempest-ServerActionsTestOtherA-1773772153-project-member] Matched version: v2 {{(pid=78740) process_request /opt/stack/glance/glance/api/middleware/version_negotiation.py:69}}
Aug 04 12:19:17 devstack devstack@g-api.service[78740]: DEBUG glance.api.middleware.version_negotiation [None req-3f0162c9-a821-46f1-b488-94c446300e17 tempest-ServerActionsTestOtherA-1773772153 tempest-ServerActionsTestOtherA-1773772153-project-member] new path /v2/images/548f5761-1bd3-4329-ae55-bcd5aa6b3c29 {{(pid=78740) process_request /opt/stack/glance/glance/api/middleware/version_negotiation.py:70}}
Aug 04 12:19:18 devstack devstack@g-api.service[78740]: [pid: 78740|app: 0|req: 11/23] 127.0.0.1 () {42 vars in 1061 bytes} [Tue Aug 4 12:19:17 2026] GET /v2/images/548f5761-1bd3-4329-ae55-bcd5aa6b3c29 => generated 976 bytes in 88 msecs (HTTP/1.1 200) 4 headers in 157 bytes (1 switches on core 0)
Aug 04 12:19:18 devstack devstack@g-api.service[78739]: DEBUG glance.api.middleware.version_negotiation [None req-3f0162c9-a821-46f1-b488-94c446300e17 tempest-ServerActionsTestOtherA-1773772153 tempest-ServerActionsTestOtherA-1773772153-project-member] Determining version of request: GET /v2/schemas/image Accept: */* {{(pid=78739) process_request /opt/stack/glance/glance/api/middleware/version_negotiation.py:44}}
