Jun 30 18:11:43 devstack cinder-volume[86352]: DEBUG cinder.volume.drivers.remotefs [None req-1572c968-84c8-4993-bf65-b997bf3113db tempest-SnapshotsActionsTest-1954165500 None] snapshot_file for this snap is: volume-9f8950d8-1330-4394-94ee-631d66b2117f.57b4062e-86bf-434a-a47b-189449872b4c {{(pid=86352) _delete_snapshot /opt/stack/cinder/cinder/volume/drivers/remotefs.py:1317}}
Jun 30 18:11:43 devstack cinder-volume[86352]: DEBUG oslo.privsep.daemon [-] privsep: reply[f72c1036-c363-43cc-b5b9-72f3ec416b0c]: (4, 'qcow2') {{(pid=87503) _call_back /opt/stack/data/venv/lib/python3.12/site-packages/oslo_privsep/daemon.py:580}}
Jun 30 18:11:43 devstack cinder-volume[86352]: DEBUG oslo_concurrency.processutils [None req-1572c968-84c8-4993-bf65-b997bf3113db tempest-SnapshotsActionsTest-1954165500 None] Running cmd (subprocess): /opt/stack/data/venv/bin/python3.12 -m oslo_concurrency.prlimit --as=1073741824 --cpu=60 -- sudo cinder-rootwrap /etc/cinder/rootwrap.conf env LC_ALL=C qemu-img info -f qcow2 --output=json --force-share /opt/stack/data/cinder/mnt/c11bfc157ff5dcff67b7b7aa3362ebb0/volume-9f8950d8-1330-4394-94ee-631d66b2117f.57b4062e-86bf-434a-a47b-189449872b4c {{(pid=86352) execute /opt/stack/data/venv/lib/python3.12/site-packages/oslo_concurrency/processutils.py:440}}
Jun 30 18:11:43 devstack sudo[89490]: quobyte : PWD=/ ; USER=root ; COMMAND=/opt/stack/data/venv/bin/cinder-rootwrap /etc/cinder/rootwrap.conf env LC_ALL=C qemu-img info -f qcow2 --output=json --force-share /opt/stack/data/cinder/mnt/c11bfc157ff5dcff67b7b7aa3362ebb0/volume-9f8950d8-1330-4394-94ee-631d66b2117f.57b4062e-86bf-434a-a47b-189449872b4c
Jun 30 18:11:43 devstack sudo[89490]: pam_unix(sudo:session): session opened for user root(uid=0) by (uid=1000)
Jun 30 18:11:44 devstack sudo[89490]: pam_unix(sudo:session): session closed for user root
Jun 30 18:11:44 devstack cinder-volume[86352]: DEBUG oslo_concurrency.processutils [None req-1572c968-84c8-4993-bf65-b997bf3113db tempest-SnapshotsActionsTest-1954165500 None] CMD "/opt/stack/data/venv/bin/python3.12 -m oslo_concurrency.prlimit --as=1073741824 --cpu=60 -- sudo cinder-rootwrap /etc/cinder/rootwrap.conf env LC_ALL=C qemu-img info -f qcow2 --output=json --force-share /opt/stack/data/cinder/mnt/c11bfc157ff5dcff67b7b7aa3362ebb0/volume-9f8950d8-1330-4394-94ee-631d66b2117f.57b4062e-86bf-434a-a47b-189449872b4c" returned: 0 in 0.899s {{(pid=86352) execute /opt/stack/data/venv/lib/python3.12/site-packages/oslo_concurrency/processutils.py:468}}
Jun 30 18:11:44 devstack cinder-volume[86352]: DEBUG cinder.volume.drivers.remotefs [None req-1572c968-84c8-4993-bf65-b997bf3113db tempest-SnapshotsActionsTest-1954165500 None] Fetching qemu-img info with special backing_file_template: (/opt/stack/data/cinder/mnt/[0-9a-f]+/)?(volume-9f8950d8-1330-4394-94ee-631d66b2117f(.(tmp-snap-)?[0-9a-f-]+)?|volume_from_snapshot_cache/(tmp-snap-)?[0-9a-f-]+(.(child-|parent-)[0-9a-f-]+)?)$ {{(pid=86352) _qemu_img_info_base /opt/stack/cinder/cinder/volume/drivers/remotefs.py:896}}
Jun 30 18:11:44 devstack cinder-volume[86352]: DEBUG oslo.privsep.daemon [-] privsep: reply[8883c054-45e9-43df-96f8-81d9f0273a51]: (4, 'qcow2') {{(pid=87503) _call_back /opt/stack/data/venv/lib/python3.12/site-packages/oslo_privsep/daemon.py:580}}
Jun 30 18:11:44 devstack cinder-volume[86352]: DEBUG oslo_concurrency.processutils [None req-1572c968-84c8-4993-bf65-b997bf3113db tempest-SnapshotsActionsTest-1954165500 None] Running cmd (subprocess): /opt/stack/data/venv/bin/python3.12 -m oslo_concurrency.prlimit --as=1073741824 --cpu=60 -- sudo cinder-rootwrap /etc/cinder/rootwrap.conf env LC_ALL=C qemu-img info -f qcow2 --output=json --force-share /opt/stack/data/cinder/mnt/c11bfc157ff5dcff67b7b7aa3362ebb0/volume-9f8950d8-1330-4394-94ee-631d66b2117f.f3583721-d6a0-42b1-a65f-5455ec7ac69a {{(pid=86352) execute /opt/stack/data/venv/lib/python3.12/site-packages/oslo_concurrency/processutils.py:440}}
Jun 30 18:11:44 devstack sudo[89495]: quobyte : PWD=/ ; USER=root ; COMMAND=/opt/stack/data/venv/bin/cinder-rootwrap /etc/cinder/rootwrap.conf env LC_ALL=C qemu-img info -f qcow2 --output=json --force-share /opt/stack/data/cinder/mnt/c11bfc157ff5dcff67b7b7aa3362ebb0/volume-9f8950d8-1330-4394-94ee-631d66b2117f.f3583721-d6a0-42b1-a65f-5455ec7ac69a
Jun 30 18:11:44 devstack sudo[89495]: pam_unix(sudo:session): session opened for user root(uid=0) by (uid=1000)
Jun 30 18:11:45 devstack cinder-volume[86352]: INFO cinder.volume.manager [req-ec0e1a2e-75f5-4475-aea7-3c6ef9434546 req-aa5c680b-53a8-44ff-8e15-d9cc49947272 tempest-ServerActionsTestOtherA-150305948 None] Terminate volume connection completed successfully.
Jun 30 18:11:45 devstack cinder-volume[86352]: DEBUG cinder.volume.manager [req-ec0e1a2e-75f5-4475-aea7-3c6ef9434546 req-aa5c680b-53a8-44ff-8e15-d9cc49947272 tempest-ServerActionsTestOtherA-150305948 None] Deleting attachment 9da44c08-27b2-4cff-80d6-2e3e20548814. {{(pid=86352) attachment_delete /opt/stack/cinder/cinder/volume/manager.py:5055}}
Jun 30 18:11:45 devstack sudo[89495]: pam_unix(sudo:session): session closed for user root
Jun 30 18:11:45 devstack cinder-volume[86352]: DEBUG oslo_concurrency.processutils [None req-1572c968-84c8-4993-bf65-b997bf3113db tempest-SnapshotsActionsTest-1954165500 None] CMD "/opt/stack/data/venv/bin/python3.12 -m oslo_concurrency.prlimit --as=1073741824 --cpu=60 -- sudo cinder-rootwrap /etc/cinder/rootwrap.conf env LC_ALL=C qemu-img info -f qcow2 --output=json --force-share /opt/stack/data/cinder/mnt/c11bfc157ff5dcff67b7b7aa3362ebb0/volume-9f8950d8-1330-4394-94ee-631d66b2117f.f3583721-d6a0-42b1-a65f-5455ec7ac69a" returned: 0 in 1.050s {{(pid=86352) execute /opt/stack/data/venv/lib/python3.12/site-packages/oslo_concurrency/processutils.py:468}}
Jun 30 18:11:45 devstack cinder-volume[86352]: DEBUG cinder.volume.drivers.remotefs [None req-1572c968-84c8-4993-bf65-b997bf3113db tempest-SnapshotsActionsTest-1954165500 None] Fetching qemu-img info with special backing_file_template: (/opt/stack/data/cinder/mnt/[0-9a-f]+/)?(volume-9f8950d8-1330-4394-94ee-631d66b2117f(.(tmp-snap-)?[0-9a-f-]+)?|volume_from_snapshot_cache/(tmp-snap-)?[0-9a-f-]+(.(child-|parent-)[0-9a-f-]+)?)$ {{(pid=86352) _qemu_img_info_base /opt/stack/cinder/cinder/volume/drivers/remotefs.py:896}}
Jun 30 18:11:45 devstack cinder-volume[86352]: DEBUG oslo_concurrency.processutils [None req-1572c968-84c8-4993-bf65-b997bf3113db tempest-SnapshotsActionsTest-1954165500 None] Running cmd (subprocess): sudo cinder-rootwrap /etc/cinder/rootwrap.conf qemu-img commit -d /opt/stack/data/cinder/mnt/c11bfc157ff5dcff67b7b7aa3362ebb0/volume-9f8950d8-1330-4394-94ee-631d66b2117f.57b4062e-86bf-434a-a47b-189449872b4c {{(pid=86352) execute /opt/stack/data/venv/lib/python3.12/site-packages/oslo_concurrency/processutils.py:440}}
Jun 30 18:11:45 devstack sudo[89504]: quobyte : PWD=/ ; USER=root ; COMMAND=/opt/stack/data/venv/bin/cinder-rootwrap /etc/cinder/rootwrap.conf qemu-img commit -d /opt/stack/data/cinder/mnt/c11bfc157ff5dcff67b7b7aa3362ebb0/volume-9f8950d8-1330-4394-94ee-631d66b2117f.57b4062e-86bf-434a-a47b-189449872b4c
Jun 30 18:11:45 devstack sudo[89504]: pam_unix(sudo:session): session opened for user root(uid=0) by (uid=1000)
Jun 30 18:11:46 devstack sudo[89504]: pam_unix(sudo:session): session closed for user root
Jun 30 18:11:46 devstack cinder-volume[86352]: DEBUG oslo_concurrency.processutils [None req-1572c968-84c8-4993-bf65-b997bf3113db tempest-SnapshotsActionsTest-1954165500 None] CMD "sudo cinder-rootwrap /etc/cinder/rootwrap.conf qemu-img commit -d /opt/stack/data/cinder/mnt/c11bfc157ff5dcff67b7b7aa3362ebb0/volume-9f8950d8-1330-4394-94ee-631d66b2117f.57b4062e-86bf-434a-a47b-189449872b4c" returned: 0 in 1.065s {{(pid=86352) execute /opt/stack/data/venv/lib/python3.12/site-packages/oslo_concurrency/processutils.py:468}}
Jun 30 18:11:46 devstack cinder-volume[86352]: DEBUG oslo_concurrency.processutils [None req-1572c968-84c8-4993-bf65-b997bf3113db tempest-SnapshotsActionsTest-1954165500 None] Running cmd (subprocess): sudo cinder-rootwrap /etc/cinder/rootwrap.conf rm -f /opt/stack/data/cinder/mnt/c11bfc157ff5dcff67b7b7aa3362ebb0/volume-9f8950d8-1330-4394-94ee-631d66b2117f.57b4062e-86bf-434a-a47b-189449872b4c {{(pid=86352) execute /opt/stack/data/venv/lib/python3.12/site-packages/oslo_concurrency/processutils.py:440}}
Jun 30 18:11:46 devstack sudo[89509]: quobyte : PWD=/ ; USER=root ; COMMAND=/opt/stack/data/venv/bin/cinder-rootwrap /etc/cinder/rootwrap.conf rm -f /opt/stack/data/cinder/mnt/c11bfc157ff5dcff67b7b7aa3362ebb0/volume-9f8950d8-1330-4394-94ee-631d66b2117f.57b4062e-86bf-434a-a47b-189449872b4c
Jun 30 18:11:46 devstack sudo[89509]: pam_unix(sudo:session): session opened for user root(uid=0) by (uid=1000)
Jun 30 18:11:47 devstack sudo[89509]: pam_unix(sudo:session): session closed for user root
Jun 30 18:11:47 devstack cinder-volume[86352]: DEBUG oslo_concurrency.processutils [None req-1572c968-84c8-4993-bf65-b997bf3113db tempest-SnapshotsActionsTest-1954165500 None] CMD "sudo cinder-rootwrap /etc/cinder/rootwrap.conf rm -f /opt/stack/data/cinder/mnt/c11bfc157ff5dcff67b7b7aa3362ebb0/volume-9f8950d8-1330-4394-94ee-631d66b2117f.57b4062e-86bf-434a-a47b-189449872b4c" returned: 0 in 0.916s {{(pid=86352) execute /opt/stack/data/venv/lib/python3.12/site-packages/oslo_concurrency/processutils.py:468}}
Jun 30 18:11:47 devstack cinder-volume[86352]: DEBUG cinder.coordination [None req-1572c968-84c8-4993-bf65-b997bf3113db tempest-SnapshotsActionsTest-1954165500 None] Lock "cinder-quobyte-57b4062e-86bf-434a-a47b-189449872b4c" released by "_delete_snapshot" :: held 4.073s {{(pid=86352) __release /opt/stack/cinder/cinder/coordination.py:152}}
Jun 30 18:11:47 devstack cinder-volume[86352]: DEBUG cinder.coordination [None req-1572c968-84c8-4993-bf65-b997bf3113db tempest-SnapshotsActionsTest-1954165500 None] Lock "cinder-quobyte-9f8950d8-1330-4394-94ee-631d66b2117f" released by "delete_snapshot" :: held 4.105s {{(pid=86352) __release /opt/stack/cinder/cinder/coordination.py:152}}
Jun 30 18:11:47 devstack cinder-volume[86352]: DEBUG cinder.quota [None req-1572c968-84c8-4993-bf65-b997bf3113db tempest-SnapshotsActionsTest-1954165500 None] Created reservations ['05b91a1f-2357-4367-a0be-8ac2bd615b3f', 'd295272e-4cb5-46b7-a41f-8738c452bf33', '6e58ccbe-0311-4db8-99f1-57540a2687be', 'cb2f1d6c-9b3c-4c91-a77e-00aed3e3d28f'] {{(pid=86352) reserve /opt/stack/cinder/cinder/quota.py:752}}
Jun 30 18:11:47 devstack cinder-volume[86352]: INFO cinder.volume.manager [None req-1572c968-84c8-4993-bf65-b997bf3113db tempest-SnapshotsActionsTest-1954165500 None] Delete snapshot completed successfully.
Jun 30 18:11:47 devstack cinder-volume[86352]: DEBUG cinder.coordination [None req-1572c968-84c8-4993-bf65-b997bf3113db tempest-SnapshotsActionsTest-1954165500 None] Lock "cinder-57b4062e-86bf-434a-a47b-189449872b4c-delete_snapshot" released by "delete_snapshot" :: held 4.352s {{(pid=86352) __release /opt/stack/cinder/cinder/coordination.py:152}}
Jun 30 18:11:49 devstack cinder-volume[86352]: DEBUG oslo_concurrency.lockutils [None req-8b1d18b4-6be3-4289-9666-283bc34bad8b tempest-SnapshotsActionsTest-236741307 None] Acquiring lock "quobyte" by "cinder.volume.drivers.quobyte.QuobyteDriver.create_snapshot" {{(pid=86352) inner /opt/stack/data/venv/lib/python3.12/site-packages/oslo_concurrency/lockutils.py:511}}
Jun 30 18:11:49 devstack cinder-volume[86352]: DEBUG oslo_concurrency.lockutils [None req-8b1d18b4-6be3-4289-9666-283bc34bad8b tempest-SnapshotsActionsTest-236741307 None] Lock "quobyte" acquired by "cinder.volume.drivers.quobyte.QuobyteDriver.create_snapshot" :: waited 0.002s {{(pid=86352) inner /opt/stack/data/venv/lib/python3.12/site-packages/oslo_concurrency/lockutils.py:524}}
Jun 30 18:11:49 devstack cinder-volume[86352]: DEBUG cinder.volume.drivers.remotefs [None req-8b1d18b4-6be3-4289-9666-283bc34bad8b tempest-SnapshotsActionsTest-236741307 None] Creating offline snapshot 0c41c84a-c2df-43ef-8c7c-c495d3b3e6c8 of volume 9f8950d8-1330-4394-94ee-631d66b2117f {{(pid=86352) _create_snapshot /opt/stack/cinder/cinder/volume/drivers/remotefs.py:1816}}
Jun 30 18:11:49 devstack cinder-volume[86352]: DEBUG oslo.privsep.daemon [-] privsep: reply[7657b071-f95a-48f5-9e73-6f7a30a98122]: (4, 'qcow2') {{(pid=87503) _call_back /opt/stack/data/venv/lib/python3.12/site-packages/oslo_privsep/daemon.py:580}}
Jun 30 18:11:49 devstack cinder-volume[86352]: DEBUG oslo_concurrency.processutils [None req-8b1d18b4-6be3-4289-9666-283bc34bad8b tempest-SnapshotsActionsTest-236741307 None] Running cmd (subprocess): /opt/stack/data/venv/bin/python3.12 -m oslo_concurrency.prlimit --as=1073741824 --cpu=60 -- sudo cinder-rootwrap /etc/cinder/rootwrap.conf env LC_ALL=C qemu-img info -f qcow2 --output=json --force-share /opt/stack/data/cinder/mnt/c11bfc157ff5dcff67b7b7aa3362ebb0/volume-9f8950d8-1330-4394-94ee-631d66b2117f.f3583721-d6a0-42b1-a65f-5455ec7ac69a {{(pid=86352) execute /opt/stack/data/venv/lib/python3.12/site-packages/oslo_concurrency/processutils.py:440}}
Jun 30 18:11:49 devstack sudo[89560]: quobyte : PWD=/ ; USER=root ; COMMAND=/opt/stack/data/venv/bin/cinder-rootwrap /etc/cinder/rootwrap.conf env LC_ALL=C qemu-img info -f qcow2 --output=json --force-share /opt/stack/data/cinder/mnt/c11bfc157ff5dcff67b7b7aa3362ebb0/volume-9f8950d8-1330-4394-94ee-631d66b2117f.f3583721-d6a0-42b1-a65f-5455ec7ac69a
Jun 30 18:11:49 devstack sudo[89560]: pam_unix(sudo:session): session opened for user root(uid=0) by (uid=1000)
Jun 30 18:11:50 devstack sudo[89560]: pam_unix(sudo:session): session closed for user root
Jun 30 18:11:50 devstack cinder-volume[86352]: DEBUG oslo_concurrency.processutils [None req-8b1d18b4-6be3-4289-9666-283bc34bad8b tempest-SnapshotsActionsTest-236741307 None] CMD "/opt/stack/data/venv/bin/python3.12 -m oslo_concurrency.prlimit --as=1073741824 --cpu=60 -- sudo cinder-rootwrap /etc/cinder/rootwrap.conf env LC_ALL=C qemu-img info -f qcow2 --output=json --force-share /opt/stack/data/cinder/mnt/c11bfc157ff5dcff67b7b7aa3362ebb0/volume-9f8950d8-1330-4394-94ee-631d66b2117f.f3583721-d6a0-42b1-a65f-5455ec7ac69a" returned: 0 in 1.196s {{(pid=86352) execute /opt/stack/data/venv/lib/python3.12/site-packages/oslo_concurrency/processutils.py:468}}
Jun 30 18:11:50 devstack cinder-volume[86352]: DEBUG cinder.volume.drivers.remotefs [None req-8b1d18b4-6be3-4289-9666-283bc34bad8b tempest-SnapshotsActionsTest-236741307 None] Fetching qemu-img info with special backing_file_template: (/opt/stack/data/cinder/mnt/[0-9a-f]+/)?(volume-9f8950d8-1330-4394-94ee-631d66b2117f(.(tmp-snap-)?[0-9a-f-]+)?|volume_from_snapshot_cache/(tmp-snap-)?[0-9a-f-]+(.(child-|parent-)[0-9a-f-]+)?)$ {{(pid=86352) _qemu_img_info_base /opt/stack/cinder/cinder/volume/drivers/remotefs.py:896}}
Jun 30 18:11:50 devstack cinder-volume[86352]: DEBUG oslo_concurrency.processutils [None req-8b1d18b4-6be3-4289-9666-283bc34bad8b tempest-SnapshotsActionsTest-236741307 None] Running cmd (subprocess): sudo cinder-rootwrap /etc/cinder/rootwrap.conf qemu-img create -f qcow2 -o backing_file=/opt/stack/data/cinder/mnt/c11bfc157ff5dcff67b7b7aa3362ebb0/volume-9f8950d8-1330-4394-94ee-631d66b2117f.f3583721-d6a0-42b1-a65f-5455ec7ac69a,backing_fmt=qcow2 /opt/stack/data/cinder/mnt/c11bfc157ff5dcff67b7b7aa3362ebb0/volume-9f8950d8-1330-4394-94ee-631d66b2117f.0c41c84a-c2df-43ef-8c7c-c495d3b3e6c8 1G {{(pid=86352) execute /opt/stack/data/venv/lib/python3.12/site-packages/oslo_concurrency/processutils.py:440}}
Jun 30 18:11:50 devstack sudo[89571]: quobyte : PWD=/ ; USER=root ; COMMAND=/opt/stack/data/venv/bin/cinder-rootwrap /etc/cinder/rootwrap.conf qemu-img create -f qcow2 -o backing_file=/opt/stack/data/cinder/mnt/c11bfc157ff5dcff67b7b7aa3362ebb0/volume-9f8950d8-1330-4394-94ee-631d66b2117f.f3583721-d6a0-42b1-a65f-5455ec7ac69a,backing_fmt=qcow2 /opt/stack/data/cinder/mnt/c11bfc157ff5dcff67b7b7aa3362ebb0/volume-9f8950d8-1330-4394-94ee-631d66b2117f.0c41c84a-c2df-43ef-8c7c-c495d3b3e6c8 1G
Jun 30 18:11:50 devstack sudo[89571]: pam_unix(sudo:session): session opened for user root(uid=0) by (uid=1000)
Jun 30 18:11:52 devstack cinder-volume[86352]: DEBUG oslo_concurrency.processutils [None req-8b1d18b4-6be3-4289-9666-283bc34bad8b tempest-SnapshotsActionsTest-236741307 None] CMD "sudo cinder-rootwrap /etc/cinder/rootwrap.conf qemu-img create -f qcow2 -o backing_file=/opt/stack/data/cinder/mnt/c11bfc157ff5dcff67b7b7aa3362ebb0/volume-9f8950d8-1330-4394-94ee-631d66b2117f.f3583721-d6a0-42b1-a65f-5455ec7ac69a,backing_fmt=qcow2 /opt/stack/data/cinder/mnt/c11bfc157ff5dcff67b7b7aa3362ebb0/volume-9f8950d8-1330-4394-94ee-631d66b2117f.0c41c84a-c2df-43ef-8c7c-c495d3b3e6c8 1G" returned: 0 in 1.197s {{(pid=86352) execute /opt/stack/data/venv/lib/python3.12/site-packages/oslo_concurrency/processutils.py:468}}
Jun 30 18:11:51 devstack sudo[89571]: pam_unix(sudo:session): session closed for user root
Jun 30 18:11:52 devstack cinder-volume[86352]: DEBUG oslo_concurrency.processutils [None req-8b1d18b4-6be3-4289-9666-283bc34bad8b tempest-SnapshotsActionsTest-236741307 None] Running cmd (subprocess): sudo cinder-rootwrap /etc/cinder/rootwrap.conf qemu-img rebase -u -b volume-9f8950d8-1330-4394-94ee-631d66b2117f.f3583721-d6a0-42b1-a65f-5455ec7ac69a -F qcow2 /opt/stack/data/cinder/mnt/c11bfc157ff5dcff67b7b7aa3362ebb0/volume-9f8950d8-1330-4394-94ee-631d66b2117f.0c41c84a-c2df-43ef-8c7c-c495d3b3e6c8 {{(pid=86352) execute /opt/stack/data/venv/lib/python3.12/site-packages/oslo_concurrency/processutils.py:440}}
Jun 30 18:11:52 devstack sudo[89577]: quobyte : PWD=/ ; USER=root ; COMMAND=/opt/stack/data/venv/bin/cinder-rootwrap /etc/cinder/rootwrap.conf qemu-img rebase -u -b volume-9f8950d8-1330-4394-94ee-631d66b2117f.f3583721-d6a0-42b1-a65f-5455ec7ac69a -F qcow2 /opt/stack/data/cinder/mnt/c11bfc157ff5dcff67b7b7aa3362ebb0/volume-9f8950d8-1330-4394-94ee-631d66b2117f.0c41c84a-c2df-43ef-8c7c-c495d3b3e6c8
Jun 30 18:11:52 devstack sudo[89577]: pam_unix(sudo:session): session opened for user root(uid=0) by (uid=1000)
Jun 30 18:11:53 devstack sudo[89577]: pam_unix(sudo:session): session closed for user root
Jun 30 18:11:53 devstack cinder-volume[86352]: DEBUG oslo_concurrency.processutils [None req-8b1d18b4-6be3-4289-9666-283bc34bad8b tempest-SnapshotsActionsTest-236741307 None] CMD "sudo cinder-rootwrap /etc/cinder/rootwrap.conf qemu-img rebase -u -b volume-9f8950d8-1330-4394-94ee-631d66b2117f.f3583721-d6a0-42b1-a65f-5455ec7ac69a -F qcow2 /opt/stack/data/cinder/mnt/c11bfc157ff5dcff67b7b7aa3362ebb0/volume-9f8950d8-1330-4394-94ee-631d66b2117f.0c41c84a-c2df-43ef-8c7c-c495d3b3e6c8" returned: 0 in 1.046s {{(pid=86352) execute /opt/stack/data/venv/lib/python3.12/site-packages/oslo_concurrency/processutils.py:468}}
Jun 30 18:11:53 devstack cinder-volume[86352]: WARNING cinder.volume.drivers.remotefs [None req-8b1d18b4-6be3-4289-9666-283bc34bad8b tempest-SnapshotsActionsTest-236741307 None] /opt/stack/data/cinder/mnt/c11bfc157ff5dcff67b7b7aa3362ebb0/volume-9f8950d8-1330-4394-94ee-631d66b2117f.0c41c84a-c2df-43ef-8c7c-c495d3b3e6c8 is being set with open permissions: ugo+rw
Jun 30 18:11:53 devstack cinder-volume[86352]: DEBUG oslo_concurrency.processutils [None req-8b1d18b4-6be3-4289-9666-283bc34bad8b tempest-SnapshotsActionsTest-236741307 None] Running cmd (subprocess): sudo cinder-rootwrap /etc/cinder/rootwrap.conf chmod ugo+rw /opt/stack/data/cinder/mnt/c11bfc157ff5dcff67b7b7aa3362ebb0/volume-9f8950d8-1330-4394-94ee-631d66b2117f.0c41c84a-c2df-43ef-8c7c-c495d3b3e6c8 {{(pid=86352) execute /opt/stack/data/venv/lib/python3.12/site-packages/oslo_concurrency/processutils.py:440}}
Jun 30 18:11:53 devstack sudo[89584]: quobyte : PWD=/ ; USER=root ; COMMAND=/opt/stack/data/venv/bin/cinder-rootwrap /etc/cinder/rootwrap.conf chmod ugo+rw /opt/stack/data/cinder/mnt/c11bfc157ff5dcff67b7b7aa3362ebb0/volume-9f8950d8-1330-4394-94ee-631d66b2117f.0c41c84a-c2df-43ef-8c7c-c495d3b3e6c8
Jun 30 18:11:53 devstack sudo[89584]: pam_unix(sudo:session): session opened for user root(uid=0) by (uid=1000)
Jun 30 18:11:53 devstack sudo[89584]: pam_unix(sudo:session): session closed for user root
Jun 30 18:11:54 devstack cinder-volume[86352]: DEBUG oslo_concurrency.processutils [None req-8b1d18b4-6be3-4289-9666-283bc34bad8b tempest-SnapshotsActionsTest-236741307 None] CMD "sudo cinder-rootwrap /etc/cinder/rootwrap.conf chmod ugo+rw /opt/stack/data/cinder/mnt/c11bfc157ff5dcff67b7b7aa3362ebb0/volume-9f8950d8-1330-4394-94ee-631d66b2117f.0c41c84a-c2df-43ef-8c7c-c495d3b3e6c8" returned: 0 in 0.948s {{(pid=86352) execute /opt/stack/data/venv/lib/python3.12/site-packages/oslo_concurrency/processutils.py:468}}
Jun 30 18:11:54 devstack cinder-volume[86352]: DEBUG oslo_concurrency.lockutils [None req-8b1d18b4-6be3-4289-9666-283bc34bad8b tempest-SnapshotsActionsTest-236741307 None] Lock "quobyte" "released" by "cinder.volume.drivers.quobyte.QuobyteDriver.create_snapshot" :: held 4.585s {{(pid=86352) inner /opt/stack/data/venv/lib/python3.12/site-packages/oslo_concurrency/lockutils.py:543}}
Jun 30 18:11:54 devstack cinder-volume[86352]: INFO cinder.volume.manager [None req-8b1d18b4-6be3-4289-9666-283bc34bad8b tempest-SnapshotsActionsTest-236741307 None] Create snapshot completed successfully
Jun 30 18:11:54 devstack cinder-volume[86352]: DEBUG cinder.coordination [None req-260d24b4-c495-4aee-a16a-ea8549c78e92 tempest-SnapshotsActionsTest-1954165500 None] Acquiring lock "cinder-0c41c84a-c2df-43ef-8c7c-c495d3b3e6c8-delete_snapshot" by "delete_snapshot" {{(pid=86352) __acquire /opt/stack/cinder/cinder/coordination.py:138}}
Jun 30 18:11:55 devstack cinder-volume[86352]: DEBUG cinder.coordination [None req-260d24b4-c495-4aee-a16a-ea8549c78e92 tempest-SnapshotsActionsTest-1954165500 None] Lock "cinder-0c41c84a-c2df-43ef-8c7c-c495d3b3e6c8-delete_snapshot" acquired by "delete_snapshot" :: waited 0.033s {{(pid=86352) __acquire /opt/stack/cinder/cinder/coordination.py:141}}
Jun 30 18:11:55 devstack cinder-volume[86352]: DEBUG cinder.coordination [None req-260d24b4-c495-4aee-a16a-ea8549c78e92 tempest-SnapshotsActionsTest-1954165500 None] Acquiring lock "cinder-quobyte-9f8950d8-1330-4394-94ee-631d66b2117f" by "delete_snapshot" {{(pid=86352) __acquire /opt/stack/cinder/cinder/coordination.py:138}}
Jun 30 18:11:55 devstack cinder-volume[86352]: DEBUG cinder.coordination [None req-260d24b4-c495-4aee-a16a-ea8549c78e92 tempest-SnapshotsActionsTest-1954165500 None] Lock "cinder-quobyte-9f8950d8-1330-4394-94ee-631d66b2117f" acquired by "delete_snapshot" :: waited 0.030s {{(pid=86352) __acquire /opt/stack/cinder/cinder/coordination.py:141}}
Jun 30 18:11:55 devstack cinder-volume[86352]: DEBUG cinder.coordination [None req-260d24b4-c495-4aee-a16a-ea8549c78e92 tempest-SnapshotsActionsTest-1954165500 None] Acquiring lock "cinder-quobyte-0c41c84a-c2df-43ef-8c7c-c495d3b3e6c8" by "_delete_snapshot" {{(pid=86352) __acquire /opt/stack/cinder/cinder/coordination.py:138}}
Jun 30 18:11:55 devstack cinder-volume[86352]: DEBUG cinder.coordination [None req-260d24b4-c495-4aee-a16a-ea8549c78e92 tempest-SnapshotsActionsTest-1954165500 None] Lock "cinder-quobyte-0c41c84a-c2df-43ef-8c7c-c495d3b3e6c8" acquired by "_delete_snapshot" :: waited 0.024s {{(pid=86352) __acquire /opt/stack/cinder/cinder/coordination.py:141}}
Jun 30 18:11:55 devstack cinder-volume[86352]: DEBUG cinder.volume.drivers.remotefs [None req-260d24b4-c495-4aee-a16a-ea8549c78e92 tempest-SnapshotsActionsTest-1954165500 None] Deleting offline snapshot 0c41c84a-c2df-43ef-8c7c-c495d3b3e6c8 of volume 9f8950d8-1330-4394-94ee-631d66b2117f {{(pid=86352) _delete_snapshot /opt/stack/cinder/cinder/volume/drivers/remotefs.py:1288}}
Jun 30 18:11:55 devstack cinder-volume[86352]: DEBUG cinder.volume.drivers.remotefs [None req-260d24b4-c495-4aee-a16a-ea8549c78e92 tempest-SnapshotsActionsTest-1954165500 None] snapshot_file for this snap is: volume-9f8950d8-1330-4394-94ee-631d66b2117f.0c41c84a-c2df-43ef-8c7c-c495d3b3e6c8 {{(pid=86352) _delete_snapshot /opt/stack/cinder/cinder/volume/drivers/remotefs.py:1317}}
Jun 30 18:11:55 devstack cinder-volume[86352]: DEBUG oslo.privsep.daemon [-] privsep: reply[4abbc0ad-ddf8-4485-a334-7cd02c3cb569]: (4, 'qcow2') {{(pid=87503) _call_back /opt/stack/data/venv/lib/python3.12/site-packages/oslo_privsep/daemon.py:580}}
Jun 30 18:11:55 devstack cinder-volume[86352]: DEBUG oslo_concurrency.processutils [None req-260d24b4-c495-4aee-a16a-ea8549c78e92 tempest-SnapshotsActionsTest-1954165500 None] Running cmd (subprocess): /opt/stack/data/venv/bin/python3.12 -m oslo_concurrency.prlimit --as=1073741824 --cpu=60 -- sudo cinder-rootwrap /etc/cinder/rootwrap.conf env LC_ALL=C qemu-img info -f qcow2 --output=json --force-share /opt/stack/data/cinder/mnt/c11bfc157ff5dcff67b7b7aa3362ebb0/volume-9f8950d8-1330-4394-94ee-631d66b2117f.0c41c84a-c2df-43ef-8c7c-c495d3b3e6c8 {{(pid=86352) execute /opt/stack/data/venv/lib/python3.12/site-packages/oslo_concurrency/processutils.py:440}}
Jun 30 18:11:55 devstack sudo[89591]: quobyte : PWD=/ ; USER=root ; COMMAND=/opt/stack/data/venv/bin/cinder-rootwrap /etc/cinder/rootwrap.conf env LC_ALL=C qemu-img info -f qcow2 --output=json --force-share /opt/stack/data/cinder/mnt/c11bfc157ff5dcff67b7b7aa3362ebb0/volume-9f8950d8-1330-4394-94ee-631d66b2117f.0c41c84a-c2df-43ef-8c7c-c495d3b3e6c8
Jun 30 18:11:55 devstack sudo[89591]: pam_unix(sudo:session): session opened for user root(uid=0) by (uid=1000)
Jun 30 18:11:56 devstack sudo[89591]: pam_unix(sudo:session): session closed for user root
Jun 30 18:11:56 devstack cinder-volume[86352]: DEBUG oslo_concurrency.processutils [None req-260d24b4-c495-4aee-a16a-ea8549c78e92 tempest-SnapshotsActionsTest-1954165500 None] CMD "/opt/stack/data/venv/bin/python3.12 -m oslo_concurrency.prlimit --as=1073741824 --cpu=60 -- sudo cinder-rootwrap /etc/cinder/rootwrap.conf env LC_ALL=C qemu-img info -f qcow2 --output=json --force-share /opt/stack/data/cinder/mnt/c11bfc157ff5dcff67b7b7aa3362ebb0/volume-9f8950d8-1330-4394-94ee-631d66b2117f.0c41c84a-c2df-43ef-8c7c-c495d3b3e6c8" returned: 0 in 1.036s {{(pid=86352) execute /opt/stack/data/venv/lib/python3.12/site-packages/oslo_concurrency/processutils.py:468}}
Jun 30 18:11:56 devstack cinder-volume[86352]: DEBUG cinder.volume.drivers.remotefs [None req-260d24b4-c495-4aee-a16a-ea8549c78e92 tempest-SnapshotsActionsTest-1954165500 None] Fetching qemu-img info with special backing_file_template: (/opt/stack/data/cinder/mnt/[0-9a-f]+/)?(volume-9f8950d8-1330-4394-94ee-631d66b2117f(.(tmp-snap-)?[0-9a-f-]+)?|volume_from_snapshot_cache/(tmp-snap-)?[0-9a-f-]+(.(child-|parent-)[0-9a-f-]+)?)$ {{(pid=86352) _qemu_img_info_base /opt/stack/cinder/cinder/volume/drivers/remotefs.py:896}}
Jun 30 18:11:56 devstack cinder-volume[86352]: DEBUG oslo.privsep.daemon [-] privsep: reply[cf5774b6-ddfd-4fab-931b-ece9cca3770f]: (4, 'qcow2') {{(pid=87503) _call_back /opt/stack/data/venv/lib/python3.12/site-packages/oslo_privsep/daemon.py:580}}
Jun 30 18:11:56 devstack cinder-volume[86352]: DEBUG oslo_concurrency.processutils [None req-260d24b4-c495-4aee-a16a-ea8549c78e92 tempest-SnapshotsActionsTest-1954165500 None] Running cmd (subprocess): /opt/stack/data/venv/bin/python3.12 -m oslo_concurrency.prlimit --as=1073741824 --cpu=60 -- sudo cinder-rootwrap /etc/cinder/rootwrap.conf env LC_ALL=C qemu-img info -f qcow2 --output=json --force-share /opt/stack/data/cinder/mnt/c11bfc157ff5dcff67b7b7aa3362ebb0/volume-9f8950d8-1330-4394-94ee-631d66b2117f.f3583721-d6a0-42b1-a65f-5455ec7ac69a {{(pid=86352) execute /opt/stack/data/venv/lib/python3.12/site-packages/oslo_concurrency/processutils.py:440}}
Jun 30 18:11:56 devstack sudo[89597]: quobyte : PWD=/ ; USER=root ; COMMAND=/opt/stack/data/venv/bin/cinder-rootwrap /etc/cinder/rootwrap.conf env LC_ALL=C qemu-img info -f qcow2 --output=json --force-share /opt/stack/data/cinder/mnt/c11bfc157ff5dcff67b7b7aa3362ebb0/volume-9f8950d8-1330-4394-94ee-631d66b2117f.f3583721-d6a0-42b1-a65f-5455ec7ac69a
Jun 30 18:11:56 devstack sudo[89597]: pam_unix(sudo:session): session opened for user root(uid=0) by (uid=1000)
Jun 30 18:11:57 devstack sudo[89597]: pam_unix(sudo:session): session closed for user root
Jun 30 18:11:57 devstack cinder-volume[86352]: DEBUG oslo_concurrency.processutils [None req-260d24b4-c495-4aee-a16a-ea8549c78e92 tempest-SnapshotsActionsTest-1954165500 None] CMD "/opt/stack/data/venv/bin/python3.12 -m oslo_concurrency.prlimit --as=1073741824 --cpu=60 -- sudo cinder-rootwrap /etc/cinder/rootwrap.conf env LC_ALL=C qemu-img info -f qcow2 --output=json --force-share /opt/stack/data/cinder/mnt/c11bfc157ff5dcff67b7b7aa3362ebb0/volume-9f8950d8-1330-4394-94ee-631d66b2117f.f3583721-d6a0-42b1-a65f-5455ec7ac69a" returned: 0 in 0.881s {{(pid=86352) execute /opt/stack/data/venv/lib/python3.12/site-packages/oslo_concurrency/processutils.py:468}}
Jun 30 18:11:57 devstack cinder-volume[86352]: DEBUG cinder.volume.drivers.remotefs [None req-260d24b4-c495-4aee-a16a-ea8549c78e92 tempest-SnapshotsActionsTest-1954165500 None] Fetching qemu-img info with special backing_file_template: (/opt/stack/data/cinder/mnt/[0-9a-f]+/)?(volume-9f8950d8-1330-4394-94ee-631d66b2117f(.(tmp-snap-)?[0-9a-f-]+)?|volume_from_snapshot_cache/(tmp-snap-)?[0-9a-f-]+(.(child-|parent-)[0-9a-f-]+)?)$ {{(pid=86352) _qemu_img_info_base /opt/stack/cinder/cinder/volume/drivers/remotefs.py:896}}
Jun 30 18:11:57 devstack cinder-volume[86352]: DEBUG oslo_concurrency.processutils [None req-260d24b4-c495-4aee-a16a-ea8549c78e92 tempest-SnapshotsActionsTest-1954165500 None] Running cmd (subprocess): sudo cinder-rootwrap /etc/cinder/rootwrap.conf qemu-img commit -d /opt/stack/data/cinder/mnt/c11bfc157ff5dcff67b7b7aa3362ebb0/volume-9f8950d8-1330-4394-94ee-631d66b2117f.0c41c84a-c2df-43ef-8c7c-c495d3b3e6c8 {{(pid=86352) execute /opt/stack/data/venv/lib/python3.12/site-packages/oslo_concurrency/processutils.py:440}}
Jun 30 18:11:57 devstack sudo[89602]: quobyte : PWD=/ ; USER=root ; COMMAND=/opt/stack/data/venv/bin/cinder-rootwrap /etc/cinder/rootwrap.conf qemu-img commit -d /opt/stack/data/cinder/mnt/c11bfc157ff5dcff67b7b7aa3362ebb0/volume-9f8950d8-1330-4394-94ee-631d66b2117f.0c41c84a-c2df-43ef-8c7c-c495d3b3e6c8
Jun 30 18:11:57 devstack sudo[89602]: pam_unix(sudo:session): session opened for user root(uid=0) by (uid=1000)
Jun 30 18:11:58 devstack sudo[89602]: pam_unix(sudo:session): session closed for user root
Jun 30 18:11:58 devstack cinder-volume[86352]: DEBUG oslo_concurrency.processutils [None req-260d24b4-c495-4aee-a16a-ea8549c78e92 tempest-SnapshotsActionsTest-1954165500 None] CMD "sudo cinder-rootwrap /etc/cinder/rootwrap.conf qemu-img commit -d /opt/stack/data/cinder/mnt/c11bfc157ff5dcff67b7b7aa3362ebb0/volume-9f8950d8-1330-4394-94ee-631d66b2117f.0c41c84a-c2df-43ef-8c7c-c495d3b3e6c8" returned: 0 in 1.234s {{(pid=86352) execute /opt/stack/data/venv/lib/python3.12/site-packages/oslo_concurrency/processutils.py:468}}
Jun 30 18:11:58 devstack cinder-volume[86352]: DEBUG oslo_concurrency.processutils [None req-260d24b4-c495-4aee-a16a-ea8549c78e92 tempest-SnapshotsActionsTest-1954165500 None] Running cmd (subprocess): sudo cinder-rootwrap /etc/cinder/rootwrap.conf rm -f /opt/stack/data/cinder/mnt/c11bfc157ff5dcff67b7b7aa3362ebb0/volume-9f8950d8-1330-4394-94ee-631d66b2117f.0c41c84a-c2df-43ef-8c7c-c495d3b3e6c8 {{(pid=86352) execute /opt/stack/data/venv/lib/python3.12/site-packages/oslo_concurrency/processutils.py:440}}
Jun 30 18:11:58 devstack sudo[89609]: quobyte : PWD=/ ; USER=root ; COMMAND=/opt/stack/data/venv/bin/cinder-rootwrap /etc/cinder/rootwrap.conf rm -f /opt/stack/data/cinder/mnt/c11bfc157ff5dcff67b7b7aa3362ebb0/volume-9f8950d8-1330-4394-94ee-631d66b2117f.0c41c84a-c2df-43ef-8c7c-c495d3b3e6c8
Jun 30 18:11:58 devstack sudo[89609]: pam_unix(sudo:session): session opened for user root(uid=0) by (uid=1000)
Jun 30 18:11:59 devstack sudo[89609]: pam_unix(sudo:session): session closed for user root
Jun 30 18:11:59 devstack cinder-volume[86352]: DEBUG oslo_concurrency.processutils [None req-260d24b4-c495-4aee-a16a-ea8549c78e92 tempest-SnapshotsActionsTest-1954165500 None] CMD "sudo cinder-rootwrap /etc/cinder/rootwrap.conf rm -f /opt/stack/data/cinder/mnt/c11bfc157ff5dcff67b7b7aa3362ebb0/volume-9f8950d8-1330-4394-94ee-631d66b2117f.0c41c84a-c2df-43ef-8c7c-c495d3b3e6c8" returned: 0 in 1.004s {{(pid=86352) execute /opt/stack/data/venv/lib/python3.12/site-packages/oslo_concurrency/processutils.py:468}}
Jun 30 18:11:59 devstack cinder-volume[86352]: DEBUG cinder.coordination [None req-260d24b4-c495-4aee-a16a-ea8549c78e92 tempest-SnapshotsActionsTest-1954165500 None] Lock "cinder-quobyte-0c41c84a-c2df-43ef-8c7c-c495d3b3e6c8" released by "_delete_snapshot" :: held 4.279s {{(pid=86352) __release /opt/stack/cinder/cinder/coordination.py:152}}
Jun 30 18:11:59 devstack cinder-volume[86352]: DEBUG cinder.coordination [None req-260d24b4-c495-4aee-a16a-ea8549c78e92 tempest-SnapshotsActionsTest-1954165500 None] Lock "cinder-quobyte-9f8950d8-1330-4394-94ee-631d66b2117f" released by "delete_snapshot" :: held 4.315s {{(pid=86352) __release /opt/stack/cinder/cinder/coordination.py:152}}
Jun 30 18:11:59 devstack cinder-volume[86352]: DEBUG cinder.quota [None req-260d24b4-c495-4aee-a16a-ea8549c78e92 tempest-SnapshotsActionsTest-1954165500 None] Created reservations ['4ffdbf66-0c49-4560-a2e2-ec716903a2fa', '8d9826dc-ce66-445c-bcae-2fc4895783c1', '9ccef3d8-8012-4e72-b6a5-1dade370125d', 'bb673f57-7cf0-453a-9b3d-2bd49a0d55d7'] {{(pid=86352) reserve /opt/stack/cinder/cinder/quota.py:752}}
Jun 30 18:11:59 devstack cinder-volume[86352]: INFO cinder.volume.manager [None req-260d24b4-c495-4aee-a16a-ea8549c78e92 tempest-SnapshotsActionsTest-1954165500 None] Delete snapshot completed successfully.
Jun 30 18:11:59 devstack cinder-volume[86352]: DEBUG cinder.coordination [None req-260d24b4-c495-4aee-a16a-ea8549c78e92 tempest-SnapshotsActionsTest-1954165500 None] Lock "cinder-0c41c84a-c2df-43ef-8c7c-c495d3b3e6c8-delete_snapshot" released by "delete_snapshot" :: held 4.549s {{(pid=86352) __release /opt/stack/cinder/cinder/coordination.py:152}}
Jun 30 18:12:00 devstack cinder-volume[86352]: DEBUG cinder.coordination [None req-b30bb58e-e08c-417b-b403-3ef17776226c tempest-ServerActionsTestOtherA-150305948 None] Acquiring lock "cinder-e60dc497-862b-454e-b944-95e9fed9abe4-delete_volume" by "delete_volume" {{(pid=86352) __acquire /opt/stack/cinder/cinder/coordination.py:138}}
Jun 30 18:12:00 devstack cinder-volume[86352]: DEBUG cinder.coordination [None req-b30bb58e-e08c-417b-b403-3ef17776226c tempest-ServerActionsTestOtherA-150305948 None] Lock "cinder-e60dc497-862b-454e-b944-95e9fed9abe4-delete_volume" acquired by "delete_volume" :: waited 0.038s {{(pid=86352) __acquire /opt/stack/cinder/cinder/coordination.py:141}}
Jun 30 18:12:00 devstack cinder-volume[86352]: DEBUG cinder.coordination [None req-b30bb58e-e08c-417b-b403-3ef17776226c tempest-ServerActionsTestOtherA-150305948 None] Acquiring lock "cinder-quobyte-e60dc497-862b-454e-b944-95e9fed9abe4" by "delete_volume" {{(pid=86352) __acquire /opt/stack/cinder/cinder/coordination.py:138}}
Jun 30 18:12:00 devstack cinder-volume[86352]: DEBUG cinder.coordination [None req-b30bb58e-e08c-417b-b403-3ef17776226c tempest-ServerActionsTestOtherA-150305948 None] Lock "cinder-quobyte-e60dc497-862b-454e-b944-95e9fed9abe4" acquired by "delete_volume" :: waited 0.022s {{(pid=86352) __acquire /opt/stack/cinder/cinder/coordination.py:141}}
Jun 30 18:12:00 devstack cinder-volume[86352]: DEBUG oslo.privsep.daemon [-] privsep: reply[73d0b735-f288-4cf8-9666-eb4ed7670b8f]: (4, 'qcow2') {{(pid=87503) _call_back /opt/stack/data/venv/lib/python3.12/site-packages/oslo_privsep/daemon.py:580}}
Jun 30 18:12:00 devstack cinder-volume[86352]: DEBUG oslo_concurrency.processutils [None req-b30bb58e-e08c-417b-b403-3ef17776226c tempest-ServerActionsTestOtherA-150305948 None] Running cmd (subprocess): /opt/stack/data/venv/bin/python3.12 -m oslo_concurrency.prlimit --as=1073741824 --cpu=60 -- sudo cinder-rootwrap /etc/cinder/rootwrap.conf env LC_ALL=C qemu-img info -f qcow2 --output=json --force-share /opt/stack/data/cinder/mnt/c11bfc157ff5dcff67b7b7aa3362ebb0/volume-e60dc497-862b-454e-b944-95e9fed9abe4 {{(pid=86352) execute /opt/stack/data/venv/lib/python3.12/site-packages/oslo_concurrency/processutils.py:440}}
Jun 30 18:12:00 devstack sudo[89613]: quobyte : PWD=/ ; USER=root ; COMMAND=/opt/stack/data/venv/bin/cinder-rootwrap /etc/cinder/rootwrap.conf env LC_ALL=C qemu-img info -f qcow2 --output=json --force-share /opt/stack/data/cinder/mnt/c11bfc157ff5dcff67b7b7aa3362ebb0/volume-e60dc497-862b-454e-b944-95e9fed9abe4
Jun 30 18:12:00 devstack sudo[89613]: pam_unix(sudo:session): session opened for user root(uid=0) by (uid=1000)
Jun 30 18:12:01 devstack cinder-volume[86352]: DEBUG cinder.coordination [None req-498d7c22-90cc-410c-8901-37d5f9bd7cd2 tempest-SnapshotsActionsTest-236741307 None] Acquiring lock "cinder-f3583721-d6a0-42b1-a65f-5455ec7ac69a-delete_snapshot" by "delete_snapshot" {{(pid=86352) __acquire /opt/stack/cinder/cinder/coordination.py:138}}
Jun 30 18:12:01 devstack cinder-volume[86352]: DEBUG cinder.coordination [None req-498d7c22-90cc-410c-8901-37d5f9bd7cd2 tempest-SnapshotsActionsTest-236741307 None] Lock "cinder-f3583721-d6a0-42b1-a65f-5455ec7ac69a-delete_snapshot" acquired by "delete_snapshot" :: waited 0.037s {{(pid=86352) __acquire /opt/stack/cinder/cinder/coordination.py:141}}
Jun 30 18:12:01 devstack cinder-volume[86352]: DEBUG cinder.coordination [None req-498d7c22-90cc-410c-8901-37d5f9bd7cd2 tempest-SnapshotsActionsTest-236741307 None] Acquiring lock "cinder-quobyte-9f8950d8-1330-4394-94ee-631d66b2117f" by "delete_snapshot" {{(pid=86352) __acquire /opt/stack/cinder/cinder/coordination.py:138}}
Jun 30 18:12:01 devstack cinder-volume[86352]: DEBUG cinder.coordination [None req-498d7c22-90cc-410c-8901-37d5f9bd7cd2 tempest-SnapshotsActionsTest-236741307 None] Lock "cinder-quobyte-9f8950d8-1330-4394-94ee-631d66b2117f" acquired by "delete_snapshot" :: waited 0.030s {{(pid=86352) __acquire /opt/stack/cinder/cinder/coordination.py:141}}
Jun 30 18:12:01 devstack cinder-volume[86352]: DEBUG cinder.coordination [None req-498d7c22-90cc-410c-8901-37d5f9bd7cd2 tempest-SnapshotsActionsTest-236741307 None] Acquiring lock "cinder-quobyte-f3583721-d6a0-42b1-a65f-5455ec7ac69a" by "_delete_snapshot" {{(pid=86352) __acquire /opt/stack/cinder/cinder/coordination.py:138}}
Jun 30 18:12:01 devstack cinder-volume[86352]: DEBUG cinder.coordination [None req-498d7c22-90cc-410c-8901-37d5f9bd7cd2 tempest-SnapshotsActionsTest-236741307 None] Lock "cinder-quobyte-f3583721-d6a0-42b1-a65f-5455ec7ac69a" acquired by "_delete_snapshot" :: waited 0.037s {{(pid=86352) __acquire /opt/stack/cinder/cinder/coordination.py:141}}
Jun 30 18:12:01 devstack cinder-volume[86352]: DEBUG cinder.volume.drivers.remotefs [None req-498d7c22-90cc-410c-8901-37d5f9bd7cd2 tempest-SnapshotsActionsTest-236741307 None] Deleting offline snapshot f3583721-d6a0-42b1-a65f-5455ec7ac69a of volume 9f8950d8-1330-4394-94ee-631d66b2117f {{(pid=86352) _delete_snapshot /opt/stack/cinder/cinder/volume/drivers/remotefs.py:1288}}
Jun 30 18:12:01 devstack cinder-volume[86352]: DEBUG cinder.volume.drivers.remotefs [None req-498d7c22-90cc-410c-8901-37d5f9bd7cd2 tempest-SnapshotsActionsTest-236741307 None] snapshot_file for this snap is: volume-9f8950d8-1330-4394-94ee-631d66b2117f.f3583721-d6a0-42b1-a65f-5455ec7ac69a {{(pid=86352) _delete_snapshot /opt/stack/cinder/cinder/volume/drivers/remotefs.py:1317}}
Jun 30 18:12:01 devstack cinder-volume[86352]: DEBUG oslo.privsep.daemon [-] privsep: reply[3da6bbe4-84db-4ec1-992b-1fb695b8a959]: (4, 'qcow2') {{(pid=87503) _call_back /opt/stack/data/venv/lib/python3.12/site-packages/oslo_privsep/daemon.py:580}}
Jun 30 18:12:01 devstack cinder-volume[86352]: DEBUG oslo_concurrency.processutils [None req-498d7c22-90cc-410c-8901-37d5f9bd7cd2 tempest-SnapshotsActionsTest-236741307 None] Running cmd (subprocess): /opt/stack/data/venv/bin/python3.12 -m oslo_concurrency.prlimit --as=1073741824 --cpu=60 -- sudo cinder-rootwrap /etc/cinder/rootwrap.conf env LC_ALL=C qemu-img info -f qcow2 --output=json --force-share /opt/stack/data/cinder/mnt/c11bfc157ff5dcff67b7b7aa3362ebb0/volume-9f8950d8-1330-4394-94ee-631d66b2117f.f3583721-d6a0-42b1-a65f-5455ec7ac69a {{(pid=86352) execute /opt/stack/data/venv/lib/python3.12/site-packages/oslo_concurrency/processutils.py:440}}
Jun 30 18:12:01 devstack sudo[89615]: quobyte : PWD=/ ; USER=root ; COMMAND=/opt/stack/data/venv/bin/cinder-rootwrap /etc/cinder/rootwrap.conf env LC_ALL=C qemu-img info -f qcow2 --output=json --force-share /opt/stack/data/cinder/mnt/c11bfc157ff5dcff67b7b7aa3362ebb0/volume-9f8950d8-1330-4394-94ee-631d66b2117f.f3583721-d6a0-42b1-a65f-5455ec7ac69a
Jun 30 18:12:01 devstack sudo[89615]: pam_unix(sudo:session): session opened for user root(uid=0) by (uid=1000)
Jun 30 18:12:01 devstack sudo[89613]: pam_unix(sudo:session): session closed for user root
Jun 30 18:12:01 devstack cinder-volume[86352]: DEBUG oslo_concurrency.processutils [None req-b30bb58e-e08c-417b-b403-3ef17776226c tempest-ServerActionsTestOtherA-150305948 None] CMD "/opt/stack/data/venv/bin/python3.12 -m oslo_concurrency.prlimit --as=1073741824 --cpu=60 -- sudo cinder-rootwrap /etc/cinder/rootwrap.conf env LC_ALL=C qemu-img info -f qcow2 --output=json --force-share /opt/stack/data/cinder/mnt/c11bfc157ff5dcff67b7b7aa3362ebb0/volume-e60dc497-862b-454e-b944-95e9fed9abe4" returned: 0 in 1.314s {{(pid=86352) execute /opt/stack/data/venv/lib/python3.12/site-packages/oslo_concurrency/processutils.py:468}}
Jun 30 18:12:01 devstack cinder-volume[86352]: DEBUG oslo_concurrency.processutils [None req-b30bb58e-e08c-417b-b403-3ef17776226c tempest-ServerActionsTestOtherA-150305948 None] Running cmd (subprocess): sudo cinder-rootwrap /etc/cinder/rootwrap.conf rm -f /opt/stack/data/cinder/mnt/c11bfc157ff5dcff67b7b7aa3362ebb0/volume-e60dc497-862b-454e-b944-95e9fed9abe4 {{(pid=86352) execute /opt/stack/data/venv/lib/python3.12/site-packages/oslo_concurrency/processutils.py:440}}
Jun 30 18:12:01 devstack sudo[89621]: quobyte : PWD=/ ; USER=root ; COMMAND=/opt/stack/data/venv/bin/cinder-rootwrap /etc/cinder/rootwrap.conf rm -f /opt/stack/data/cinder/mnt/c11bfc157ff5dcff67b7b7aa3362ebb0/volume-e60dc497-862b-454e-b944-95e9fed9abe4
Jun 30 18:12:01 devstack sudo[89621]: pam_unix(sudo:session): session opened for user root(uid=0) by (uid=1000)
Jun 30 18:12:02 devstack sudo[89615]: pam_unix(sudo:session): session closed for user root
Jun 30 18:12:02 devstack cinder-volume[86352]: DEBUG oslo_concurrency.processutils [None req-498d7c22-90cc-410c-8901-37d5f9bd7cd2 tempest-SnapshotsActionsTest-236741307 None] CMD "/opt/stack/data/venv/bin/python3.12 -m oslo_concurrency.prlimit --as=1073741824 --cpu=60 -- sudo cinder-rootwrap /etc/cinder/rootwrap.conf env LC_ALL=C qemu-img info -f qcow2 --output=json --force-share /opt/stack/data/cinder/mnt/c11bfc157ff5dcff67b7b7aa3362ebb0/volume-9f8950d8-1330-4394-94ee-631d66b2117f.f3583721-d6a0-42b1-a65f-5455ec7ac69a" returned: 0 in 1.265s {{(pid=86352) execute /opt/stack/data/venv/lib/python3.12/site-packages/oslo_concurrency/processutils.py:468}}
Jun 30 18:12:02 devstack cinder-volume[86352]: DEBUG cinder.volume.drivers.remotefs [None req-498d7c22-90cc-410c-8901-37d5f9bd7cd2 tempest-SnapshotsActionsTest-236741307 None] Fetching qemu-img info with special backing_file_template: (/opt/stack/data/cinder/mnt/[0-9a-f]+/)?(volume-9f8950d8-1330-4394-94ee-631d66b2117f(.(tmp-snap-)?[0-9a-f-]+)?|volume_from_snapshot_cache/(tmp-snap-)?[0-9a-f-]+(.(child-|parent-)[0-9a-f-]+)?)$ {{(pid=86352) _qemu_img_info_base /opt/stack/cinder/cinder/volume/drivers/remotefs.py:896}}
Jun 30 18:12:02 devstack cinder-volume[86352]: DEBUG oslo.privsep.daemon [-] privsep: reply[8df7fbfb-7ff6-4ffb-adff-b5d7160ace5f]: (4, 'qcow2') {{(pid=87503) _call_back /opt/stack/data/venv/lib/python3.12/site-packages/oslo_privsep/daemon.py:580}}
Jun 30 18:12:02 devstack cinder-volume[86352]: DEBUG oslo_concurrency.processutils [None req-498d7c22-90cc-410c-8901-37d5f9bd7cd2 tempest-SnapshotsActionsTest-236741307 None] Running cmd (subprocess): /opt/stack/data/venv/bin/python3.12 -m oslo_concurrency.prlimit --as=1073741824 --cpu=60 -- sudo cinder-rootwrap /etc/cinder/rootwrap.conf env LC_ALL=C qemu-img info -f qcow2 --output=json --force-share /opt/stack/data/cinder/mnt/c11bfc157ff5dcff67b7b7aa3362ebb0/volume-9f8950d8-1330-4394-94ee-631d66b2117f {{(pid=86352) execute /opt/stack/data/venv/lib/python3.12/site-packages/oslo_concurrency/processutils.py:440}}
Jun 30 18:12:02 devstack sudo[89621]: pam_unix(sudo:session): session closed for user root
Jun 30 18:12:02 devstack cinder-volume[86352]: DEBUG oslo_concurrency.processutils [None req-b30bb58e-e08c-417b-b403-3ef17776226c tempest-ServerActionsTestOtherA-150305948 None] CMD "sudo cinder-rootwrap /etc/cinder/rootwrap.conf rm -f /opt/stack/data/cinder/mnt/c11bfc157ff5dcff67b7b7aa3362ebb0/volume-e60dc497-862b-454e-b944-95e9fed9abe4" returned: 0 in 0.725s {{(pid=86352) execute /opt/stack/data/venv/lib/python3.12/site-packages/oslo_concurrency/processutils.py:468}}
Jun 30 18:12:02 devstack cinder-volume[86352]: DEBUG cinder.coordination [None req-b30bb58e-e08c-417b-b403-3ef17776226c tempest-ServerActionsTestOtherA-150305948 None] Lock "cinder-quobyte-e60dc497-862b-454e-b944-95e9fed9abe4" released by "delete_volume" :: held 2.114s {{(pid=86352) __release /opt/stack/cinder/cinder/coordination.py:152}}
Jun 30 18:12:02 devstack cinder-volume[86352]: DEBUG cinder.quota [None req-b30bb58e-e08c-417b-b403-3ef17776226c tempest-ServerActionsTestOtherA-150305948 None] Created reservations ['5112dcf9-8721-4efb-a059-4e7690098f57', '711e490c-6385-4c6c-aa7d-18319fee94ff', '92498bd5-f35d-4cbe-a759-2e330ab548be', '490375aa-37b6-4050-bb81-2a8364f382e2'] {{(pid=86352) reserve /opt/stack/cinder/cinder/quota.py:752}}
Jun 30 18:12:02 devstack sudo[89627]: quobyte : PWD=/ ; USER=root ; COMMAND=/opt/stack/data/venv/bin/cinder-rootwrap /etc/cinder/rootwrap.conf env LC_ALL=C qemu-img info -f qcow2 --output=json --force-share /opt/stack/data/cinder/mnt/c11bfc157ff5dcff67b7b7aa3362ebb0/volume-9f8950d8-1330-4394-94ee-631d66b2117f
Jun 30 18:12:02 devstack sudo[89627]: pam_unix(sudo:session): session opened for user root(uid=0) by (uid=1000)
Jun 30 18:12:02 devstack cinder-volume[86352]: DEBUG oslo_concurrency.lockutils [None req-b30bb58e-e08c-417b-b403-3ef17776226c tempest-ServerActionsTestOtherA-150305948 None] Acquiring lock "quobyte_ensure" by "cinder.volume.drivers.quobyte.QuobyteDriver._ensure_shares_mounted" {{(pid=86352) inner /opt/stack/data/venv/lib/python3.12/site-packages/oslo_concurrency/lockutils.py:511}}
Jun 30 18:12:02 devstack cinder-volume[86352]: DEBUG oslo_concurrency.lockutils [None req-b30bb58e-e08c-417b-b403-3ef17776226c tempest-ServerActionsTestOtherA-150305948 None] Lock "quobyte_ensure" acquired by "cinder.volume.drivers.quobyte.QuobyteDriver._ensure_shares_mounted" :: waited 0.001s {{(pid=86352) inner /opt/stack/data/venv/lib/python3.12/site-packages/oslo_concurrency/lockutils.py:524}}
Jun 30 18:12:02 devstack cinder-volume[86352]: DEBUG cinder.volume.drivers.quobyte [None req-b30bb58e-e08c-417b-b403-3ef17776226c tempest-ServerActionsTestOtherA-150305948 None] Quobyte Volume URL set to: {'osci02.corp.quobyte.com/cinder-vol-8c83a659-5b15-4561-8061-e7223c713098': None} {{(pid=86352) _load_shares_config /opt/stack/cinder/cinder/volume/drivers/quobyte.py:617}}
Jun 30 18:12:02 devstack cinder-volume[86352]: DEBUG cinder.volume.drivers.quobyte [None req-b30bb58e-e08c-417b-b403-3ef17776226c tempest-ServerActionsTestOtherA-150305948 None] Available shares ['osci02.corp.quobyte.com/cinder-vol-8c83a659-5b15-4561-8061-e7223c713098'] {{(pid=86352) _ensure_shares_mounted /opt/stack/cinder/cinder/volume/drivers/quobyte.py:647}}
Jun 30 18:12:02 devstack cinder-volume[86352]: DEBUG oslo_concurrency.lockutils [None req-b30bb58e-e08c-417b-b403-3ef17776226c tempest-ServerActionsTestOtherA-150305948 None] Lock "quobyte_ensure" "released" by "cinder.volume.drivers.quobyte.QuobyteDriver._ensure_shares_mounted" :: held 0.016s {{(pid=86352) inner /opt/stack/data/venv/lib/python3.12/site-packages/oslo_concurrency/lockutils.py:543}}
Jun 30 18:12:02 devstack cinder-volume[86352]: DEBUG oslo_concurrency.processutils [None req-b30bb58e-e08c-417b-b403-3ef17776226c tempest-ServerActionsTestOtherA-150305948 None] Running cmd (subprocess): sudo cinder-rootwrap /etc/cinder/rootwrap.conf df --portability --block-size 1 /opt/stack/data/cinder/mnt/c11bfc157ff5dcff67b7b7aa3362ebb0 {{(pid=86352) execute /opt/stack/data/venv/lib/python3.12/site-packages/oslo_concurrency/processutils.py:440}}
Jun 30 18:12:02 devstack sudo[89629]: quobyte : PWD=/ ; USER=root ; COMMAND=/opt/stack/data/venv/bin/cinder-rootwrap /etc/cinder/rootwrap.conf df --portability --block-size 1 /opt/stack/data/cinder/mnt/c11bfc157ff5dcff67b7b7aa3362ebb0
Jun 30 18:12:02 devstack sudo[89629]: pam_unix(sudo:session): session opened for user root(uid=0) by (uid=1000)
Jun 30 18:12:03 devstack sudo[89627]: pam_unix(sudo:session): session closed for user root
Jun 30 18:12:03 devstack cinder-volume[86352]: DEBUG oslo_concurrency.processutils [None req-498d7c22-90cc-410c-8901-37d5f9bd7cd2 tempest-SnapshotsActionsTest-236741307 None] CMD "/opt/stack/data/venv/bin/python3.12 -m oslo_concurrency.prlimit --as=1073741824 --cpu=60 -- sudo cinder-rootwrap /etc/cinder/rootwrap.conf env LC_ALL=C qemu-img info -f qcow2 --output=json --force-share /opt/stack/data/cinder/mnt/c11bfc157ff5dcff67b7b7aa3362ebb0/volume-9f8950d8-1330-4394-94ee-631d66b2117f" returned: 0 in 1.132s {{(pid=86352) execute /opt/stack/data/venv/lib/python3.12/site-packages/oslo_concurrency/processutils.py:468}}
