Jun 30 18:15:20 devstack cinder-volume[86352]: DEBUG cinder.volume.manager [None req-f24772a6-ad37-4121-9b18-06316b0f2a18 tempest-AttachVolumeShelveTestJSON-484072907 None] Task 'cinder.volume.flows.manager.create_volume.CreateVolumeOnFinishTask;volume:create, create.end' (52bce035-5976-4d9c-b3c1-9b19876aa0d9) transitioned into state 'RUNNING' from state 'PENDING' {{(pid=86352) _task_receiver /opt/stack/data/venv/lib/python3.12/site-packages/taskflow/listeners/logging.py:242}}
Jun 30 18:15:20 devstack cinder-volume[86352]: INFO cinder.volume.flows.manager.create_volume [None req-f24772a6-ad37-4121-9b18-06316b0f2a18 tempest-AttachVolumeShelveTestJSON-484072907 None] Volume volume-dda753ec-f6c1-4431-b46c-98090ba6ec28 (dda753ec-f6c1-4431-b46c-98090ba6ec28): created successfully
Jun 30 18:15:20 devstack cinder-volume[86352]: DEBUG cinder.volume.manager [None req-f24772a6-ad37-4121-9b18-06316b0f2a18 tempest-AttachVolumeShelveTestJSON-484072907 None] Task 'cinder.volume.flows.manager.create_volume.CreateVolumeOnFinishTask;volume:create, create.end' (52bce035-5976-4d9c-b3c1-9b19876aa0d9) transitioned into state 'SUCCESS' from state 'RUNNING' with result 'None' {{(pid=86352) _task_receiver /opt/stack/data/venv/lib/python3.12/site-packages/taskflow/listeners/logging.py:218}}
Jun 30 18:15:20 devstack cinder-volume[86352]: DEBUG cinder.volume.manager [None req-f24772a6-ad37-4121-9b18-06316b0f2a18 tempest-AttachVolumeShelveTestJSON-484072907 None] Flow 'volume_create_manager' (57ef56ef-7779-49ec-8466-f4bed0e6d41b) transitioned into state 'SUCCESS' from state 'RUNNING' {{(pid=86352) _flow_receiver /opt/stack/data/venv/lib/python3.12/site-packages/taskflow/listeners/logging.py:160}}
Jun 30 18:15:20 devstack cinder-volume[86352]: INFO cinder.volume.manager [None req-f24772a6-ad37-4121-9b18-06316b0f2a18 tempest-AttachVolumeShelveTestJSON-484072907 None] Created volume successfully.
Jun 30 18:15:20 devstack cinder-volume[86352]: DEBUG cinder.volume.drivers.remotefs [None req-2a8d74a6-3449-486a-b748-f7bd62dd9a78 tempest-GroupsV314Test-82293862 None] Creating offline snapshot 32869ffc-6baf-4c3d-94a8-3aabaff57ac1 of volume 6ec7dfe4-524c-4f05-856e-46dabb25d299 {{(pid=86352) _create_snapshot /opt/stack/cinder/cinder/volume/drivers/remotefs.py:1816}}
Jun 30 18:15:20 devstack cinder-volume[86352]: DEBUG oslo.privsep.daemon [-] privsep: reply[bb5e8695-e73d-457a-9469-679727598493]: (4, 'qcow2') {{(pid=87503) _call_back /opt/stack/data/venv/lib/python3.12/site-packages/oslo_privsep/daemon.py:580}}
Jun 30 18:15:20 devstack cinder-volume[86352]: DEBUG oslo_concurrency.processutils [None req-2a8d74a6-3449-486a-b748-f7bd62dd9a78 tempest-GroupsV314Test-82293862 None] Running cmd (subprocess): /opt/stack/data/venv/bin/python3.12 -m oslo_concurrency.prlimit --as=1073741824 --cpu=60 -- sudo cinder-rootwrap /etc/cinder/rootwrap.conf env LC_ALL=C qemu-img info -f qcow2 --output=json --force-share /opt/stack/data/cinder/mnt/c11bfc157ff5dcff67b7b7aa3362ebb0/volume-6ec7dfe4-524c-4f05-856e-46dabb25d299 {{(pid=86352) execute /opt/stack/data/venv/lib/python3.12/site-packages/oslo_concurrency/processutils.py:440}}
Jun 30 18:15:20 devstack sudo[92472]: quobyte : PWD=/ ; USER=root ; COMMAND=/opt/stack/data/venv/bin/cinder-rootwrap /etc/cinder/rootwrap.conf env LC_ALL=C qemu-img info -f qcow2 --output=json --force-share /opt/stack/data/cinder/mnt/c11bfc157ff5dcff67b7b7aa3362ebb0/volume-6ec7dfe4-524c-4f05-856e-46dabb25d299
Jun 30 18:15:20 devstack sudo[92472]: pam_unix(sudo:session): session opened for user root(uid=0) by (uid=1000)
Jun 30 18:15:21 devstack sudo[92472]: pam_unix(sudo:session): session closed for user root
Jun 30 18:15:21 devstack cinder-volume[86352]: DEBUG oslo_concurrency.processutils [None req-2a8d74a6-3449-486a-b748-f7bd62dd9a78 tempest-GroupsV314Test-82293862 None] CMD "/opt/stack/data/venv/bin/python3.12 -m oslo_concurrency.prlimit --as=1073741824 --cpu=60 -- sudo cinder-rootwrap /etc/cinder/rootwrap.conf env LC_ALL=C qemu-img info -f qcow2 --output=json --force-share /opt/stack/data/cinder/mnt/c11bfc157ff5dcff67b7b7aa3362ebb0/volume-6ec7dfe4-524c-4f05-856e-46dabb25d299" returned: 0 in 0.813s {{(pid=86352) execute /opt/stack/data/venv/lib/python3.12/site-packages/oslo_concurrency/processutils.py:468}}
Jun 30 18:15:21 devstack cinder-volume[86352]: DEBUG oslo_concurrency.processutils [None req-2a8d74a6-3449-486a-b748-f7bd62dd9a78 tempest-GroupsV314Test-82293862 None] Running cmd (subprocess): sudo cinder-rootwrap /etc/cinder/rootwrap.conf qemu-img create -f qcow2 -o backing_file=/opt/stack/data/cinder/mnt/c11bfc157ff5dcff67b7b7aa3362ebb0/volume-6ec7dfe4-524c-4f05-856e-46dabb25d299,backing_fmt=qcow2 /opt/stack/data/cinder/mnt/c11bfc157ff5dcff67b7b7aa3362ebb0/volume-6ec7dfe4-524c-4f05-856e-46dabb25d299.32869ffc-6baf-4c3d-94a8-3aabaff57ac1 1G {{(pid=86352) execute /opt/stack/data/venv/lib/python3.12/site-packages/oslo_concurrency/processutils.py:440}}
Jun 30 18:15:21 devstack sudo[92484]: quobyte : PWD=/ ; USER=root ; COMMAND=/opt/stack/data/venv/bin/cinder-rootwrap /etc/cinder/rootwrap.conf qemu-img create -f qcow2 -o backing_file=/opt/stack/data/cinder/mnt/c11bfc157ff5dcff67b7b7aa3362ebb0/volume-6ec7dfe4-524c-4f05-856e-46dabb25d299,backing_fmt=qcow2 /opt/stack/data/cinder/mnt/c11bfc157ff5dcff67b7b7aa3362ebb0/volume-6ec7dfe4-524c-4f05-856e-46dabb25d299.32869ffc-6baf-4c3d-94a8-3aabaff57ac1 1G
Jun 30 18:15:21 devstack sudo[92484]: pam_unix(sudo:session): session opened for user root(uid=0) by (uid=1000)
Jun 30 18:15:22 devstack sudo[92484]: pam_unix(sudo:session): session closed for user root
Jun 30 18:15:22 devstack cinder-volume[86352]: DEBUG oslo_concurrency.processutils [None req-2a8d74a6-3449-486a-b748-f7bd62dd9a78 tempest-GroupsV314Test-82293862 None] CMD "sudo cinder-rootwrap /etc/cinder/rootwrap.conf qemu-img create -f qcow2 -o backing_file=/opt/stack/data/cinder/mnt/c11bfc157ff5dcff67b7b7aa3362ebb0/volume-6ec7dfe4-524c-4f05-856e-46dabb25d299,backing_fmt=qcow2 /opt/stack/data/cinder/mnt/c11bfc157ff5dcff67b7b7aa3362ebb0/volume-6ec7dfe4-524c-4f05-856e-46dabb25d299.32869ffc-6baf-4c3d-94a8-3aabaff57ac1 1G" returned: 0 in 0.915s {{(pid=86352) execute /opt/stack/data/venv/lib/python3.12/site-packages/oslo_concurrency/processutils.py:468}}
Jun 30 18:15:22 devstack cinder-volume[86352]: DEBUG oslo_concurrency.processutils [None req-2a8d74a6-3449-486a-b748-f7bd62dd9a78 tempest-GroupsV314Test-82293862 None] Running cmd (subprocess): sudo cinder-rootwrap /etc/cinder/rootwrap.conf qemu-img rebase -u -b volume-6ec7dfe4-524c-4f05-856e-46dabb25d299 -F qcow2 /opt/stack/data/cinder/mnt/c11bfc157ff5dcff67b7b7aa3362ebb0/volume-6ec7dfe4-524c-4f05-856e-46dabb25d299.32869ffc-6baf-4c3d-94a8-3aabaff57ac1 {{(pid=86352) execute /opt/stack/data/venv/lib/python3.12/site-packages/oslo_concurrency/processutils.py:440}}
Jun 30 18:15:22 devstack sudo[92490]: quobyte : PWD=/ ; USER=root ; COMMAND=/opt/stack/data/venv/bin/cinder-rootwrap /etc/cinder/rootwrap.conf qemu-img rebase -u -b volume-6ec7dfe4-524c-4f05-856e-46dabb25d299 -F qcow2 /opt/stack/data/cinder/mnt/c11bfc157ff5dcff67b7b7aa3362ebb0/volume-6ec7dfe4-524c-4f05-856e-46dabb25d299.32869ffc-6baf-4c3d-94a8-3aabaff57ac1
Jun 30 18:15:22 devstack sudo[92490]: pam_unix(sudo:session): session opened for user root(uid=0) by (uid=1000)
Jun 30 18:15:23 devstack sudo[92490]: pam_unix(sudo:session): session closed for user root
Jun 30 18:15:23 devstack cinder-volume[86352]: DEBUG oslo_concurrency.processutils [None req-2a8d74a6-3449-486a-b748-f7bd62dd9a78 tempest-GroupsV314Test-82293862 None] CMD "sudo cinder-rootwrap /etc/cinder/rootwrap.conf qemu-img rebase -u -b volume-6ec7dfe4-524c-4f05-856e-46dabb25d299 -F qcow2 /opt/stack/data/cinder/mnt/c11bfc157ff5dcff67b7b7aa3362ebb0/volume-6ec7dfe4-524c-4f05-856e-46dabb25d299.32869ffc-6baf-4c3d-94a8-3aabaff57ac1" returned: 0 in 1.181s {{(pid=86352) execute /opt/stack/data/venv/lib/python3.12/site-packages/oslo_concurrency/processutils.py:468}}
Jun 30 18:15:23 devstack cinder-volume[86352]: WARNING cinder.volume.drivers.remotefs [None req-2a8d74a6-3449-486a-b748-f7bd62dd9a78 tempest-GroupsV314Test-82293862 None] /opt/stack/data/cinder/mnt/c11bfc157ff5dcff67b7b7aa3362ebb0/volume-6ec7dfe4-524c-4f05-856e-46dabb25d299.32869ffc-6baf-4c3d-94a8-3aabaff57ac1 is being set with open permissions: ugo+rw: NotImplementedError
Jun 30 18:15:23 devstack cinder-volume[86352]: DEBUG oslo_concurrency.processutils [None req-2a8d74a6-3449-486a-b748-f7bd62dd9a78 tempest-GroupsV314Test-82293862 None] Running cmd (subprocess): sudo cinder-rootwrap /etc/cinder/rootwrap.conf chmod ugo+rw /opt/stack/data/cinder/mnt/c11bfc157ff5dcff67b7b7aa3362ebb0/volume-6ec7dfe4-524c-4f05-856e-46dabb25d299.32869ffc-6baf-4c3d-94a8-3aabaff57ac1 {{(pid=86352) execute /opt/stack/data/venv/lib/python3.12/site-packages/oslo_concurrency/processutils.py:440}}
Jun 30 18:15:23 devstack sudo[92552]: quobyte : PWD=/ ; USER=root ; COMMAND=/opt/stack/data/venv/bin/cinder-rootwrap /etc/cinder/rootwrap.conf chmod ugo+rw /opt/stack/data/cinder/mnt/c11bfc157ff5dcff67b7b7aa3362ebb0/volume-6ec7dfe4-524c-4f05-856e-46dabb25d299.32869ffc-6baf-4c3d-94a8-3aabaff57ac1
Jun 30 18:15:23 devstack sudo[92552]: pam_unix(sudo:session): session opened for user root(uid=0) by (uid=1000)
Jun 30 18:15:24 devstack sudo[92552]: pam_unix(sudo:session): session closed for user root
Jun 30 18:15:24 devstack cinder-volume[86352]: DEBUG oslo_concurrency.processutils [None req-2a8d74a6-3449-486a-b748-f7bd62dd9a78 tempest-GroupsV314Test-82293862 None] CMD "sudo cinder-rootwrap /etc/cinder/rootwrap.conf chmod ugo+rw /opt/stack/data/cinder/mnt/c11bfc157ff5dcff67b7b7aa3362ebb0/volume-6ec7dfe4-524c-4f05-856e-46dabb25d299.32869ffc-6baf-4c3d-94a8-3aabaff57ac1" returned: 0 in 1.211s {{(pid=86352) execute /opt/stack/data/venv/lib/python3.12/site-packages/oslo_concurrency/processutils.py:468}}
Jun 30 18:15:24 devstack cinder-volume[86352]: DEBUG oslo_concurrency.processutils [None req-2a8d74a6-3449-486a-b748-f7bd62dd9a78 tempest-GroupsV314Test-82293862 None] Running cmd (subprocess): sudo cinder-rootwrap /etc/cinder/rootwrap.conf truncate -s0 /opt/stack/data/cinder/mnt/c11bfc157ff5dcff67b7b7aa3362ebb0/volume-6ec7dfe4-524c-4f05-856e-46dabb25d299.info {{(pid=86352) execute /opt/stack/data/venv/lib/python3.12/site-packages/oslo_concurrency/processutils.py:440}}
Jun 30 18:15:25 devstack sudo[92644]: quobyte : PWD=/ ; USER=root ; COMMAND=/opt/stack/data/venv/bin/cinder-rootwrap /etc/cinder/rootwrap.conf truncate -s0 /opt/stack/data/cinder/mnt/c11bfc157ff5dcff67b7b7aa3362ebb0/volume-6ec7dfe4-524c-4f05-856e-46dabb25d299.info
Jun 30 18:15:25 devstack sudo[92644]: pam_unix(sudo:session): session opened for user root(uid=0) by (uid=1000)
Jun 30 18:15:26 devstack sudo[92644]: pam_unix(sudo:session): session closed for user root
Jun 30 18:15:26 devstack cinder-volume[86352]: DEBUG oslo_concurrency.processutils [None req-2a8d74a6-3449-486a-b748-f7bd62dd9a78 tempest-GroupsV314Test-82293862 None] CMD "sudo cinder-rootwrap /etc/cinder/rootwrap.conf truncate -s0 /opt/stack/data/cinder/mnt/c11bfc157ff5dcff67b7b7aa3362ebb0/volume-6ec7dfe4-524c-4f05-856e-46dabb25d299.info" returned: 0 in 1.180s {{(pid=86352) execute /opt/stack/data/venv/lib/python3.12/site-packages/oslo_concurrency/processutils.py:468}}
Jun 30 18:15:26 devstack cinder-volume[86352]: WARNING cinder.volume.drivers.remotefs [None req-2a8d74a6-3449-486a-b748-f7bd62dd9a78 tempest-GroupsV314Test-82293862 None] /opt/stack/data/cinder/mnt/c11bfc157ff5dcff67b7b7aa3362ebb0/volume-6ec7dfe4-524c-4f05-856e-46dabb25d299.info is being set with open permissions: ugo+rw: NotImplementedError
Jun 30 18:15:26 devstack cinder-volume[86352]: DEBUG oslo_concurrency.processutils [None req-2a8d74a6-3449-486a-b748-f7bd62dd9a78 tempest-GroupsV314Test-82293862 None] Running cmd (subprocess): sudo cinder-rootwrap /etc/cinder/rootwrap.conf chmod ugo+rw /opt/stack/data/cinder/mnt/c11bfc157ff5dcff67b7b7aa3362ebb0/volume-6ec7dfe4-524c-4f05-856e-46dabb25d299.info {{(pid=86352) execute /opt/stack/data/venv/lib/python3.12/site-packages/oslo_concurrency/processutils.py:440}}
Jun 30 18:15:26 devstack sudo[92651]: quobyte : PWD=/ ; USER=root ; COMMAND=/opt/stack/data/venv/bin/cinder-rootwrap /etc/cinder/rootwrap.conf chmod ugo+rw /opt/stack/data/cinder/mnt/c11bfc157ff5dcff67b7b7aa3362ebb0/volume-6ec7dfe4-524c-4f05-856e-46dabb25d299.info
Jun 30 18:15:26 devstack sudo[92651]: pam_unix(sudo:session): session opened for user root(uid=0) by (uid=1000)
Jun 30 18:15:26 devstack sudo[92651]: pam_unix(sudo:session): session closed for user root
Jun 30 18:15:26 devstack cinder-volume[86352]: DEBUG oslo_concurrency.processutils [None req-2a8d74a6-3449-486a-b748-f7bd62dd9a78 tempest-GroupsV314Test-82293862 None] CMD "sudo cinder-rootwrap /etc/cinder/rootwrap.conf chmod ugo+rw /opt/stack/data/cinder/mnt/c11bfc157ff5dcff67b7b7aa3362ebb0/volume-6ec7dfe4-524c-4f05-856e-46dabb25d299.info" returned: 0 in 0.820s {{(pid=86352) execute /opt/stack/data/venv/lib/python3.12/site-packages/oslo_concurrency/processutils.py:468}}
Jun 30 18:15:27 devstack cinder-volume[86352]: DEBUG cinder.coordination [None req-2a8d74a6-3449-486a-b748-f7bd62dd9a78 tempest-GroupsV314Test-82293862 None] Acquiring lock "cinder-quobyte-d03863fa-be2a-4056-9341-6c6b135f8fab" by "_copy_volume_from_snapshot" {{(pid=86352) __acquire /opt/stack/cinder/cinder/coordination.py:138}}
Jun 30 18:15:27 devstack cinder-volume[86352]: DEBUG cinder.coordination [None req-2a8d74a6-3449-486a-b748-f7bd62dd9a78 tempest-GroupsV314Test-82293862 None] Lock "cinder-quobyte-d03863fa-be2a-4056-9341-6c6b135f8fab" acquired by "_copy_volume_from_snapshot" :: waited 0.035s {{(pid=86352) __acquire /opt/stack/cinder/cinder/coordination.py:141}}
Jun 30 18:15:27 devstack cinder-volume[86352]: DEBUG cinder.volume.drivers.quobyte [None req-2a8d74a6-3449-486a-b748-f7bd62dd9a78 tempest-GroupsV314Test-82293862 None] snapshot: 32869ffc-6baf-4c3d-94a8-3aabaff57ac1, volume: d03863fa-be2a-4056-9341-6c6b135f8fab, {{(pid=86352) _copy_volume_from_snapshot /opt/stack/cinder/cinder/volume/drivers/quobyte.py:401}}
Jun 30 18:15:27 devstack cinder-volume[86352]: DEBUG oslo_concurrency.lockutils [None req-2a8d74a6-3449-486a-b748-f7bd62dd9a78 tempest-GroupsV314Test-82293862 None] Acquiring lock "quobyte_ensure" by "cinder.volume.drivers.quobyte.QuobyteDriver._ensure_shares_mounted" {{(pid=86352) inner /opt/stack/data/venv/lib/python3.12/site-packages/oslo_concurrency/lockutils.py:511}}
Jun 30 18:15:27 devstack cinder-volume[86352]: DEBUG oslo_concurrency.lockutils [None req-2a8d74a6-3449-486a-b748-f7bd62dd9a78 tempest-GroupsV314Test-82293862 None] Lock "quobyte_ensure" acquired by "cinder.volume.drivers.quobyte.QuobyteDriver._ensure_shares_mounted" :: waited 0.003s {{(pid=86352) inner /opt/stack/data/venv/lib/python3.12/site-packages/oslo_concurrency/lockutils.py:524}}
Jun 30 18:15:27 devstack cinder-volume[86352]: DEBUG cinder.volume.drivers.quobyte [None req-2a8d74a6-3449-486a-b748-f7bd62dd9a78 tempest-GroupsV314Test-82293862 None] Quobyte Volume URL set to: {'osci02.corp.quobyte.com/cinder-vol-8c83a659-5b15-4561-8061-e7223c713098': None} {{(pid=86352) _load_shares_config /opt/stack/cinder/cinder/volume/drivers/quobyte.py:617}}
Jun 30 18:15:27 devstack cinder-volume[86352]: DEBUG cinder.volume.drivers.quobyte [None req-2a8d74a6-3449-486a-b748-f7bd62dd9a78 tempest-GroupsV314Test-82293862 None] Available shares ['osci02.corp.quobyte.com/cinder-vol-8c83a659-5b15-4561-8061-e7223c713098'] {{(pid=86352) _ensure_shares_mounted /opt/stack/cinder/cinder/volume/drivers/quobyte.py:647}}
Jun 30 18:15:27 devstack cinder-volume[86352]: DEBUG oslo_concurrency.lockutils [None req-2a8d74a6-3449-486a-b748-f7bd62dd9a78 tempest-GroupsV314Test-82293862 None] Lock "quobyte_ensure" "released" by "cinder.volume.drivers.quobyte.QuobyteDriver._ensure_shares_mounted" :: held 0.020s {{(pid=86352) inner /opt/stack/data/venv/lib/python3.12/site-packages/oslo_concurrency/lockutils.py:543}}
Jun 30 18:15:27 devstack cinder-volume[86352]: DEBUG oslo.privsep.daemon [-] privsep: reply[76d7276d-fecc-495e-a467-f16da155a482]: (4, 'qcow2') {{(pid=87503) _call_back /opt/stack/data/venv/lib/python3.12/site-packages/oslo_privsep/daemon.py:580}}
Jun 30 18:15:27 devstack cinder-volume[86352]: DEBUG oslo_concurrency.processutils [None req-2a8d74a6-3449-486a-b748-f7bd62dd9a78 tempest-GroupsV314Test-82293862 None] Running cmd (subprocess): /opt/stack/data/venv/bin/python3.12 -m oslo_concurrency.prlimit --as=1073741824 --cpu=60 -- sudo cinder-rootwrap /etc/cinder/rootwrap.conf env LC_ALL=C qemu-img info -f qcow2 --output=json --force-share /opt/stack/data/cinder/mnt/c11bfc157ff5dcff67b7b7aa3362ebb0/volume-6ec7dfe4-524c-4f05-856e-46dabb25d299.32869ffc-6baf-4c3d-94a8-3aabaff57ac1 {{(pid=86352) execute /opt/stack/data/venv/lib/python3.12/site-packages/oslo_concurrency/processutils.py:440}}
Jun 30 18:15:27 devstack sudo[92662]: quobyte : PWD=/ ; USER=root ; COMMAND=/opt/stack/data/venv/bin/cinder-rootwrap /etc/cinder/rootwrap.conf env LC_ALL=C qemu-img info -f qcow2 --output=json --force-share /opt/stack/data/cinder/mnt/c11bfc157ff5dcff67b7b7aa3362ebb0/volume-6ec7dfe4-524c-4f05-856e-46dabb25d299.32869ffc-6baf-4c3d-94a8-3aabaff57ac1
Jun 30 18:15:27 devstack sudo[92662]: pam_unix(sudo:session): session opened for user root(uid=0) by (uid=1000)
Jun 30 18:15:28 devstack cinder-volume[86352]: DEBUG cinder.volume.flows.manager.create_volume [None req-b7aa74f1-0a55-4008-aed5-b0de1f1a5c61 tempest-VolumesActionsTest-1634047049 None] Volume reschedule parameters: True retry: {'num_attempts': 1, 'backends': ['devstack@QuobyteHD#QuobyteHD'], 'hosts': ['devstack@QuobyteHD#QuobyteHD']} {{(pid=86352) get_flow /opt/stack/cinder/cinder/volume/flows/manager/create_volume.py:1397}}
Jun 30 18:15:28 devstack cinder-volume[86352]: DEBUG cinder.volume.manager [None req-b7aa74f1-0a55-4008-aed5-b0de1f1a5c61 tempest-VolumesActionsTest-1634047049 None] Flow 'volume_create_manager' (0e83d508-75ee-40eb-a316-79478df36999) transitioned into state 'RUNNING' from state 'PENDING' {{(pid=86352) _flow_receiver /opt/stack/data/venv/lib/python3.12/site-packages/taskflow/listeners/logging.py:160}}
Jun 30 18:15:28 devstack cinder-volume[86352]: DEBUG cinder.volume.manager [None req-b7aa74f1-0a55-4008-aed5-b0de1f1a5c61 tempest-VolumesActionsTest-1634047049 None] Task 'cinder.volume.flows.manager.create_volume.ExtractVolumeRefTask;volume:create' (72a66f43-6ed2-4ba5-b52c-729e62393f24) transitioned into state 'RUNNING' from state 'PENDING' {{(pid=86352) _task_receiver /opt/stack/data/venv/lib/python3.12/site-packages/taskflow/listeners/logging.py:242}}
Jun 30 18:15:28 devstack cinder-volume[86352]: DEBUG cinder.volume.manager [None req-b7aa74f1-0a55-4008-aed5-b0de1f1a5c61 tempest-VolumesActionsTest-1634047049 None] Task 'cinder.volume.flows.manager.create_volume.ExtractVolumeRefTask;volume:create' (72a66f43-6ed2-4ba5-b52c-729e62393f24) transitioned into state 'SUCCESS' from state 'RUNNING' with result 'Volume(_name_id=None,admin_metadata=,attach_status='detached',availability_zone='nova',bootable=False,cluster=,cluster_name=None,consistencygroup=,consistencygroup_id=None,created_at=2026-06-30T16:15:28Z,deleted=False,deleted_at=None,display_description=None,display_name='tempest-VolumesActionsTest-Volume-1959222695',ec2_id=None,encryption_key_id=None,glance_metadata=,group=,group_id=None,host='devstack@QuobyteHD#QuobyteHD',id=d50a53f7-dcb6-400c-b45b-946701bfc423,launched_at=None,metadata={},migration_status=None,multiattach=False,previous_status=None,project_id='07f2f23d0e6d469f9de22c854689b667',provider_auth=None,provider_geometry=None,provider_id=None,provider_location=None,replication_driver_data=None,replication_extended_status=None,replication_status=None,scheduled_at=2026-06-30T16:15:28Z,service_uuid=None,shared_targets=True,size=1,snapshot_id=None,snapshots=,source_volid=None,status='creating',terminated_at=None,updated_at=2026-06-30T16:15:28Z,use_quota=True,user_id='a18fa468a4ce4fcc83dae99ba4e6a8ea',volume_attachment=VolumeAttachmentList,volume_type=VolumeType(2d6c4408-cee4-4768-851e-9bf12dd9536b),volume_type_id=2d6c4408-cee4-4768-851e-9bf12dd9536b)' {{(pid=86352) _task_receiver /opt/stack/data/venv/lib/python3.12/site-packages/taskflow/listeners/logging.py:218}}
Jun 30 18:15:28 devstack cinder-volume[86352]: DEBUG cinder.volume.manager [None req-b7aa74f1-0a55-4008-aed5-b0de1f1a5c61 tempest-VolumesActionsTest-1634047049 None] Task 'cinder.volume.flows.manager.create_volume.OnFailureRescheduleTask;volume:create' (7b55ad4c-2df6-4d06-873a-baa6e741efd2) transitioned into state 'RUNNING' from state 'PENDING' {{(pid=86352) _task_receiver /opt/stack/data/venv/lib/python3.12/site-packages/taskflow/listeners/logging.py:242}}
Jun 30 18:15:28 devstack cinder-volume[86352]: DEBUG cinder.volume.manager [None req-b7aa74f1-0a55-4008-aed5-b0de1f1a5c61 tempest-VolumesActionsTest-1634047049 None] Task 'cinder.volume.flows.manager.create_volume.OnFailureRescheduleTask;volume:create' (7b55ad4c-2df6-4d06-873a-baa6e741efd2) transitioned into state 'SUCCESS' from state 'RUNNING' with result 'None' {{(pid=86352) _task_receiver /opt/stack/data/venv/lib/python3.12/site-packages/taskflow/listeners/logging.py:218}}
Jun 30 18:15:28 devstack cinder-volume[86352]: DEBUG cinder.volume.manager [None req-b7aa74f1-0a55-4008-aed5-b0de1f1a5c61 tempest-VolumesActionsTest-1634047049 None] Task 'cinder.volume.flows.manager.create_volume.ExtractVolumeSpecTask;volume:create' (941a768b-2b8b-4e7f-94bf-1bf6be8e41d8) transitioned into state 'RUNNING' from state 'PENDING' {{(pid=86352) _task_receiver /opt/stack/data/venv/lib/python3.12/site-packages/taskflow/listeners/logging.py:242}}
Jun 30 18:15:28 devstack cinder-volume[86352]: DEBUG cinder.volume.manager [None req-b7aa74f1-0a55-4008-aed5-b0de1f1a5c61 tempest-VolumesActionsTest-1634047049 None] Task 'cinder.volume.flows.manager.create_volume.ExtractVolumeSpecTask;volume:create' (941a768b-2b8b-4e7f-94bf-1bf6be8e41d8) transitioned into state 'SUCCESS' from state 'RUNNING' with result '{'status': 'creating', 'type': 'raw', 'volume_id': 'd50a53f7-dcb6-400c-b45b-946701bfc423', 'volume_name': 'volume-d50a53f7-dcb6-400c-b45b-946701bfc423', 'volume_size': 1}' {{(pid=86352) _task_receiver /opt/stack/data/venv/lib/python3.12/site-packages/taskflow/listeners/logging.py:218}}
Jun 30 18:15:28 devstack cinder-volume[86352]: DEBUG cinder.volume.manager [None req-b7aa74f1-0a55-4008-aed5-b0de1f1a5c61 tempest-VolumesActionsTest-1634047049 None] Task 'cinder.volume.flows.manager.create_volume.NotifyVolumeActionTask;volume:create, create.start' (8bbf32bf-c944-465a-861a-20cc8fa5f740) transitioned into state 'RUNNING' from state 'PENDING' {{(pid=86352) _task_receiver /opt/stack/data/venv/lib/python3.12/site-packages/taskflow/listeners/logging.py:242}}
Jun 30 18:15:28 devstack cinder-volume[86352]: DEBUG cinder.volume.manager [None req-b7aa74f1-0a55-4008-aed5-b0de1f1a5c61 tempest-VolumesActionsTest-1634047049 None] Task 'cinder.volume.flows.manager.create_volume.NotifyVolumeActionTask;volume:create, create.start' (8bbf32bf-c944-465a-861a-20cc8fa5f740) transitioned into state 'SUCCESS' from state 'RUNNING' with result 'None' {{(pid=86352) _task_receiver /opt/stack/data/venv/lib/python3.12/site-packages/taskflow/listeners/logging.py:218}}
Jun 30 18:15:28 devstack cinder-volume[86352]: DEBUG cinder.volume.manager [None req-b7aa74f1-0a55-4008-aed5-b0de1f1a5c61 tempest-VolumesActionsTest-1634047049 None] Task 'cinder.volume.flows.manager.create_volume.CreateVolumeFromSpecTask;volume:create' (8dc79e93-1c93-4a96-8bc4-44e51f0abb28) transitioned into state 'RUNNING' from state 'PENDING' {{(pid=86352) _task_receiver /opt/stack/data/venv/lib/python3.12/site-packages/taskflow/listeners/logging.py:242}}
Jun 30 18:15:28 devstack cinder-volume[86352]: INFO cinder.volume.flows.manager.create_volume [None req-b7aa74f1-0a55-4008-aed5-b0de1f1a5c61 tempest-VolumesActionsTest-1634047049 None] Volume d50a53f7-dcb6-400c-b45b-946701bfc423: being created as raw with specification: {'status': 'creating', 'volume_name': 'volume-d50a53f7-dcb6-400c-b45b-946701bfc423', 'volume_size': 1}
Jun 30 18:15:28 devstack cinder-volume[86352]: DEBUG oslo_concurrency.lockutils [None req-b7aa74f1-0a55-4008-aed5-b0de1f1a5c61 tempest-VolumesActionsTest-1634047049 None] Acquiring lock "quobyte" by "cinder.volume.drivers.quobyte.QuobyteDriver.create_volume" {{(pid=86352) inner /opt/stack/data/venv/lib/python3.12/site-packages/oslo_concurrency/lockutils.py:511}}
Jun 30 18:15:28 devstack sudo[92662]: pam_unix(sudo:session): session closed for user root
Jun 30 18:15:28 devstack cinder-volume[86352]: DEBUG oslo_concurrency.processutils [None req-2a8d74a6-3449-486a-b748-f7bd62dd9a78 tempest-GroupsV314Test-82293862 None] CMD "/opt/stack/data/venv/bin/python3.12 -m oslo_concurrency.prlimit --as=1073741824 --cpu=60 -- sudo cinder-rootwrap /etc/cinder/rootwrap.conf env LC_ALL=C qemu-img info -f qcow2 --output=json --force-share /opt/stack/data/cinder/mnt/c11bfc157ff5dcff67b7b7aa3362ebb0/volume-6ec7dfe4-524c-4f05-856e-46dabb25d299.32869ffc-6baf-4c3d-94a8-3aabaff57ac1" returned: 0 in 1.309s {{(pid=86352) execute /opt/stack/data/venv/lib/python3.12/site-packages/oslo_concurrency/processutils.py:468}}
Jun 30 18:15:28 devstack cinder-volume[86352]: DEBUG cinder.volume.drivers.remotefs [None req-2a8d74a6-3449-486a-b748-f7bd62dd9a78 tempest-GroupsV314Test-82293862 None] Fetching qemu-img info with special backing_file_template: (/opt/stack/data/cinder/mnt/[0-9a-f]+/)?(volume-6ec7dfe4-524c-4f05-856e-46dabb25d299(.(tmp-snap-)?[0-9a-f-]+)?|volume_from_snapshot_cache/(tmp-snap-)?[0-9a-f-]+(.(child-|parent-)[0-9a-f-]+)?)$ {{(pid=86352) _qemu_img_info_base /opt/stack/cinder/cinder/volume/drivers/remotefs.py:896}}
Jun 30 18:15:28 devstack cinder-volume[86352]: DEBUG cinder.volume.drivers.quobyte [None req-2a8d74a6-3449-486a-b748-f7bd62dd9a78 tempest-GroupsV314Test-82293862 None] will copy from snapshot at /opt/stack/data/cinder/mnt/c11bfc157ff5dcff67b7b7aa3362ebb0/volume-6ec7dfe4-524c-4f05-856e-46dabb25d299 {{(pid=86352) _copy_volume_from_snapshot /opt/stack/cinder/cinder/volume/drivers/quobyte.py:420}}
Jun 30 18:15:28 devstack cinder-volume[86352]: DEBUG cinder.volume.drivers.quobyte [None req-2a8d74a6-3449-486a-b748-f7bd62dd9a78 tempest-GroupsV314Test-82293862 None] Creating direct copy from snapshot {{(pid=86352) _copy_volume_from_snapshot /opt/stack/cinder/cinder/volume/drivers/quobyte.py:428}}
Jun 30 18:15:28 devstack cinder-volume[86352]: DEBUG oslo.privsep.daemon [-] privsep: reply[cceb52d0-5ac0-4361-ac9c-ea2347c33146]: (4, 'qcow2') {{(pid=87503) _call_back /opt/stack/data/venv/lib/python3.12/site-packages/oslo_privsep/daemon.py:580}}
Jun 30 18:15:28 devstack cinder-volume[86352]: DEBUG oslo_concurrency.processutils [None req-2a8d74a6-3449-486a-b748-f7bd62dd9a78 tempest-GroupsV314Test-82293862 None] Running cmd (subprocess): /opt/stack/data/venv/bin/python3.12 -m oslo_concurrency.prlimit --as=1073741824 --cpu=60 -- sudo cinder-rootwrap /etc/cinder/rootwrap.conf env LC_ALL=C qemu-img info -f qcow2 --output=json /opt/stack/data/cinder/mnt/c11bfc157ff5dcff67b7b7aa3362ebb0/volume-6ec7dfe4-524c-4f05-856e-46dabb25d299 {{(pid=86352) execute /opt/stack/data/venv/lib/python3.12/site-packages/oslo_concurrency/processutils.py:440}}
Jun 30 18:15:28 devstack sudo[92677]: quobyte : PWD=/ ; USER=root ; COMMAND=/opt/stack/data/venv/bin/cinder-rootwrap /etc/cinder/rootwrap.conf env LC_ALL=C qemu-img info -f qcow2 --output=json /opt/stack/data/cinder/mnt/c11bfc157ff5dcff67b7b7aa3362ebb0/volume-6ec7dfe4-524c-4f05-856e-46dabb25d299
Jun 30 18:15:28 devstack sudo[92677]: pam_unix(sudo:session): session opened for user root(uid=0) by (uid=1000)
Jun 30 18:15:28 devstack cinder-volume[86352]: DEBUG oslo_concurrency.lockutils [req-66377a07-ee07-4fca-aae8-7d7e479bebaf req-f5d03128-0dd5-4753-acaf-84005d4c51bc tempest-TestInstancesWithCinderVolumes-804328260 None] Acquiring lock "quobyte" by "cinder.volume.drivers.quobyte.QuobyteDriver.initialize_connection" {{(pid=86352) inner /opt/stack/data/venv/lib/python3.12/site-packages/oslo_concurrency/lockutils.py:511}}
Jun 30 18:15:29 devstack cinder-volume[86352]: DEBUG oslo_service.periodic_task [None req-2463b0e7-2c08-4f28-96b0-51750bf51ec5 None None] Running periodic task VolumeManager.publish_service_capabilities {{(pid=86352) run_periodic_tasks /opt/stack/data/venv/lib/python3.12/site-packages/oslo_service/periodic_task.py:225}}
Jun 30 18:15:29 devstack cinder-volume[86352]: DEBUG oslo_concurrency.lockutils [None req-2463b0e7-2c08-4f28-96b0-51750bf51ec5 None None] Acquiring lock "quobyte_ensure" by "cinder.volume.drivers.quobyte.QuobyteDriver._ensure_shares_mounted" {{(pid=86352) inner /opt/stack/data/venv/lib/python3.12/site-packages/oslo_concurrency/lockutils.py:511}}
Jun 30 18:15:29 devstack cinder-volume[86352]: DEBUG oslo_concurrency.lockutils [None req-2463b0e7-2c08-4f28-96b0-51750bf51ec5 None None] Lock "quobyte_ensure" acquired by "cinder.volume.drivers.quobyte.QuobyteDriver._ensure_shares_mounted" :: waited 0.000s {{(pid=86352) inner /opt/stack/data/venv/lib/python3.12/site-packages/oslo_concurrency/lockutils.py:524}}
Jun 30 18:15:29 devstack cinder-volume[86352]: DEBUG cinder.volume.drivers.quobyte [None req-2463b0e7-2c08-4f28-96b0-51750bf51ec5 None None] Quobyte Volume URL set to: {'osci02.corp.quobyte.com/cinder-vol-8c83a659-5b15-4561-8061-e7223c713098': None} {{(pid=86352) _load_shares_config /opt/stack/cinder/cinder/volume/drivers/quobyte.py:617}}
Jun 30 18:15:29 devstack cinder-volume[86352]: DEBUG cinder.volume.drivers.quobyte [None req-2463b0e7-2c08-4f28-96b0-51750bf51ec5 None None] Available shares ['osci02.corp.quobyte.com/cinder-vol-8c83a659-5b15-4561-8061-e7223c713098'] {{(pid=86352) _ensure_shares_mounted /opt/stack/cinder/cinder/volume/drivers/quobyte.py:647}}
Jun 30 18:15:29 devstack cinder-volume[86352]: DEBUG oslo_concurrency.lockutils [None req-2463b0e7-2c08-4f28-96b0-51750bf51ec5 None None] Lock "quobyte_ensure" "released" by "cinder.volume.drivers.quobyte.QuobyteDriver._ensure_shares_mounted" :: held 0.014s {{(pid=86352) inner /opt/stack/data/venv/lib/python3.12/site-packages/oslo_concurrency/lockutils.py:543}}
Jun 30 18:15:29 devstack cinder-volume[86352]: DEBUG oslo_concurrency.processutils [None req-2463b0e7-2c08-4f28-96b0-51750bf51ec5 None None] Running cmd (subprocess): sudo cinder-rootwrap /etc/cinder/rootwrap.conf df --portability --block-size 1 /opt/stack/data/cinder/mnt/c11bfc157ff5dcff67b7b7aa3362ebb0 {{(pid=86352) execute /opt/stack/data/venv/lib/python3.12/site-packages/oslo_concurrency/processutils.py:440}}
Jun 30 18:15:29 devstack sudo[92679]: quobyte : PWD=/ ; USER=root ; COMMAND=/opt/stack/data/venv/bin/cinder-rootwrap /etc/cinder/rootwrap.conf df --portability --block-size 1 /opt/stack/data/cinder/mnt/c11bfc157ff5dcff67b7b7aa3362ebb0
Jun 30 18:15:29 devstack sudo[92679]: pam_unix(sudo:session): session opened for user root(uid=0) by (uid=1000)
Jun 30 18:15:29 devstack sudo[92677]: pam_unix(sudo:session): session closed for user root
Jun 30 18:15:29 devstack cinder-volume[86352]: DEBUG oslo_concurrency.processutils [None req-2a8d74a6-3449-486a-b748-f7bd62dd9a78 tempest-GroupsV314Test-82293862 None] CMD "/opt/stack/data/venv/bin/python3.12 -m oslo_concurrency.prlimit --as=1073741824 --cpu=60 -- sudo cinder-rootwrap /etc/cinder/rootwrap.conf env LC_ALL=C qemu-img info -f qcow2 --output=json /opt/stack/data/cinder/mnt/c11bfc157ff5dcff67b7b7aa3362ebb0/volume-6ec7dfe4-524c-4f05-856e-46dabb25d299" returned: 0 in 1.017s {{(pid=86352) execute /opt/stack/data/venv/lib/python3.12/site-packages/oslo_concurrency/processutils.py:468}}
Jun 30 18:15:29 devstack cinder-volume[86352]: DEBUG cinder.utils [None req-2a8d74a6-3449-486a-b748-f7bd62dd9a78 tempest-GroupsV314Test-82293862 None] Path /opt/stack/data/cinder/mnt/c11bfc157ff5dcff67b7b7aa3362ebb0/volume-d03863fa-be2a-4056-9341-6c6b135f8fab not found in is_blk_device check {{(pid=86352) is_blk_device /opt/stack/cinder/cinder/utils.py:615}}
Jun 30 18:15:29 devstack cinder-volume[86352]: DEBUG oslo_concurrency.processutils [None req-2a8d74a6-3449-486a-b748-f7bd62dd9a78 tempest-GroupsV314Test-82293862 None] Running cmd (subprocess): sudo cinder-rootwrap /etc/cinder/rootwrap.conf qemu-img convert -O qcow2 /opt/stack/data/cinder/mnt/c11bfc157ff5dcff67b7b7aa3362ebb0/volume-6ec7dfe4-524c-4f05-856e-46dabb25d299 /opt/stack/data/cinder/mnt/c11bfc157ff5dcff67b7b7aa3362ebb0/volume-d03863fa-be2a-4056-9341-6c6b135f8fab {{(pid=86352) execute /opt/stack/data/venv/lib/python3.12/site-packages/oslo_concurrency/processutils.py:440}}
Jun 30 18:15:29 devstack sudo[92688]: quobyte : PWD=/ ; USER=root ; COMMAND=/opt/stack/data/venv/bin/cinder-rootwrap /etc/cinder/rootwrap.conf qemu-img convert -O qcow2 /opt/stack/data/cinder/mnt/c11bfc157ff5dcff67b7b7aa3362ebb0/volume-6ec7dfe4-524c-4f05-856e-46dabb25d299 /opt/stack/data/cinder/mnt/c11bfc157ff5dcff67b7b7aa3362ebb0/volume-d03863fa-be2a-4056-9341-6c6b135f8fab
Jun 30 18:15:29 devstack sudo[92688]: pam_unix(sudo:session): session opened for user root(uid=0) by (uid=1000)
Jun 30 18:15:30 devstack sudo[92679]: pam_unix(sudo:session): session closed for user root
Jun 30 18:15:30 devstack cinder-volume[86352]: DEBUG oslo_concurrency.processutils [None req-2463b0e7-2c08-4f28-96b0-51750bf51ec5 None None] CMD "sudo cinder-rootwrap /etc/cinder/rootwrap.conf df --portability --block-size 1 /opt/stack/data/cinder/mnt/c11bfc157ff5dcff67b7b7aa3362ebb0" returned: 0 in 0.914s {{(pid=86352) execute /opt/stack/data/venv/lib/python3.12/site-packages/oslo_concurrency/processutils.py:468}}
Jun 30 18:15:30 devstack cinder-volume[86352]: DEBUG cinder.manager [None req-2463b0e7-2c08-4f28-96b0-51750bf51ec5 None None] Notifying Schedulers of capabilities ... {{(pid=86352) _publish_service_capabilities /opt/stack/cinder/cinder/manager.py:219}}
Jun 30 18:15:30 devstack cinder-volume[86352]: DEBUG oslo_service.periodic_task [None req-2463b0e7-2c08-4f28-96b0-51750bf51ec5 None None] Running periodic task VolumeManager._thread_info {{(pid=86352) run_periodic_tasks /opt/stack/data/venv/lib/python3.12/site-packages/oslo_service/periodic_task.py:225}}
Jun 30 18:15:30 devstack cinder-volume[86352]: DEBUG cinder.volume.manager [None req-2463b0e7-2c08-4f28-96b0-51750bf51ec5 None None] thread count: 28 {{(pid=86352) _thread_info /opt/stack/cinder/cinder/volume/manager.py:5472}}
Jun 30 18:15:30 devstack cinder-volume[86352]: DEBUG cinder.volume.manager [None req-2463b0e7-2c08-4f28-96b0-51750bf51ec5 None None] thread info: [<_MainThread(MainThread, started 132519457284224)>, , , , , , , , , , , , , , , , , , , , , , , , , , , ] {{(pid=86352) _thread_info /opt/stack/cinder/cinder/volume/manager.py:5473}}
Jun 30 18:15:37 devstack sudo[92688]: pam_unix(sudo:session): session closed for user root
Jun 30 18:15:37 devstack cinder-volume[86352]: DEBUG oslo_concurrency.processutils [None req-2a8d74a6-3449-486a-b748-f7bd62dd9a78 tempest-GroupsV314Test-82293862 None] CMD "sudo cinder-rootwrap /etc/cinder/rootwrap.conf qemu-img convert -O qcow2 /opt/stack/data/cinder/mnt/c11bfc157ff5dcff67b7b7aa3362ebb0/volume-6ec7dfe4-524c-4f05-856e-46dabb25d299 /opt/stack/data/cinder/mnt/c11bfc157ff5dcff67b7b7aa3362ebb0/volume-d03863fa-be2a-4056-9341-6c6b135f8fab" returned: 0 in 7.854s {{(pid=86352) execute /opt/stack/data/venv/lib/python3.12/site-packages/oslo_concurrency/processutils.py:468}}
Jun 30 18:15:37 devstack cinder-volume[86352]: DEBUG oslo.privsep.daemon [-] privsep: reply[3cee9933-162e-4a65-93ac-11988c1f7f48]: (4, 'qcow2') {{(pid=87503) _call_back /opt/stack/data/venv/lib/python3.12/site-packages/oslo_privsep/daemon.py:580}}
Jun 30 18:15:37 devstack cinder-volume[86352]: DEBUG oslo_concurrency.processutils [None req-2a8d74a6-3449-486a-b748-f7bd62dd9a78 tempest-GroupsV314Test-82293862 None] Running cmd (subprocess): /opt/stack/data/venv/bin/python3.12 -m oslo_concurrency.prlimit --as=1073741824 --cpu=60 -- sudo cinder-rootwrap /etc/cinder/rootwrap.conf env LC_ALL=C qemu-img info -f qcow2 --output=json /opt/stack/data/cinder/mnt/c11bfc157ff5dcff67b7b7aa3362ebb0/volume-6ec7dfe4-524c-4f05-856e-46dabb25d299 {{(pid=86352) execute /opt/stack/data/venv/lib/python3.12/site-packages/oslo_concurrency/processutils.py:440}}
Jun 30 18:15:37 devstack sudo[92748]: quobyte : PWD=/ ; USER=root ; COMMAND=/opt/stack/data/venv/bin/cinder-rootwrap /etc/cinder/rootwrap.conf env LC_ALL=C qemu-img info -f qcow2 --output=json /opt/stack/data/cinder/mnt/c11bfc157ff5dcff67b7b7aa3362ebb0/volume-6ec7dfe4-524c-4f05-856e-46dabb25d299
Jun 30 18:15:37 devstack sudo[92748]: pam_unix(sudo:session): session opened for user root(uid=0) by (uid=1000)
Jun 30 18:15:38 devstack sudo[92748]: pam_unix(sudo:session): session closed for user root
Jun 30 18:15:38 devstack cinder-volume[86352]: DEBUG oslo_concurrency.processutils [None req-2a8d74a6-3449-486a-b748-f7bd62dd9a78 tempest-GroupsV314Test-82293862 None] CMD "/opt/stack/data/venv/bin/python3.12 -m oslo_concurrency.prlimit --as=1073741824 --cpu=60 -- sudo cinder-rootwrap /etc/cinder/rootwrap.conf env LC_ALL=C qemu-img info -f qcow2 --output=json /opt/stack/data/cinder/mnt/c11bfc157ff5dcff67b7b7aa3362ebb0/volume-6ec7dfe4-524c-4f05-856e-46dabb25d299" returned: 0 in 1.005s {{(pid=86352) execute /opt/stack/data/venv/lib/python3.12/site-packages/oslo_concurrency/processutils.py:468}}
Jun 30 18:15:38 devstack cinder-volume[86352]: DEBUG cinder.image.image_utils [None req-2a8d74a6-3449-486a-b748-f7bd62dd9a78 tempest-GroupsV314Test-82293862 None] Image conversion details: src /opt/stack/data/cinder/mnt/c11bfc157ff5dcff67b7b7aa3362ebb0/volume-6ec7dfe4-524c-4f05-856e-46dabb25d299, size 1024.00 MB, duration 7.86 sec, destination /opt/stack/data/cinder/mnt/c11bfc157ff5dcff67b7b7aa3362ebb0/volume-d03863fa-be2a-4056-9341-6c6b135f8fab {{(pid=86352) _convert_image /opt/stack/cinder/cinder/image/image_utils.py:536}}
Jun 30 18:15:38 devstack cinder-volume[86352]: INFO cinder.image.image_utils [None req-2a8d74a6-3449-486a-b748-f7bd62dd9a78 tempest-GroupsV314Test-82293862 None] Converted 1024.00 MB image at 130.36 MB/s
Jun 30 18:15:38 devstack cinder-volume[86352]: WARNING cinder.volume.drivers.remotefs [None req-2a8d74a6-3449-486a-b748-f7bd62dd9a78 tempest-GroupsV314Test-82293862 None] /opt/stack/data/cinder/mnt/c11bfc157ff5dcff67b7b7aa3362ebb0/volume-d03863fa-be2a-4056-9341-6c6b135f8fab is being set with open permissions: ugo+rw: NotImplementedError
Jun 30 18:15:38 devstack cinder-volume[86352]: DEBUG oslo_concurrency.processutils [None req-2a8d74a6-3449-486a-b748-f7bd62dd9a78 tempest-GroupsV314Test-82293862 None] Running cmd (subprocess): sudo cinder-rootwrap /etc/cinder/rootwrap.conf chmod ugo+rw /opt/stack/data/cinder/mnt/c11bfc157ff5dcff67b7b7aa3362ebb0/volume-d03863fa-be2a-4056-9341-6c6b135f8fab {{(pid=86352) execute /opt/stack/data/venv/lib/python3.12/site-packages/oslo_concurrency/processutils.py:440}}
Jun 30 18:15:38 devstack sudo[92754]: quobyte : PWD=/ ; USER=root ; COMMAND=/opt/stack/data/venv/bin/cinder-rootwrap /etc/cinder/rootwrap.conf chmod ugo+rw /opt/stack/data/cinder/mnt/c11bfc157ff5dcff67b7b7aa3362ebb0/volume-d03863fa-be2a-4056-9341-6c6b135f8fab
Jun 30 18:15:38 devstack sudo[92754]: pam_unix(sudo:session): session opened for user root(uid=0) by (uid=1000)
Jun 30 18:15:38 devstack cinder-volume[86352]: DEBUG dbcounter [-] [86352] Writing DB stats cinder:SELECT=37,cinder:UPDATE=29,cinder:INSERT=10 {{(pid=86352) stat_writer /opt/stack/data/venv/lib/python3.12/site-packages/dbcounter.py:115}}
Jun 30 18:15:38 devstack cinder-volume[86352]: DEBUG dbcounter [-] [86352] Writing DB stats cinder:UPDATE=36,cinder:DELETE=3,cinder:SELECT=36,cinder:INSERT=4 {{(pid=86352) stat_writer /opt/stack/data/venv/lib/python3.12/site-packages/dbcounter.py:115}}
Jun 30 18:15:39 devstack sudo[92754]: pam_unix(sudo:session): session closed for user root
Jun 30 18:15:39 devstack cinder-volume[86352]: DEBUG oslo_concurrency.processutils [None req-2a8d74a6-3449-486a-b748-f7bd62dd9a78 tempest-GroupsV314Test-82293862 None] CMD "sudo cinder-rootwrap /etc/cinder/rootwrap.conf chmod ugo+rw /opt/stack/data/cinder/mnt/c11bfc157ff5dcff67b7b7aa3362ebb0/volume-d03863fa-be2a-4056-9341-6c6b135f8fab" returned: 0 in 0.747s {{(pid=86352) execute /opt/stack/data/venv/lib/python3.12/site-packages/oslo_concurrency/processutils.py:468}}
Jun 30 18:15:39 devstack cinder-volume[86352]: DEBUG cinder.coordination [None req-2a8d74a6-3449-486a-b748-f7bd62dd9a78 tempest-GroupsV314Test-82293862 None] Lock "cinder-quobyte-d03863fa-be2a-4056-9341-6c6b135f8fab" released by "_copy_volume_from_snapshot" :: held 12.084s {{(pid=86352) __release /opt/stack/cinder/cinder/coordination.py:152}}
Jun 30 18:15:39 devstack cinder-volume[86352]: DEBUG cinder.coordination [None req-2a8d74a6-3449-486a-b748-f7bd62dd9a78 tempest-GroupsV314Test-82293862 None] Acquiring lock "cinder-quobyte-32869ffc-6baf-4c3d-94a8-3aabaff57ac1" by "_delete_snapshot" {{(pid=86352) __acquire /opt/stack/cinder/cinder/coordination.py:138}}
Jun 30 18:15:39 devstack cinder-volume[86352]: DEBUG cinder.coordination [None req-2a8d74a6-3449-486a-b748-f7bd62dd9a78 tempest-GroupsV314Test-82293862 None] Lock "cinder-quobyte-32869ffc-6baf-4c3d-94a8-3aabaff57ac1" acquired by "_delete_snapshot" :: waited 0.018s {{(pid=86352) __acquire /opt/stack/cinder/cinder/coordination.py:141}}
Jun 30 18:15:39 devstack cinder-volume[86352]: DEBUG cinder.volume.drivers.remotefs [None req-2a8d74a6-3449-486a-b748-f7bd62dd9a78 tempest-GroupsV314Test-82293862 None] Deleting offline snapshot 32869ffc-6baf-4c3d-94a8-3aabaff57ac1 of volume 6ec7dfe4-524c-4f05-856e-46dabb25d299 {{(pid=86352) _delete_snapshot /opt/stack/cinder/cinder/volume/drivers/remotefs.py:1288}}
Jun 30 18:15:39 devstack cinder-volume[86352]: DEBUG cinder.volume.drivers.remotefs [None req-2a8d74a6-3449-486a-b748-f7bd62dd9a78 tempest-GroupsV314Test-82293862 None] snapshot_file for this snap is: volume-6ec7dfe4-524c-4f05-856e-46dabb25d299.32869ffc-6baf-4c3d-94a8-3aabaff57ac1 {{(pid=86352) _delete_snapshot /opt/stack/cinder/cinder/volume/drivers/remotefs.py:1317}}
Jun 30 18:15:39 devstack cinder-volume[86352]: DEBUG oslo.privsep.daemon [-] privsep: reply[d66b7f39-d5da-4119-86ef-5c3dc500c00f]: (4, 'qcow2') {{(pid=87503) _call_back /opt/stack/data/venv/lib/python3.12/site-packages/oslo_privsep/daemon.py:580}}
Jun 30 18:15:39 devstack cinder-volume[86352]: DEBUG oslo_concurrency.processutils [None req-2a8d74a6-3449-486a-b748-f7bd62dd9a78 tempest-GroupsV314Test-82293862 None] Running cmd (subprocess): /opt/stack/data/venv/bin/python3.12 -m oslo_concurrency.prlimit --as=1073741824 --cpu=60 -- sudo cinder-rootwrap /etc/cinder/rootwrap.conf env LC_ALL=C qemu-img info -f qcow2 --output=json --force-share /opt/stack/data/cinder/mnt/c11bfc157ff5dcff67b7b7aa3362ebb0/volume-6ec7dfe4-524c-4f05-856e-46dabb25d299.32869ffc-6baf-4c3d-94a8-3aabaff57ac1 {{(pid=86352) execute /opt/stack/data/venv/lib/python3.12/site-packages/oslo_concurrency/processutils.py:440}}
Jun 30 18:15:39 devstack sudo[92759]: quobyte : PWD=/ ; USER=root ; COMMAND=/opt/stack/data/venv/bin/cinder-rootwrap /etc/cinder/rootwrap.conf env LC_ALL=C qemu-img info -f qcow2 --output=json --force-share /opt/stack/data/cinder/mnt/c11bfc157ff5dcff67b7b7aa3362ebb0/volume-6ec7dfe4-524c-4f05-856e-46dabb25d299.32869ffc-6baf-4c3d-94a8-3aabaff57ac1
Jun 30 18:15:39 devstack sudo[92759]: pam_unix(sudo:session): session opened for user root(uid=0) by (uid=1000)
Jun 30 18:15:40 devstack sudo[92759]: pam_unix(sudo:session): session closed for user root
Jun 30 18:15:40 devstack cinder-volume[86352]: DEBUG oslo_concurrency.processutils [None req-2a8d74a6-3449-486a-b748-f7bd62dd9a78 tempest-GroupsV314Test-82293862 None] CMD "/opt/stack/data/venv/bin/python3.12 -m oslo_concurrency.prlimit --as=1073741824 --cpu=60 -- sudo cinder-rootwrap /etc/cinder/rootwrap.conf env LC_ALL=C qemu-img info -f qcow2 --output=json --force-share /opt/stack/data/cinder/mnt/c11bfc157ff5dcff67b7b7aa3362ebb0/volume-6ec7dfe4-524c-4f05-856e-46dabb25d299.32869ffc-6baf-4c3d-94a8-3aabaff57ac1" returned: 0 in 0.828s {{(pid=86352) execute /opt/stack/data/venv/lib/python3.12/site-packages/oslo_concurrency/processutils.py:468}}
Jun 30 18:15:40 devstack cinder-volume[86352]: DEBUG cinder.volume.drivers.remotefs [None req-2a8d74a6-3449-486a-b748-f7bd62dd9a78 tempest-GroupsV314Test-82293862 None] Fetching qemu-img info with special backing_file_template: (/opt/stack/data/cinder/mnt/[0-9a-f]+/)?(volume-6ec7dfe4-524c-4f05-856e-46dabb25d299(.(tmp-snap-)?[0-9a-f-]+)?|volume_from_snapshot_cache/(tmp-snap-)?[0-9a-f-]+(.(child-|parent-)[0-9a-f-]+)?)$ {{(pid=86352) _qemu_img_info_base /opt/stack/cinder/cinder/volume/drivers/remotefs.py:896}}
Jun 30 18:15:40 devstack cinder-volume[86352]: DEBUG oslo.privsep.daemon [-] privsep: reply[21594889-4ab1-4181-9e7d-98efe5a1b8c2]: (4, 'qcow2') {{(pid=87503) _call_back /opt/stack/data/venv/lib/python3.12/site-packages/oslo_privsep/daemon.py:580}}
Jun 30 18:15:40 devstack cinder-volume[86352]: DEBUG oslo_concurrency.processutils [None req-2a8d74a6-3449-486a-b748-f7bd62dd9a78 tempest-GroupsV314Test-82293862 None] Running cmd (subprocess): /opt/stack/data/venv/bin/python3.12 -m oslo_concurrency.prlimit --as=1073741824 --cpu=60 -- sudo cinder-rootwrap /etc/cinder/rootwrap.conf env LC_ALL=C qemu-img info -f qcow2 --output=json --force-share /opt/stack/data/cinder/mnt/c11bfc157ff5dcff67b7b7aa3362ebb0/volume-6ec7dfe4-524c-4f05-856e-46dabb25d299 {{(pid=86352) execute /opt/stack/data/venv/lib/python3.12/site-packages/oslo_concurrency/processutils.py:440}}
Jun 30 18:15:40 devstack sudo[92765]: quobyte : PWD=/ ; USER=root ; COMMAND=/opt/stack/data/venv/bin/cinder-rootwrap /etc/cinder/rootwrap.conf env LC_ALL=C qemu-img info -f qcow2 --output=json --force-share /opt/stack/data/cinder/mnt/c11bfc157ff5dcff67b7b7aa3362ebb0/volume-6ec7dfe4-524c-4f05-856e-46dabb25d299
Jun 30 18:15:40 devstack sudo[92765]: pam_unix(sudo:session): session opened for user root(uid=0) by (uid=1000)
Jun 30 18:15:40 devstack sudo[92765]: pam_unix(sudo:session): session closed for user root
Jun 30 18:15:40 devstack cinder-volume[86352]: DEBUG oslo_concurrency.processutils [None req-2a8d74a6-3449-486a-b748-f7bd62dd9a78 tempest-GroupsV314Test-82293862 None] CMD "/opt/stack/data/venv/bin/python3.12 -m oslo_concurrency.prlimit --as=1073741824 --cpu=60 -- sudo cinder-rootwrap /etc/cinder/rootwrap.conf env LC_ALL=C qemu-img info -f qcow2 --output=json --force-share /opt/stack/data/cinder/mnt/c11bfc157ff5dcff67b7b7aa3362ebb0/volume-6ec7dfe4-524c-4f05-856e-46dabb25d299" returned: 0 in 0.829s {{(pid=86352) execute /opt/stack/data/venv/lib/python3.12/site-packages/oslo_concurrency/processutils.py:468}}
Jun 30 18:15:40 devstack cinder-volume[86352]: DEBUG oslo_concurrency.processutils [None req-2a8d74a6-3449-486a-b748-f7bd62dd9a78 tempest-GroupsV314Test-82293862 None] Running cmd (subprocess): sudo cinder-rootwrap /etc/cinder/rootwrap.conf qemu-img commit -d /opt/stack/data/cinder/mnt/c11bfc157ff5dcff67b7b7aa3362ebb0/volume-6ec7dfe4-524c-4f05-856e-46dabb25d299.32869ffc-6baf-4c3d-94a8-3aabaff57ac1 {{(pid=86352) execute /opt/stack/data/venv/lib/python3.12/site-packages/oslo_concurrency/processutils.py:440}}
Jun 30 18:15:40 devstack sudo[92770]: quobyte : PWD=/ ; USER=root ; COMMAND=/opt/stack/data/venv/bin/cinder-rootwrap /etc/cinder/rootwrap.conf qemu-img commit -d /opt/stack/data/cinder/mnt/c11bfc157ff5dcff67b7b7aa3362ebb0/volume-6ec7dfe4-524c-4f05-856e-46dabb25d299.32869ffc-6baf-4c3d-94a8-3aabaff57ac1
Jun 30 18:15:40 devstack sudo[92770]: pam_unix(sudo:session): session opened for user root(uid=0) by (uid=1000)
Jun 30 18:15:41 devstack cinder-volume[86352]: DEBUG cinder.volume.manager [req-f3004cf7-23a1-4889-946d-5311c1cd077e req-f949a241-d6b9-44b5-b23f-75bd6f03d57b tempest-AttachVolumeShelveTestJSON-484072907 None] No connector for attachment 063daa4d-b90a-40e7-8e61-cd29b93bd759; skipping storage backend terminate_connection call. {{(pid=86352) _connection_terminate /opt/stack/cinder/cinder/volume/manager.py:5010}}
Jun 30 18:15:41 devstack cinder-volume[86352]: DEBUG cinder.volume.manager [req-f3004cf7-23a1-4889-946d-5311c1cd077e req-f949a241-d6b9-44b5-b23f-75bd6f03d57b tempest-AttachVolumeShelveTestJSON-484072907 None] Deleting attachment 063daa4d-b90a-40e7-8e61-cd29b93bd759. {{(pid=86352) attachment_delete /opt/stack/cinder/cinder/volume/manager.py:5055}}
Jun 30 18:15:41 devstack sudo[92770]: pam_unix(sudo:session): session closed for user root
Jun 30 18:15:41 devstack cinder-volume[86352]: DEBUG oslo_concurrency.processutils [None req-2a8d74a6-3449-486a-b748-f7bd62dd9a78 tempest-GroupsV314Test-82293862 None] CMD "sudo cinder-rootwrap /etc/cinder/rootwrap.conf qemu-img commit -d /opt/stack/data/cinder/mnt/c11bfc157ff5dcff67b7b7aa3362ebb0/volume-6ec7dfe4-524c-4f05-856e-46dabb25d299.32869ffc-6baf-4c3d-94a8-3aabaff57ac1" returned: 0 in 0.777s {{(pid=86352) execute /opt/stack/data/venv/lib/python3.12/site-packages/oslo_concurrency/processutils.py:468}}
Jun 30 18:15:41 devstack cinder-volume[86352]: DEBUG oslo_concurrency.processutils [None req-2a8d74a6-3449-486a-b748-f7bd62dd9a78 tempest-GroupsV314Test-82293862 None] Running cmd (subprocess): sudo cinder-rootwrap /etc/cinder/rootwrap.conf rm -f /opt/stack/data/cinder/mnt/c11bfc157ff5dcff67b7b7aa3362ebb0/volume-6ec7dfe4-524c-4f05-856e-46dabb25d299.32869ffc-6baf-4c3d-94a8-3aabaff57ac1 {{(pid=86352) execute /opt/stack/data/venv/lib/python3.12/site-packages/oslo_concurrency/processutils.py:440}}
Jun 30 18:15:41 devstack sudo[92775]: quobyte : PWD=/ ; USER=root ; COMMAND=/opt/stack/data/venv/bin/cinder-rootwrap /etc/cinder/rootwrap.conf rm -f /opt/stack/data/cinder/mnt/c11bfc157ff5dcff67b7b7aa3362ebb0/volume-6ec7dfe4-524c-4f05-856e-46dabb25d299.32869ffc-6baf-4c3d-94a8-3aabaff57ac1
Jun 30 18:15:41 devstack sudo[92775]: pam_unix(sudo:session): session opened for user root(uid=0) by (uid=1000)
Jun 30 18:15:42 devstack sudo[92775]: pam_unix(sudo:session): session closed for user root
